{"id":36492,"date":"2020-03-04T23:04:01","date_gmt":"2020-03-04T22:04:01","guid":{"rendered":"https:\/\/www.vetorino.com\/boutique\/product\/vetcare-chien-adult-neutered-large-dog\/"},"modified":"2025-11-05T15:46:07","modified_gmt":"2025-11-05T14:46:07","slug":"vetcare-chien-adult-neutered-large-dog","status":"publish","type":"product","link":"https:\/\/www.vetorino.com\/veterinaire\/prunelli-di-fiumorbo-20243\/boutique\/product\/vetcare-chien-adult-neutered-large-dog\/","title":{"rendered":"Neutered Adult Large Dog"},"content":{"rendered":"<div><strong>Royal Canin Adult Large Dog<\/strong> est un aliment complet pour\u00a0chien st\u00e9rilis\u00e9, de\u00a0plus de 25 kg et ayant une tendance \u00e0 l\u2019embonpoint ou une sensibilit\u00e9 ost\u00e9o-articulaire<\/div>\n<div><\/div>\n<div><strong>Utilisation :<br \/>\n<\/strong><\/div>\n<ul>\n<li>Chien adulte st\u00e9rilis\u00e9 de 25 \u00e0 45 kg<\/li>\n<li>Sensibilit\u00e9 articulaire ou digestive<\/li>\n<\/ul>\n<p><strong>Bienfaits :\u00a0<\/strong><\/p>\n<ul>\n<li>Aide \u00e0 maintenir un poids id\u00e9al gr\u00e2ce \u00e0 une formule sati\u00e9tog\u00e8ne et r\u00e9duite en calorie.<\/li>\n<li>Des nutriments pour contribuer au maintien de la sant\u00e9 articulaire.<\/li>\n<li>Des nutriments pour assurer l&#8217;\u00e9quilibre de la flore intestinale et le transit digestif.<\/li>\n<li>Un complexe synergique brevet\u00e9 d&#8217;antioxydants pour contribuer \u00e0 neutraliser les radicaux libres.<\/li>\n<\/ul>\n","protected":false},"excerpt":{"rendered":"<p>Les croquettes premium <strong>Royal Canin Adult Large Dog<\/strong> sont sp\u00e9cialement formul\u00e9es pour les chiens st\u00e9rilis\u00e9s, de grande race et de race g\u00e9ante, ayant tendance \u00e0 l&#8217;embonpoint ou \u00e0 sensibilit\u00e9 ost\u00e9o-articulaire.<\/p>\n<div><strong>Utilisation<br \/>\n<\/strong><\/div>\n<ul>\n<li>Chien adulte st\u00e9rilis\u00e9 de 25 \u00e0 45 kg<\/li>\n<li>Sensibilit\u00e9 articulaire ou digestive<\/li>\n<\/ul>\n","protected":false},"featured_media":896611,"template":"","meta":[],"product_cat":[12552,12584,2698],"product_tag":[],"class_list":{"0":"post-36492","1":"product","2":"type-product","3":"status-publish","4":"has-post-thumbnail","6":"product_cat-alimentation-du-chien","7":"product_cat-alimentation-premium-pour-chien","8":"product_cat-chien","9":"pa_marque-royal-canin","11":"first","12":"instock","13":"taxable","14":"shipping-taxable","15":"purchasable","16":"product-type-variable"},"yoast_head":"<!-- This site is optimized with the Yoast SEO plugin v27.3 - https:\/\/yoast.com\/product\/yoast-seo-wordpress\/ -->\n<title>Vet Care Nutrition (Royal Canin) Neutered Adult Large Dog Royal Canin - V\u00e9torino<\/title>\n<meta name=\"description\" content=\"Les croquettes premium Royal Canin Adult Large Dog sont sp\u00e9cialement formul\u00e9es pour les chiens st\u00e9rilis\u00e9s, de grande race et de race g\u00e9ante, ayant tendance \u00e0 l&#039;embonpoint ou \u00e0 sensibilit\u00e9 ost\u00e9o-articulaire. Utilisation    Chien adulte st\u00e9rilis\u00e9 de 25 \u00e0 45 kg  Sensibilit\u00e9 articulaire ou digestive\" \/>\n<meta name=\"robots\" content=\"noindex, nofollow\" \/>\n<meta property=\"og:locale\" content=\"fr_FR\" \/>\n<meta property=\"og:type\" content=\"article\" \/>\n<meta property=\"og:title\" content=\"Vet Care Nutrition (Royal Canin) Neutered Adult Large Dog Royal Canin - V\u00e9torino\" \/>\n<meta property=\"og:description\" content=\"Les croquettes premium Royal Canin Adult Large Dog sont sp\u00e9cialement formul\u00e9es pour les chiens st\u00e9rilis\u00e9s, de grande race et de race g\u00e9ante, ayant tendance \u00e0 l&#039;embonpoint ou \u00e0 sensibilit\u00e9 ost\u00e9o-articulaire. Utilisation    Chien adulte st\u00e9rilis\u00e9 de 25 \u00e0 45 kg  Sensibilit\u00e9 articulaire ou digestive\" \/>\n<meta property=\"og:url\" content=\"https:\/\/www.vetorino.com\/veterinaire\/prunelli-di-fiumorbo-20243\/boutique\/product\/vetcare-chien-adult-neutered-large-dog\/\" \/>\n<meta property=\"og:site_name\" content=\"V\u00e9torino\" \/>\n<meta property=\"article:publisher\" content=\"https:\/\/www.facebook.com\/Vetorino\/\" \/>\n<meta property=\"article:modified_time\" content=\"2025-11-05T14:46:07+00:00\" \/>\n<meta property=\"og:image\" content=\"https:\/\/www.vetorino.com\/boutique\/wp-content\/uploads\/2020\/03\/neutered-adult-large-dog.jpg.png\" \/>\n\t<meta property=\"og:image:width\" content=\"800\" \/>\n\t<meta property=\"og:image:height\" content=\"800\" \/>\n\t<meta property=\"og:image:type\" content=\"image\/png\" \/>\n<meta name=\"twitter:card\" content=\"summary_large_image\" \/>\n<meta name=\"twitter:label1\" content=\"Disponibilit\u00e9\" \/>\n\t<meta name=\"twitter:data1\" content=\"En stock\" \/>\n<script type=\"application\/ld+json\" class=\"yoast-schema-graph\">{\"@context\":\"https:\\\/\\\/schema.org\",\"@graph\":[{\"@type\":\"WebPage\",\"@id\":\"https:\\\/\\\/www.vetorino.com\\\/veterinaire\\\/briancon-05100\\\/boutique\\\/product\\\/vetcare-chien-adult-neutered-large-dog\\\/\",\"url\":\"https:\\\/\\\/www.vetorino.com\\\/veterinaire\\\/briancon-05100\\\/boutique\\\/product\\\/vetcare-chien-adult-neutered-large-dog\\\/\",\"name\":\"Vet Care Nutrition (Royal Canin) Neutered Adult Large Dog Royal Canin - V\u00e9torino\",\"isPartOf\":{\"@id\":\"https:\\\/\\\/www.vetorino.com\\\/boutique\\\/#website\"},\"primaryImageOfPage\":{\"@id\":\"https:\\\/\\\/www.vetorino.com\\\/veterinaire\\\/briancon-05100\\\/boutique\\\/product\\\/vetcare-chien-adult-neutered-large-dog\\\/#primaryimage\"},\"image\":{\"@id\":\"https:\\\/\\\/www.vetorino.com\\\/veterinaire\\\/briancon-05100\\\/boutique\\\/product\\\/vetcare-chien-adult-neutered-large-dog\\\/#primaryimage\"},\"thumbnailUrl\":\"https:\\\/\\\/www.vetorino.com\\\/boutique\\\/wp-content\\\/uploads\\\/2020\\\/03\\\/neutered-adult-large-dog.jpg.png\",\"datePublished\":\"2020-03-04T22:04:01+00:00\",\"dateModified\":\"2025-11-05T14:46:07+00:00\",\"description\":\"Les croquettes premium Royal Canin Adult Large Dog sont sp\u00e9cialement formul\u00e9es pour les chiens st\u00e9rilis\u00e9s, de grande race et de race g\u00e9ante, ayant tendance \u00e0 l'embonpoint ou \u00e0 sensibilit\u00e9 ost\u00e9o-articulaire. Utilisation Chien adulte st\u00e9rilis\u00e9 de 25 \u00e0 45 kg Sensibilit\u00e9 articulaire ou digestive\",\"breadcrumb\":{\"@id\":\"https:\\\/\\\/www.vetorino.com\\\/veterinaire\\\/briancon-05100\\\/boutique\\\/product\\\/vetcare-chien-adult-neutered-large-dog\\\/#breadcrumb\"},\"inLanguage\":\"fr-FR\",\"potentialAction\":[{\"@type\":\"ReadAction\",\"target\":[\"https:\\\/\\\/www.vetorino.com\\\/veterinaire\\\/briancon-05100\\\/boutique\\\/product\\\/vetcare-chien-adult-neutered-large-dog\\\/\"]}]},{\"@type\":\"ImageObject\",\"inLanguage\":\"fr-FR\",\"@id\":\"https:\\\/\\\/www.vetorino.com\\\/veterinaire\\\/briancon-05100\\\/boutique\\\/product\\\/vetcare-chien-adult-neutered-large-dog\\\/#primaryimage\",\"url\":\"https:\\\/\\\/www.vetorino.com\\\/boutique\\\/wp-content\\\/uploads\\\/2020\\\/03\\\/neutered-adult-large-dog.jpg.png\",\"contentUrl\":\"https:\\\/\\\/www.vetorino.com\\\/boutique\\\/wp-content\\\/uploads\\\/2020\\\/03\\\/neutered-adult-large-dog.jpg.png\",\"width\":800,\"height\":800},{\"@type\":\"BreadcrumbList\",\"@id\":\"https:\\\/\\\/www.vetorino.com\\\/veterinaire\\\/briancon-05100\\\/boutique\\\/product\\\/vetcare-chien-adult-neutered-large-dog\\\/#breadcrumb\",\"itemListElement\":[{\"@type\":\"ListItem\",\"position\":1,\"name\":\"Accueil\",\"item\":\"https:\\\/\\\/www.vetorino.com\\\/boutique\\\/\"},{\"@type\":\"ListItem\",\"position\":2,\"name\":\"Produits\",\"item\":\"https:\\\/\\\/www.vetorino.com\\\/boutique\\\/\"},{\"@type\":\"ListItem\",\"position\":3,\"name\":\"Neutered Adult Large Dog\"}]},{\"@type\":\"WebSite\",\"@id\":\"https:\\\/\\\/www.vetorino.com\\\/boutique\\\/#website\",\"url\":\"https:\\\/\\\/www.vetorino.com\\\/boutique\\\/\",\"name\":\"V\u00e9torino\",\"description\":\"\",\"publisher\":{\"@id\":\"https:\\\/\\\/www.vetorino.com\\\/boutique\\\/#organization\"},\"potentialAction\":[{\"@type\":\"SearchAction\",\"target\":{\"@type\":\"EntryPoint\",\"urlTemplate\":\"https:\\\/\\\/www.vetorino.com\\\/boutique\\\/?s={search_term_string}\"},\"query-input\":{\"@type\":\"PropertyValueSpecification\",\"valueRequired\":true,\"valueName\":\"search_term_string\"}}],\"inLanguage\":\"fr-FR\"},{\"@type\":\"Organization\",\"@id\":\"https:\\\/\\\/www.vetorino.com\\\/boutique\\\/#organization\",\"name\":\"V\u00e9torino\",\"url\":\"https:\\\/\\\/www.vetorino.com\\\/boutique\\\/\",\"logo\":{\"@type\":\"ImageObject\",\"inLanguage\":\"fr-FR\",\"@id\":\"https:\\\/\\\/www.vetorino.com\\\/boutique\\\/#\\\/schema\\\/logo\\\/image\\\/\",\"url\":\"https:\\\/\\\/www.vetorino.com\\\/boutique\\\/wp-content\\\/uploads\\\/2024\\\/10\\\/logo.jpg\",\"contentUrl\":\"https:\\\/\\\/www.vetorino.com\\\/boutique\\\/wp-content\\\/uploads\\\/2024\\\/10\\\/logo.jpg\",\"width\":1200,\"height\":610,\"caption\":\"V\u00e9torino\"},\"image\":{\"@id\":\"https:\\\/\\\/www.vetorino.com\\\/boutique\\\/#\\\/schema\\\/logo\\\/image\\\/\"},\"sameAs\":[\"https:\\\/\\\/www.facebook.com\\\/Vetorino\\\/\",\"https:\\\/\\\/www.instagram.com\\\/vetorino_off\\\/\",\"https:\\\/\\\/www.linkedin.com\\\/company\\\/vtorino\\\/\"]}]}<\/script>\n<meta property=\"product:brand\" content=\"Royal Canin\" \/>\n<meta property=\"og:availability\" content=\"instock\" \/>\n<meta property=\"product:availability\" content=\"instock\" \/>\n<meta property=\"product:condition\" content=\"new\" \/>\n<!-- \/ Yoast SEO plugin. -->","yoast_head_json":{"title":"Vet Care Nutrition (Royal Canin) Neutered Adult Large Dog Royal Canin - V\u00e9torino","description":"Les croquettes premium Royal Canin Adult Large Dog sont sp\u00e9cialement formul\u00e9es pour les chiens st\u00e9rilis\u00e9s, de grande race et de race g\u00e9ante, ayant tendance \u00e0 l'embonpoint ou \u00e0 sensibilit\u00e9 ost\u00e9o-articulaire. Utilisation    Chien adulte st\u00e9rilis\u00e9 de 25 \u00e0 45 kg  Sensibilit\u00e9 articulaire ou digestive","robots":{"index":"noindex","follow":"nofollow"},"og_locale":"fr_FR","og_type":"article","og_title":"Vet Care Nutrition (Royal Canin) Neutered Adult Large Dog Royal Canin - V\u00e9torino","og_description":"Les croquettes premium Royal Canin Adult Large Dog sont sp\u00e9cialement formul\u00e9es pour les chiens st\u00e9rilis\u00e9s, de grande race et de race g\u00e9ante, ayant tendance \u00e0 l'embonpoint ou \u00e0 sensibilit\u00e9 ost\u00e9o-articulaire. Utilisation    Chien adulte st\u00e9rilis\u00e9 de 25 \u00e0 45 kg  Sensibilit\u00e9 articulaire ou digestive","og_url":"https:\/\/www.vetorino.com\/veterinaire\/prunelli-di-fiumorbo-20243\/boutique\/product\/vetcare-chien-adult-neutered-large-dog\/","og_site_name":"V\u00e9torino","article_publisher":"https:\/\/www.facebook.com\/Vetorino\/","article_modified_time":"2025-11-05T14:46:07+00:00","og_image":[{"width":800,"height":800,"url":"https:\/\/www.vetorino.com\/boutique\/wp-content\/uploads\/2020\/03\/neutered-adult-large-dog.jpg.png","type":"image\/png"}],"twitter_card":"summary_large_image","twitter_misc":{"Disponibilit\u00e9":"En stock"},"schema":{"@context":"https:\/\/schema.org","@graph":[{"@type":"WebPage","@id":"https:\/\/www.vetorino.com\/veterinaire\/briancon-05100\/boutique\/product\/vetcare-chien-adult-neutered-large-dog\/","url":"https:\/\/www.vetorino.com\/veterinaire\/briancon-05100\/boutique\/product\/vetcare-chien-adult-neutered-large-dog\/","name":"Vet Care Nutrition (Royal Canin) Neutered Adult Large Dog Royal Canin - V\u00e9torino","isPartOf":{"@id":"https:\/\/www.vetorino.com\/boutique\/#website"},"primaryImageOfPage":{"@id":"https:\/\/www.vetorino.com\/veterinaire\/briancon-05100\/boutique\/product\/vetcare-chien-adult-neutered-large-dog\/#primaryimage"},"image":{"@id":"https:\/\/www.vetorino.com\/veterinaire\/briancon-05100\/boutique\/product\/vetcare-chien-adult-neutered-large-dog\/#primaryimage"},"thumbnailUrl":"https:\/\/www.vetorino.com\/boutique\/wp-content\/uploads\/2020\/03\/neutered-adult-large-dog.jpg.png","datePublished":"2020-03-04T22:04:01+00:00","dateModified":"2025-11-05T14:46:07+00:00","description":"Les croquettes premium Royal Canin Adult Large Dog sont sp\u00e9cialement formul\u00e9es pour les chiens st\u00e9rilis\u00e9s, de grande race et de race g\u00e9ante, ayant tendance \u00e0 l'embonpoint ou \u00e0 sensibilit\u00e9 ost\u00e9o-articulaire. Utilisation Chien adulte st\u00e9rilis\u00e9 de 25 \u00e0 45 kg Sensibilit\u00e9 articulaire ou digestive","breadcrumb":{"@id":"https:\/\/www.vetorino.com\/veterinaire\/briancon-05100\/boutique\/product\/vetcare-chien-adult-neutered-large-dog\/#breadcrumb"},"inLanguage":"fr-FR","potentialAction":[{"@type":"ReadAction","target":["https:\/\/www.vetorino.com\/veterinaire\/briancon-05100\/boutique\/product\/vetcare-chien-adult-neutered-large-dog\/"]}]},{"@type":"ImageObject","inLanguage":"fr-FR","@id":"https:\/\/www.vetorino.com\/veterinaire\/briancon-05100\/boutique\/product\/vetcare-chien-adult-neutered-large-dog\/#primaryimage","url":"https:\/\/www.vetorino.com\/boutique\/wp-content\/uploads\/2020\/03\/neutered-adult-large-dog.jpg.png","contentUrl":"https:\/\/www.vetorino.com\/boutique\/wp-content\/uploads\/2020\/03\/neutered-adult-large-dog.jpg.png","width":800,"height":800},{"@type":"BreadcrumbList","@id":"https:\/\/www.vetorino.com\/veterinaire\/briancon-05100\/boutique\/product\/vetcare-chien-adult-neutered-large-dog\/#breadcrumb","itemListElement":[{"@type":"ListItem","position":1,"name":"Accueil","item":"https:\/\/www.vetorino.com\/boutique\/"},{"@type":"ListItem","position":2,"name":"Produits","item":"https:\/\/www.vetorino.com\/boutique\/"},{"@type":"ListItem","position":3,"name":"Neutered Adult Large Dog"}]},{"@type":"WebSite","@id":"https:\/\/www.vetorino.com\/boutique\/#website","url":"https:\/\/www.vetorino.com\/boutique\/","name":"V\u00e9torino","description":"","publisher":{"@id":"https:\/\/www.vetorino.com\/boutique\/#organization"},"potentialAction":[{"@type":"SearchAction","target":{"@type":"EntryPoint","urlTemplate":"https:\/\/www.vetorino.com\/boutique\/?s={search_term_string}"},"query-input":{"@type":"PropertyValueSpecification","valueRequired":true,"valueName":"search_term_string"}}],"inLanguage":"fr-FR"},{"@type":"Organization","@id":"https:\/\/www.vetorino.com\/boutique\/#organization","name":"V\u00e9torino","url":"https:\/\/www.vetorino.com\/boutique\/","logo":{"@type":"ImageObject","inLanguage":"fr-FR","@id":"https:\/\/www.vetorino.com\/boutique\/#\/schema\/logo\/image\/","url":"https:\/\/www.vetorino.com\/boutique\/wp-content\/uploads\/2024\/10\/logo.jpg","contentUrl":"https:\/\/www.vetorino.com\/boutique\/wp-content\/uploads\/2024\/10\/logo.jpg","width":1200,"height":610,"caption":"V\u00e9torino"},"image":{"@id":"https:\/\/www.vetorino.com\/boutique\/#\/schema\/logo\/image\/"},"sameAs":["https:\/\/www.facebook.com\/Vetorino\/","https:\/\/www.instagram.com\/vetorino_off\/","https:\/\/www.linkedin.com\/company\/vtorino\/"]}]},"product_brand":"Royal Canin","og_availability":"instock","product_availability":"instock","product_condition":"new"},"_links":{"self":[{"href":"https:\/\/www.vetorino.com\/veterinaire\/prunelli-di-fiumorbo-20243\/boutique\/wp-json\/wp\/v2\/product\/36492","targetHints":{"allow":["GET"]}}],"collection":[{"href":"https:\/\/www.vetorino.com\/veterinaire\/prunelli-di-fiumorbo-20243\/boutique\/wp-json\/wp\/v2\/product"}],"about":[{"href":"https:\/\/www.vetorino.com\/veterinaire\/prunelli-di-fiumorbo-20243\/boutique\/wp-json\/wp\/v2\/types\/product"}],"wp:featuredmedia":[{"embeddable":true,"href":"https:\/\/www.vetorino.com\/veterinaire\/prunelli-di-fiumorbo-20243\/boutique\/wp-json\/wp\/v2\/media\/896611"}],"wp:attachment":[{"href":"https:\/\/www.vetorino.com\/veterinaire\/prunelli-di-fiumorbo-20243\/boutique\/wp-json\/wp\/v2\/media?parent=36492"}],"wp:term":[{"taxonomy":"product_cat","embeddable":true,"href":"https:\/\/www.vetorino.com\/veterinaire\/prunelli-di-fiumorbo-20243\/boutique\/wp-json\/wp\/v2\/product_cat?post=36492"},{"taxonomy":"product_tag","embeddable":true,"href":"https:\/\/www.vetorino.com\/veterinaire\/prunelli-di-fiumorbo-20243\/boutique\/wp-json\/wp\/v2\/product_tag?post=36492"}],"curies":[{"name":"wp","href":"https:\/\/api.w.org\/{rel}","templated":true}]}}