{"id":619087,"date":"2023-05-22T10:31:47","date_gmt":"2023-05-22T08:31:47","guid":{"rendered":"https:\/\/www.vetorino.com\/boutique\/product\/aloevet-2\/"},"modified":"2024-04-11T10:31:44","modified_gmt":"2024-04-11T08:31:44","slug":"aloevet-2","status":"publish","type":"product","link":"https:\/\/www.vetorino.com\/veterinaire\/prunelli-di-fiumorbo-20243\/boutique\/product\/aloevet-2\/","title":{"rendered":"Aloevet"},"content":{"rendered":"<p><strong>Gel \u00e0 usage topique, hydratant, indiqu\u00e9 dans la protection des l\u00e9sions mineures de la peau, au niveau des membres et des zones particuli\u00e8rement sensibles comme les coussinets, les coudes, la truffe et le museau.<\/strong><\/p>\n<p>Convient aux chats, chiens, furet, rongeurs, reptiles, oiseaux.<\/p>\n<p><strong>Utilisation :<\/strong><\/p>\n<ul>\n<li>Hydratation<\/li>\n<li>Protection des l\u00e9sions mineures de la peau (coussinets, coudes, truffe &#8230;)<\/li>\n<\/ul>\n<p><strong>Mode d&#8217;emploi <\/strong><strong>:<\/strong><\/p>\n<ul>\n<li>Le dispositif est muni d\u2019un syst\u00e8me de fermeture s\u00e9curis\u00e9e, visible sur la partie sup\u00e9rieure (OFF\/ON). Avant d\u2019appliquer le produit, assurez-vous que le dispositif est ouvert en tournant l\u00e9g\u00e8rement la partie sup\u00e9rieure vers la droite.<\/li>\n<li>Appliquer une petite quantit\u00e9 de gel aloeVET\u00ae sur la zone concern\u00e9e de la peau et \u00e9taler uniform\u00e9ment. Appliquer le gel deux \u00e0 trois fois par jour.<\/li>\n<li>Une fois l\u2019application termin\u00e9e, tournez l\u00e9g\u00e8rement la partie sup\u00e9rieure du dispositif vers la gauche pour vous assurer qu\u2019il est ferm\u00e9 et que le produit ne coulera pas.<\/li>\n<\/ul>\n<p><strong>Avantages :<\/strong><\/p>\n<ul>\n<li>Gel non collant<\/li>\n<li>N\u2019a pas besoin d\u2019\u00eatre conserv\u00e9 au r\u00e9frig\u00e9rateur<\/li>\n<\/ul>\n","protected":false},"excerpt":{"rendered":"<p><strong>Gel \u00e0 usage topique, hydratant, indiqu\u00e9 dans la protection des l\u00e9sions mineures de la peau, au niveau des membres et des zones particuli\u00e8rement sensibles comme les coussinets, les coudes, la truffe et le museau.<\/strong><\/p>\n<p><strong>Utilisation :<\/strong><\/p>\n<ul>\n<li>Hydratation<\/li>\n<li>Protection des l\u00e9sions mineures de la peau (coussinets, coudes, truffe &#8230;)<\/li>\n<\/ul>\n","protected":false},"featured_media":619095,"template":"","meta":[],"product_cat":[2697,2698,12611,12612,12613,12614,12560,12561,2727],"product_tag":[],"class_list":{"0":"post-619087","1":"product","2":"type-product","3":"status-publish","4":"has-post-thumbnail","6":"product_cat-chat","7":"product_cat-chien","8":"product_cat-hygiene-de-la-peau-et-du-pelage-du-chat","9":"product_cat-hygiene-de-la-peau-et-du-pelage-du-chien","10":"product_cat-hygiene-des-oreilles-du-chat","11":"product_cat-hygiene-des-oreilles-du-chien","12":"product_cat-hygiene-du-chat","13":"product_cat-hygiene-du-chien","14":"product_cat-nac","15":"pa_marque-pharmadiet","17":"first","18":"instock","19":"taxable","20":"shipping-taxable","21":"purchasable","22":"product-type-simple"},"yoast_head":"<!-- This site is optimized with the Yoast SEO plugin v27.3 - https:\/\/yoast.com\/product\/yoast-seo-wordpress\/ -->\n<title>Aloevet Pharmadiet - V\u00e9torino<\/title>\n<meta name=\"description\" content=\"Gel \u00e0 usage topique, hydratant, indiqu\u00e9 dans la protection des l\u00e9sions mineures de la peau, au niveau des membres et des zones particuli\u00e8rement sensibles comme les coussinets, les coudes, la truffe et le museau.  Utilisation :   Hydratation  Protection des l\u00e9sions mineures de la peau (coussinets, coudes, truffe ...)\" \/>\n<meta name=\"robots\" content=\"noindex, nofollow\" \/>\n<meta property=\"og:locale\" content=\"fr_FR\" \/>\n<meta property=\"og:type\" content=\"article\" \/>\n<meta property=\"og:title\" content=\"Aloevet Pharmadiet - V\u00e9torino\" \/>\n<meta property=\"og:description\" content=\"Gel \u00e0 usage topique, hydratant, indiqu\u00e9 dans la protection des l\u00e9sions mineures de la peau, au niveau des membres et des zones particuli\u00e8rement sensibles comme les coussinets, les coudes, la truffe et le museau.  Utilisation :   Hydratation  Protection des l\u00e9sions mineures de la peau (coussinets, coudes, truffe ...)\" \/>\n<meta property=\"og:url\" content=\"https:\/\/www.vetorino.com\/veterinaire\/prunelli-di-fiumorbo-20243\/boutique\/product\/aloevet-2\/\" \/>\n<meta property=\"og:site_name\" content=\"V\u00e9torino\" \/>\n<meta property=\"article:publisher\" content=\"https:\/\/www.facebook.com\/Vetorino\/\" \/>\n<meta property=\"article:modified_time\" content=\"2024-04-11T08:31:44+00:00\" \/>\n<meta property=\"og:image\" content=\"https:\/\/www.vetorino.com\/boutique\/wp-content\/uploads\/2023\/05\/Aloevet_3D_CajaEnvase-con-sombra__-1-600x600-1.png\" \/>\n\t<meta property=\"og:image:width\" content=\"600\" \/>\n\t<meta property=\"og:image:height\" content=\"600\" \/>\n\t<meta property=\"og:image:type\" content=\"image\/png\" \/>\n<meta name=\"twitter:card\" content=\"summary_large_image\" \/>\n<meta name=\"twitter:label1\" content=\"Prix\" \/>\n\t<meta name=\"twitter:data1\" content=\"19,65&euro;\" \/>\n\t<meta name=\"twitter:label2\" content=\"Disponibilit\u00e9\" \/>\n\t<meta name=\"twitter:data2\" content=\"En stock\" \/>\n<script type=\"application\/ld+json\" class=\"yoast-schema-graph\">{\"@context\":\"https:\\\/\\\/schema.org\",\"@graph\":[{\"@type\":\"WebPage\",\"@id\":\"https:\\\/\\\/www.vetorino.com\\\/boutique\\\/product\\\/aloevet-2\\\/\",\"url\":\"https:\\\/\\\/www.vetorino.com\\\/boutique\\\/product\\\/aloevet-2\\\/\",\"name\":\"Aloevet Pharmadiet - V\u00e9torino\",\"isPartOf\":{\"@id\":\"https:\\\/\\\/www.vetorino.com\\\/boutique\\\/#website\"},\"primaryImageOfPage\":{\"@id\":\"https:\\\/\\\/www.vetorino.com\\\/boutique\\\/product\\\/aloevet-2\\\/#primaryimage\"},\"image\":{\"@id\":\"https:\\\/\\\/www.vetorino.com\\\/boutique\\\/product\\\/aloevet-2\\\/#primaryimage\"},\"thumbnailUrl\":\"https:\\\/\\\/www.vetorino.com\\\/boutique\\\/wp-content\\\/uploads\\\/2023\\\/05\\\/Aloevet_3D_CajaEnvase-con-sombra__-1-600x600-1.png\",\"datePublished\":\"2023-05-22T08:31:47+00:00\",\"dateModified\":\"2024-04-11T08:31:44+00:00\",\"description\":\"Gel \u00e0 usage topique, hydratant, indiqu\u00e9 dans la protection des l\u00e9sions mineures de la peau, au niveau des membres et des zones particuli\u00e8rement sensibles comme les coussinets, les coudes, la truffe et le museau. Utilisation : Hydratation Protection des l\u00e9sions mineures de la peau (coussinets, coudes, truffe ...)\",\"breadcrumb\":{\"@id\":\"https:\\\/\\\/www.vetorino.com\\\/boutique\\\/product\\\/aloevet-2\\\/#breadcrumb\"},\"inLanguage\":\"fr-FR\",\"potentialAction\":[{\"@type\":\"ReadAction\",\"target\":[\"https:\\\/\\\/www.vetorino.com\\\/boutique\\\/product\\\/aloevet-2\\\/\"]}]},{\"@type\":\"ImageObject\",\"inLanguage\":\"fr-FR\",\"@id\":\"https:\\\/\\\/www.vetorino.com\\\/boutique\\\/product\\\/aloevet-2\\\/#primaryimage\",\"url\":\"https:\\\/\\\/www.vetorino.com\\\/boutique\\\/wp-content\\\/uploads\\\/2023\\\/05\\\/Aloevet_3D_CajaEnvase-con-sombra__-1-600x600-1.png\",\"contentUrl\":\"https:\\\/\\\/www.vetorino.com\\\/boutique\\\/wp-content\\\/uploads\\\/2023\\\/05\\\/Aloevet_3D_CajaEnvase-con-sombra__-1-600x600-1.png\",\"width\":600,\"height\":600},{\"@type\":\"BreadcrumbList\",\"@id\":\"https:\\\/\\\/www.vetorino.com\\\/boutique\\\/product\\\/aloevet-2\\\/#breadcrumb\",\"itemListElement\":[{\"@type\":\"ListItem\",\"position\":1,\"name\":\"Accueil\",\"item\":\"https:\\\/\\\/www.vetorino.com\\\/boutique\\\/\"},{\"@type\":\"ListItem\",\"position\":2,\"name\":\"Produits\",\"item\":\"https:\\\/\\\/www.vetorino.com\\\/boutique\\\/\"},{\"@type\":\"ListItem\",\"position\":3,\"name\":\"Aloevet\"}]},{\"@type\":\"WebSite\",\"@id\":\"https:\\\/\\\/www.vetorino.com\\\/boutique\\\/#website\",\"url\":\"https:\\\/\\\/www.vetorino.com\\\/boutique\\\/\",\"name\":\"V\u00e9torino\",\"description\":\"\",\"publisher\":{\"@id\":\"https:\\\/\\\/www.vetorino.com\\\/boutique\\\/#organization\"},\"potentialAction\":[{\"@type\":\"SearchAction\",\"target\":{\"@type\":\"EntryPoint\",\"urlTemplate\":\"https:\\\/\\\/www.vetorino.com\\\/boutique\\\/?s={search_term_string}\"},\"query-input\":{\"@type\":\"PropertyValueSpecification\",\"valueRequired\":true,\"valueName\":\"search_term_string\"}}],\"inLanguage\":\"fr-FR\"},{\"@type\":\"Organization\",\"@id\":\"https:\\\/\\\/www.vetorino.com\\\/boutique\\\/#organization\",\"name\":\"V\u00e9torino\",\"url\":\"https:\\\/\\\/www.vetorino.com\\\/boutique\\\/\",\"logo\":{\"@type\":\"ImageObject\",\"inLanguage\":\"fr-FR\",\"@id\":\"https:\\\/\\\/www.vetorino.com\\\/boutique\\\/#\\\/schema\\\/logo\\\/image\\\/\",\"url\":\"https:\\\/\\\/www.vetorino.com\\\/boutique\\\/wp-content\\\/uploads\\\/2024\\\/10\\\/logo.jpg\",\"contentUrl\":\"https:\\\/\\\/www.vetorino.com\\\/boutique\\\/wp-content\\\/uploads\\\/2024\\\/10\\\/logo.jpg\",\"width\":1200,\"height\":610,\"caption\":\"V\u00e9torino\"},\"image\":{\"@id\":\"https:\\\/\\\/www.vetorino.com\\\/boutique\\\/#\\\/schema\\\/logo\\\/image\\\/\"},\"sameAs\":[\"https:\\\/\\\/www.facebook.com\\\/Vetorino\\\/\",\"https:\\\/\\\/www.instagram.com\\\/vetorino_off\\\/\",\"https:\\\/\\\/www.linkedin.com\\\/company\\\/vtorino\\\/\"]}]}<\/script>\n<meta property=\"product:brand\" content=\"Pharmadiet\" \/>\n<meta property=\"product:price:amount\" content=\"19.65\" \/>\n<meta property=\"product:price:currency\" content=\"EUR\" \/>\n<meta property=\"og:availability\" content=\"instock\" \/>\n<meta property=\"product:availability\" content=\"instock\" \/>\n<meta property=\"product:retailer_item_id\" content=\"A-1874970\" \/>\n<meta property=\"product:condition\" content=\"new\" \/>\n<!-- \/ Yoast SEO plugin. -->","yoast_head_json":{"title":"Aloevet Pharmadiet - V\u00e9torino","description":"Gel \u00e0 usage topique, hydratant, indiqu\u00e9 dans la protection des l\u00e9sions mineures de la peau, au niveau des membres et des zones particuli\u00e8rement sensibles comme les coussinets, les coudes, la truffe et le museau.  Utilisation :   Hydratation  Protection des l\u00e9sions mineures de la peau (coussinets, coudes, truffe ...)","robots":{"index":"noindex","follow":"nofollow"},"og_locale":"fr_FR","og_type":"article","og_title":"Aloevet Pharmadiet - V\u00e9torino","og_description":"Gel \u00e0 usage topique, hydratant, indiqu\u00e9 dans la protection des l\u00e9sions mineures de la peau, au niveau des membres et des zones particuli\u00e8rement sensibles comme les coussinets, les coudes, la truffe et le museau.  Utilisation :   Hydratation  Protection des l\u00e9sions mineures de la peau (coussinets, coudes, truffe ...)","og_url":"https:\/\/www.vetorino.com\/veterinaire\/prunelli-di-fiumorbo-20243\/boutique\/product\/aloevet-2\/","og_site_name":"V\u00e9torino","article_publisher":"https:\/\/www.facebook.com\/Vetorino\/","article_modified_time":"2024-04-11T08:31:44+00:00","og_image":[{"width":600,"height":600,"url":"https:\/\/www.vetorino.com\/boutique\/wp-content\/uploads\/2023\/05\/Aloevet_3D_CajaEnvase-con-sombra__-1-600x600-1.png","type":"image\/png"}],"twitter_card":"summary_large_image","twitter_misc":{"Prix":"19,65&euro;","Disponibilit\u00e9":"En stock"},"schema":{"@context":"https:\/\/schema.org","@graph":[{"@type":"WebPage","@id":"https:\/\/www.vetorino.com\/boutique\/product\/aloevet-2\/","url":"https:\/\/www.vetorino.com\/boutique\/product\/aloevet-2\/","name":"Aloevet Pharmadiet - V\u00e9torino","isPartOf":{"@id":"https:\/\/www.vetorino.com\/boutique\/#website"},"primaryImageOfPage":{"@id":"https:\/\/www.vetorino.com\/boutique\/product\/aloevet-2\/#primaryimage"},"image":{"@id":"https:\/\/www.vetorino.com\/boutique\/product\/aloevet-2\/#primaryimage"},"thumbnailUrl":"https:\/\/www.vetorino.com\/boutique\/wp-content\/uploads\/2023\/05\/Aloevet_3D_CajaEnvase-con-sombra__-1-600x600-1.png","datePublished":"2023-05-22T08:31:47+00:00","dateModified":"2024-04-11T08:31:44+00:00","description":"Gel \u00e0 usage topique, hydratant, indiqu\u00e9 dans la protection des l\u00e9sions mineures de la peau, au niveau des membres et des zones particuli\u00e8rement sensibles comme les coussinets, les coudes, la truffe et le museau. Utilisation : Hydratation Protection des l\u00e9sions mineures de la peau (coussinets, coudes, truffe ...)","breadcrumb":{"@id":"https:\/\/www.vetorino.com\/boutique\/product\/aloevet-2\/#breadcrumb"},"inLanguage":"fr-FR","potentialAction":[{"@type":"ReadAction","target":["https:\/\/www.vetorino.com\/boutique\/product\/aloevet-2\/"]}]},{"@type":"ImageObject","inLanguage":"fr-FR","@id":"https:\/\/www.vetorino.com\/boutique\/product\/aloevet-2\/#primaryimage","url":"https:\/\/www.vetorino.com\/boutique\/wp-content\/uploads\/2023\/05\/Aloevet_3D_CajaEnvase-con-sombra__-1-600x600-1.png","contentUrl":"https:\/\/www.vetorino.com\/boutique\/wp-content\/uploads\/2023\/05\/Aloevet_3D_CajaEnvase-con-sombra__-1-600x600-1.png","width":600,"height":600},{"@type":"BreadcrumbList","@id":"https:\/\/www.vetorino.com\/boutique\/product\/aloevet-2\/#breadcrumb","itemListElement":[{"@type":"ListItem","position":1,"name":"Accueil","item":"https:\/\/www.vetorino.com\/boutique\/"},{"@type":"ListItem","position":2,"name":"Produits","item":"https:\/\/www.vetorino.com\/boutique\/"},{"@type":"ListItem","position":3,"name":"Aloevet"}]},{"@type":"WebSite","@id":"https:\/\/www.vetorino.com\/boutique\/#website","url":"https:\/\/www.vetorino.com\/boutique\/","name":"V\u00e9torino","description":"","publisher":{"@id":"https:\/\/www.vetorino.com\/boutique\/#organization"},"potentialAction":[{"@type":"SearchAction","target":{"@type":"EntryPoint","urlTemplate":"https:\/\/www.vetorino.com\/boutique\/?s={search_term_string}"},"query-input":{"@type":"PropertyValueSpecification","valueRequired":true,"valueName":"search_term_string"}}],"inLanguage":"fr-FR"},{"@type":"Organization","@id":"https:\/\/www.vetorino.com\/boutique\/#organization","name":"V\u00e9torino","url":"https:\/\/www.vetorino.com\/boutique\/","logo":{"@type":"ImageObject","inLanguage":"fr-FR","@id":"https:\/\/www.vetorino.com\/boutique\/#\/schema\/logo\/image\/","url":"https:\/\/www.vetorino.com\/boutique\/wp-content\/uploads\/2024\/10\/logo.jpg","contentUrl":"https:\/\/www.vetorino.com\/boutique\/wp-content\/uploads\/2024\/10\/logo.jpg","width":1200,"height":610,"caption":"V\u00e9torino"},"image":{"@id":"https:\/\/www.vetorino.com\/boutique\/#\/schema\/logo\/image\/"},"sameAs":["https:\/\/www.facebook.com\/Vetorino\/","https:\/\/www.instagram.com\/vetorino_off\/","https:\/\/www.linkedin.com\/company\/vtorino\/"]}]},"product_brand":"Pharmadiet","product_price_amount":"19.65","product_price_currency":"EUR","og_availability":"instock","product_availability":"instock","product_retailer_item_id":"A-1874970","product_condition":"new"},"_links":{"self":[{"href":"https:\/\/www.vetorino.com\/veterinaire\/prunelli-di-fiumorbo-20243\/boutique\/wp-json\/wp\/v2\/product\/619087","targetHints":{"allow":["GET"]}}],"collection":[{"href":"https:\/\/www.vetorino.com\/veterinaire\/prunelli-di-fiumorbo-20243\/boutique\/wp-json\/wp\/v2\/product"}],"about":[{"href":"https:\/\/www.vetorino.com\/veterinaire\/prunelli-di-fiumorbo-20243\/boutique\/wp-json\/wp\/v2\/types\/product"}],"wp:featuredmedia":[{"embeddable":true,"href":"https:\/\/www.vetorino.com\/veterinaire\/prunelli-di-fiumorbo-20243\/boutique\/wp-json\/wp\/v2\/media\/619095"}],"wp:attachment":[{"href":"https:\/\/www.vetorino.com\/veterinaire\/prunelli-di-fiumorbo-20243\/boutique\/wp-json\/wp\/v2\/media?parent=619087"}],"wp:term":[{"taxonomy":"product_cat","embeddable":true,"href":"https:\/\/www.vetorino.com\/veterinaire\/prunelli-di-fiumorbo-20243\/boutique\/wp-json\/wp\/v2\/product_cat?post=619087"},{"taxonomy":"product_tag","embeddable":true,"href":"https:\/\/www.vetorino.com\/veterinaire\/prunelli-di-fiumorbo-20243\/boutique\/wp-json\/wp\/v2\/product_tag?post=619087"}],"curies":[{"name":"wp","href":"https:\/\/api.w.org\/{rel}","templated":true}]}}