{"id":719943,"date":"2023-10-17T12:30:54","date_gmt":"2023-10-17T10:30:54","guid":{"rendered":"https:\/\/www.vetorino.com\/boutique\/product\/jouet-fun-board\/"},"modified":"2023-10-18T11:16:39","modified_gmt":"2023-10-18T09:16:39","slug":"jouet-fun-board","status":"publish","type":"product","link":"https:\/\/www.vetorino.com\/veterinaire\/prunelli-di-fiumorbo-20243\/boutique\/product\/jouet-fun-board\/","title":{"rendered":"Jouet fun board chat"},"content":{"rendered":"<p>Le Trixie Cat Activity Fun Board est un jouet con\u00e7u par l&#8217;experte en chat Helena Dbal\u00fd. Il r\u00e9pond aux besoins naturels des chats en leur offrant une activit\u00e9 physique doubl\u00e9e d&#8217;un d\u00e9fi intellectuel. Le jeu se compose de 5 modules diff\u00e9rents proposant chacun un nouveau d\u00e9fi pour votre petit f\u00e9lin. Ainsi, le Trixie Cat Activity Fun Board<strong>\u00a0exerce l&#8217;habilet\u00e9<\/strong>\u00a0de votre chat dans diff\u00e9rents domaines, lui propose une<strong>\u00a0occupation judicieuse<\/strong>\u00a0et lui apporte de grands moments de jeu.<br \/>\nGr\u00e2ce aux\u00a0<strong>5 diff\u00e9rents modules et niveaux de difficult\u00e9<\/strong>, le jeu Trixie Cat Activity Fun Board est aussi adapt\u00e9 aux chats \u00e2g\u00e9s, malades ou ayant une capacit\u00e9 de mouvement r\u00e9duite.<\/p>\n<p><b>Le jouet pour chat Trixie Cat Activity Fun Board est compos\u00e9 des modules suivants :<\/b><\/p>\n<p><img decoding=\"async\" src=\"https:\/\/www.media.mediazs.com\/bilder\/1\/113460_trixie_funboard_beschriftung200x200_04_2012_1.jpg\" alt=\"Ferplast_logoklein\" border=\"0\" \/><\/p>\n<p><b>1 le module sph\u00e9rique :<\/b>\u00a0pour inciter votre chat \u00e0 utiliser son odorat et son toucher. Il doit trouver l&#8217;ouverture des sph\u00e8res et en sortir les friandises.<br \/>\n<b>2 le module \u00e0 picots :<\/b>\u00a0un regard ac\u00e9r\u00e9 et de l&#8217;habillet\u00e9 permettent \u00e0 votre chat d&#8217;acc\u00e9der aux friandises plac\u00e9es entre les picots.<br \/>\n<b>3 le module \u00e0 trav\u00e9es :<\/b>\u00a0ce module est particuli\u00e8rement adapt\u00e9 aux chats ag\u00e9s et \u00e0 mobilit\u00e9 limit\u00e9e. Avec un peu d&#8217;adresse, les friandises peuvent \u00eatre tir\u00e9es hors des trav\u00e9es.<br \/>\n<b>4 le module buccal :<\/b>\u00a0votre chat doit prouver sa dext\u00e9rit\u00e9 avec sa langue afin d&#8217;atteindre l&#8217;eau ou la friandise liquide qui s&#8217;y trouve. Ce module est \u00e9galement adapt\u00e9 aux chats aveugles ou handicap\u00e9s.<br \/>\n<b>5 le tunnel :<\/b>\u00a0apr\u00e8s avoir guett\u00e9 et s&#8217;\u00eatre approch\u00e9 \u00e0 pas feutr\u00e9s, votre chat peut sortir les friandises du tunnel avec ses pattes.<\/p>\n<p><b>Caract\u00e9ristiques du jouet pour chat Cat Activity Fun Board :<\/b><\/p>\n<ul>\n<li>jeu d&#8217;intelligence pour chat \u00e0 partir de 3 mois<\/li>\n<li>\u00e9galement adapt\u00e9 aux chats ag\u00e9s ou malades<\/li>\n<li>5 modules pour des jeux diff\u00e9rents :\n<ul>\n<li>un module sph\u00e9rique<\/li>\n<li>un module \u00e0 picots<\/li>\n<li>un module \u00e0 trav\u00e9es<\/li>\n<li>un module buccal<\/li>\n<li>un tunnel<\/li>\n<\/ul>\n<\/li>\n<li>de l&#8217;activit\u00e9 physique pour un \u00e9quilibre mental<\/li>\n<li>exerce l&#8217;habilet\u00e9<\/li>\n<li>peut \u00eatre lav\u00e9 au lave-vaisselle<\/li>\n<li>pieds antid\u00e9rapants<\/li>\n<li>inclus\u00a0des instructions et des trucs et astuces<\/li>\n<li>D\u00e9velopp\u00e9 par l&#8217;experte en chat Helena Dbal\u00fd<\/li>\n<li>coloris : gris clair<\/li>\n<li>dimensions : L 30 x l 40 cm<\/li>\n<li>mat\u00e9riau : plastique<\/li>\n<\/ul>\n<p><b>Attention :<\/b>\u00a0veuillez toujours surveiller votre animal lorsqu&#8217;il s&#8217;amuse avec un jouet. Bien v\u00e9rifier que le jouet n\u2019est pas ab\u00eem\u00e9 ou que des petits morceaux n\u2019ont pas \u00e9t\u00e9 arrach\u00e9s. Si le jouet est endommag\u00e9, mettez-le aussit\u00f4t hors de port\u00e9e de votre animal. Nous vous conseillons fortement de remplacer imm\u00e9diatement le jouet afin d&#8217;\u00e9viter toute blessure.<\/p>\n","protected":false},"excerpt":{"rendered":"<p><strong>Un jeu d&#8217;intelligence sign\u00e9 Helena Dbal\u00fd adapt\u00e9 \u00e0 tous les chats &#8211; 5 activit\u00e9s pour stimuler le corps et l&#8217;esprit, lavable au lave-vaisselle.<\/strong><\/p>\n<ul>\n<li>Dimensions : L 30 x l 40 cm<\/li>\n<\/ul>\n","protected":false},"featured_media":602167,"template":"","meta":[],"product_cat":[12548,2697,12620],"product_tag":[],"class_list":{"0":"post-719943","1":"product","2":"type-product","3":"status-publish","4":"has-post-thumbnail","6":"product_cat-accessoire-du-chat","7":"product_cat-chat","8":"product_cat-jeux-educatifs-pour-chat","9":"pa_marque-trixie","11":"first","12":"instock","13":"taxable","14":"shipping-taxable","15":"purchasable","16":"product-type-simple"},"yoast_head":"<!-- This site is optimized with the Yoast SEO plugin v27.3 - https:\/\/yoast.com\/product\/yoast-seo-wordpress\/ -->\n<title>Jouet fun board chat Trixie - V\u00e9torino<\/title>\n<meta name=\"description\" content=\"Un jeu d&#039;intelligence sign\u00e9 Helena Dbal\u00fd adapt\u00e9 \u00e0 tous les chats - 5 activit\u00e9s pour stimuler le corps et l&#039;esprit, lavable au lave-vaisselle.   Dimensions : L 30 x l 40 cm\" \/>\n<meta name=\"robots\" content=\"noindex, nofollow\" \/>\n<meta property=\"og:locale\" content=\"fr_FR\" \/>\n<meta property=\"og:type\" content=\"article\" \/>\n<meta property=\"og:title\" content=\"Jouet fun board chat Trixie - V\u00e9torino\" \/>\n<meta property=\"og:description\" content=\"Un jeu d&#039;intelligence sign\u00e9 Helena Dbal\u00fd adapt\u00e9 \u00e0 tous les chats - 5 activit\u00e9s pour stimuler le corps et l&#039;esprit, lavable au lave-vaisselle.   Dimensions : L 30 x l 40 cm\" \/>\n<meta property=\"og:url\" content=\"https:\/\/www.vetorino.com\/veterinaire\/prunelli-di-fiumorbo-20243\/boutique\/product\/jouet-fun-board\/\" \/>\n<meta property=\"og:site_name\" content=\"V\u00e9torino\" \/>\n<meta property=\"article:publisher\" content=\"https:\/\/www.facebook.com\/Vetorino\/\" \/>\n<meta property=\"article:modified_time\" content=\"2023-10-18T09:16:39+00:00\" \/>\n<meta property=\"og:image\" content=\"https:\/\/www.vetorino.com\/boutique\/wp-content\/uploads\/2023\/04\/25866_pla_trixie_cat_acivity_fun_board_hs_01_0.jpg\" \/>\n\t<meta property=\"og:image:width\" content=\"400\" \/>\n\t<meta property=\"og:image:height\" content=\"400\" \/>\n\t<meta property=\"og:image:type\" content=\"image\/jpeg\" \/>\n<meta name=\"twitter:card\" content=\"summary_large_image\" \/>\n<meta name=\"twitter:label1\" content=\"Prix\" \/>\n\t<meta name=\"twitter:data1\" content=\"19,59&euro;\" \/>\n\t<meta name=\"twitter:label2\" content=\"Disponibilit\u00e9\" \/>\n\t<meta name=\"twitter:data2\" content=\"En stock\" \/>\n<script type=\"application\/ld+json\" class=\"yoast-schema-graph\">{\"@context\":\"https:\\\/\\\/schema.org\",\"@graph\":[{\"@type\":\"WebPage\",\"@id\":\"https:\\\/\\\/www.vetorino.com\\\/boutique\\\/product\\\/jouet-fun-board\\\/\",\"url\":\"https:\\\/\\\/www.vetorino.com\\\/boutique\\\/product\\\/jouet-fun-board\\\/\",\"name\":\"Jouet fun board chat Trixie - V\u00e9torino\",\"isPartOf\":{\"@id\":\"https:\\\/\\\/www.vetorino.com\\\/boutique\\\/#website\"},\"primaryImageOfPage\":{\"@id\":\"https:\\\/\\\/www.vetorino.com\\\/boutique\\\/product\\\/jouet-fun-board\\\/#primaryimage\"},\"image\":{\"@id\":\"https:\\\/\\\/www.vetorino.com\\\/boutique\\\/product\\\/jouet-fun-board\\\/#primaryimage\"},\"thumbnailUrl\":\"https:\\\/\\\/www.vetorino.com\\\/boutique\\\/wp-content\\\/uploads\\\/2023\\\/04\\\/25866_pla_trixie_cat_acivity_fun_board_hs_01_0.jpg\",\"datePublished\":\"2023-10-17T10:30:54+00:00\",\"dateModified\":\"2023-10-18T09:16:39+00:00\",\"description\":\"Un jeu d'intelligence sign\u00e9 Helena Dbal\u00fd adapt\u00e9 \u00e0 tous les chats - 5 activit\u00e9s pour stimuler le corps et l'esprit, lavable au lave-vaisselle. Dimensions : L 30 x l 40 cm\",\"breadcrumb\":{\"@id\":\"https:\\\/\\\/www.vetorino.com\\\/boutique\\\/product\\\/jouet-fun-board\\\/#breadcrumb\"},\"inLanguage\":\"fr-FR\",\"potentialAction\":[{\"@type\":\"ReadAction\",\"target\":[\"https:\\\/\\\/www.vetorino.com\\\/boutique\\\/product\\\/jouet-fun-board\\\/\"]}]},{\"@type\":\"ImageObject\",\"inLanguage\":\"fr-FR\",\"@id\":\"https:\\\/\\\/www.vetorino.com\\\/boutique\\\/product\\\/jouet-fun-board\\\/#primaryimage\",\"url\":\"https:\\\/\\\/www.vetorino.com\\\/boutique\\\/wp-content\\\/uploads\\\/2023\\\/04\\\/25866_pla_trixie_cat_acivity_fun_board_hs_01_0.jpg\",\"contentUrl\":\"https:\\\/\\\/www.vetorino.com\\\/boutique\\\/wp-content\\\/uploads\\\/2023\\\/04\\\/25866_pla_trixie_cat_acivity_fun_board_hs_01_0.jpg\",\"width\":400,\"height\":400},{\"@type\":\"BreadcrumbList\",\"@id\":\"https:\\\/\\\/www.vetorino.com\\\/boutique\\\/product\\\/jouet-fun-board\\\/#breadcrumb\",\"itemListElement\":[{\"@type\":\"ListItem\",\"position\":1,\"name\":\"Accueil\",\"item\":\"https:\\\/\\\/www.vetorino.com\\\/boutique\\\/\"},{\"@type\":\"ListItem\",\"position\":2,\"name\":\"Produits\",\"item\":\"https:\\\/\\\/www.vetorino.com\\\/boutique\\\/\"},{\"@type\":\"ListItem\",\"position\":3,\"name\":\"Jouet fun board chat\"}]},{\"@type\":\"WebSite\",\"@id\":\"https:\\\/\\\/www.vetorino.com\\\/boutique\\\/#website\",\"url\":\"https:\\\/\\\/www.vetorino.com\\\/boutique\\\/\",\"name\":\"V\u00e9torino\",\"description\":\"\",\"publisher\":{\"@id\":\"https:\\\/\\\/www.vetorino.com\\\/boutique\\\/#organization\"},\"potentialAction\":[{\"@type\":\"SearchAction\",\"target\":{\"@type\":\"EntryPoint\",\"urlTemplate\":\"https:\\\/\\\/www.vetorino.com\\\/boutique\\\/?s={search_term_string}\"},\"query-input\":{\"@type\":\"PropertyValueSpecification\",\"valueRequired\":true,\"valueName\":\"search_term_string\"}}],\"inLanguage\":\"fr-FR\"},{\"@type\":\"Organization\",\"@id\":\"https:\\\/\\\/www.vetorino.com\\\/boutique\\\/#organization\",\"name\":\"V\u00e9torino\",\"url\":\"https:\\\/\\\/www.vetorino.com\\\/boutique\\\/\",\"logo\":{\"@type\":\"ImageObject\",\"inLanguage\":\"fr-FR\",\"@id\":\"https:\\\/\\\/www.vetorino.com\\\/boutique\\\/#\\\/schema\\\/logo\\\/image\\\/\",\"url\":\"https:\\\/\\\/www.vetorino.com\\\/boutique\\\/wp-content\\\/uploads\\\/2024\\\/10\\\/logo.jpg\",\"contentUrl\":\"https:\\\/\\\/www.vetorino.com\\\/boutique\\\/wp-content\\\/uploads\\\/2024\\\/10\\\/logo.jpg\",\"width\":1200,\"height\":610,\"caption\":\"V\u00e9torino\"},\"image\":{\"@id\":\"https:\\\/\\\/www.vetorino.com\\\/boutique\\\/#\\\/schema\\\/logo\\\/image\\\/\"},\"sameAs\":[\"https:\\\/\\\/www.facebook.com\\\/Vetorino\\\/\",\"https:\\\/\\\/www.instagram.com\\\/vetorino_off\\\/\",\"https:\\\/\\\/www.linkedin.com\\\/company\\\/vtorino\\\/\"]}]}<\/script>\n<meta property=\"product:brand\" content=\"Trixie\" \/>\n<meta property=\"product:price:amount\" content=\"19.59\" \/>\n<meta property=\"product:price:currency\" content=\"EUR\" \/>\n<meta property=\"og:availability\" content=\"instock\" \/>\n<meta property=\"product:availability\" content=\"instock\" \/>\n<meta property=\"product:retailer_item_id\" content=\"A-1010820\" \/>\n<meta property=\"product:condition\" content=\"new\" \/>\n<!-- \/ Yoast SEO plugin. -->","yoast_head_json":{"title":"Jouet fun board chat Trixie - V\u00e9torino","description":"Un jeu d'intelligence sign\u00e9 Helena Dbal\u00fd adapt\u00e9 \u00e0 tous les chats - 5 activit\u00e9s pour stimuler le corps et l'esprit, lavable au lave-vaisselle.   Dimensions : L 30 x l 40 cm","robots":{"index":"noindex","follow":"nofollow"},"og_locale":"fr_FR","og_type":"article","og_title":"Jouet fun board chat Trixie - V\u00e9torino","og_description":"Un jeu d'intelligence sign\u00e9 Helena Dbal\u00fd adapt\u00e9 \u00e0 tous les chats - 5 activit\u00e9s pour stimuler le corps et l'esprit, lavable au lave-vaisselle.   Dimensions : L 30 x l 40 cm","og_url":"https:\/\/www.vetorino.com\/veterinaire\/prunelli-di-fiumorbo-20243\/boutique\/product\/jouet-fun-board\/","og_site_name":"V\u00e9torino","article_publisher":"https:\/\/www.facebook.com\/Vetorino\/","article_modified_time":"2023-10-18T09:16:39+00:00","og_image":[{"width":400,"height":400,"url":"https:\/\/www.vetorino.com\/boutique\/wp-content\/uploads\/2023\/04\/25866_pla_trixie_cat_acivity_fun_board_hs_01_0.jpg","type":"image\/jpeg"}],"twitter_card":"summary_large_image","twitter_misc":{"Prix":"19,59&euro;","Disponibilit\u00e9":"En stock"},"schema":{"@context":"https:\/\/schema.org","@graph":[{"@type":"WebPage","@id":"https:\/\/www.vetorino.com\/boutique\/product\/jouet-fun-board\/","url":"https:\/\/www.vetorino.com\/boutique\/product\/jouet-fun-board\/","name":"Jouet fun board chat Trixie - V\u00e9torino","isPartOf":{"@id":"https:\/\/www.vetorino.com\/boutique\/#website"},"primaryImageOfPage":{"@id":"https:\/\/www.vetorino.com\/boutique\/product\/jouet-fun-board\/#primaryimage"},"image":{"@id":"https:\/\/www.vetorino.com\/boutique\/product\/jouet-fun-board\/#primaryimage"},"thumbnailUrl":"https:\/\/www.vetorino.com\/boutique\/wp-content\/uploads\/2023\/04\/25866_pla_trixie_cat_acivity_fun_board_hs_01_0.jpg","datePublished":"2023-10-17T10:30:54+00:00","dateModified":"2023-10-18T09:16:39+00:00","description":"Un jeu d'intelligence sign\u00e9 Helena Dbal\u00fd adapt\u00e9 \u00e0 tous les chats - 5 activit\u00e9s pour stimuler le corps et l'esprit, lavable au lave-vaisselle. Dimensions : L 30 x l 40 cm","breadcrumb":{"@id":"https:\/\/www.vetorino.com\/boutique\/product\/jouet-fun-board\/#breadcrumb"},"inLanguage":"fr-FR","potentialAction":[{"@type":"ReadAction","target":["https:\/\/www.vetorino.com\/boutique\/product\/jouet-fun-board\/"]}]},{"@type":"ImageObject","inLanguage":"fr-FR","@id":"https:\/\/www.vetorino.com\/boutique\/product\/jouet-fun-board\/#primaryimage","url":"https:\/\/www.vetorino.com\/boutique\/wp-content\/uploads\/2023\/04\/25866_pla_trixie_cat_acivity_fun_board_hs_01_0.jpg","contentUrl":"https:\/\/www.vetorino.com\/boutique\/wp-content\/uploads\/2023\/04\/25866_pla_trixie_cat_acivity_fun_board_hs_01_0.jpg","width":400,"height":400},{"@type":"BreadcrumbList","@id":"https:\/\/www.vetorino.com\/boutique\/product\/jouet-fun-board\/#breadcrumb","itemListElement":[{"@type":"ListItem","position":1,"name":"Accueil","item":"https:\/\/www.vetorino.com\/boutique\/"},{"@type":"ListItem","position":2,"name":"Produits","item":"https:\/\/www.vetorino.com\/boutique\/"},{"@type":"ListItem","position":3,"name":"Jouet fun board chat"}]},{"@type":"WebSite","@id":"https:\/\/www.vetorino.com\/boutique\/#website","url":"https:\/\/www.vetorino.com\/boutique\/","name":"V\u00e9torino","description":"","publisher":{"@id":"https:\/\/www.vetorino.com\/boutique\/#organization"},"potentialAction":[{"@type":"SearchAction","target":{"@type":"EntryPoint","urlTemplate":"https:\/\/www.vetorino.com\/boutique\/?s={search_term_string}"},"query-input":{"@type":"PropertyValueSpecification","valueRequired":true,"valueName":"search_term_string"}}],"inLanguage":"fr-FR"},{"@type":"Organization","@id":"https:\/\/www.vetorino.com\/boutique\/#organization","name":"V\u00e9torino","url":"https:\/\/www.vetorino.com\/boutique\/","logo":{"@type":"ImageObject","inLanguage":"fr-FR","@id":"https:\/\/www.vetorino.com\/boutique\/#\/schema\/logo\/image\/","url":"https:\/\/www.vetorino.com\/boutique\/wp-content\/uploads\/2024\/10\/logo.jpg","contentUrl":"https:\/\/www.vetorino.com\/boutique\/wp-content\/uploads\/2024\/10\/logo.jpg","width":1200,"height":610,"caption":"V\u00e9torino"},"image":{"@id":"https:\/\/www.vetorino.com\/boutique\/#\/schema\/logo\/image\/"},"sameAs":["https:\/\/www.facebook.com\/Vetorino\/","https:\/\/www.instagram.com\/vetorino_off\/","https:\/\/www.linkedin.com\/company\/vtorino\/"]}]},"product_brand":"Trixie","product_price_amount":"19.59","product_price_currency":"EUR","og_availability":"instock","product_availability":"instock","product_retailer_item_id":"A-1010820","product_condition":"new"},"_links":{"self":[{"href":"https:\/\/www.vetorino.com\/veterinaire\/prunelli-di-fiumorbo-20243\/boutique\/wp-json\/wp\/v2\/product\/719943","targetHints":{"allow":["GET"]}}],"collection":[{"href":"https:\/\/www.vetorino.com\/veterinaire\/prunelli-di-fiumorbo-20243\/boutique\/wp-json\/wp\/v2\/product"}],"about":[{"href":"https:\/\/www.vetorino.com\/veterinaire\/prunelli-di-fiumorbo-20243\/boutique\/wp-json\/wp\/v2\/types\/product"}],"wp:featuredmedia":[{"embeddable":true,"href":"https:\/\/www.vetorino.com\/veterinaire\/prunelli-di-fiumorbo-20243\/boutique\/wp-json\/wp\/v2\/media\/602167"}],"wp:attachment":[{"href":"https:\/\/www.vetorino.com\/veterinaire\/prunelli-di-fiumorbo-20243\/boutique\/wp-json\/wp\/v2\/media?parent=719943"}],"wp:term":[{"taxonomy":"product_cat","embeddable":true,"href":"https:\/\/www.vetorino.com\/veterinaire\/prunelli-di-fiumorbo-20243\/boutique\/wp-json\/wp\/v2\/product_cat?post=719943"},{"taxonomy":"product_tag","embeddable":true,"href":"https:\/\/www.vetorino.com\/veterinaire\/prunelli-di-fiumorbo-20243\/boutique\/wp-json\/wp\/v2\/product_tag?post=719943"}],"curies":[{"name":"wp","href":"https:\/\/api.w.org\/{rel}","templated":true}]}}