{"id":850643,"date":"2024-02-28T05:35:07","date_gmt":"2024-02-28T04:35:07","guid":{"rendered":"https:\/\/www.vetorino.com\/boutique\/product\/friandises-bien-etre-pour-chat\/"},"modified":"2025-02-20T16:45:35","modified_gmt":"2025-02-20T15:45:35","slug":"friandises-bien-etre-pour-chat","status":"publish","type":"product","link":"https:\/\/www.vetorino.com\/veterinaire\/prunelli-di-fiumorbo-20243\/boutique\/product\/friandises-bien-etre-pour-chat\/","title":{"rendered":"Friandises Bien-\u00eatre Chat"},"content":{"rendered":"<p><span class=\"a-list-item\"><strong> ANTI-BOULES DE POILS<\/strong> : Les friandises BIEN-\u00caTRE fourr\u00e9es \u00e0 l\u2019Herbe \u00e0 Chat de Beaphar contribuent \u00e0 la bonne hygi\u00e8ne digestive de votre chat et facilitent l\u2019expulsion naturelle des poils. <\/span><\/p>\n<p><span class=\"a-list-item\"><strong> FRIANDISES SANT\u00c9<\/strong> : Faites plaisir \u00e0 votre chat tout au long de la journ\u00e9e tout en prenant soin de sa sant\u00e9, gr\u00e2ce \u00e0 ces d\u00e9licieuses friandises b\u00e9n\u00e9fiques pour son syst\u00e8me digestif. <\/span><\/p>\n<p><span class=\"a-list-item\"><strong> CONSEILS D\u2019UTILISATION<\/strong> : Donner chaque jour entre 5 et 10 friandises \u00e0 votre chat. Vous pouvez les m\u00e9langer directement \u00e0 son alimentation, ou lui donner tout au long de la journ\u00e9e en r\u00e9compense. <\/span><\/p>\n<p><span class=\"a-list-item\"><strong> COMPOSITION<\/strong> : Les friandises Bien-\u00catre pour chat de Beaphar contiennent une p\u00e2te au Malt qui emp\u00eache la formation des boules de poils et favorise l&#8217;\u00e9limination naturelle des poils. <\/span><\/p>\n<p><span class=\"a-list-item\"><strong> NOS ANIMAUX SONT AUSSI NOTRE FAMILLE<\/strong> : Pour pr\u00e9server le bien-\u00eatre de nos compagnons, Beaphar donne acc\u00e8s \u00e0 des soins et des produits de qualit\u00e9 \u00e0 prix abordables \u00e0 tous les propri\u00e9taires d\u2019animaux.<\/span><\/p>\n<p>Donner entre 5 et 10 friandises par jour.<\/p>\n<p><strong>Toujours mettre de l&#8217;eau fra\u00eeche et potable \u00e0 la disposition de l&#8217;animal.<\/strong><\/p>\n","protected":false},"excerpt":{"rendered":"<p>Les friandises &#8220;Bien-\u00eatre&#8221; de Beaphar sont de d\u00e9licieuses friandises fourr\u00e9es d\u2019une p\u00e2te \u00e0 l\u2019herbe \u00e0 chat. Elles participent \u00e0 une hygi\u00e8ne intestinale optimale et sont tr\u00e8s appr\u00e9ci\u00e9es des chats.<\/p>\n<div>Enrichi en vitamines et min\u00e9raux, elles favorisent le bien-\u00eatre intestinal. Son sachet fra\u00eecheur est refermable avec un zip.<\/div>\n","protected":false},"featured_media":1095881,"template":"","meta":[],"product_cat":[12551,2697,2733],"product_tag":[],"class_list":{"0":"post-850643","1":"product","2":"type-product","3":"status-publish","4":"has-post-thumbnail","6":"product_cat-alimentation-du-chat","7":"product_cat-chat","8":"product_cat-friandises-pour-chat","9":"pa_marque-beaphar","11":"first","12":"instock","13":"taxable","14":"shipping-taxable","15":"purchasable","16":"product-type-simple"},"yoast_head":"<!-- This site is optimized with the Yoast SEO plugin v27.3 - https:\/\/yoast.com\/product\/yoast-seo-wordpress\/ -->\n<title>Friandises Bien-\u00eatre Chat Beaphar - V\u00e9torino<\/title>\n<meta name=\"description\" content=\"Les friandises &quot;Bien-\u00eatre&quot; de Beaphar sont de d\u00e9licieuses friandises fourr\u00e9es d\u2019une p\u00e2te \u00e0 l\u2019herbe \u00e0 chat. Elles participent \u00e0 une hygi\u00e8ne intestinale optimale et sont tr\u00e8s appr\u00e9ci\u00e9es des chats. Enrichi en vitamines et min\u00e9raux, elles favorisent le bien-\u00eatre intestinal. Son sachet fra\u00eecheur est refermable avec un zip.\" \/>\n<meta name=\"robots\" content=\"noindex, nofollow\" \/>\n<meta property=\"og:locale\" content=\"fr_FR\" \/>\n<meta property=\"og:type\" content=\"article\" \/>\n<meta property=\"og:title\" content=\"Friandises Bien-\u00eatre Chat Beaphar - V\u00e9torino\" \/>\n<meta property=\"og:description\" content=\"Les friandises &quot;Bien-\u00eatre&quot; de Beaphar sont de d\u00e9licieuses friandises fourr\u00e9es d\u2019une p\u00e2te \u00e0 l\u2019herbe \u00e0 chat. Elles participent \u00e0 une hygi\u00e8ne intestinale optimale et sont tr\u00e8s appr\u00e9ci\u00e9es des chats. Enrichi en vitamines et min\u00e9raux, elles favorisent le bien-\u00eatre intestinal. Son sachet fra\u00eecheur est refermable avec un zip.\" \/>\n<meta property=\"og:url\" content=\"https:\/\/www.vetorino.com\/veterinaire\/prunelli-di-fiumorbo-20243\/boutique\/product\/friandises-bien-etre-pour-chat\/\" \/>\n<meta property=\"og:site_name\" content=\"V\u00e9torino\" \/>\n<meta property=\"article:publisher\" content=\"https:\/\/www.facebook.com\/Vetorino\/\" \/>\n<meta property=\"article:modified_time\" content=\"2025-02-20T15:45:35+00:00\" \/>\n<meta property=\"og:image\" content=\"https:\/\/www.vetorino.com\/boutique\/wp-content\/uploads\/2024\/02\/bien-etre-friandises-avec-herbe-a-chat-698300_1024x1024@2x.webp\" \/>\n\t<meta property=\"og:image:width\" content=\"650\" \/>\n\t<meta property=\"og:image:height\" content=\"650\" \/>\n\t<meta property=\"og:image:type\" content=\"image\/webp\" \/>\n<meta name=\"twitter:card\" content=\"summary_large_image\" \/>\n<meta name=\"twitter:label1\" content=\"Prix\" \/>\n\t<meta name=\"twitter:data1\" content=\"2,76&euro;\" \/>\n\t<meta name=\"twitter:label2\" content=\"Disponibilit\u00e9\" \/>\n\t<meta name=\"twitter:data2\" content=\"En stock\" \/>\n<script type=\"application\/ld+json\" class=\"yoast-schema-graph\">{\"@context\":\"https:\\\/\\\/schema.org\",\"@graph\":[{\"@type\":\"WebPage\",\"@id\":\"https:\\\/\\\/www.vetorino.com\\\/boutique\\\/product\\\/friandises-bien-etre-pour-chat\\\/\",\"url\":\"https:\\\/\\\/www.vetorino.com\\\/boutique\\\/product\\\/friandises-bien-etre-pour-chat\\\/\",\"name\":\"Friandises Bien-\u00eatre Chat Beaphar - V\u00e9torino\",\"isPartOf\":{\"@id\":\"https:\\\/\\\/www.vetorino.com\\\/boutique\\\/#website\"},\"primaryImageOfPage\":{\"@id\":\"https:\\\/\\\/www.vetorino.com\\\/boutique\\\/product\\\/friandises-bien-etre-pour-chat\\\/#primaryimage\"},\"image\":{\"@id\":\"https:\\\/\\\/www.vetorino.com\\\/boutique\\\/product\\\/friandises-bien-etre-pour-chat\\\/#primaryimage\"},\"thumbnailUrl\":\"https:\\\/\\\/www.vetorino.com\\\/boutique\\\/wp-content\\\/uploads\\\/2024\\\/02\\\/bien-etre-friandises-avec-herbe-a-chat-698300_1024x1024@2x.webp\",\"datePublished\":\"2024-02-28T04:35:07+00:00\",\"dateModified\":\"2025-02-20T15:45:35+00:00\",\"description\":\"Les friandises \\\"Bien-\u00eatre\\\" de Beaphar sont de d\u00e9licieuses friandises fourr\u00e9es d\u2019une p\u00e2te \u00e0 l\u2019herbe \u00e0 chat. Elles participent \u00e0 une hygi\u00e8ne intestinale optimale et sont tr\u00e8s appr\u00e9ci\u00e9es des chats. Enrichi en vitamines et min\u00e9raux, elles favorisent le bien-\u00eatre intestinal. Son sachet fra\u00eecheur est refermable avec un zip.\",\"breadcrumb\":{\"@id\":\"https:\\\/\\\/www.vetorino.com\\\/boutique\\\/product\\\/friandises-bien-etre-pour-chat\\\/#breadcrumb\"},\"inLanguage\":\"fr-FR\",\"potentialAction\":[{\"@type\":\"ReadAction\",\"target\":[\"https:\\\/\\\/www.vetorino.com\\\/boutique\\\/product\\\/friandises-bien-etre-pour-chat\\\/\"]}]},{\"@type\":\"ImageObject\",\"inLanguage\":\"fr-FR\",\"@id\":\"https:\\\/\\\/www.vetorino.com\\\/boutique\\\/product\\\/friandises-bien-etre-pour-chat\\\/#primaryimage\",\"url\":\"https:\\\/\\\/www.vetorino.com\\\/boutique\\\/wp-content\\\/uploads\\\/2024\\\/02\\\/bien-etre-friandises-avec-herbe-a-chat-698300_1024x1024@2x.webp\",\"contentUrl\":\"https:\\\/\\\/www.vetorino.com\\\/boutique\\\/wp-content\\\/uploads\\\/2024\\\/02\\\/bien-etre-friandises-avec-herbe-a-chat-698300_1024x1024@2x.webp\",\"width\":650,\"height\":650},{\"@type\":\"BreadcrumbList\",\"@id\":\"https:\\\/\\\/www.vetorino.com\\\/boutique\\\/product\\\/friandises-bien-etre-pour-chat\\\/#breadcrumb\",\"itemListElement\":[{\"@type\":\"ListItem\",\"position\":1,\"name\":\"Accueil\",\"item\":\"https:\\\/\\\/www.vetorino.com\\\/boutique\\\/\"},{\"@type\":\"ListItem\",\"position\":2,\"name\":\"Produits\",\"item\":\"https:\\\/\\\/www.vetorino.com\\\/boutique\\\/\"},{\"@type\":\"ListItem\",\"position\":3,\"name\":\"Friandises Bien-\u00eatre Chat\"}]},{\"@type\":\"WebSite\",\"@id\":\"https:\\\/\\\/www.vetorino.com\\\/boutique\\\/#website\",\"url\":\"https:\\\/\\\/www.vetorino.com\\\/boutique\\\/\",\"name\":\"V\u00e9torino\",\"description\":\"\",\"publisher\":{\"@id\":\"https:\\\/\\\/www.vetorino.com\\\/boutique\\\/#organization\"},\"potentialAction\":[{\"@type\":\"SearchAction\",\"target\":{\"@type\":\"EntryPoint\",\"urlTemplate\":\"https:\\\/\\\/www.vetorino.com\\\/boutique\\\/?s={search_term_string}\"},\"query-input\":{\"@type\":\"PropertyValueSpecification\",\"valueRequired\":true,\"valueName\":\"search_term_string\"}}],\"inLanguage\":\"fr-FR\"},{\"@type\":\"Organization\",\"@id\":\"https:\\\/\\\/www.vetorino.com\\\/boutique\\\/#organization\",\"name\":\"V\u00e9torino\",\"url\":\"https:\\\/\\\/www.vetorino.com\\\/boutique\\\/\",\"logo\":{\"@type\":\"ImageObject\",\"inLanguage\":\"fr-FR\",\"@id\":\"https:\\\/\\\/www.vetorino.com\\\/boutique\\\/#\\\/schema\\\/logo\\\/image\\\/\",\"url\":\"https:\\\/\\\/www.vetorino.com\\\/boutique\\\/wp-content\\\/uploads\\\/2024\\\/10\\\/logo.jpg\",\"contentUrl\":\"https:\\\/\\\/www.vetorino.com\\\/boutique\\\/wp-content\\\/uploads\\\/2024\\\/10\\\/logo.jpg\",\"width\":1200,\"height\":610,\"caption\":\"V\u00e9torino\"},\"image\":{\"@id\":\"https:\\\/\\\/www.vetorino.com\\\/boutique\\\/#\\\/schema\\\/logo\\\/image\\\/\"},\"sameAs\":[\"https:\\\/\\\/www.facebook.com\\\/Vetorino\\\/\",\"https:\\\/\\\/www.instagram.com\\\/vetorino_off\\\/\",\"https:\\\/\\\/www.linkedin.com\\\/company\\\/vtorino\\\/\"]}]}<\/script>\n<meta property=\"product:brand\" content=\"Beaphar\" \/>\n<meta property=\"product:price:amount\" content=\"2.76\" \/>\n<meta property=\"product:price:currency\" content=\"EUR\" \/>\n<meta property=\"og:availability\" content=\"instock\" \/>\n<meta property=\"product:availability\" content=\"instock\" \/>\n<meta property=\"product:retailer_item_id\" content=\"A-1882750\" \/>\n<meta property=\"product:condition\" content=\"new\" \/>\n<!-- \/ Yoast SEO plugin. -->","yoast_head_json":{"title":"Friandises Bien-\u00eatre Chat Beaphar - V\u00e9torino","description":"Les friandises \"Bien-\u00eatre\" de Beaphar sont de d\u00e9licieuses friandises fourr\u00e9es d\u2019une p\u00e2te \u00e0 l\u2019herbe \u00e0 chat. Elles participent \u00e0 une hygi\u00e8ne intestinale optimale et sont tr\u00e8s appr\u00e9ci\u00e9es des chats. Enrichi en vitamines et min\u00e9raux, elles favorisent le bien-\u00eatre intestinal. Son sachet fra\u00eecheur est refermable avec un zip.","robots":{"index":"noindex","follow":"nofollow"},"og_locale":"fr_FR","og_type":"article","og_title":"Friandises Bien-\u00eatre Chat Beaphar - V\u00e9torino","og_description":"Les friandises \"Bien-\u00eatre\" de Beaphar sont de d\u00e9licieuses friandises fourr\u00e9es d\u2019une p\u00e2te \u00e0 l\u2019herbe \u00e0 chat. Elles participent \u00e0 une hygi\u00e8ne intestinale optimale et sont tr\u00e8s appr\u00e9ci\u00e9es des chats. Enrichi en vitamines et min\u00e9raux, elles favorisent le bien-\u00eatre intestinal. Son sachet fra\u00eecheur est refermable avec un zip.","og_url":"https:\/\/www.vetorino.com\/veterinaire\/prunelli-di-fiumorbo-20243\/boutique\/product\/friandises-bien-etre-pour-chat\/","og_site_name":"V\u00e9torino","article_publisher":"https:\/\/www.facebook.com\/Vetorino\/","article_modified_time":"2025-02-20T15:45:35+00:00","og_image":[{"width":650,"height":650,"url":"https:\/\/www.vetorino.com\/boutique\/wp-content\/uploads\/2024\/02\/bien-etre-friandises-avec-herbe-a-chat-698300_1024x1024@2x.webp","type":"image\/webp"}],"twitter_card":"summary_large_image","twitter_misc":{"Prix":"2,76&euro;","Disponibilit\u00e9":"En stock"},"schema":{"@context":"https:\/\/schema.org","@graph":[{"@type":"WebPage","@id":"https:\/\/www.vetorino.com\/boutique\/product\/friandises-bien-etre-pour-chat\/","url":"https:\/\/www.vetorino.com\/boutique\/product\/friandises-bien-etre-pour-chat\/","name":"Friandises Bien-\u00eatre Chat Beaphar - V\u00e9torino","isPartOf":{"@id":"https:\/\/www.vetorino.com\/boutique\/#website"},"primaryImageOfPage":{"@id":"https:\/\/www.vetorino.com\/boutique\/product\/friandises-bien-etre-pour-chat\/#primaryimage"},"image":{"@id":"https:\/\/www.vetorino.com\/boutique\/product\/friandises-bien-etre-pour-chat\/#primaryimage"},"thumbnailUrl":"https:\/\/www.vetorino.com\/boutique\/wp-content\/uploads\/2024\/02\/bien-etre-friandises-avec-herbe-a-chat-698300_1024x1024@2x.webp","datePublished":"2024-02-28T04:35:07+00:00","dateModified":"2025-02-20T15:45:35+00:00","description":"Les friandises \"Bien-\u00eatre\" de Beaphar sont de d\u00e9licieuses friandises fourr\u00e9es d\u2019une p\u00e2te \u00e0 l\u2019herbe \u00e0 chat. Elles participent \u00e0 une hygi\u00e8ne intestinale optimale et sont tr\u00e8s appr\u00e9ci\u00e9es des chats. Enrichi en vitamines et min\u00e9raux, elles favorisent le bien-\u00eatre intestinal. Son sachet fra\u00eecheur est refermable avec un zip.","breadcrumb":{"@id":"https:\/\/www.vetorino.com\/boutique\/product\/friandises-bien-etre-pour-chat\/#breadcrumb"},"inLanguage":"fr-FR","potentialAction":[{"@type":"ReadAction","target":["https:\/\/www.vetorino.com\/boutique\/product\/friandises-bien-etre-pour-chat\/"]}]},{"@type":"ImageObject","inLanguage":"fr-FR","@id":"https:\/\/www.vetorino.com\/boutique\/product\/friandises-bien-etre-pour-chat\/#primaryimage","url":"https:\/\/www.vetorino.com\/boutique\/wp-content\/uploads\/2024\/02\/bien-etre-friandises-avec-herbe-a-chat-698300_1024x1024@2x.webp","contentUrl":"https:\/\/www.vetorino.com\/boutique\/wp-content\/uploads\/2024\/02\/bien-etre-friandises-avec-herbe-a-chat-698300_1024x1024@2x.webp","width":650,"height":650},{"@type":"BreadcrumbList","@id":"https:\/\/www.vetorino.com\/boutique\/product\/friandises-bien-etre-pour-chat\/#breadcrumb","itemListElement":[{"@type":"ListItem","position":1,"name":"Accueil","item":"https:\/\/www.vetorino.com\/boutique\/"},{"@type":"ListItem","position":2,"name":"Produits","item":"https:\/\/www.vetorino.com\/boutique\/"},{"@type":"ListItem","position":3,"name":"Friandises Bien-\u00eatre Chat"}]},{"@type":"WebSite","@id":"https:\/\/www.vetorino.com\/boutique\/#website","url":"https:\/\/www.vetorino.com\/boutique\/","name":"V\u00e9torino","description":"","publisher":{"@id":"https:\/\/www.vetorino.com\/boutique\/#organization"},"potentialAction":[{"@type":"SearchAction","target":{"@type":"EntryPoint","urlTemplate":"https:\/\/www.vetorino.com\/boutique\/?s={search_term_string}"},"query-input":{"@type":"PropertyValueSpecification","valueRequired":true,"valueName":"search_term_string"}}],"inLanguage":"fr-FR"},{"@type":"Organization","@id":"https:\/\/www.vetorino.com\/boutique\/#organization","name":"V\u00e9torino","url":"https:\/\/www.vetorino.com\/boutique\/","logo":{"@type":"ImageObject","inLanguage":"fr-FR","@id":"https:\/\/www.vetorino.com\/boutique\/#\/schema\/logo\/image\/","url":"https:\/\/www.vetorino.com\/boutique\/wp-content\/uploads\/2024\/10\/logo.jpg","contentUrl":"https:\/\/www.vetorino.com\/boutique\/wp-content\/uploads\/2024\/10\/logo.jpg","width":1200,"height":610,"caption":"V\u00e9torino"},"image":{"@id":"https:\/\/www.vetorino.com\/boutique\/#\/schema\/logo\/image\/"},"sameAs":["https:\/\/www.facebook.com\/Vetorino\/","https:\/\/www.instagram.com\/vetorino_off\/","https:\/\/www.linkedin.com\/company\/vtorino\/"]}]},"product_brand":"Beaphar","product_price_amount":"2.76","product_price_currency":"EUR","og_availability":"instock","product_availability":"instock","product_retailer_item_id":"A-1882750","product_condition":"new"},"_links":{"self":[{"href":"https:\/\/www.vetorino.com\/veterinaire\/prunelli-di-fiumorbo-20243\/boutique\/wp-json\/wp\/v2\/product\/850643","targetHints":{"allow":["GET"]}}],"collection":[{"href":"https:\/\/www.vetorino.com\/veterinaire\/prunelli-di-fiumorbo-20243\/boutique\/wp-json\/wp\/v2\/product"}],"about":[{"href":"https:\/\/www.vetorino.com\/veterinaire\/prunelli-di-fiumorbo-20243\/boutique\/wp-json\/wp\/v2\/types\/product"}],"wp:featuredmedia":[{"embeddable":true,"href":"https:\/\/www.vetorino.com\/veterinaire\/prunelli-di-fiumorbo-20243\/boutique\/wp-json\/wp\/v2\/media\/1095881"}],"wp:attachment":[{"href":"https:\/\/www.vetorino.com\/veterinaire\/prunelli-di-fiumorbo-20243\/boutique\/wp-json\/wp\/v2\/media?parent=850643"}],"wp:term":[{"taxonomy":"product_cat","embeddable":true,"href":"https:\/\/www.vetorino.com\/veterinaire\/prunelli-di-fiumorbo-20243\/boutique\/wp-json\/wp\/v2\/product_cat?post=850643"},{"taxonomy":"product_tag","embeddable":true,"href":"https:\/\/www.vetorino.com\/veterinaire\/prunelli-di-fiumorbo-20243\/boutique\/wp-json\/wp\/v2\/product_tag?post=850643"}],"curies":[{"name":"wp","href":"https:\/\/api.w.org\/{rel}","templated":true}]}}