{"id":1431199,"date":"2025-07-28T17:59:27","date_gmt":"2025-07-28T15:59:27","guid":{"rendered":"https:\/\/www.vetorino.com\/boutique\/product\/igloo-wouapy-tete-de-chat\/"},"modified":"2026-02-27T04:31:21","modified_gmt":"2026-02-27T03:31:21","slug":"igloo-wouapy-tete-de-chat","status":"publish","type":"product","link":"https:\/\/www.vetorino.com\/veterinaire\/riedisheim-68400\/boutique\/product\/igloo-wouapy-tete-de-chat\/","title":{"rendered":"Igloo Wouapy &#8211; chat"},"content":{"rendered":"<p>Il offre un espace de repos intimiste aux chats, ainsi qu&#8217;aux petits chiens, qui recherchent <strong>un couchage douillet et chaleureux<\/strong> o\u00f9 ils se sentiront \u00e0 l&#8217;abri.<\/p>\n<p>Dans la continuit\u00e9 de la gamme \u00ab moelleuse \u00bb, il est confectionn\u00e9 avec une<strong> fourrure longue, tr\u00e8s douce.<\/strong><\/p>\n<p>Il est agr\u00e9ment\u00e9 d&#8217;un petit coussin ouatin\u00e9 amovible, pour un confort bien moelleux.<\/p>\n<p><strong>Dessous antid\u00e9rapant.<\/strong><\/p>\n<p>Dimensions :<em> 40 x 32 x 42 cm\u00a0<\/em><br \/>\nGris<\/p>\n","protected":false},"excerpt":{"rendered":"<p>Il offre un espace de repos intimiste aux chats, ainsi qu&#8217;aux petits chiens, qui recherchent <strong>un couchage douillet et chaleureux<\/strong> o\u00f9 ils se sentiront \u00e0 l&#8217;abri.<\/p>\n<p>Dans la continuit\u00e9 de la gamme \u00ab moelleuse \u00bb, il est confectionn\u00e9 avec une<strong> fourrure longue, tr\u00e8s douce.<\/strong><\/p>\n<p>Il est agr\u00e9ment\u00e9 d&#8217;un petit coussin ouatin\u00e9 amovible, pour un confort bien moelleux.<\/p>\n<p><strong>Dessous antid\u00e9rapant.<\/strong><\/p>\n","protected":false},"featured_media":1436517,"template":"","meta":[],"product_cat":[12548,2697,12595],"product_tag":[],"class_list":{"0":"post-1431199","1":"product","2":"type-product","3":"status-publish","4":"has-post-thumbnail","6":"product_cat-accessoire-du-chat","7":"product_cat-chat","8":"product_cat-confort-du-chat","9":"pa_marque-materiel","11":"first","12":"instock","13":"taxable","14":"shipping-taxable","15":"purchasable","16":"product-type-simple"},"yoast_head":"<!-- This site is optimized with the Yoast SEO plugin v27.3 - https:\/\/yoast.com\/product\/yoast-seo-wordpress\/ -->\n<title>Igloo Wouapy - chat Mat\u00e9riel - V\u00e9torino<\/title>\n<meta name=\"description\" content=\"Il offre un espace de repos intimiste aux chats, ainsi qu&#039;aux petits chiens, qui recherchent un couchage douillet et chaleureux o\u00f9 ils se sentiront \u00e0 l&#039;abri.  Dans la continuit\u00e9 de la gamme \u00ab moelleuse \u00bb, il est confectionn\u00e9 avec une fourrure longue, tr\u00e8s douce.  Il est agr\u00e9ment\u00e9 d&#039;un petit coussin ouatin\u00e9 amovible, pour un confort bien moelleux.  Dessous antid\u00e9rapant.\" \/>\n<meta name=\"robots\" content=\"noindex, nofollow\" \/>\n<meta property=\"og:locale\" content=\"fr_FR\" \/>\n<meta property=\"og:type\" content=\"article\" \/>\n<meta property=\"og:title\" content=\"Igloo Wouapy - chat Mat\u00e9riel - V\u00e9torino\" \/>\n<meta property=\"og:description\" content=\"Il offre un espace de repos intimiste aux chats, ainsi qu&#039;aux petits chiens, qui recherchent un couchage douillet et chaleureux o\u00f9 ils se sentiront \u00e0 l&#039;abri.  Dans la continuit\u00e9 de la gamme \u00ab moelleuse \u00bb, il est confectionn\u00e9 avec une fourrure longue, tr\u00e8s douce.  Il est agr\u00e9ment\u00e9 d&#039;un petit coussin ouatin\u00e9 amovible, pour un confort bien moelleux.  Dessous antid\u00e9rapant.\" \/>\n<meta property=\"og:url\" content=\"https:\/\/www.vetorino.com\/veterinaire\/riedisheim-68400\/boutique\/product\/igloo-wouapy-tete-de-chat\/\" \/>\n<meta property=\"og:site_name\" content=\"V\u00e9torino\" \/>\n<meta property=\"article:publisher\" content=\"https:\/\/www.facebook.com\/Vetorino\/\" \/>\n<meta property=\"article:modified_time\" content=\"2026-02-27T03:31:21+00:00\" \/>\n<meta property=\"og:image\" content=\"https:\/\/www.vetorino.com\/boutique\/wp-content\/uploads\/2025\/07\/Capture-decran-2025-08-01-a-16.37.34.png\" \/>\n\t<meta property=\"og:image:width\" content=\"600\" \/>\n\t<meta property=\"og:image:height\" content=\"547\" \/>\n\t<meta property=\"og:image:type\" content=\"image\/png\" \/>\n<meta name=\"twitter:card\" content=\"summary_large_image\" \/>\n<meta name=\"twitter:label1\" content=\"Prix\" \/>\n\t<meta name=\"twitter:data1\" content=\"29,85&euro;\" \/>\n\t<meta name=\"twitter:label2\" content=\"Disponibilit\u00e9\" \/>\n\t<meta name=\"twitter:data2\" content=\"En stock\" \/>\n<script type=\"application\/ld+json\" class=\"yoast-schema-graph\">{\"@context\":\"https:\\\/\\\/schema.org\",\"@graph\":[{\"@type\":\"WebPage\",\"@id\":\"https:\\\/\\\/www.vetorino.com\\\/boutique\\\/product\\\/igloo-wouapy-tete-de-chat\\\/\",\"url\":\"https:\\\/\\\/www.vetorino.com\\\/boutique\\\/product\\\/igloo-wouapy-tete-de-chat\\\/\",\"name\":\"Igloo Wouapy - chat Mat\u00e9riel - V\u00e9torino\",\"isPartOf\":{\"@id\":\"https:\\\/\\\/www.vetorino.com\\\/boutique\\\/#website\"},\"primaryImageOfPage\":{\"@id\":\"https:\\\/\\\/www.vetorino.com\\\/boutique\\\/product\\\/igloo-wouapy-tete-de-chat\\\/#primaryimage\"},\"image\":{\"@id\":\"https:\\\/\\\/www.vetorino.com\\\/boutique\\\/product\\\/igloo-wouapy-tete-de-chat\\\/#primaryimage\"},\"thumbnailUrl\":\"https:\\\/\\\/www.vetorino.com\\\/boutique\\\/wp-content\\\/uploads\\\/2025\\\/07\\\/Capture-decran-2025-08-01-a-16.37.34.png\",\"datePublished\":\"2025-07-28T15:59:27+00:00\",\"dateModified\":\"2026-02-27T03:31:21+00:00\",\"description\":\"Il offre un espace de repos intimiste aux chats, ainsi qu'aux petits chiens, qui recherchent un couchage douillet et chaleureux o\u00f9 ils se sentiront \u00e0 l'abri. Dans la continuit\u00e9 de la gamme \u00ab moelleuse \u00bb, il est confectionn\u00e9 avec une fourrure longue, tr\u00e8s douce. Il est agr\u00e9ment\u00e9 d'un petit coussin ouatin\u00e9 amovible, pour un confort bien moelleux. Dessous antid\u00e9rapant.\",\"breadcrumb\":{\"@id\":\"https:\\\/\\\/www.vetorino.com\\\/boutique\\\/product\\\/igloo-wouapy-tete-de-chat\\\/#breadcrumb\"},\"inLanguage\":\"fr-FR\",\"potentialAction\":[{\"@type\":\"ReadAction\",\"target\":[\"https:\\\/\\\/www.vetorino.com\\\/boutique\\\/product\\\/igloo-wouapy-tete-de-chat\\\/\"]}]},{\"@type\":\"ImageObject\",\"inLanguage\":\"fr-FR\",\"@id\":\"https:\\\/\\\/www.vetorino.com\\\/boutique\\\/product\\\/igloo-wouapy-tete-de-chat\\\/#primaryimage\",\"url\":\"https:\\\/\\\/www.vetorino.com\\\/boutique\\\/wp-content\\\/uploads\\\/2025\\\/07\\\/Capture-decran-2025-08-01-a-16.37.34.png\",\"contentUrl\":\"https:\\\/\\\/www.vetorino.com\\\/boutique\\\/wp-content\\\/uploads\\\/2025\\\/07\\\/Capture-decran-2025-08-01-a-16.37.34.png\",\"width\":600,\"height\":547},{\"@type\":\"BreadcrumbList\",\"@id\":\"https:\\\/\\\/www.vetorino.com\\\/boutique\\\/product\\\/igloo-wouapy-tete-de-chat\\\/#breadcrumb\",\"itemListElement\":[{\"@type\":\"ListItem\",\"position\":1,\"name\":\"Accueil\",\"item\":\"https:\\\/\\\/www.vetorino.com\\\/boutique\\\/\"},{\"@type\":\"ListItem\",\"position\":2,\"name\":\"Produits\",\"item\":\"https:\\\/\\\/www.vetorino.com\\\/boutique\\\/\"},{\"@type\":\"ListItem\",\"position\":3,\"name\":\"Igloo Wouapy &#8211; chat\"}]},{\"@type\":\"WebSite\",\"@id\":\"https:\\\/\\\/www.vetorino.com\\\/boutique\\\/#website\",\"url\":\"https:\\\/\\\/www.vetorino.com\\\/boutique\\\/\",\"name\":\"V\u00e9torino\",\"description\":\"\",\"publisher\":{\"@id\":\"https:\\\/\\\/www.vetorino.com\\\/boutique\\\/#organization\"},\"potentialAction\":[{\"@type\":\"SearchAction\",\"target\":{\"@type\":\"EntryPoint\",\"urlTemplate\":\"https:\\\/\\\/www.vetorino.com\\\/boutique\\\/?s={search_term_string}\"},\"query-input\":{\"@type\":\"PropertyValueSpecification\",\"valueRequired\":true,\"valueName\":\"search_term_string\"}}],\"inLanguage\":\"fr-FR\"},{\"@type\":\"Organization\",\"@id\":\"https:\\\/\\\/www.vetorino.com\\\/boutique\\\/#organization\",\"name\":\"V\u00e9torino\",\"url\":\"https:\\\/\\\/www.vetorino.com\\\/boutique\\\/\",\"logo\":{\"@type\":\"ImageObject\",\"inLanguage\":\"fr-FR\",\"@id\":\"https:\\\/\\\/www.vetorino.com\\\/boutique\\\/#\\\/schema\\\/logo\\\/image\\\/\",\"url\":\"https:\\\/\\\/www.vetorino.com\\\/boutique\\\/wp-content\\\/uploads\\\/2024\\\/10\\\/logo.jpg\",\"contentUrl\":\"https:\\\/\\\/www.vetorino.com\\\/boutique\\\/wp-content\\\/uploads\\\/2024\\\/10\\\/logo.jpg\",\"width\":1200,\"height\":610,\"caption\":\"V\u00e9torino\"},\"image\":{\"@id\":\"https:\\\/\\\/www.vetorino.com\\\/boutique\\\/#\\\/schema\\\/logo\\\/image\\\/\"},\"sameAs\":[\"https:\\\/\\\/www.facebook.com\\\/Vetorino\\\/\",\"https:\\\/\\\/www.instagram.com\\\/vetorino_off\\\/\",\"https:\\\/\\\/www.linkedin.com\\\/company\\\/vtorino\\\/\"]}]}<\/script>\n<meta property=\"product:brand\" content=\"Mat\u00e9riel\" \/>\n<meta property=\"product:price:amount\" content=\"29.85\" \/>\n<meta property=\"product:price:currency\" content=\"EUR\" \/>\n<meta property=\"og:availability\" content=\"instock\" \/>\n<meta property=\"product:availability\" content=\"instock\" \/>\n<meta property=\"product:retailer_item_id\" content=\"C-IGL706\" \/>\n<meta property=\"product:condition\" content=\"new\" \/>\n<!-- \/ Yoast SEO plugin. -->","yoast_head_json":{"title":"Igloo Wouapy - chat Mat\u00e9riel - V\u00e9torino","description":"Il offre un espace de repos intimiste aux chats, ainsi qu'aux petits chiens, qui recherchent un couchage douillet et chaleureux o\u00f9 ils se sentiront \u00e0 l'abri.  Dans la continuit\u00e9 de la gamme \u00ab moelleuse \u00bb, il est confectionn\u00e9 avec une fourrure longue, tr\u00e8s douce.  Il est agr\u00e9ment\u00e9 d'un petit coussin ouatin\u00e9 amovible, pour un confort bien moelleux.  Dessous antid\u00e9rapant.","robots":{"index":"noindex","follow":"nofollow"},"og_locale":"fr_FR","og_type":"article","og_title":"Igloo Wouapy - chat Mat\u00e9riel - V\u00e9torino","og_description":"Il offre un espace de repos intimiste aux chats, ainsi qu'aux petits chiens, qui recherchent un couchage douillet et chaleureux o\u00f9 ils se sentiront \u00e0 l'abri.  Dans la continuit\u00e9 de la gamme \u00ab moelleuse \u00bb, il est confectionn\u00e9 avec une fourrure longue, tr\u00e8s douce.  Il est agr\u00e9ment\u00e9 d'un petit coussin ouatin\u00e9 amovible, pour un confort bien moelleux.  Dessous antid\u00e9rapant.","og_url":"https:\/\/www.vetorino.com\/veterinaire\/riedisheim-68400\/boutique\/product\/igloo-wouapy-tete-de-chat\/","og_site_name":"V\u00e9torino","article_publisher":"https:\/\/www.facebook.com\/Vetorino\/","article_modified_time":"2026-02-27T03:31:21+00:00","og_image":[{"width":600,"height":547,"url":"https:\/\/www.vetorino.com\/boutique\/wp-content\/uploads\/2025\/07\/Capture-decran-2025-08-01-a-16.37.34.png","type":"image\/png"}],"twitter_card":"summary_large_image","twitter_misc":{"Prix":"29,85&euro;","Disponibilit\u00e9":"En stock"},"schema":{"@context":"https:\/\/schema.org","@graph":[{"@type":"WebPage","@id":"https:\/\/www.vetorino.com\/boutique\/product\/igloo-wouapy-tete-de-chat\/","url":"https:\/\/www.vetorino.com\/boutique\/product\/igloo-wouapy-tete-de-chat\/","name":"Igloo Wouapy - chat Mat\u00e9riel - V\u00e9torino","isPartOf":{"@id":"https:\/\/www.vetorino.com\/boutique\/#website"},"primaryImageOfPage":{"@id":"https:\/\/www.vetorino.com\/boutique\/product\/igloo-wouapy-tete-de-chat\/#primaryimage"},"image":{"@id":"https:\/\/www.vetorino.com\/boutique\/product\/igloo-wouapy-tete-de-chat\/#primaryimage"},"thumbnailUrl":"https:\/\/www.vetorino.com\/boutique\/wp-content\/uploads\/2025\/07\/Capture-decran-2025-08-01-a-16.37.34.png","datePublished":"2025-07-28T15:59:27+00:00","dateModified":"2026-02-27T03:31:21+00:00","description":"Il offre un espace de repos intimiste aux chats, ainsi qu'aux petits chiens, qui recherchent un couchage douillet et chaleureux o\u00f9 ils se sentiront \u00e0 l'abri. Dans la continuit\u00e9 de la gamme \u00ab moelleuse \u00bb, il est confectionn\u00e9 avec une fourrure longue, tr\u00e8s douce. Il est agr\u00e9ment\u00e9 d'un petit coussin ouatin\u00e9 amovible, pour un confort bien moelleux. Dessous antid\u00e9rapant.","breadcrumb":{"@id":"https:\/\/www.vetorino.com\/boutique\/product\/igloo-wouapy-tete-de-chat\/#breadcrumb"},"inLanguage":"fr-FR","potentialAction":[{"@type":"ReadAction","target":["https:\/\/www.vetorino.com\/boutique\/product\/igloo-wouapy-tete-de-chat\/"]}]},{"@type":"ImageObject","inLanguage":"fr-FR","@id":"https:\/\/www.vetorino.com\/boutique\/product\/igloo-wouapy-tete-de-chat\/#primaryimage","url":"https:\/\/www.vetorino.com\/boutique\/wp-content\/uploads\/2025\/07\/Capture-decran-2025-08-01-a-16.37.34.png","contentUrl":"https:\/\/www.vetorino.com\/boutique\/wp-content\/uploads\/2025\/07\/Capture-decran-2025-08-01-a-16.37.34.png","width":600,"height":547},{"@type":"BreadcrumbList","@id":"https:\/\/www.vetorino.com\/boutique\/product\/igloo-wouapy-tete-de-chat\/#breadcrumb","itemListElement":[{"@type":"ListItem","position":1,"name":"Accueil","item":"https:\/\/www.vetorino.com\/boutique\/"},{"@type":"ListItem","position":2,"name":"Produits","item":"https:\/\/www.vetorino.com\/boutique\/"},{"@type":"ListItem","position":3,"name":"Igloo Wouapy &#8211; chat"}]},{"@type":"WebSite","@id":"https:\/\/www.vetorino.com\/boutique\/#website","url":"https:\/\/www.vetorino.com\/boutique\/","name":"V\u00e9torino","description":"","publisher":{"@id":"https:\/\/www.vetorino.com\/boutique\/#organization"},"potentialAction":[{"@type":"SearchAction","target":{"@type":"EntryPoint","urlTemplate":"https:\/\/www.vetorino.com\/boutique\/?s={search_term_string}"},"query-input":{"@type":"PropertyValueSpecification","valueRequired":true,"valueName":"search_term_string"}}],"inLanguage":"fr-FR"},{"@type":"Organization","@id":"https:\/\/www.vetorino.com\/boutique\/#organization","name":"V\u00e9torino","url":"https:\/\/www.vetorino.com\/boutique\/","logo":{"@type":"ImageObject","inLanguage":"fr-FR","@id":"https:\/\/www.vetorino.com\/boutique\/#\/schema\/logo\/image\/","url":"https:\/\/www.vetorino.com\/boutique\/wp-content\/uploads\/2024\/10\/logo.jpg","contentUrl":"https:\/\/www.vetorino.com\/boutique\/wp-content\/uploads\/2024\/10\/logo.jpg","width":1200,"height":610,"caption":"V\u00e9torino"},"image":{"@id":"https:\/\/www.vetorino.com\/boutique\/#\/schema\/logo\/image\/"},"sameAs":["https:\/\/www.facebook.com\/Vetorino\/","https:\/\/www.instagram.com\/vetorino_off\/","https:\/\/www.linkedin.com\/company\/vtorino\/"]}]},"product_brand":"Mat\u00e9riel","product_price_amount":"29.85","product_price_currency":"EUR","og_availability":"instock","product_availability":"instock","product_retailer_item_id":"C-IGL706","product_condition":"new"},"_links":{"self":[{"href":"https:\/\/www.vetorino.com\/veterinaire\/riedisheim-68400\/boutique\/wp-json\/wp\/v2\/product\/1431199","targetHints":{"allow":["GET"]}}],"collection":[{"href":"https:\/\/www.vetorino.com\/veterinaire\/riedisheim-68400\/boutique\/wp-json\/wp\/v2\/product"}],"about":[{"href":"https:\/\/www.vetorino.com\/veterinaire\/riedisheim-68400\/boutique\/wp-json\/wp\/v2\/types\/product"}],"wp:featuredmedia":[{"embeddable":true,"href":"https:\/\/www.vetorino.com\/veterinaire\/riedisheim-68400\/boutique\/wp-json\/wp\/v2\/media\/1436517"}],"wp:attachment":[{"href":"https:\/\/www.vetorino.com\/veterinaire\/riedisheim-68400\/boutique\/wp-json\/wp\/v2\/media?parent=1431199"}],"wp:term":[{"taxonomy":"product_cat","embeddable":true,"href":"https:\/\/www.vetorino.com\/veterinaire\/riedisheim-68400\/boutique\/wp-json\/wp\/v2\/product_cat?post=1431199"},{"taxonomy":"product_tag","embeddable":true,"href":"https:\/\/www.vetorino.com\/veterinaire\/riedisheim-68400\/boutique\/wp-json\/wp\/v2\/product_tag?post=1431199"}],"curies":[{"name":"wp","href":"https:\/\/api.w.org\/{rel}","templated":true}]}}