{"id":1657835,"date":"2026-01-15T19:39:12","date_gmt":"2026-01-15T18:39:12","guid":{"rendered":"https:\/\/www.vetorino.com\/boutique\/product\/vet-essentials-chat-multi-benefitweight-young-adult-saumon\/"},"modified":"2026-03-28T14:18:08","modified_gmt":"2026-03-28T13:18:08","slug":"vet-essentials-chat-multi-benefitweight-young-adult-saumon","status":"publish","type":"product","link":"https:\/\/www.vetorino.com\/veterinaire\/riedisheim-68400\/boutique\/product\/vet-essentials-chat-multi-benefitweight-young-adult-saumon\/","title":{"rendered":"Chat Multi-Benefit + Weight Young Adult Saumon"},"content":{"rendered":"<p><strong>Hill&#8217;s VetEssentials Neutered Cat Young Adult Poisson est une nutrition de pointe \u00e0 l&#8217;efficacit\u00e9 prouv\u00e9e pour maintenir la ligne et la bonne sant\u00e9 de votre chat st\u00e9rilis\u00e9, avec des apports contr\u00f4l\u00e9s de min\u00e9raux pour une bonne sant\u00e9 urinaire pr\u00e9ventive.<\/strong><\/p>\n<p><strong>Utilisation :<\/strong><\/p>\n<ul>\n<li>Chat st\u00e9rilis\u00e9<\/li>\n<\/ul>\n<p><strong>Bienfaits essentiels :<\/strong><\/p>\n<ul>\n<li>Aide \u00e0<strong>\u00a0maintenir un poids optimal chez le chat st\u00e9rilis\u00e9<\/strong>\u00a0gr\u00e2ce \u00e0 un m\u00e9lange unique d&#8217;ingr\u00e9dients et une faible teneur en mati\u00e8res grasses.<\/li>\n<li>Aide \u00e0<strong>\u00a0maintenir la bonne sant\u00e9 de l&#8217;appareil urinaire<\/strong>\u00a0gr\u00e2ce \u00e0 des teneurs contr\u00f4l\u00e9es en magn\u00e9sium, phosphore et calcium.<\/li>\n<li>Des acides gras Om\u00e9ga-6 pour<strong>\u00a0une peau saine et un pelage soyeux<\/strong>.<\/li>\n<li>Con\u00e7u pour\u00a0<strong>maintenir un syst\u00e8me digestif sain<\/strong>\u00a0et favoriser des selles bien form\u00e9es.<\/li>\n<li>De hautes teneurs en antioxydants pour<strong>\u00a0soutenir les d\u00e9fenses naturelles<\/strong>.<\/li>\n<\/ul>\n","protected":false},"excerpt":{"rendered":"<p><strong>Nutrition de pointe \u00e0 l&#8217;efficacit\u00e9 prouv\u00e9e pour maintenir la ligne et la bonne sant\u00e9 de votre chat st\u00e9rilis\u00e9, avec des apports contr\u00f4l\u00e9s de min\u00e9raux pour une bonne sant\u00e9 urinaire pr\u00e9ventive.<\/strong><\/p>\n<p><strong>Utilisation :<\/strong><\/p>\n<ul>\n<li>Chat st\u00e9rilis\u00e9<\/li>\n<\/ul>\n<p><span style=\"color: #ff6600\"><strong>Nouveau go\u00fbt \u00e0 d\u00e9couvrir ! La recette \u00e9volue, le thon fait place au saumon. Pendant cette phase de transition, vous pourriez recevoir l&#8217;ancien ou le nouveau produit.<\/strong><\/span><\/p>\n","protected":false},"featured_media":1675465,"template":"","meta":[],"product_cat":[12551,12581,12583,2697],"product_tag":[],"class_list":{"0":"post-1657835","1":"product","2":"type-product","3":"status-publish","4":"has-post-thumbnail","6":"product_cat-alimentation-du-chat","7":"product_cat-alimentation-medicalisee-pour-chat","8":"product_cat-alimentation-premium-pour-chat","9":"product_cat-chat","10":"pa_marque-hills-pet-nutrition","12":"first","13":"instock","14":"taxable","15":"shipping-taxable","16":"purchasable","17":"product-type-variable"},"yoast_head":"<!-- This site is optimized with the Yoast SEO plugin v27.3 - https:\/\/yoast.com\/product\/yoast-seo-wordpress\/ -->\n<title>Vetessentials (Hill&#039;s) Chat Multi-Benefit + Weight Young Adult Saumon Hill&#039;s - V\u00e9torino<\/title>\n<meta name=\"description\" content=\"Nutrition de pointe \u00e0 l&#039;efficacit\u00e9 prouv\u00e9e pour maintenir la ligne et la bonne sant\u00e9 de votre chat st\u00e9rilis\u00e9, avec des apports contr\u00f4l\u00e9s de min\u00e9raux pour une bonne sant\u00e9 urinaire pr\u00e9ventive.  Utilisation :   Chat st\u00e9rilis\u00e9  Nouveau go\u00fbt \u00e0 d\u00e9couvrir ! La recette \u00e9volue, le thon fait place au saumon. Pendant cette phase de transition, vous pourriez recevoir l&#039;ancien ou le nouveau produit.\" \/>\n<meta name=\"robots\" content=\"noindex, nofollow\" \/>\n<meta property=\"og:locale\" content=\"fr_FR\" \/>\n<meta property=\"og:type\" content=\"article\" \/>\n<meta property=\"og:title\" content=\"Vetessentials (Hill&#039;s) Chat Multi-Benefit + Weight Young Adult Saumon Hill&#039;s - V\u00e9torino\" \/>\n<meta property=\"og:description\" content=\"Nutrition de pointe \u00e0 l&#039;efficacit\u00e9 prouv\u00e9e pour maintenir la ligne et la bonne sant\u00e9 de votre chat st\u00e9rilis\u00e9, avec des apports contr\u00f4l\u00e9s de min\u00e9raux pour une bonne sant\u00e9 urinaire pr\u00e9ventive.  Utilisation :   Chat st\u00e9rilis\u00e9  Nouveau go\u00fbt \u00e0 d\u00e9couvrir ! La recette \u00e9volue, le thon fait place au saumon. Pendant cette phase de transition, vous pourriez recevoir l&#039;ancien ou le nouveau produit.\" \/>\n<meta property=\"og:url\" content=\"https:\/\/www.vetorino.com\/veterinaire\/riedisheim-68400\/boutique\/product\/vet-essentials-chat-multi-benefitweight-young-adult-saumon\/\" \/>\n<meta property=\"og:site_name\" content=\"V\u00e9torino\" \/>\n<meta property=\"article:publisher\" content=\"https:\/\/www.facebook.com\/Vetorino\/\" \/>\n<meta property=\"article:modified_time\" content=\"2026-03-28T13:18:08+00:00\" \/>\n<meta property=\"og:image\" content=\"https:\/\/www.vetorino.com\/boutique\/wp-content\/uploads\/2020\/11\/52742083834-0-Vet-Essentials-Chat-Multi-Benefit-Weight-Young-Adult-Saumon.jpg\" \/>\n\t<meta property=\"og:image:width\" content=\"1000\" \/>\n\t<meta property=\"og:image:height\" content=\"1000\" \/>\n\t<meta property=\"og:image:type\" content=\"image\/jpeg\" \/>\n<meta name=\"twitter:card\" content=\"summary_large_image\" \/>\n<meta name=\"twitter:label1\" content=\"Disponibilit\u00e9\" \/>\n\t<meta name=\"twitter:data1\" content=\"En stock\" \/>\n<script type=\"application\/ld+json\" class=\"yoast-schema-graph\">{\"@context\":\"https:\\\/\\\/schema.org\",\"@graph\":[{\"@type\":\"WebPage\",\"@id\":\"https:\\\/\\\/www.vetorino.com\\\/veterinaire\\\/briancon-05100\\\/boutique\\\/product\\\/vet-essentials-chat-multi-benefitweight-young-adult-saumon\\\/\",\"url\":\"https:\\\/\\\/www.vetorino.com\\\/veterinaire\\\/briancon-05100\\\/boutique\\\/product\\\/vet-essentials-chat-multi-benefitweight-young-adult-saumon\\\/\",\"name\":\"Vetessentials (Hill's) Chat Multi-Benefit + Weight Young Adult Saumon Hill's - V\u00e9torino\",\"isPartOf\":{\"@id\":\"https:\\\/\\\/www.vetorino.com\\\/boutique\\\/#website\"},\"primaryImageOfPage\":{\"@id\":\"https:\\\/\\\/www.vetorino.com\\\/veterinaire\\\/briancon-05100\\\/boutique\\\/product\\\/vet-essentials-chat-multi-benefitweight-young-adult-saumon\\\/#primaryimage\"},\"image\":{\"@id\":\"https:\\\/\\\/www.vetorino.com\\\/veterinaire\\\/briancon-05100\\\/boutique\\\/product\\\/vet-essentials-chat-multi-benefitweight-young-adult-saumon\\\/#primaryimage\"},\"thumbnailUrl\":\"https:\\\/\\\/www.vetorino.com\\\/boutique\\\/wp-content\\\/uploads\\\/2020\\\/11\\\/52742083834-0-Vet-Essentials-Chat-Multi-Benefit-Weight-Young-Adult-Saumon.jpg\",\"datePublished\":\"2026-01-15T18:39:12+00:00\",\"dateModified\":\"2026-03-28T13:18:08+00:00\",\"description\":\"Nutrition de pointe \u00e0 l'efficacit\u00e9 prouv\u00e9e pour maintenir la ligne et la bonne sant\u00e9 de votre chat st\u00e9rilis\u00e9, avec des apports contr\u00f4l\u00e9s de min\u00e9raux pour une bonne sant\u00e9 urinaire pr\u00e9ventive. Utilisation : Chat st\u00e9rilis\u00e9 Nouveau go\u00fbt \u00e0 d\u00e9couvrir ! La recette \u00e9volue, le thon fait place au saumon. Pendant cette phase de transition, vous pourriez recevoir l'ancien ou le nouveau produit.\",\"breadcrumb\":{\"@id\":\"https:\\\/\\\/www.vetorino.com\\\/veterinaire\\\/briancon-05100\\\/boutique\\\/product\\\/vet-essentials-chat-multi-benefitweight-young-adult-saumon\\\/#breadcrumb\"},\"inLanguage\":\"fr-FR\",\"potentialAction\":[{\"@type\":\"ReadAction\",\"target\":[\"https:\\\/\\\/www.vetorino.com\\\/veterinaire\\\/briancon-05100\\\/boutique\\\/product\\\/vet-essentials-chat-multi-benefitweight-young-adult-saumon\\\/\"]}]},{\"@type\":\"ImageObject\",\"inLanguage\":\"fr-FR\",\"@id\":\"https:\\\/\\\/www.vetorino.com\\\/veterinaire\\\/briancon-05100\\\/boutique\\\/product\\\/vet-essentials-chat-multi-benefitweight-young-adult-saumon\\\/#primaryimage\",\"url\":\"https:\\\/\\\/www.vetorino.com\\\/boutique\\\/wp-content\\\/uploads\\\/2020\\\/11\\\/52742083834-0-Vet-Essentials-Chat-Multi-Benefit-Weight-Young-Adult-Saumon.jpg\",\"contentUrl\":\"https:\\\/\\\/www.vetorino.com\\\/boutique\\\/wp-content\\\/uploads\\\/2020\\\/11\\\/52742083834-0-Vet-Essentials-Chat-Multi-Benefit-Weight-Young-Adult-Saumon.jpg\",\"width\":1000,\"height\":1000},{\"@type\":\"BreadcrumbList\",\"@id\":\"https:\\\/\\\/www.vetorino.com\\\/veterinaire\\\/briancon-05100\\\/boutique\\\/product\\\/vet-essentials-chat-multi-benefitweight-young-adult-saumon\\\/#breadcrumb\",\"itemListElement\":[{\"@type\":\"ListItem\",\"position\":1,\"name\":\"Accueil\",\"item\":\"https:\\\/\\\/www.vetorino.com\\\/boutique\\\/\"},{\"@type\":\"ListItem\",\"position\":2,\"name\":\"Produits\",\"item\":\"https:\\\/\\\/www.vetorino.com\\\/boutique\\\/\"},{\"@type\":\"ListItem\",\"position\":3,\"name\":\"Chat Multi-Benefit + Weight Young Adult Saumon\"}]},{\"@type\":\"WebSite\",\"@id\":\"https:\\\/\\\/www.vetorino.com\\\/boutique\\\/#website\",\"url\":\"https:\\\/\\\/www.vetorino.com\\\/boutique\\\/\",\"name\":\"V\u00e9torino\",\"description\":\"\",\"publisher\":{\"@id\":\"https:\\\/\\\/www.vetorino.com\\\/boutique\\\/#organization\"},\"potentialAction\":[{\"@type\":\"SearchAction\",\"target\":{\"@type\":\"EntryPoint\",\"urlTemplate\":\"https:\\\/\\\/www.vetorino.com\\\/boutique\\\/?s={search_term_string}\"},\"query-input\":{\"@type\":\"PropertyValueSpecification\",\"valueRequired\":true,\"valueName\":\"search_term_string\"}}],\"inLanguage\":\"fr-FR\"},{\"@type\":\"Organization\",\"@id\":\"https:\\\/\\\/www.vetorino.com\\\/boutique\\\/#organization\",\"name\":\"V\u00e9torino\",\"url\":\"https:\\\/\\\/www.vetorino.com\\\/boutique\\\/\",\"logo\":{\"@type\":\"ImageObject\",\"inLanguage\":\"fr-FR\",\"@id\":\"https:\\\/\\\/www.vetorino.com\\\/boutique\\\/#\\\/schema\\\/logo\\\/image\\\/\",\"url\":\"https:\\\/\\\/www.vetorino.com\\\/boutique\\\/wp-content\\\/uploads\\\/2024\\\/10\\\/logo.jpg\",\"contentUrl\":\"https:\\\/\\\/www.vetorino.com\\\/boutique\\\/wp-content\\\/uploads\\\/2024\\\/10\\\/logo.jpg\",\"width\":1200,\"height\":610,\"caption\":\"V\u00e9torino\"},\"image\":{\"@id\":\"https:\\\/\\\/www.vetorino.com\\\/boutique\\\/#\\\/schema\\\/logo\\\/image\\\/\"},\"sameAs\":[\"https:\\\/\\\/www.facebook.com\\\/Vetorino\\\/\",\"https:\\\/\\\/www.instagram.com\\\/vetorino_off\\\/\",\"https:\\\/\\\/www.linkedin.com\\\/company\\\/vtorino\\\/\"]}]}<\/script>\n<meta property=\"product:brand\" content=\"Hill&#039;s\" \/>\n<meta property=\"og:availability\" content=\"instock\" \/>\n<meta property=\"product:availability\" content=\"instock\" \/>\n<meta property=\"product:condition\" content=\"new\" \/>\n<!-- \/ Yoast SEO plugin. -->","yoast_head_json":{"title":"Vetessentials (Hill's) Chat Multi-Benefit + Weight Young Adult Saumon Hill's - V\u00e9torino","description":"Nutrition de pointe \u00e0 l'efficacit\u00e9 prouv\u00e9e pour maintenir la ligne et la bonne sant\u00e9 de votre chat st\u00e9rilis\u00e9, avec des apports contr\u00f4l\u00e9s de min\u00e9raux pour une bonne sant\u00e9 urinaire pr\u00e9ventive.  Utilisation :   Chat st\u00e9rilis\u00e9  Nouveau go\u00fbt \u00e0 d\u00e9couvrir ! La recette \u00e9volue, le thon fait place au saumon. Pendant cette phase de transition, vous pourriez recevoir l'ancien ou le nouveau produit.","robots":{"index":"noindex","follow":"nofollow"},"og_locale":"fr_FR","og_type":"article","og_title":"Vetessentials (Hill's) Chat Multi-Benefit + Weight Young Adult Saumon Hill's - V\u00e9torino","og_description":"Nutrition de pointe \u00e0 l'efficacit\u00e9 prouv\u00e9e pour maintenir la ligne et la bonne sant\u00e9 de votre chat st\u00e9rilis\u00e9, avec des apports contr\u00f4l\u00e9s de min\u00e9raux pour une bonne sant\u00e9 urinaire pr\u00e9ventive.  Utilisation :   Chat st\u00e9rilis\u00e9  Nouveau go\u00fbt \u00e0 d\u00e9couvrir ! La recette \u00e9volue, le thon fait place au saumon. Pendant cette phase de transition, vous pourriez recevoir l'ancien ou le nouveau produit.","og_url":"https:\/\/www.vetorino.com\/veterinaire\/riedisheim-68400\/boutique\/product\/vet-essentials-chat-multi-benefitweight-young-adult-saumon\/","og_site_name":"V\u00e9torino","article_publisher":"https:\/\/www.facebook.com\/Vetorino\/","article_modified_time":"2026-03-28T13:18:08+00:00","og_image":[{"width":1000,"height":1000,"url":"https:\/\/www.vetorino.com\/boutique\/wp-content\/uploads\/2020\/11\/52742083834-0-Vet-Essentials-Chat-Multi-Benefit-Weight-Young-Adult-Saumon.jpg","type":"image\/jpeg"}],"twitter_card":"summary_large_image","twitter_misc":{"Disponibilit\u00e9":"En stock"},"schema":{"@context":"https:\/\/schema.org","@graph":[{"@type":"WebPage","@id":"https:\/\/www.vetorino.com\/veterinaire\/briancon-05100\/boutique\/product\/vet-essentials-chat-multi-benefitweight-young-adult-saumon\/","url":"https:\/\/www.vetorino.com\/veterinaire\/briancon-05100\/boutique\/product\/vet-essentials-chat-multi-benefitweight-young-adult-saumon\/","name":"Vetessentials (Hill's) Chat Multi-Benefit + Weight Young Adult Saumon Hill's - V\u00e9torino","isPartOf":{"@id":"https:\/\/www.vetorino.com\/boutique\/#website"},"primaryImageOfPage":{"@id":"https:\/\/www.vetorino.com\/veterinaire\/briancon-05100\/boutique\/product\/vet-essentials-chat-multi-benefitweight-young-adult-saumon\/#primaryimage"},"image":{"@id":"https:\/\/www.vetorino.com\/veterinaire\/briancon-05100\/boutique\/product\/vet-essentials-chat-multi-benefitweight-young-adult-saumon\/#primaryimage"},"thumbnailUrl":"https:\/\/www.vetorino.com\/boutique\/wp-content\/uploads\/2020\/11\/52742083834-0-Vet-Essentials-Chat-Multi-Benefit-Weight-Young-Adult-Saumon.jpg","datePublished":"2026-01-15T18:39:12+00:00","dateModified":"2026-03-28T13:18:08+00:00","description":"Nutrition de pointe \u00e0 l'efficacit\u00e9 prouv\u00e9e pour maintenir la ligne et la bonne sant\u00e9 de votre chat st\u00e9rilis\u00e9, avec des apports contr\u00f4l\u00e9s de min\u00e9raux pour une bonne sant\u00e9 urinaire pr\u00e9ventive. Utilisation : Chat st\u00e9rilis\u00e9 Nouveau go\u00fbt \u00e0 d\u00e9couvrir ! La recette \u00e9volue, le thon fait place au saumon. Pendant cette phase de transition, vous pourriez recevoir l'ancien ou le nouveau produit.","breadcrumb":{"@id":"https:\/\/www.vetorino.com\/veterinaire\/briancon-05100\/boutique\/product\/vet-essentials-chat-multi-benefitweight-young-adult-saumon\/#breadcrumb"},"inLanguage":"fr-FR","potentialAction":[{"@type":"ReadAction","target":["https:\/\/www.vetorino.com\/veterinaire\/briancon-05100\/boutique\/product\/vet-essentials-chat-multi-benefitweight-young-adult-saumon\/"]}]},{"@type":"ImageObject","inLanguage":"fr-FR","@id":"https:\/\/www.vetorino.com\/veterinaire\/briancon-05100\/boutique\/product\/vet-essentials-chat-multi-benefitweight-young-adult-saumon\/#primaryimage","url":"https:\/\/www.vetorino.com\/boutique\/wp-content\/uploads\/2020\/11\/52742083834-0-Vet-Essentials-Chat-Multi-Benefit-Weight-Young-Adult-Saumon.jpg","contentUrl":"https:\/\/www.vetorino.com\/boutique\/wp-content\/uploads\/2020\/11\/52742083834-0-Vet-Essentials-Chat-Multi-Benefit-Weight-Young-Adult-Saumon.jpg","width":1000,"height":1000},{"@type":"BreadcrumbList","@id":"https:\/\/www.vetorino.com\/veterinaire\/briancon-05100\/boutique\/product\/vet-essentials-chat-multi-benefitweight-young-adult-saumon\/#breadcrumb","itemListElement":[{"@type":"ListItem","position":1,"name":"Accueil","item":"https:\/\/www.vetorino.com\/boutique\/"},{"@type":"ListItem","position":2,"name":"Produits","item":"https:\/\/www.vetorino.com\/boutique\/"},{"@type":"ListItem","position":3,"name":"Chat Multi-Benefit + Weight Young Adult Saumon"}]},{"@type":"WebSite","@id":"https:\/\/www.vetorino.com\/boutique\/#website","url":"https:\/\/www.vetorino.com\/boutique\/","name":"V\u00e9torino","description":"","publisher":{"@id":"https:\/\/www.vetorino.com\/boutique\/#organization"},"potentialAction":[{"@type":"SearchAction","target":{"@type":"EntryPoint","urlTemplate":"https:\/\/www.vetorino.com\/boutique\/?s={search_term_string}"},"query-input":{"@type":"PropertyValueSpecification","valueRequired":true,"valueName":"search_term_string"}}],"inLanguage":"fr-FR"},{"@type":"Organization","@id":"https:\/\/www.vetorino.com\/boutique\/#organization","name":"V\u00e9torino","url":"https:\/\/www.vetorino.com\/boutique\/","logo":{"@type":"ImageObject","inLanguage":"fr-FR","@id":"https:\/\/www.vetorino.com\/boutique\/#\/schema\/logo\/image\/","url":"https:\/\/www.vetorino.com\/boutique\/wp-content\/uploads\/2024\/10\/logo.jpg","contentUrl":"https:\/\/www.vetorino.com\/boutique\/wp-content\/uploads\/2024\/10\/logo.jpg","width":1200,"height":610,"caption":"V\u00e9torino"},"image":{"@id":"https:\/\/www.vetorino.com\/boutique\/#\/schema\/logo\/image\/"},"sameAs":["https:\/\/www.facebook.com\/Vetorino\/","https:\/\/www.instagram.com\/vetorino_off\/","https:\/\/www.linkedin.com\/company\/vtorino\/"]}]},"product_brand":"Hill's","og_availability":"instock","product_availability":"instock","product_condition":"new"},"_links":{"self":[{"href":"https:\/\/www.vetorino.com\/veterinaire\/riedisheim-68400\/boutique\/wp-json\/wp\/v2\/product\/1657835","targetHints":{"allow":["GET"]}}],"collection":[{"href":"https:\/\/www.vetorino.com\/veterinaire\/riedisheim-68400\/boutique\/wp-json\/wp\/v2\/product"}],"about":[{"href":"https:\/\/www.vetorino.com\/veterinaire\/riedisheim-68400\/boutique\/wp-json\/wp\/v2\/types\/product"}],"wp:featuredmedia":[{"embeddable":true,"href":"https:\/\/www.vetorino.com\/veterinaire\/riedisheim-68400\/boutique\/wp-json\/wp\/v2\/media\/1675465"}],"wp:attachment":[{"href":"https:\/\/www.vetorino.com\/veterinaire\/riedisheim-68400\/boutique\/wp-json\/wp\/v2\/media?parent=1657835"}],"wp:term":[{"taxonomy":"product_cat","embeddable":true,"href":"https:\/\/www.vetorino.com\/veterinaire\/riedisheim-68400\/boutique\/wp-json\/wp\/v2\/product_cat?post=1657835"},{"taxonomy":"product_tag","embeddable":true,"href":"https:\/\/www.vetorino.com\/veterinaire\/riedisheim-68400\/boutique\/wp-json\/wp\/v2\/product_tag?post=1657835"}],"curies":[{"name":"wp","href":"https:\/\/api.w.org\/{rel}","templated":true}]}}