{"id":100468,"date":"2020-06-30T01:44:58","date_gmt":"2020-06-29T23:44:58","guid":{"rendered":"https:\/\/www.vetorino.com\/boutique\/product\/parfum-anju-feeling-vanille\/"},"modified":"2025-02-14T02:42:32","modified_gmt":"2025-02-14T01:42:32","slug":"parfum-anju-feeling-vanille","status":"publish","type":"product","link":"https:\/\/www.vetorino.com\/veterinaire\/saint-die-des-vosges-88100\/boutique\/product\/parfum-anju-feeling-vanille\/","title":{"rendered":"Parfum Anju Feeling Vanille"},"content":{"rendered":"<p>Elabor\u00e9e \u00e0 partir d&#8217;essences naturelles, d&#8217;huiles essentielles de tr\u00e8s haute puret\u00e9 biologique et d&#8217;actifs v\u00e9g\u00e9taux.<br \/>\nTest\u00e9 dermatologiquement en laboratoire,\u00a0elle est parfaitement adapt\u00e9e au pH de toutes les races de chiens et chats. La formule r\u00e9volutionnaire et in\u00e9dite des Eaux de parfum d&#8217;Anju Beaut\u00e9 lui permet en cas d&#8217;odeurs d\u00e9sagr\u00e9ables de la fourrure de les \u00e9liminer totalement avant de parfumer d\u00e9licatement.<br \/>\nAinsi rafra\u00eechie, la fourrure est alors exquisement parfum\u00e9e des seules notes suaves de la Vanille.<\/p>\n<ul>\n<li>Sans alcool.<\/li>\n<li>Pour chiens et chats.<\/li>\n<\/ul>\n","protected":false},"excerpt":{"rendered":"<p>Elabor\u00e9e \u00e0 partir d&#8217;essences naturelles, d&#8217;huiles essentielles de tr\u00e8s haute puret\u00e9 biologique et d&#8217;actifs v\u00e9g\u00e9taux.<\/p>\n","protected":false},"featured_media":975871,"template":"","meta":[],"product_cat":[2697,2698,12611,12612,12560,12561],"product_tag":[],"class_list":{"0":"post-100468","1":"product","2":"type-product","3":"status-publish","4":"has-post-thumbnail","6":"product_cat-chat","7":"product_cat-chien","8":"product_cat-hygiene-de-la-peau-et-du-pelage-du-chat","9":"product_cat-hygiene-de-la-peau-et-du-pelage-du-chien","10":"product_cat-hygiene-du-chat","11":"product_cat-hygiene-du-chien","12":"pa_marque-hami-form","14":"first","15":"instock","16":"taxable","17":"shipping-taxable","18":"purchasable","19":"product-type-simple"},"yoast_head":"<!-- This site is optimized with the Yoast SEO plugin v27.3 - https:\/\/yoast.com\/product\/yoast-seo-wordpress\/ -->\n<title>Parfum Anju Feeling Vanille Hami Form - V\u00e9torino<\/title>\n<meta name=\"description\" content=\"Elabor\u00e9e \u00e0 partir d&#039;essences naturelles, d&#039;huiles essentielles de tr\u00e8s haute puret\u00e9 biologique et d&#039;actifs v\u00e9g\u00e9taux.\" \/>\n<meta name=\"robots\" content=\"noindex, nofollow\" \/>\n<meta property=\"og:locale\" content=\"fr_FR\" \/>\n<meta property=\"og:type\" content=\"article\" \/>\n<meta property=\"og:title\" content=\"Parfum Anju Feeling Vanille Hami Form - V\u00e9torino\" \/>\n<meta property=\"og:description\" content=\"Elabor\u00e9e \u00e0 partir d&#039;essences naturelles, d&#039;huiles essentielles de tr\u00e8s haute puret\u00e9 biologique et d&#039;actifs v\u00e9g\u00e9taux.\" \/>\n<meta property=\"og:url\" content=\"https:\/\/www.vetorino.com\/veterinaire\/saint-die-des-vosges-88100\/boutique\/product\/parfum-anju-feeling-vanille\/\" \/>\n<meta property=\"og:site_name\" content=\"V\u00e9torino\" \/>\n<meta property=\"article:publisher\" content=\"https:\/\/www.facebook.com\/Vetorino\/\" \/>\n<meta property=\"article:modified_time\" content=\"2025-02-14T01:42:32+00:00\" \/>\n<meta property=\"og:image\" content=\"https:\/\/www.vetorino.com\/boutique\/wp-content\/uploads\/2020\/06\/parfum-anju-feeling-vanille.webp\" \/>\n\t<meta property=\"og:image:width\" content=\"800\" \/>\n\t<meta property=\"og:image:height\" content=\"800\" \/>\n\t<meta property=\"og:image:type\" content=\"image\/webp\" \/>\n<meta name=\"twitter:card\" content=\"summary_large_image\" \/>\n<meta name=\"twitter:label1\" content=\"Prix\" \/>\n\t<meta name=\"twitter:data1\" content=\"12,49&euro;\" \/>\n\t<meta name=\"twitter:label2\" content=\"Disponibilit\u00e9\" \/>\n\t<meta name=\"twitter:data2\" content=\"En stock\" \/>\n<script type=\"application\/ld+json\" class=\"yoast-schema-graph\">{\"@context\":\"https:\\\/\\\/schema.org\",\"@graph\":[{\"@type\":\"WebPage\",\"@id\":\"https:\\\/\\\/www.vetorino.com\\\/veterinaire\\\/sainteloi-58000\\\/boutique\\\/product\\\/parfum-anju-feeling-vanille\\\/\",\"url\":\"https:\\\/\\\/www.vetorino.com\\\/veterinaire\\\/sainteloi-58000\\\/boutique\\\/product\\\/parfum-anju-feeling-vanille\\\/\",\"name\":\"Parfum Anju Feeling Vanille Hami Form - V\u00e9torino\",\"isPartOf\":{\"@id\":\"https:\\\/\\\/www.vetorino.com\\\/boutique\\\/#website\"},\"primaryImageOfPage\":{\"@id\":\"https:\\\/\\\/www.vetorino.com\\\/veterinaire\\\/sainteloi-58000\\\/boutique\\\/product\\\/parfum-anju-feeling-vanille\\\/#primaryimage\"},\"image\":{\"@id\":\"https:\\\/\\\/www.vetorino.com\\\/veterinaire\\\/sainteloi-58000\\\/boutique\\\/product\\\/parfum-anju-feeling-vanille\\\/#primaryimage\"},\"thumbnailUrl\":\"https:\\\/\\\/www.vetorino.com\\\/boutique\\\/wp-content\\\/uploads\\\/2020\\\/06\\\/parfum-anju-feeling-vanille.webp\",\"datePublished\":\"2020-06-29T23:44:58+00:00\",\"dateModified\":\"2025-02-14T01:42:32+00:00\",\"description\":\"Elabor\u00e9e \u00e0 partir d'essences naturelles, d'huiles essentielles de tr\u00e8s haute puret\u00e9 biologique et d'actifs v\u00e9g\u00e9taux.\",\"breadcrumb\":{\"@id\":\"https:\\\/\\\/www.vetorino.com\\\/veterinaire\\\/sainteloi-58000\\\/boutique\\\/product\\\/parfum-anju-feeling-vanille\\\/#breadcrumb\"},\"inLanguage\":\"fr-FR\",\"potentialAction\":[{\"@type\":\"ReadAction\",\"target\":[\"https:\\\/\\\/www.vetorino.com\\\/veterinaire\\\/sainteloi-58000\\\/boutique\\\/product\\\/parfum-anju-feeling-vanille\\\/\"]}]},{\"@type\":\"ImageObject\",\"inLanguage\":\"fr-FR\",\"@id\":\"https:\\\/\\\/www.vetorino.com\\\/veterinaire\\\/sainteloi-58000\\\/boutique\\\/product\\\/parfum-anju-feeling-vanille\\\/#primaryimage\",\"url\":\"https:\\\/\\\/www.vetorino.com\\\/boutique\\\/wp-content\\\/uploads\\\/2020\\\/06\\\/parfum-anju-feeling-vanille.webp\",\"contentUrl\":\"https:\\\/\\\/www.vetorino.com\\\/boutique\\\/wp-content\\\/uploads\\\/2020\\\/06\\\/parfum-anju-feeling-vanille.webp\",\"width\":800,\"height\":800},{\"@type\":\"BreadcrumbList\",\"@id\":\"https:\\\/\\\/www.vetorino.com\\\/veterinaire\\\/sainteloi-58000\\\/boutique\\\/product\\\/parfum-anju-feeling-vanille\\\/#breadcrumb\",\"itemListElement\":[{\"@type\":\"ListItem\",\"position\":1,\"name\":\"Accueil\",\"item\":\"https:\\\/\\\/www.vetorino.com\\\/boutique\\\/\"},{\"@type\":\"ListItem\",\"position\":2,\"name\":\"Produits\",\"item\":\"https:\\\/\\\/www.vetorino.com\\\/boutique\\\/\"},{\"@type\":\"ListItem\",\"position\":3,\"name\":\"Parfum Anju Feeling Vanille\"}]},{\"@type\":\"WebSite\",\"@id\":\"https:\\\/\\\/www.vetorino.com\\\/boutique\\\/#website\",\"url\":\"https:\\\/\\\/www.vetorino.com\\\/boutique\\\/\",\"name\":\"V\u00e9torino\",\"description\":\"\",\"publisher\":{\"@id\":\"https:\\\/\\\/www.vetorino.com\\\/boutique\\\/#organization\"},\"potentialAction\":[{\"@type\":\"SearchAction\",\"target\":{\"@type\":\"EntryPoint\",\"urlTemplate\":\"https:\\\/\\\/www.vetorino.com\\\/boutique\\\/?s={search_term_string}\"},\"query-input\":{\"@type\":\"PropertyValueSpecification\",\"valueRequired\":true,\"valueName\":\"search_term_string\"}}],\"inLanguage\":\"fr-FR\"},{\"@type\":\"Organization\",\"@id\":\"https:\\\/\\\/www.vetorino.com\\\/boutique\\\/#organization\",\"name\":\"V\u00e9torino\",\"url\":\"https:\\\/\\\/www.vetorino.com\\\/boutique\\\/\",\"logo\":{\"@type\":\"ImageObject\",\"inLanguage\":\"fr-FR\",\"@id\":\"https:\\\/\\\/www.vetorino.com\\\/boutique\\\/#\\\/schema\\\/logo\\\/image\\\/\",\"url\":\"https:\\\/\\\/www.vetorino.com\\\/boutique\\\/wp-content\\\/uploads\\\/2024\\\/10\\\/logo.jpg\",\"contentUrl\":\"https:\\\/\\\/www.vetorino.com\\\/boutique\\\/wp-content\\\/uploads\\\/2024\\\/10\\\/logo.jpg\",\"width\":1200,\"height\":610,\"caption\":\"V\u00e9torino\"},\"image\":{\"@id\":\"https:\\\/\\\/www.vetorino.com\\\/boutique\\\/#\\\/schema\\\/logo\\\/image\\\/\"},\"sameAs\":[\"https:\\\/\\\/www.facebook.com\\\/Vetorino\\\/\",\"https:\\\/\\\/www.instagram.com\\\/vetorino_off\\\/\",\"https:\\\/\\\/www.linkedin.com\\\/company\\\/vtorino\\\/\"]}]}<\/script>\n<meta property=\"product:brand\" content=\"Hami Form\" \/>\n<meta property=\"product:price:amount\" content=\"12.49\" \/>\n<meta property=\"product:price:currency\" content=\"EUR\" \/>\n<meta property=\"og:availability\" content=\"instock\" \/>\n<meta property=\"product:availability\" content=\"instock\" \/>\n<meta property=\"product:retailer_item_id\" content=\"C-PAR406\" \/>\n<meta property=\"product:condition\" content=\"new\" \/>\n<!-- \/ Yoast SEO plugin. -->","yoast_head_json":{"title":"Parfum Anju Feeling Vanille Hami Form - V\u00e9torino","description":"Elabor\u00e9e \u00e0 partir d'essences naturelles, d'huiles essentielles de tr\u00e8s haute puret\u00e9 biologique et d'actifs v\u00e9g\u00e9taux.","robots":{"index":"noindex","follow":"nofollow"},"og_locale":"fr_FR","og_type":"article","og_title":"Parfum Anju Feeling Vanille Hami Form - V\u00e9torino","og_description":"Elabor\u00e9e \u00e0 partir d'essences naturelles, d'huiles essentielles de tr\u00e8s haute puret\u00e9 biologique et d'actifs v\u00e9g\u00e9taux.","og_url":"https:\/\/www.vetorino.com\/veterinaire\/saint-die-des-vosges-88100\/boutique\/product\/parfum-anju-feeling-vanille\/","og_site_name":"V\u00e9torino","article_publisher":"https:\/\/www.facebook.com\/Vetorino\/","article_modified_time":"2025-02-14T01:42:32+00:00","og_image":[{"width":800,"height":800,"url":"https:\/\/www.vetorino.com\/boutique\/wp-content\/uploads\/2020\/06\/parfum-anju-feeling-vanille.webp","type":"image\/webp"}],"twitter_card":"summary_large_image","twitter_misc":{"Prix":"12,49&euro;","Disponibilit\u00e9":"En stock"},"schema":{"@context":"https:\/\/schema.org","@graph":[{"@type":"WebPage","@id":"https:\/\/www.vetorino.com\/veterinaire\/sainteloi-58000\/boutique\/product\/parfum-anju-feeling-vanille\/","url":"https:\/\/www.vetorino.com\/veterinaire\/sainteloi-58000\/boutique\/product\/parfum-anju-feeling-vanille\/","name":"Parfum Anju Feeling Vanille Hami Form - V\u00e9torino","isPartOf":{"@id":"https:\/\/www.vetorino.com\/boutique\/#website"},"primaryImageOfPage":{"@id":"https:\/\/www.vetorino.com\/veterinaire\/sainteloi-58000\/boutique\/product\/parfum-anju-feeling-vanille\/#primaryimage"},"image":{"@id":"https:\/\/www.vetorino.com\/veterinaire\/sainteloi-58000\/boutique\/product\/parfum-anju-feeling-vanille\/#primaryimage"},"thumbnailUrl":"https:\/\/www.vetorino.com\/boutique\/wp-content\/uploads\/2020\/06\/parfum-anju-feeling-vanille.webp","datePublished":"2020-06-29T23:44:58+00:00","dateModified":"2025-02-14T01:42:32+00:00","description":"Elabor\u00e9e \u00e0 partir d'essences naturelles, d'huiles essentielles de tr\u00e8s haute puret\u00e9 biologique et d'actifs v\u00e9g\u00e9taux.","breadcrumb":{"@id":"https:\/\/www.vetorino.com\/veterinaire\/sainteloi-58000\/boutique\/product\/parfum-anju-feeling-vanille\/#breadcrumb"},"inLanguage":"fr-FR","potentialAction":[{"@type":"ReadAction","target":["https:\/\/www.vetorino.com\/veterinaire\/sainteloi-58000\/boutique\/product\/parfum-anju-feeling-vanille\/"]}]},{"@type":"ImageObject","inLanguage":"fr-FR","@id":"https:\/\/www.vetorino.com\/veterinaire\/sainteloi-58000\/boutique\/product\/parfum-anju-feeling-vanille\/#primaryimage","url":"https:\/\/www.vetorino.com\/boutique\/wp-content\/uploads\/2020\/06\/parfum-anju-feeling-vanille.webp","contentUrl":"https:\/\/www.vetorino.com\/boutique\/wp-content\/uploads\/2020\/06\/parfum-anju-feeling-vanille.webp","width":800,"height":800},{"@type":"BreadcrumbList","@id":"https:\/\/www.vetorino.com\/veterinaire\/sainteloi-58000\/boutique\/product\/parfum-anju-feeling-vanille\/#breadcrumb","itemListElement":[{"@type":"ListItem","position":1,"name":"Accueil","item":"https:\/\/www.vetorino.com\/boutique\/"},{"@type":"ListItem","position":2,"name":"Produits","item":"https:\/\/www.vetorino.com\/boutique\/"},{"@type":"ListItem","position":3,"name":"Parfum Anju Feeling Vanille"}]},{"@type":"WebSite","@id":"https:\/\/www.vetorino.com\/boutique\/#website","url":"https:\/\/www.vetorino.com\/boutique\/","name":"V\u00e9torino","description":"","publisher":{"@id":"https:\/\/www.vetorino.com\/boutique\/#organization"},"potentialAction":[{"@type":"SearchAction","target":{"@type":"EntryPoint","urlTemplate":"https:\/\/www.vetorino.com\/boutique\/?s={search_term_string}"},"query-input":{"@type":"PropertyValueSpecification","valueRequired":true,"valueName":"search_term_string"}}],"inLanguage":"fr-FR"},{"@type":"Organization","@id":"https:\/\/www.vetorino.com\/boutique\/#organization","name":"V\u00e9torino","url":"https:\/\/www.vetorino.com\/boutique\/","logo":{"@type":"ImageObject","inLanguage":"fr-FR","@id":"https:\/\/www.vetorino.com\/boutique\/#\/schema\/logo\/image\/","url":"https:\/\/www.vetorino.com\/boutique\/wp-content\/uploads\/2024\/10\/logo.jpg","contentUrl":"https:\/\/www.vetorino.com\/boutique\/wp-content\/uploads\/2024\/10\/logo.jpg","width":1200,"height":610,"caption":"V\u00e9torino"},"image":{"@id":"https:\/\/www.vetorino.com\/boutique\/#\/schema\/logo\/image\/"},"sameAs":["https:\/\/www.facebook.com\/Vetorino\/","https:\/\/www.instagram.com\/vetorino_off\/","https:\/\/www.linkedin.com\/company\/vtorino\/"]}]},"product_brand":"Hami Form","product_price_amount":"12.49","product_price_currency":"EUR","og_availability":"instock","product_availability":"instock","product_retailer_item_id":"C-PAR406","product_condition":"new"},"_links":{"self":[{"href":"https:\/\/www.vetorino.com\/veterinaire\/saint-die-des-vosges-88100\/boutique\/wp-json\/wp\/v2\/product\/100468","targetHints":{"allow":["GET"]}}],"collection":[{"href":"https:\/\/www.vetorino.com\/veterinaire\/saint-die-des-vosges-88100\/boutique\/wp-json\/wp\/v2\/product"}],"about":[{"href":"https:\/\/www.vetorino.com\/veterinaire\/saint-die-des-vosges-88100\/boutique\/wp-json\/wp\/v2\/types\/product"}],"wp:featuredmedia":[{"embeddable":true,"href":"https:\/\/www.vetorino.com\/veterinaire\/saint-die-des-vosges-88100\/boutique\/wp-json\/wp\/v2\/media\/975871"}],"wp:attachment":[{"href":"https:\/\/www.vetorino.com\/veterinaire\/saint-die-des-vosges-88100\/boutique\/wp-json\/wp\/v2\/media?parent=100468"}],"wp:term":[{"taxonomy":"product_cat","embeddable":true,"href":"https:\/\/www.vetorino.com\/veterinaire\/saint-die-des-vosges-88100\/boutique\/wp-json\/wp\/v2\/product_cat?post=100468"},{"taxonomy":"product_tag","embeddable":true,"href":"https:\/\/www.vetorino.com\/veterinaire\/saint-die-des-vosges-88100\/boutique\/wp-json\/wp\/v2\/product_tag?post=100468"}],"curies":[{"name":"wp","href":"https:\/\/api.w.org\/{rel}","templated":true}]}}