{"id":482678,"date":"2022-09-26T10:40:54","date_gmt":"2022-09-26T08:40:54","guid":{"rendered":"https:\/\/www.vetorino.com\/boutique\/product\/harnais-dog-copenhagen-comfort-walk-air\/"},"modified":"2026-04-01T09:41:23","modified_gmt":"2026-04-01T07:41:23","slug":"harnais-dog-copenhagen-comfort-walk-air","status":"publish","type":"product","link":"https:\/\/www.vetorino.com\/veterinaire\/saint-die-des-vosges-88100\/boutique\/product\/harnais-dog-copenhagen-comfort-walk-air\/","title":{"rendered":"Harnais Comfort Walk Air"},"content":{"rendered":"<p>Le harnais Comfort Walk Air\u2122 de DOG Copenhagen est un harnais con\u00e7u pour l\u2019utilisation quotidienne, solide et l\u00e9ger, fabriqu\u00e9 dans des mat\u00e9riaux r\u00e9sistants \u00e0 l\u2019usure, aux salissures et \u00e0 l\u2019eau avec un rembourrage doux et respirant. Le harnais est facile \u00e0 r\u00e9gler et \u00e0 enfiler tout en restant confortable \u00e0 utiliser pour le chien lorsqu\u2019il bouge. Une fixation pratique en aluminium permet une ouverture \/ une fermeture facile autour du cou pour le plus grand bonheur des chiens qui n\u2019aiment pas qu\u2019on leur passe un harnais par-dessus la t\u00eate.<\/p>\n<ul>\n<li>Harnais confortable, facile \u00e0 r\u00e9gler et \u00e0 mettre sur le chien.<\/li>\n<li>Fixation en aluminium pour ouverture et fermeture facile de la sangle du cou.<\/li>\n<li>Quatre points de r\u00e9glage pour une adaptation optimale sur chaque chien.<\/li>\n<li>Doux et respirant autour de la poitrine, du dos et du ventre pour une confortable utilisation quotidienne.<\/li>\n<li>Deux options de fixation de la laisse &#8211; une centrale sur le dos et une sur la poitrine.<\/li>\n<li>Le design ergonomique est respectueux des r\u00e9gions de la peau du dos et du cou.<\/li>\n<li>R\u00e9flecteurs 3M\u2122 pour plus de visibilit\u00e9 lorsqu\u2019il fait sombre.<\/li>\n<li>Mat\u00e9riel en aluminium &#8211; le harnais ne comporte rien qui puisse rouiller.<\/li>\n<li>Fixation s\u00e9par\u00e9e pour l&#8217;\u00e9tiquette du chien.<\/li>\n<li>Lavage \u00e0 la main \u00e0 l&#8217;eau ti\u00e8de avec un d\u00e9tergent doux \/ Lavage en machine \u00e0 30 \u00b0 C (utiliser un sac \u00e0 linge).<\/li>\n<li>Laissez le produit s\u00e9cher \u00e0 l&#8217;air.<\/li>\n<\/ul>\n","protected":false},"excerpt":{"rendered":"<p>Le harnais Comfort Walk Air\u2122 de DOG Copenhagen est un harnais con\u00e7u pour l\u2019utilisation quotidienne, solide et l\u00e9ger, fabriqu\u00e9 dans des mat\u00e9riaux r\u00e9sistants \u00e0 l\u2019usure, aux salissures et \u00e0 l\u2019eau avec un rembourrage doux et respirant. Le harnais est facile \u00e0 r\u00e9gler et \u00e0 enfiler tout en restant confortable \u00e0 utiliser pour le chien lorsqu\u2019il bouge. Une fixation pratique en aluminium permet une ouverture \/ une fermeture facile autour du cou pour le plus grand bonheur des chiens qui n\u2019aiment pas qu\u2019on leur passe un harnais par-dessus la t\u00eate.<\/p>\n","protected":false},"featured_media":482719,"template":"","meta":[],"product_cat":[2698,2777],"product_tag":[],"class_list":{"0":"post-482678","1":"product","2":"type-product","3":"status-publish","4":"has-post-thumbnail","6":"product_cat-chien","7":"product_cat-colliers-laisses-et-harnais-pour-chien","8":"pa_marque-dog-copenhagen","10":"first","11":"instock","12":"taxable","13":"shipping-taxable","14":"purchasable","15":"product-type-variable"},"yoast_head":"<!-- This site is optimized with the Yoast SEO plugin v27.3 - https:\/\/yoast.com\/product\/yoast-seo-wordpress\/ -->\n<title>Harnais Comfort Walk Air Dog Copenhagen - V\u00e9torino<\/title>\n<meta name=\"description\" content=\"Le harnais Comfort Walk Air\u2122 de DOG Copenhagen est un harnais con\u00e7u pour l\u2019utilisation quotidienne, solide et l\u00e9ger, fabriqu\u00e9 dans des mat\u00e9riaux r\u00e9sistants \u00e0 l\u2019usure, aux salissures et \u00e0 l\u2019eau avec un rembourrage doux et respirant. Le harnais est facile \u00e0 r\u00e9gler et \u00e0 enfiler tout en restant confortable \u00e0 utiliser pour le chien lorsqu\u2019il bouge. Une fixation pratique en aluminium permet une ouverture \/ une fermeture facile autour du cou pour le plus grand bonheur des chiens qui n\u2019aiment pas qu\u2019on leur passe un harnais par-dessus la t\u00eate.\" \/>\n<meta name=\"robots\" content=\"noindex, nofollow\" \/>\n<meta property=\"og:locale\" content=\"fr_FR\" \/>\n<meta property=\"og:type\" content=\"article\" \/>\n<meta property=\"og:title\" content=\"Harnais Comfort Walk Air Dog Copenhagen - V\u00e9torino\" \/>\n<meta property=\"og:description\" content=\"Le harnais Comfort Walk Air\u2122 de DOG Copenhagen est un harnais con\u00e7u pour l\u2019utilisation quotidienne, solide et l\u00e9ger, fabriqu\u00e9 dans des mat\u00e9riaux r\u00e9sistants \u00e0 l\u2019usure, aux salissures et \u00e0 l\u2019eau avec un rembourrage doux et respirant. Le harnais est facile \u00e0 r\u00e9gler et \u00e0 enfiler tout en restant confortable \u00e0 utiliser pour le chien lorsqu\u2019il bouge. Une fixation pratique en aluminium permet une ouverture \/ une fermeture facile autour du cou pour le plus grand bonheur des chiens qui n\u2019aiment pas qu\u2019on leur passe un harnais par-dessus la t\u00eate.\" \/>\n<meta property=\"og:url\" content=\"https:\/\/www.vetorino.com\/veterinaire\/saint-die-des-vosges-88100\/boutique\/product\/harnais-dog-copenhagen-comfort-walk-air\/\" \/>\n<meta property=\"og:site_name\" content=\"V\u00e9torino\" \/>\n<meta property=\"article:publisher\" content=\"https:\/\/www.facebook.com\/Vetorino\/\" \/>\n<meta property=\"article:modified_time\" content=\"2026-04-01T07:41:23+00:00\" \/>\n<meta property=\"og:image\" content=\"https:\/\/www.vetorino.com\/boutique\/wp-content\/uploads\/2022\/09\/comfort-walk-air-harnais-2.jpg\" \/>\n\t<meta property=\"og:image:width\" content=\"700\" \/>\n\t<meta property=\"og:image:height\" content=\"700\" \/>\n\t<meta property=\"og:image:type\" content=\"image\/jpeg\" \/>\n<meta name=\"twitter:card\" content=\"summary_large_image\" \/>\n<meta name=\"twitter:label1\" content=\"Disponibilit\u00e9\" \/>\n\t<meta name=\"twitter:data1\" content=\"En stock\" \/>\n<script type=\"application\/ld+json\" class=\"yoast-schema-graph\">{\"@context\":\"https:\\\/\\\/schema.org\",\"@graph\":[{\"@type\":\"WebPage\",\"@id\":\"https:\\\/\\\/www.vetorino.com\\\/boutique\\\/product\\\/harnais-dog-copenhagen-comfort-walk-air\\\/\",\"url\":\"https:\\\/\\\/www.vetorino.com\\\/boutique\\\/product\\\/harnais-dog-copenhagen-comfort-walk-air\\\/\",\"name\":\"Harnais Comfort Walk Air Dog Copenhagen - V\u00e9torino\",\"isPartOf\":{\"@id\":\"https:\\\/\\\/www.vetorino.com\\\/boutique\\\/#website\"},\"primaryImageOfPage\":{\"@id\":\"https:\\\/\\\/www.vetorino.com\\\/boutique\\\/product\\\/harnais-dog-copenhagen-comfort-walk-air\\\/#primaryimage\"},\"image\":{\"@id\":\"https:\\\/\\\/www.vetorino.com\\\/boutique\\\/product\\\/harnais-dog-copenhagen-comfort-walk-air\\\/#primaryimage\"},\"thumbnailUrl\":\"https:\\\/\\\/www.vetorino.com\\\/boutique\\\/wp-content\\\/uploads\\\/2022\\\/09\\\/comfort-walk-air-harnais-2.jpg\",\"datePublished\":\"2022-09-26T08:40:54+00:00\",\"dateModified\":\"2026-04-01T07:41:23+00:00\",\"description\":\"Le harnais Comfort Walk Air\u2122 de DOG Copenhagen est un harnais con\u00e7u pour l\u2019utilisation quotidienne, solide et l\u00e9ger, fabriqu\u00e9 dans des mat\u00e9riaux r\u00e9sistants \u00e0 l\u2019usure, aux salissures et \u00e0 l\u2019eau avec un rembourrage doux et respirant. Le harnais est facile \u00e0 r\u00e9gler et \u00e0 enfiler tout en restant confortable \u00e0 utiliser pour le chien lorsqu\u2019il bouge. Une fixation pratique en aluminium permet une ouverture \\\/ une fermeture facile autour du cou pour le plus grand bonheur des chiens qui n\u2019aiment pas qu\u2019on leur passe un harnais par-dessus la t\u00eate.\",\"breadcrumb\":{\"@id\":\"https:\\\/\\\/www.vetorino.com\\\/boutique\\\/product\\\/harnais-dog-copenhagen-comfort-walk-air\\\/#breadcrumb\"},\"inLanguage\":\"fr-FR\",\"potentialAction\":[{\"@type\":\"ReadAction\",\"target\":[\"https:\\\/\\\/www.vetorino.com\\\/boutique\\\/product\\\/harnais-dog-copenhagen-comfort-walk-air\\\/\"]}]},{\"@type\":\"ImageObject\",\"inLanguage\":\"fr-FR\",\"@id\":\"https:\\\/\\\/www.vetorino.com\\\/boutique\\\/product\\\/harnais-dog-copenhagen-comfort-walk-air\\\/#primaryimage\",\"url\":\"https:\\\/\\\/www.vetorino.com\\\/boutique\\\/wp-content\\\/uploads\\\/2022\\\/09\\\/comfort-walk-air-harnais-2.jpg\",\"contentUrl\":\"https:\\\/\\\/www.vetorino.com\\\/boutique\\\/wp-content\\\/uploads\\\/2022\\\/09\\\/comfort-walk-air-harnais-2.jpg\",\"width\":700,\"height\":700,\"caption\":\"harnais comfort walk air\"},{\"@type\":\"BreadcrumbList\",\"@id\":\"https:\\\/\\\/www.vetorino.com\\\/boutique\\\/product\\\/harnais-dog-copenhagen-comfort-walk-air\\\/#breadcrumb\",\"itemListElement\":[{\"@type\":\"ListItem\",\"position\":1,\"name\":\"Accueil\",\"item\":\"https:\\\/\\\/www.vetorino.com\\\/boutique\\\/\"},{\"@type\":\"ListItem\",\"position\":2,\"name\":\"Produits\",\"item\":\"https:\\\/\\\/www.vetorino.com\\\/boutique\\\/\"},{\"@type\":\"ListItem\",\"position\":3,\"name\":\"Harnais Comfort Walk Air\"}]},{\"@type\":\"WebSite\",\"@id\":\"https:\\\/\\\/www.vetorino.com\\\/boutique\\\/#website\",\"url\":\"https:\\\/\\\/www.vetorino.com\\\/boutique\\\/\",\"name\":\"V\u00e9torino\",\"description\":\"\",\"publisher\":{\"@id\":\"https:\\\/\\\/www.vetorino.com\\\/boutique\\\/#organization\"},\"potentialAction\":[{\"@type\":\"SearchAction\",\"target\":{\"@type\":\"EntryPoint\",\"urlTemplate\":\"https:\\\/\\\/www.vetorino.com\\\/boutique\\\/?s={search_term_string}\"},\"query-input\":{\"@type\":\"PropertyValueSpecification\",\"valueRequired\":true,\"valueName\":\"search_term_string\"}}],\"inLanguage\":\"fr-FR\"},{\"@type\":\"Organization\",\"@id\":\"https:\\\/\\\/www.vetorino.com\\\/boutique\\\/#organization\",\"name\":\"V\u00e9torino\",\"url\":\"https:\\\/\\\/www.vetorino.com\\\/boutique\\\/\",\"logo\":{\"@type\":\"ImageObject\",\"inLanguage\":\"fr-FR\",\"@id\":\"https:\\\/\\\/www.vetorino.com\\\/boutique\\\/#\\\/schema\\\/logo\\\/image\\\/\",\"url\":\"https:\\\/\\\/www.vetorino.com\\\/boutique\\\/wp-content\\\/uploads\\\/2024\\\/10\\\/logo.jpg\",\"contentUrl\":\"https:\\\/\\\/www.vetorino.com\\\/boutique\\\/wp-content\\\/uploads\\\/2024\\\/10\\\/logo.jpg\",\"width\":1200,\"height\":610,\"caption\":\"V\u00e9torino\"},\"image\":{\"@id\":\"https:\\\/\\\/www.vetorino.com\\\/boutique\\\/#\\\/schema\\\/logo\\\/image\\\/\"},\"sameAs\":[\"https:\\\/\\\/www.facebook.com\\\/Vetorino\\\/\",\"https:\\\/\\\/www.instagram.com\\\/vetorino_off\\\/\",\"https:\\\/\\\/www.linkedin.com\\\/company\\\/vtorino\\\/\"]}]}<\/script>\n<meta property=\"product:brand\" content=\"Dog Copenhagen\" \/>\n<meta property=\"og:availability\" content=\"instock\" \/>\n<meta property=\"product:availability\" content=\"instock\" \/>\n<meta property=\"product:condition\" content=\"new\" \/>\n<!-- \/ Yoast SEO plugin. -->","yoast_head_json":{"title":"Harnais Comfort Walk Air Dog Copenhagen - V\u00e9torino","description":"Le harnais Comfort Walk Air\u2122 de DOG Copenhagen est un harnais con\u00e7u pour l\u2019utilisation quotidienne, solide et l\u00e9ger, fabriqu\u00e9 dans des mat\u00e9riaux r\u00e9sistants \u00e0 l\u2019usure, aux salissures et \u00e0 l\u2019eau avec un rembourrage doux et respirant. Le harnais est facile \u00e0 r\u00e9gler et \u00e0 enfiler tout en restant confortable \u00e0 utiliser pour le chien lorsqu\u2019il bouge. Une fixation pratique en aluminium permet une ouverture \/ une fermeture facile autour du cou pour le plus grand bonheur des chiens qui n\u2019aiment pas qu\u2019on leur passe un harnais par-dessus la t\u00eate.","robots":{"index":"noindex","follow":"nofollow"},"og_locale":"fr_FR","og_type":"article","og_title":"Harnais Comfort Walk Air Dog Copenhagen - V\u00e9torino","og_description":"Le harnais Comfort Walk Air\u2122 de DOG Copenhagen est un harnais con\u00e7u pour l\u2019utilisation quotidienne, solide et l\u00e9ger, fabriqu\u00e9 dans des mat\u00e9riaux r\u00e9sistants \u00e0 l\u2019usure, aux salissures et \u00e0 l\u2019eau avec un rembourrage doux et respirant. Le harnais est facile \u00e0 r\u00e9gler et \u00e0 enfiler tout en restant confortable \u00e0 utiliser pour le chien lorsqu\u2019il bouge. Une fixation pratique en aluminium permet une ouverture \/ une fermeture facile autour du cou pour le plus grand bonheur des chiens qui n\u2019aiment pas qu\u2019on leur passe un harnais par-dessus la t\u00eate.","og_url":"https:\/\/www.vetorino.com\/veterinaire\/saint-die-des-vosges-88100\/boutique\/product\/harnais-dog-copenhagen-comfort-walk-air\/","og_site_name":"V\u00e9torino","article_publisher":"https:\/\/www.facebook.com\/Vetorino\/","article_modified_time":"2026-04-01T07:41:23+00:00","og_image":[{"width":700,"height":700,"url":"https:\/\/www.vetorino.com\/boutique\/wp-content\/uploads\/2022\/09\/comfort-walk-air-harnais-2.jpg","type":"image\/jpeg"}],"twitter_card":"summary_large_image","twitter_misc":{"Disponibilit\u00e9":"En stock"},"schema":{"@context":"https:\/\/schema.org","@graph":[{"@type":"WebPage","@id":"https:\/\/www.vetorino.com\/boutique\/product\/harnais-dog-copenhagen-comfort-walk-air\/","url":"https:\/\/www.vetorino.com\/boutique\/product\/harnais-dog-copenhagen-comfort-walk-air\/","name":"Harnais Comfort Walk Air Dog Copenhagen - V\u00e9torino","isPartOf":{"@id":"https:\/\/www.vetorino.com\/boutique\/#website"},"primaryImageOfPage":{"@id":"https:\/\/www.vetorino.com\/boutique\/product\/harnais-dog-copenhagen-comfort-walk-air\/#primaryimage"},"image":{"@id":"https:\/\/www.vetorino.com\/boutique\/product\/harnais-dog-copenhagen-comfort-walk-air\/#primaryimage"},"thumbnailUrl":"https:\/\/www.vetorino.com\/boutique\/wp-content\/uploads\/2022\/09\/comfort-walk-air-harnais-2.jpg","datePublished":"2022-09-26T08:40:54+00:00","dateModified":"2026-04-01T07:41:23+00:00","description":"Le harnais Comfort Walk Air\u2122 de DOG Copenhagen est un harnais con\u00e7u pour l\u2019utilisation quotidienne, solide et l\u00e9ger, fabriqu\u00e9 dans des mat\u00e9riaux r\u00e9sistants \u00e0 l\u2019usure, aux salissures et \u00e0 l\u2019eau avec un rembourrage doux et respirant. Le harnais est facile \u00e0 r\u00e9gler et \u00e0 enfiler tout en restant confortable \u00e0 utiliser pour le chien lorsqu\u2019il bouge. Une fixation pratique en aluminium permet une ouverture \/ une fermeture facile autour du cou pour le plus grand bonheur des chiens qui n\u2019aiment pas qu\u2019on leur passe un harnais par-dessus la t\u00eate.","breadcrumb":{"@id":"https:\/\/www.vetorino.com\/boutique\/product\/harnais-dog-copenhagen-comfort-walk-air\/#breadcrumb"},"inLanguage":"fr-FR","potentialAction":[{"@type":"ReadAction","target":["https:\/\/www.vetorino.com\/boutique\/product\/harnais-dog-copenhagen-comfort-walk-air\/"]}]},{"@type":"ImageObject","inLanguage":"fr-FR","@id":"https:\/\/www.vetorino.com\/boutique\/product\/harnais-dog-copenhagen-comfort-walk-air\/#primaryimage","url":"https:\/\/www.vetorino.com\/boutique\/wp-content\/uploads\/2022\/09\/comfort-walk-air-harnais-2.jpg","contentUrl":"https:\/\/www.vetorino.com\/boutique\/wp-content\/uploads\/2022\/09\/comfort-walk-air-harnais-2.jpg","width":700,"height":700,"caption":"harnais comfort walk air"},{"@type":"BreadcrumbList","@id":"https:\/\/www.vetorino.com\/boutique\/product\/harnais-dog-copenhagen-comfort-walk-air\/#breadcrumb","itemListElement":[{"@type":"ListItem","position":1,"name":"Accueil","item":"https:\/\/www.vetorino.com\/boutique\/"},{"@type":"ListItem","position":2,"name":"Produits","item":"https:\/\/www.vetorino.com\/boutique\/"},{"@type":"ListItem","position":3,"name":"Harnais Comfort Walk Air"}]},{"@type":"WebSite","@id":"https:\/\/www.vetorino.com\/boutique\/#website","url":"https:\/\/www.vetorino.com\/boutique\/","name":"V\u00e9torino","description":"","publisher":{"@id":"https:\/\/www.vetorino.com\/boutique\/#organization"},"potentialAction":[{"@type":"SearchAction","target":{"@type":"EntryPoint","urlTemplate":"https:\/\/www.vetorino.com\/boutique\/?s={search_term_string}"},"query-input":{"@type":"PropertyValueSpecification","valueRequired":true,"valueName":"search_term_string"}}],"inLanguage":"fr-FR"},{"@type":"Organization","@id":"https:\/\/www.vetorino.com\/boutique\/#organization","name":"V\u00e9torino","url":"https:\/\/www.vetorino.com\/boutique\/","logo":{"@type":"ImageObject","inLanguage":"fr-FR","@id":"https:\/\/www.vetorino.com\/boutique\/#\/schema\/logo\/image\/","url":"https:\/\/www.vetorino.com\/boutique\/wp-content\/uploads\/2024\/10\/logo.jpg","contentUrl":"https:\/\/www.vetorino.com\/boutique\/wp-content\/uploads\/2024\/10\/logo.jpg","width":1200,"height":610,"caption":"V\u00e9torino"},"image":{"@id":"https:\/\/www.vetorino.com\/boutique\/#\/schema\/logo\/image\/"},"sameAs":["https:\/\/www.facebook.com\/Vetorino\/","https:\/\/www.instagram.com\/vetorino_off\/","https:\/\/www.linkedin.com\/company\/vtorino\/"]}]},"product_brand":"Dog Copenhagen","og_availability":"instock","product_availability":"instock","product_condition":"new"},"_links":{"self":[{"href":"https:\/\/www.vetorino.com\/veterinaire\/saint-die-des-vosges-88100\/boutique\/wp-json\/wp\/v2\/product\/482678","targetHints":{"allow":["GET"]}}],"collection":[{"href":"https:\/\/www.vetorino.com\/veterinaire\/saint-die-des-vosges-88100\/boutique\/wp-json\/wp\/v2\/product"}],"about":[{"href":"https:\/\/www.vetorino.com\/veterinaire\/saint-die-des-vosges-88100\/boutique\/wp-json\/wp\/v2\/types\/product"}],"wp:featuredmedia":[{"embeddable":true,"href":"https:\/\/www.vetorino.com\/veterinaire\/saint-die-des-vosges-88100\/boutique\/wp-json\/wp\/v2\/media\/482719"}],"wp:attachment":[{"href":"https:\/\/www.vetorino.com\/veterinaire\/saint-die-des-vosges-88100\/boutique\/wp-json\/wp\/v2\/media?parent=482678"}],"wp:term":[{"taxonomy":"product_cat","embeddable":true,"href":"https:\/\/www.vetorino.com\/veterinaire\/saint-die-des-vosges-88100\/boutique\/wp-json\/wp\/v2\/product_cat?post=482678"},{"taxonomy":"product_tag","embeddable":true,"href":"https:\/\/www.vetorino.com\/veterinaire\/saint-die-des-vosges-88100\/boutique\/wp-json\/wp\/v2\/product_tag?post=482678"}],"curies":[{"name":"wp","href":"https:\/\/api.w.org\/{rel}","templated":true}]}}