{"id":1029970,"date":"2024-09-24T05:37:17","date_gmt":"2024-09-24T03:37:17","guid":{"rendered":"https:\/\/www.vetorino.com\/boutique\/?post_type=product&#038;p=1029970"},"modified":"2024-09-24T05:37:19","modified_gmt":"2024-09-24T03:37:19","slug":"lingettes-nettoyantes-pour-chat-chien-et-petits-mammiferes","status":"publish","type":"product","link":"https:\/\/www.vetorino.com\/veterinaire\/saint-pourcain-sur-sioule\/boutique\/product\/lingettes-nettoyantes-pour-chat-chien-et-petits-mammiferes\/","title":{"rendered":"Lingettes Nettoyantes pour Chat Chien et Petits Mammif\u00e8res"},"content":{"rendered":"<p><strong>Pourquoi choisir les lingettes nettoyantes de chez Biogance ?<\/strong><\/p>\n<p>Vous pouvez nettoyer \u00e0 l&#8217;aide de ces lingettes votre animal, que ce soit<strong> le pelage, ou bien les zones sensibles comme le contour des yeux, les oreilles ou les muqueuses<\/strong>. Vraiment compl\u00e8te vous pourrez<strong> nettoyer en douceur votre compagnon tr\u00e8s facilement et aussi fr\u00e9quemment que n\u00e9cessaire<\/strong>.<br \/>\nFormul\u00e9es \u00e0 base de <strong>Calendula Bio<\/strong> qui a de nombreuses propri\u00e9t\u00e9s notamment : assainissant, r\u00e9g\u00e9n\u00e9rant, nourrissant, antioxydant, revitalisant, antiseptique, apaisant, cicatrisant ou anti-inflammatoire.<br \/>\nCes lingettes sont <strong>100% biod\u00e9gradables et hypoallerg\u00e9niques<\/strong>. C&#8217;est un produit<strong> fabriqu\u00e9 en France, sans paraben, sans colorant, sans alcool et compos\u00e9 de 99% d&#8217;ingr\u00e9dients d&#8217;origine naturelle<\/strong>.<\/p>\n<p><strong>A qui convient ces lingettes ?\u00a0<\/strong><\/p>\n<p>Ces lingettes conviennent \u00e0 <strong>tous les types de pelages<\/strong> et sont adapt\u00e9es pour les chations et chiots.<\/p>\n<p><strong>Les plus de ce produit :<\/strong><\/p>\n<p>&#8211; Nettoie en douceur<br \/>\n&#8211; M\u00eame les zones sensibles<br \/>\n&#8211; Fabriqu\u00e9 en France<br \/>\n&#8211; 100% biod\u00e9gradables et hypoallerg\u00e9niques<br \/>\n&#8211; Sans paraben<br \/>\n&#8211; Sans colorant<br \/>\n&#8211; Sans alcool<br \/>\n&#8211; 99% d&#8217;ingr\u00e9dients d&#8217;origine naturelle<\/p>\n","protected":false},"excerpt":{"rendered":"<p class=\"value\">Pratique pour nettoyer l\u2019ensemble du pelage et les zones sensibles tels que le contour des yeux, des oreilles, des muqueuses. Cette formule hypoallerg\u00e9nique \u00e0 base de Calendula bio, sans paraben, sans colorant et sans alcool, est compos\u00e9e de 99% d\u2019ingr\u00e9dients d\u2019origine naturelle.<\/p>\n","protected":false},"featured_media":905092,"template":"","meta":[],"product_cat":[2698,12616,12561],"product_tag":[],"class_list":{"0":"post-1029970","1":"product","2":"type-product","3":"status-publish","4":"has-post-thumbnail","6":"product_cat-chien","7":"product_cat-hygiene-des-yeux-du-chien","8":"product_cat-hygiene-du-chien","9":"pa_marque-biogance","11":"first","12":"outofstock","13":"taxable","14":"shipping-taxable","15":"purchasable","16":"product-type-simple"},"yoast_head":"<!-- This site is optimized with the Yoast SEO plugin v27.3 - https:\/\/yoast.com\/product\/yoast-seo-wordpress\/ -->\n<title>Lingettes Nettoyantes pour Chat Chien et Petits Mammif\u00e8res Biogance - V\u00e9torino<\/title>\n<meta name=\"description\" content=\"Pratique pour nettoyer l\u2019ensemble du pelage et les zones sensibles tels que le contour des yeux, des oreilles, des muqueuses. Cette formule hypoallerg\u00e9nique \u00e0 base de Calendula bio, sans paraben, sans colorant et sans alcool, est compos\u00e9e de 99% d\u2019ingr\u00e9dients d\u2019origine naturelle.\" \/>\n<meta name=\"robots\" content=\"noindex, nofollow\" \/>\n<meta property=\"og:locale\" content=\"fr_FR\" \/>\n<meta property=\"og:type\" content=\"article\" \/>\n<meta property=\"og:title\" content=\"Lingettes Nettoyantes pour Chat Chien et Petits Mammif\u00e8res Biogance - V\u00e9torino\" \/>\n<meta property=\"og:description\" content=\"Pratique pour nettoyer l\u2019ensemble du pelage et les zones sensibles tels que le contour des yeux, des oreilles, des muqueuses. Cette formule hypoallerg\u00e9nique \u00e0 base de Calendula bio, sans paraben, sans colorant et sans alcool, est compos\u00e9e de 99% d\u2019ingr\u00e9dients d\u2019origine naturelle.\" \/>\n<meta property=\"og:url\" content=\"https:\/\/www.vetorino.com\/veterinaire\/saint-pourcain-sur-sioule\/boutique\/product\/lingettes-nettoyantes-pour-chat-chien-et-petits-mammiferes\/\" \/>\n<meta property=\"og:site_name\" content=\"V\u00e9torino\" \/>\n<meta property=\"article:publisher\" content=\"https:\/\/www.facebook.com\/Vetorino\/\" \/>\n<meta property=\"article:modified_time\" content=\"2024-09-24T03:37:19+00:00\" \/>\n<meta property=\"og:image\" content=\"https:\/\/www.vetorino.com\/boutique\/wp-content\/uploads\/2020\/03\/lingettes-nettoyantes-douces-biogance.jpg\" \/>\n\t<meta property=\"og:image:width\" content=\"900\" \/>\n\t<meta property=\"og:image:height\" content=\"900\" \/>\n\t<meta property=\"og:image:type\" content=\"image\/jpeg\" \/>\n<meta name=\"twitter:card\" content=\"summary_large_image\" \/>\n<meta name=\"twitter:label1\" content=\"Prix\" \/>\n\t<meta name=\"twitter:data1\" content=\"5,93&euro;\" \/>\n\t<meta name=\"twitter:label2\" content=\"Disponibilit\u00e9\" \/>\n\t<meta name=\"twitter:data2\" content=\"Rupture de stock\" \/>\n<script type=\"application\/ld+json\" class=\"yoast-schema-graph\">{\"@context\":\"https:\\\/\\\/schema.org\",\"@graph\":[{\"@type\":\"WebPage\",\"@id\":\"https:\\\/\\\/www.vetorino.com\\\/boutique\\\/product\\\/lingettes-nettoyantes-pour-chat-chien-et-petits-mammiferes\\\/\",\"url\":\"https:\\\/\\\/www.vetorino.com\\\/boutique\\\/product\\\/lingettes-nettoyantes-pour-chat-chien-et-petits-mammiferes\\\/\",\"name\":\"Lingettes Nettoyantes pour Chat Chien et Petits Mammif\u00e8res Biogance - V\u00e9torino\",\"isPartOf\":{\"@id\":\"https:\\\/\\\/www.vetorino.com\\\/boutique\\\/#website\"},\"primaryImageOfPage\":{\"@id\":\"https:\\\/\\\/www.vetorino.com\\\/boutique\\\/product\\\/lingettes-nettoyantes-pour-chat-chien-et-petits-mammiferes\\\/#primaryimage\"},\"image\":{\"@id\":\"https:\\\/\\\/www.vetorino.com\\\/boutique\\\/product\\\/lingettes-nettoyantes-pour-chat-chien-et-petits-mammiferes\\\/#primaryimage\"},\"thumbnailUrl\":\"https:\\\/\\\/www.vetorino.com\\\/boutique\\\/wp-content\\\/uploads\\\/2020\\\/03\\\/lingettes-nettoyantes-douces-biogance.jpg\",\"datePublished\":\"2024-09-24T03:37:17+00:00\",\"dateModified\":\"2024-09-24T03:37:19+00:00\",\"description\":\"Pratique pour nettoyer l\u2019ensemble du pelage et les zones sensibles tels que le contour des yeux, des oreilles, des muqueuses. Cette formule hypoallerg\u00e9nique \u00e0 base de Calendula bio, sans paraben, sans colorant et sans alcool, est compos\u00e9e de 99% d\u2019ingr\u00e9dients d\u2019origine naturelle.\",\"breadcrumb\":{\"@id\":\"https:\\\/\\\/www.vetorino.com\\\/boutique\\\/product\\\/lingettes-nettoyantes-pour-chat-chien-et-petits-mammiferes\\\/#breadcrumb\"},\"inLanguage\":\"fr-FR\",\"potentialAction\":[{\"@type\":\"ReadAction\",\"target\":[\"https:\\\/\\\/www.vetorino.com\\\/boutique\\\/product\\\/lingettes-nettoyantes-pour-chat-chien-et-petits-mammiferes\\\/\"]}]},{\"@type\":\"ImageObject\",\"inLanguage\":\"fr-FR\",\"@id\":\"https:\\\/\\\/www.vetorino.com\\\/boutique\\\/product\\\/lingettes-nettoyantes-pour-chat-chien-et-petits-mammiferes\\\/#primaryimage\",\"url\":\"https:\\\/\\\/www.vetorino.com\\\/boutique\\\/wp-content\\\/uploads\\\/2020\\\/03\\\/lingettes-nettoyantes-douces-biogance.jpg\",\"contentUrl\":\"https:\\\/\\\/www.vetorino.com\\\/boutique\\\/wp-content\\\/uploads\\\/2020\\\/03\\\/lingettes-nettoyantes-douces-biogance.jpg\",\"width\":900,\"height\":900},{\"@type\":\"BreadcrumbList\",\"@id\":\"https:\\\/\\\/www.vetorino.com\\\/boutique\\\/product\\\/lingettes-nettoyantes-pour-chat-chien-et-petits-mammiferes\\\/#breadcrumb\",\"itemListElement\":[{\"@type\":\"ListItem\",\"position\":1,\"name\":\"Accueil\",\"item\":\"https:\\\/\\\/www.vetorino.com\\\/boutique\\\/\"},{\"@type\":\"ListItem\",\"position\":2,\"name\":\"Produits\",\"item\":\"https:\\\/\\\/www.vetorino.com\\\/boutique\\\/\"},{\"@type\":\"ListItem\",\"position\":3,\"name\":\"Lingettes Nettoyantes pour Chat Chien et Petits Mammif\u00e8res\"}]},{\"@type\":\"WebSite\",\"@id\":\"https:\\\/\\\/www.vetorino.com\\\/boutique\\\/#website\",\"url\":\"https:\\\/\\\/www.vetorino.com\\\/boutique\\\/\",\"name\":\"V\u00e9torino\",\"description\":\"\",\"publisher\":{\"@id\":\"https:\\\/\\\/www.vetorino.com\\\/boutique\\\/#organization\"},\"potentialAction\":[{\"@type\":\"SearchAction\",\"target\":{\"@type\":\"EntryPoint\",\"urlTemplate\":\"https:\\\/\\\/www.vetorino.com\\\/boutique\\\/?s={search_term_string}\"},\"query-input\":{\"@type\":\"PropertyValueSpecification\",\"valueRequired\":true,\"valueName\":\"search_term_string\"}}],\"inLanguage\":\"fr-FR\"},{\"@type\":\"Organization\",\"@id\":\"https:\\\/\\\/www.vetorino.com\\\/boutique\\\/#organization\",\"name\":\"V\u00e9torino\",\"url\":\"https:\\\/\\\/www.vetorino.com\\\/boutique\\\/\",\"logo\":{\"@type\":\"ImageObject\",\"inLanguage\":\"fr-FR\",\"@id\":\"https:\\\/\\\/www.vetorino.com\\\/boutique\\\/#\\\/schema\\\/logo\\\/image\\\/\",\"url\":\"https:\\\/\\\/www.vetorino.com\\\/boutique\\\/wp-content\\\/uploads\\\/2024\\\/10\\\/logo.jpg\",\"contentUrl\":\"https:\\\/\\\/www.vetorino.com\\\/boutique\\\/wp-content\\\/uploads\\\/2024\\\/10\\\/logo.jpg\",\"width\":1200,\"height\":610,\"caption\":\"V\u00e9torino\"},\"image\":{\"@id\":\"https:\\\/\\\/www.vetorino.com\\\/boutique\\\/#\\\/schema\\\/logo\\\/image\\\/\"},\"sameAs\":[\"https:\\\/\\\/www.facebook.com\\\/Vetorino\\\/\",\"https:\\\/\\\/www.instagram.com\\\/vetorino_off\\\/\",\"https:\\\/\\\/www.linkedin.com\\\/company\\\/vtorino\\\/\"]}]}<\/script>\n<meta property=\"product:brand\" content=\"Biogance\" \/>\n<meta property=\"product:price:amount\" content=\"5.93\" \/>\n<meta property=\"product:price:currency\" content=\"EUR\" \/>\n<meta property=\"og:availability\" content=\"out of stock\" \/>\n<meta property=\"product:availability\" content=\"out of stock\" \/>\n<meta property=\"product:retailer_item_id\" content=\"O-21652\" \/>\n<meta property=\"product:condition\" content=\"new\" \/>\n<!-- \/ Yoast SEO plugin. -->","yoast_head_json":{"title":"Lingettes Nettoyantes pour Chat Chien et Petits Mammif\u00e8res Biogance - V\u00e9torino","description":"Pratique pour nettoyer l\u2019ensemble du pelage et les zones sensibles tels que le contour des yeux, des oreilles, des muqueuses. Cette formule hypoallerg\u00e9nique \u00e0 base de Calendula bio, sans paraben, sans colorant et sans alcool, est compos\u00e9e de 99% d\u2019ingr\u00e9dients d\u2019origine naturelle.","robots":{"index":"noindex","follow":"nofollow"},"og_locale":"fr_FR","og_type":"article","og_title":"Lingettes Nettoyantes pour Chat Chien et Petits Mammif\u00e8res Biogance - V\u00e9torino","og_description":"Pratique pour nettoyer l\u2019ensemble du pelage et les zones sensibles tels que le contour des yeux, des oreilles, des muqueuses. Cette formule hypoallerg\u00e9nique \u00e0 base de Calendula bio, sans paraben, sans colorant et sans alcool, est compos\u00e9e de 99% d\u2019ingr\u00e9dients d\u2019origine naturelle.","og_url":"https:\/\/www.vetorino.com\/veterinaire\/saint-pourcain-sur-sioule\/boutique\/product\/lingettes-nettoyantes-pour-chat-chien-et-petits-mammiferes\/","og_site_name":"V\u00e9torino","article_publisher":"https:\/\/www.facebook.com\/Vetorino\/","article_modified_time":"2024-09-24T03:37:19+00:00","og_image":[{"width":900,"height":900,"url":"https:\/\/www.vetorino.com\/boutique\/wp-content\/uploads\/2020\/03\/lingettes-nettoyantes-douces-biogance.jpg","type":"image\/jpeg"}],"twitter_card":"summary_large_image","twitter_misc":{"Prix":"5,93&euro;","Disponibilit\u00e9":"Rupture de stock"},"schema":{"@context":"https:\/\/schema.org","@graph":[{"@type":"WebPage","@id":"https:\/\/www.vetorino.com\/boutique\/product\/lingettes-nettoyantes-pour-chat-chien-et-petits-mammiferes\/","url":"https:\/\/www.vetorino.com\/boutique\/product\/lingettes-nettoyantes-pour-chat-chien-et-petits-mammiferes\/","name":"Lingettes Nettoyantes pour Chat Chien et Petits Mammif\u00e8res Biogance - V\u00e9torino","isPartOf":{"@id":"https:\/\/www.vetorino.com\/boutique\/#website"},"primaryImageOfPage":{"@id":"https:\/\/www.vetorino.com\/boutique\/product\/lingettes-nettoyantes-pour-chat-chien-et-petits-mammiferes\/#primaryimage"},"image":{"@id":"https:\/\/www.vetorino.com\/boutique\/product\/lingettes-nettoyantes-pour-chat-chien-et-petits-mammiferes\/#primaryimage"},"thumbnailUrl":"https:\/\/www.vetorino.com\/boutique\/wp-content\/uploads\/2020\/03\/lingettes-nettoyantes-douces-biogance.jpg","datePublished":"2024-09-24T03:37:17+00:00","dateModified":"2024-09-24T03:37:19+00:00","description":"Pratique pour nettoyer l\u2019ensemble du pelage et les zones sensibles tels que le contour des yeux, des oreilles, des muqueuses. Cette formule hypoallerg\u00e9nique \u00e0 base de Calendula bio, sans paraben, sans colorant et sans alcool, est compos\u00e9e de 99% d\u2019ingr\u00e9dients d\u2019origine naturelle.","breadcrumb":{"@id":"https:\/\/www.vetorino.com\/boutique\/product\/lingettes-nettoyantes-pour-chat-chien-et-petits-mammiferes\/#breadcrumb"},"inLanguage":"fr-FR","potentialAction":[{"@type":"ReadAction","target":["https:\/\/www.vetorino.com\/boutique\/product\/lingettes-nettoyantes-pour-chat-chien-et-petits-mammiferes\/"]}]},{"@type":"ImageObject","inLanguage":"fr-FR","@id":"https:\/\/www.vetorino.com\/boutique\/product\/lingettes-nettoyantes-pour-chat-chien-et-petits-mammiferes\/#primaryimage","url":"https:\/\/www.vetorino.com\/boutique\/wp-content\/uploads\/2020\/03\/lingettes-nettoyantes-douces-biogance.jpg","contentUrl":"https:\/\/www.vetorino.com\/boutique\/wp-content\/uploads\/2020\/03\/lingettes-nettoyantes-douces-biogance.jpg","width":900,"height":900},{"@type":"BreadcrumbList","@id":"https:\/\/www.vetorino.com\/boutique\/product\/lingettes-nettoyantes-pour-chat-chien-et-petits-mammiferes\/#breadcrumb","itemListElement":[{"@type":"ListItem","position":1,"name":"Accueil","item":"https:\/\/www.vetorino.com\/boutique\/"},{"@type":"ListItem","position":2,"name":"Produits","item":"https:\/\/www.vetorino.com\/boutique\/"},{"@type":"ListItem","position":3,"name":"Lingettes Nettoyantes pour Chat Chien et Petits Mammif\u00e8res"}]},{"@type":"WebSite","@id":"https:\/\/www.vetorino.com\/boutique\/#website","url":"https:\/\/www.vetorino.com\/boutique\/","name":"V\u00e9torino","description":"","publisher":{"@id":"https:\/\/www.vetorino.com\/boutique\/#organization"},"potentialAction":[{"@type":"SearchAction","target":{"@type":"EntryPoint","urlTemplate":"https:\/\/www.vetorino.com\/boutique\/?s={search_term_string}"},"query-input":{"@type":"PropertyValueSpecification","valueRequired":true,"valueName":"search_term_string"}}],"inLanguage":"fr-FR"},{"@type":"Organization","@id":"https:\/\/www.vetorino.com\/boutique\/#organization","name":"V\u00e9torino","url":"https:\/\/www.vetorino.com\/boutique\/","logo":{"@type":"ImageObject","inLanguage":"fr-FR","@id":"https:\/\/www.vetorino.com\/boutique\/#\/schema\/logo\/image\/","url":"https:\/\/www.vetorino.com\/boutique\/wp-content\/uploads\/2024\/10\/logo.jpg","contentUrl":"https:\/\/www.vetorino.com\/boutique\/wp-content\/uploads\/2024\/10\/logo.jpg","width":1200,"height":610,"caption":"V\u00e9torino"},"image":{"@id":"https:\/\/www.vetorino.com\/boutique\/#\/schema\/logo\/image\/"},"sameAs":["https:\/\/www.facebook.com\/Vetorino\/","https:\/\/www.instagram.com\/vetorino_off\/","https:\/\/www.linkedin.com\/company\/vtorino\/"]}]},"product_brand":"Biogance","product_price_amount":"5.93","product_price_currency":"EUR","og_availability":"out of stock","product_availability":"out of stock","product_retailer_item_id":"O-21652","product_condition":"new"},"_links":{"self":[{"href":"https:\/\/www.vetorino.com\/veterinaire\/saint-pourcain-sur-sioule\/boutique\/wp-json\/wp\/v2\/product\/1029970","targetHints":{"allow":["GET"]}}],"collection":[{"href":"https:\/\/www.vetorino.com\/veterinaire\/saint-pourcain-sur-sioule\/boutique\/wp-json\/wp\/v2\/product"}],"about":[{"href":"https:\/\/www.vetorino.com\/veterinaire\/saint-pourcain-sur-sioule\/boutique\/wp-json\/wp\/v2\/types\/product"}],"wp:featuredmedia":[{"embeddable":true,"href":"https:\/\/www.vetorino.com\/veterinaire\/saint-pourcain-sur-sioule\/boutique\/wp-json\/wp\/v2\/media\/905092"}],"wp:attachment":[{"href":"https:\/\/www.vetorino.com\/veterinaire\/saint-pourcain-sur-sioule\/boutique\/wp-json\/wp\/v2\/media?parent=1029970"}],"wp:term":[{"taxonomy":"product_cat","embeddable":true,"href":"https:\/\/www.vetorino.com\/veterinaire\/saint-pourcain-sur-sioule\/boutique\/wp-json\/wp\/v2\/product_cat?post=1029970"},{"taxonomy":"product_tag","embeddable":true,"href":"https:\/\/www.vetorino.com\/veterinaire\/saint-pourcain-sur-sioule\/boutique\/wp-json\/wp\/v2\/product_tag?post=1029970"}],"curies":[{"name":"wp","href":"https:\/\/api.w.org\/{rel}","templated":true}]}}