{"id":349471,"date":"2022-07-20T02:13:43","date_gmt":"2022-07-20T00:13:43","guid":{"rendered":"https:\/\/www.vetorino.com\/boutique\/?post_type=product&#038;p=349471"},"modified":"2023-03-01T04:37:21","modified_gmt":"2023-03-01T03:37:21","slug":"lancettes-steriles-alphatrak-calibre-28-boite-de-100","status":"publish","type":"product","link":"https:\/\/www.vetorino.com\/veterinaire\/saint-pourcain-sur-sioule\/boutique\/product\/lancettes-steriles-alphatrak-calibre-28-boite-de-100\/","title":{"rendered":"LANCETTES ST\u00c9RILES ALPHATRAK CALIBRE 28 &#8211; BO\u00ceTE DE 100"},"content":{"rendered":"<p>Glucometre AlphaTrak 2 est compos\u00e9 des lancettes AlphaTRAK qui sont des petites aiguilles permettant de piquer sans douleur l\u2019oreille de votre chien. Elles s&#8217;utilisent avec le lecteur AlphaTRAK 2 pour surveiller la glyc\u00e9mie de votre compagnon (chien, chat).<\/p>\n<p>Vous trouverez dans ce produit:<\/p>\n<ul>\n<li>ALPHATRAK\u00a0LECTEUR\u00a0GLYCEMIE\u00a0KIT\u00a0COMPLET<\/li>\n<li>SOLUTION\u00a0CONTROLE\u00a0ALPHATRAK\u00a02X4ML<\/li>\n<li>LANCETTES\u00a0PRISE\u00a0SG\u00a0ALPHATRAK\u00a0X100<\/li>\n<\/ul>\n","protected":false},"excerpt":{"rendered":"<p>Les <strong>L<\/strong><strong>ancettes\u00a0st\u00e9riles\u00a0AlphaTRAK<\/strong>\u00a0permettent de pr\u00e9lever une goutte de sang sans douleur sur l&#8217;oreille de votre chien ou chat.<\/p>\n<p>Elles s&#8217;utilisent\u00a0avec le lecteur\u00a0<strong>AlphaTRAK 2<\/strong>\u00a0pour la surveillance de la glyc\u00e9mie de votre animal.<\/p>\n<p>Une fois la goutte pr\u00e9lev\u00e9e il faudra l&#8217;appliquer sur une des 2 zones de pr\u00e9l\u00e8vements.<\/p>\n","protected":false},"featured_media":0,"template":"","meta":[],"product_cat":[2697,2698,12560,12561],"product_tag":[],"class_list":{"0":"post-349471","1":"product","2":"type-product","3":"status-publish","5":"product_cat-chat","6":"product_cat-chien","7":"product_cat-hygiene-du-chat","8":"product_cat-hygiene-du-chien","9":"pa_marque-abbott","11":"first","12":"instock","13":"taxable","14":"shipping-taxable","15":"purchasable","16":"product-type-variable"},"yoast_head":"<!-- This site is optimized with the Yoast SEO plugin v27.3 - https:\/\/yoast.com\/product\/yoast-seo-wordpress\/ -->\n<title>LANCETTES ST\u00c9RILES ALPHATRAK CALIBRE 28 - BO\u00ceTE DE 100 Abbott - V\u00e9torino<\/title>\n<meta name=\"description\" content=\"Les Lancettes\u00a0st\u00e9riles\u00a0AlphaTRAK\u00a0permettent de pr\u00e9lever une goutte de sang sans douleur sur l&#039;oreille de votre chien ou chat.  Elles s&#039;utilisent\u00a0avec le lecteur\u00a0AlphaTRAK 2\u00a0pour la surveillance de la glyc\u00e9mie de votre animal.  Une fois la goutte pr\u00e9lev\u00e9e il faudra l&#039;appliquer sur une des 2 zones de pr\u00e9l\u00e8vements.\" \/>\n<meta name=\"robots\" content=\"noindex, nofollow\" \/>\n<meta property=\"og:locale\" content=\"fr_FR\" \/>\n<meta property=\"og:type\" content=\"article\" \/>\n<meta property=\"og:title\" content=\"LANCETTES ST\u00c9RILES ALPHATRAK CALIBRE 28 - BO\u00ceTE DE 100 Abbott - V\u00e9torino\" \/>\n<meta property=\"og:description\" content=\"Les Lancettes\u00a0st\u00e9riles\u00a0AlphaTRAK\u00a0permettent de pr\u00e9lever une goutte de sang sans douleur sur l&#039;oreille de votre chien ou chat.  Elles s&#039;utilisent\u00a0avec le lecteur\u00a0AlphaTRAK 2\u00a0pour la surveillance de la glyc\u00e9mie de votre animal.  Une fois la goutte pr\u00e9lev\u00e9e il faudra l&#039;appliquer sur une des 2 zones de pr\u00e9l\u00e8vements.\" \/>\n<meta property=\"og:url\" content=\"https:\/\/www.vetorino.com\/veterinaire\/saint-pourcain-sur-sioule\/boutique\/product\/lancettes-steriles-alphatrak-calibre-28-boite-de-100\/\" \/>\n<meta property=\"og:site_name\" content=\"V\u00e9torino\" \/>\n<meta property=\"article:publisher\" content=\"https:\/\/www.facebook.com\/Vetorino\/\" \/>\n<meta property=\"article:modified_time\" content=\"2023-03-01T03:37:21+00:00\" \/>\n<meta property=\"og:image\" content=\"https:\/\/www.vetorino.com\/boutique\/wp-content\/uploads\/2020\/09\/logo-vetorino-1.png\" \/>\n\t<meta property=\"og:image:width\" content=\"539\" \/>\n\t<meta property=\"og:image:height\" content=\"224\" \/>\n\t<meta property=\"og:image:type\" content=\"image\/png\" \/>\n<meta name=\"twitter:card\" content=\"summary_large_image\" \/>\n<meta name=\"twitter:label1\" content=\"Disponibilit\u00e9\" \/>\n\t<meta name=\"twitter:data1\" content=\"En stock\" \/>\n<script type=\"application\/ld+json\" class=\"yoast-schema-graph\">{\"@context\":\"https:\\\/\\\/schema.org\",\"@graph\":[{\"@type\":\"WebPage\",\"@id\":\"https:\\\/\\\/www.vetorino.com\\\/boutique\\\/product\\\/lancettes-steriles-alphatrak-calibre-28-boite-de-100\\\/\",\"url\":\"https:\\\/\\\/www.vetorino.com\\\/boutique\\\/product\\\/lancettes-steriles-alphatrak-calibre-28-boite-de-100\\\/\",\"name\":\"LANCETTES ST\u00c9RILES ALPHATRAK CALIBRE 28 - BO\u00ceTE DE 100 Abbott - V\u00e9torino\",\"isPartOf\":{\"@id\":\"https:\\\/\\\/www.vetorino.com\\\/boutique\\\/#website\"},\"datePublished\":\"2022-07-20T00:13:43+00:00\",\"dateModified\":\"2023-03-01T03:37:21+00:00\",\"description\":\"Les Lancettes\u00a0st\u00e9riles\u00a0AlphaTRAK\u00a0permettent de pr\u00e9lever une goutte de sang sans douleur sur l'oreille de votre chien ou chat. Elles s'utilisent\u00a0avec le lecteur\u00a0AlphaTRAK 2\u00a0pour la surveillance de la glyc\u00e9mie de votre animal. Une fois la goutte pr\u00e9lev\u00e9e il faudra l'appliquer sur une des 2 zones de pr\u00e9l\u00e8vements.\",\"breadcrumb\":{\"@id\":\"https:\\\/\\\/www.vetorino.com\\\/boutique\\\/product\\\/lancettes-steriles-alphatrak-calibre-28-boite-de-100\\\/#breadcrumb\"},\"inLanguage\":\"fr-FR\",\"potentialAction\":[{\"@type\":\"ReadAction\",\"target\":[\"https:\\\/\\\/www.vetorino.com\\\/boutique\\\/product\\\/lancettes-steriles-alphatrak-calibre-28-boite-de-100\\\/\"]}]},{\"@type\":\"BreadcrumbList\",\"@id\":\"https:\\\/\\\/www.vetorino.com\\\/boutique\\\/product\\\/lancettes-steriles-alphatrak-calibre-28-boite-de-100\\\/#breadcrumb\",\"itemListElement\":[{\"@type\":\"ListItem\",\"position\":1,\"name\":\"Accueil\",\"item\":\"https:\\\/\\\/www.vetorino.com\\\/boutique\\\/\"},{\"@type\":\"ListItem\",\"position\":2,\"name\":\"Produits\",\"item\":\"https:\\\/\\\/www.vetorino.com\\\/boutique\\\/\"},{\"@type\":\"ListItem\",\"position\":3,\"name\":\"LANCETTES ST\u00c9RILES ALPHATRAK CALIBRE 28 &#8211; BO\u00ceTE DE 100\"}]},{\"@type\":\"WebSite\",\"@id\":\"https:\\\/\\\/www.vetorino.com\\\/boutique\\\/#website\",\"url\":\"https:\\\/\\\/www.vetorino.com\\\/boutique\\\/\",\"name\":\"V\u00e9torino\",\"description\":\"\",\"publisher\":{\"@id\":\"https:\\\/\\\/www.vetorino.com\\\/boutique\\\/#organization\"},\"potentialAction\":[{\"@type\":\"SearchAction\",\"target\":{\"@type\":\"EntryPoint\",\"urlTemplate\":\"https:\\\/\\\/www.vetorino.com\\\/boutique\\\/?s={search_term_string}\"},\"query-input\":{\"@type\":\"PropertyValueSpecification\",\"valueRequired\":true,\"valueName\":\"search_term_string\"}}],\"inLanguage\":\"fr-FR\"},{\"@type\":\"Organization\",\"@id\":\"https:\\\/\\\/www.vetorino.com\\\/boutique\\\/#organization\",\"name\":\"V\u00e9torino\",\"url\":\"https:\\\/\\\/www.vetorino.com\\\/boutique\\\/\",\"logo\":{\"@type\":\"ImageObject\",\"inLanguage\":\"fr-FR\",\"@id\":\"https:\\\/\\\/www.vetorino.com\\\/boutique\\\/#\\\/schema\\\/logo\\\/image\\\/\",\"url\":\"https:\\\/\\\/www.vetorino.com\\\/boutique\\\/wp-content\\\/uploads\\\/2024\\\/10\\\/logo.jpg\",\"contentUrl\":\"https:\\\/\\\/www.vetorino.com\\\/boutique\\\/wp-content\\\/uploads\\\/2024\\\/10\\\/logo.jpg\",\"width\":1200,\"height\":610,\"caption\":\"V\u00e9torino\"},\"image\":{\"@id\":\"https:\\\/\\\/www.vetorino.com\\\/boutique\\\/#\\\/schema\\\/logo\\\/image\\\/\"},\"sameAs\":[\"https:\\\/\\\/www.facebook.com\\\/Vetorino\\\/\",\"https:\\\/\\\/www.instagram.com\\\/vetorino_off\\\/\",\"https:\\\/\\\/www.linkedin.com\\\/company\\\/vtorino\\\/\"]}]}<\/script>\n<meta property=\"product:brand\" content=\"Abbott\" \/>\n<meta property=\"og:availability\" content=\"instock\" \/>\n<meta property=\"product:availability\" content=\"instock\" \/>\n<meta property=\"product:condition\" content=\"new\" \/>\n<!-- \/ Yoast SEO plugin. -->","yoast_head_json":{"title":"LANCETTES ST\u00c9RILES ALPHATRAK CALIBRE 28 - BO\u00ceTE DE 100 Abbott - V\u00e9torino","description":"Les Lancettes\u00a0st\u00e9riles\u00a0AlphaTRAK\u00a0permettent de pr\u00e9lever une goutte de sang sans douleur sur l'oreille de votre chien ou chat.  Elles s'utilisent\u00a0avec le lecteur\u00a0AlphaTRAK 2\u00a0pour la surveillance de la glyc\u00e9mie de votre animal.  Une fois la goutte pr\u00e9lev\u00e9e il faudra l'appliquer sur une des 2 zones de pr\u00e9l\u00e8vements.","robots":{"index":"noindex","follow":"nofollow"},"og_locale":"fr_FR","og_type":"article","og_title":"LANCETTES ST\u00c9RILES ALPHATRAK CALIBRE 28 - BO\u00ceTE DE 100 Abbott - V\u00e9torino","og_description":"Les Lancettes\u00a0st\u00e9riles\u00a0AlphaTRAK\u00a0permettent de pr\u00e9lever une goutte de sang sans douleur sur l'oreille de votre chien ou chat.  Elles s'utilisent\u00a0avec le lecteur\u00a0AlphaTRAK 2\u00a0pour la surveillance de la glyc\u00e9mie de votre animal.  Une fois la goutte pr\u00e9lev\u00e9e il faudra l'appliquer sur une des 2 zones de pr\u00e9l\u00e8vements.","og_url":"https:\/\/www.vetorino.com\/veterinaire\/saint-pourcain-sur-sioule\/boutique\/product\/lancettes-steriles-alphatrak-calibre-28-boite-de-100\/","og_site_name":"V\u00e9torino","article_publisher":"https:\/\/www.facebook.com\/Vetorino\/","article_modified_time":"2023-03-01T03:37:21+00:00","og_image":[{"width":539,"height":224,"url":"https:\/\/www.vetorino.com\/boutique\/wp-content\/uploads\/2020\/09\/logo-vetorino-1.png","type":"image\/png"}],"twitter_card":"summary_large_image","twitter_misc":{"Disponibilit\u00e9":"En stock"},"schema":{"@context":"https:\/\/schema.org","@graph":[{"@type":"WebPage","@id":"https:\/\/www.vetorino.com\/boutique\/product\/lancettes-steriles-alphatrak-calibre-28-boite-de-100\/","url":"https:\/\/www.vetorino.com\/boutique\/product\/lancettes-steriles-alphatrak-calibre-28-boite-de-100\/","name":"LANCETTES ST\u00c9RILES ALPHATRAK CALIBRE 28 - BO\u00ceTE DE 100 Abbott - V\u00e9torino","isPartOf":{"@id":"https:\/\/www.vetorino.com\/boutique\/#website"},"datePublished":"2022-07-20T00:13:43+00:00","dateModified":"2023-03-01T03:37:21+00:00","description":"Les Lancettes\u00a0st\u00e9riles\u00a0AlphaTRAK\u00a0permettent de pr\u00e9lever une goutte de sang sans douleur sur l'oreille de votre chien ou chat. Elles s'utilisent\u00a0avec le lecteur\u00a0AlphaTRAK 2\u00a0pour la surveillance de la glyc\u00e9mie de votre animal. Une fois la goutte pr\u00e9lev\u00e9e il faudra l'appliquer sur une des 2 zones de pr\u00e9l\u00e8vements.","breadcrumb":{"@id":"https:\/\/www.vetorino.com\/boutique\/product\/lancettes-steriles-alphatrak-calibre-28-boite-de-100\/#breadcrumb"},"inLanguage":"fr-FR","potentialAction":[{"@type":"ReadAction","target":["https:\/\/www.vetorino.com\/boutique\/product\/lancettes-steriles-alphatrak-calibre-28-boite-de-100\/"]}]},{"@type":"BreadcrumbList","@id":"https:\/\/www.vetorino.com\/boutique\/product\/lancettes-steriles-alphatrak-calibre-28-boite-de-100\/#breadcrumb","itemListElement":[{"@type":"ListItem","position":1,"name":"Accueil","item":"https:\/\/www.vetorino.com\/boutique\/"},{"@type":"ListItem","position":2,"name":"Produits","item":"https:\/\/www.vetorino.com\/boutique\/"},{"@type":"ListItem","position":3,"name":"LANCETTES ST\u00c9RILES ALPHATRAK CALIBRE 28 &#8211; BO\u00ceTE DE 100"}]},{"@type":"WebSite","@id":"https:\/\/www.vetorino.com\/boutique\/#website","url":"https:\/\/www.vetorino.com\/boutique\/","name":"V\u00e9torino","description":"","publisher":{"@id":"https:\/\/www.vetorino.com\/boutique\/#organization"},"potentialAction":[{"@type":"SearchAction","target":{"@type":"EntryPoint","urlTemplate":"https:\/\/www.vetorino.com\/boutique\/?s={search_term_string}"},"query-input":{"@type":"PropertyValueSpecification","valueRequired":true,"valueName":"search_term_string"}}],"inLanguage":"fr-FR"},{"@type":"Organization","@id":"https:\/\/www.vetorino.com\/boutique\/#organization","name":"V\u00e9torino","url":"https:\/\/www.vetorino.com\/boutique\/","logo":{"@type":"ImageObject","inLanguage":"fr-FR","@id":"https:\/\/www.vetorino.com\/boutique\/#\/schema\/logo\/image\/","url":"https:\/\/www.vetorino.com\/boutique\/wp-content\/uploads\/2024\/10\/logo.jpg","contentUrl":"https:\/\/www.vetorino.com\/boutique\/wp-content\/uploads\/2024\/10\/logo.jpg","width":1200,"height":610,"caption":"V\u00e9torino"},"image":{"@id":"https:\/\/www.vetorino.com\/boutique\/#\/schema\/logo\/image\/"},"sameAs":["https:\/\/www.facebook.com\/Vetorino\/","https:\/\/www.instagram.com\/vetorino_off\/","https:\/\/www.linkedin.com\/company\/vtorino\/"]}]},"product_brand":"Abbott","og_availability":"instock","product_availability":"instock","product_condition":"new"},"_links":{"self":[{"href":"https:\/\/www.vetorino.com\/veterinaire\/saint-pourcain-sur-sioule\/boutique\/wp-json\/wp\/v2\/product\/349471","targetHints":{"allow":["GET"]}}],"collection":[{"href":"https:\/\/www.vetorino.com\/veterinaire\/saint-pourcain-sur-sioule\/boutique\/wp-json\/wp\/v2\/product"}],"about":[{"href":"https:\/\/www.vetorino.com\/veterinaire\/saint-pourcain-sur-sioule\/boutique\/wp-json\/wp\/v2\/types\/product"}],"wp:attachment":[{"href":"https:\/\/www.vetorino.com\/veterinaire\/saint-pourcain-sur-sioule\/boutique\/wp-json\/wp\/v2\/media?parent=349471"}],"wp:term":[{"taxonomy":"product_cat","embeddable":true,"href":"https:\/\/www.vetorino.com\/veterinaire\/saint-pourcain-sur-sioule\/boutique\/wp-json\/wp\/v2\/product_cat?post=349471"},{"taxonomy":"product_tag","embeddable":true,"href":"https:\/\/www.vetorino.com\/veterinaire\/saint-pourcain-sur-sioule\/boutique\/wp-json\/wp\/v2\/product_tag?post=349471"}],"curies":[{"name":"wp","href":"https:\/\/api.w.org\/{rel}","templated":true}]}}