{"id":349497,"date":"2022-07-20T02:14:17","date_gmt":"2022-07-20T00:14:17","guid":{"rendered":"https:\/\/www.vetorino.com\/boutique\/?post_type=product&#038;p=349497"},"modified":"2024-03-21T12:19:36","modified_gmt":"2024-03-21T11:19:36","slug":"collier-anti-aboiement-aboistop-2","status":"publish","type":"product","link":"https:\/\/www.vetorino.com\/veterinaire\/saint-pourcain-sur-sioule\/boutique\/product\/collier-anti-aboiement-aboistop-2\/","title":{"rendered":"Collier anti-aboiement"},"content":{"rendered":"<p><strong>Le collier Aboistop<\/strong> pour chien comporte un brumisateur qui d\u00e9clenche une pulv\u00e9risation de citronnelle ou d&#8217;essence de moutarde \u00e0 chaque aboiement.<\/p>\n<p>Au d\u00e9part, \u00e0 chaque aboiement, ce stimulus inhabituel surprend le chien et interrompt sa s\u00e9quence d&#8217;aboiements. Par la suite, le chien associe la pr\u00e9sence du collier \u00e0 l&#8217;interdiction d&#8217;aboyer sous peine de recevoir le jet du brumisateur.\u00a0 L&#8217;efficacit\u00e9 du collier appara\u00eet d\u00e8s les premiers jours, si la nette diminution ou l&#8217;arr\u00eat des aboiements ne sont pas obtenus au bout de la premi\u00e8re semaine, une autre m\u00e9thode doit \u00eatre envisag\u00e9e. Les piles sont\u00a0fournies.<\/p>\n<p>\u00c9tanche aux ruisselements.<\/p>\n<p>Notre conseil : nous vous recommandons d&#8217;associer ce dispositif \u00e0 une th\u00e9rapie comportementale, en lien avec votre v\u00e9t\u00e9rinaire.<\/p>\n<p><strong>Contenu du kit :<\/strong><\/p>\n<ul>\n<li>1 boitier Aboistop Spray Medium (chien &gt; 8kg)<\/li>\n<li>1 sangle<\/li>\n<li>1 pile 6V lithium (pour Medium) \/ 6V alcaline (pour Large)<\/li>\n<li>1 recharge de spray (75 mL)<\/li>\n<li>1 jeton tournevis<\/li>\n<li>1 notice d&#8217;utilisation<\/li>\n<li>1 certificat de garantie<\/li>\n<\/ul>\n<p>Sangle en nylon r\u00e9glable<\/p>\n","protected":false},"excerpt":{"rendered":"<p>Collier anti-aboiement \u00e0 spray ABOISTOP, pour chien, qui \u00e9met un spray vers la truffe du chien pour interrompre ses aboiements. Existe en version STANDARD.<\/p>\n","protected":false},"featured_media":873796,"template":"","meta":[],"product_cat":[2786,2698,2789],"product_tag":[],"class_list":{"0":"post-349497","1":"product","2":"type-product","3":"status-publish","4":"has-post-thumbnail","6":"product_cat-anti-stress-et-anxiete-du-chien","7":"product_cat-chien","8":"product_cat-systemes-anti-aboiements","9":"pa_marque-dynavet","11":"first","12":"instock","13":"taxable","14":"shipping-taxable","15":"purchasable","16":"product-type-variable"},"yoast_head":"<!-- This site is optimized with the Yoast SEO plugin v27.3 - https:\/\/yoast.com\/product\/yoast-seo-wordpress\/ -->\n<title>Collier anti-aboiement Dynavet - V\u00e9torino<\/title>\n<meta name=\"description\" content=\"Collier anti-aboiement \u00e0 spray ABOISTOP, pour chien, qui \u00e9met un spray vers la truffe du chien pour interrompre ses aboiements. Existe en version STANDARD.\" \/>\n<meta name=\"robots\" content=\"noindex, nofollow\" \/>\n<meta property=\"og:locale\" content=\"fr_FR\" \/>\n<meta property=\"og:type\" content=\"article\" \/>\n<meta property=\"og:title\" content=\"Collier anti-aboiement Dynavet - V\u00e9torino\" \/>\n<meta property=\"og:description\" content=\"Collier anti-aboiement \u00e0 spray ABOISTOP, pour chien, qui \u00e9met un spray vers la truffe du chien pour interrompre ses aboiements. Existe en version STANDARD.\" \/>\n<meta property=\"og:url\" content=\"https:\/\/www.vetorino.com\/veterinaire\/saint-pourcain-sur-sioule\/boutique\/product\/collier-anti-aboiement-aboistop-2\/\" \/>\n<meta property=\"og:site_name\" content=\"V\u00e9torino\" \/>\n<meta property=\"article:publisher\" content=\"https:\/\/www.facebook.com\/Vetorino\/\" \/>\n<meta property=\"article:modified_time\" content=\"2024-03-21T11:19:36+00:00\" \/>\n<meta property=\"og:image\" content=\"https:\/\/www.vetorino.com\/boutique\/wp-content\/uploads\/2020\/03\/7722699.png\" \/>\n\t<meta property=\"og:image:width\" content=\"3514\" \/>\n\t<meta property=\"og:image:height\" content=\"2489\" \/>\n\t<meta property=\"og:image:type\" content=\"image\/png\" \/>\n<meta name=\"twitter:card\" content=\"summary_large_image\" \/>\n<meta name=\"twitter:label1\" content=\"Disponibilit\u00e9\" \/>\n\t<meta name=\"twitter:data1\" content=\"En stock\" \/>\n<script type=\"application\/ld+json\" class=\"yoast-schema-graph\">{\"@context\":\"https:\\\/\\\/schema.org\",\"@graph\":[{\"@type\":\"WebPage\",\"@id\":\"https:\\\/\\\/www.vetorino.com\\\/boutique\\\/product\\\/collier-anti-aboiement-aboistop-2\\\/\",\"url\":\"https:\\\/\\\/www.vetorino.com\\\/boutique\\\/product\\\/collier-anti-aboiement-aboistop-2\\\/\",\"name\":\"Collier anti-aboiement Dynavet - V\u00e9torino\",\"isPartOf\":{\"@id\":\"https:\\\/\\\/www.vetorino.com\\\/boutique\\\/#website\"},\"primaryImageOfPage\":{\"@id\":\"https:\\\/\\\/www.vetorino.com\\\/boutique\\\/product\\\/collier-anti-aboiement-aboistop-2\\\/#primaryimage\"},\"image\":{\"@id\":\"https:\\\/\\\/www.vetorino.com\\\/boutique\\\/product\\\/collier-anti-aboiement-aboistop-2\\\/#primaryimage\"},\"thumbnailUrl\":\"https:\\\/\\\/www.vetorino.com\\\/boutique\\\/wp-content\\\/uploads\\\/2020\\\/03\\\/7722699.png\",\"datePublished\":\"2022-07-20T00:14:17+00:00\",\"dateModified\":\"2024-03-21T11:19:36+00:00\",\"description\":\"Collier anti-aboiement \u00e0 spray ABOISTOP, pour chien, qui \u00e9met un spray vers la truffe du chien pour interrompre ses aboiements. Existe en version STANDARD.\",\"breadcrumb\":{\"@id\":\"https:\\\/\\\/www.vetorino.com\\\/boutique\\\/product\\\/collier-anti-aboiement-aboistop-2\\\/#breadcrumb\"},\"inLanguage\":\"fr-FR\",\"potentialAction\":[{\"@type\":\"ReadAction\",\"target\":[\"https:\\\/\\\/www.vetorino.com\\\/boutique\\\/product\\\/collier-anti-aboiement-aboistop-2\\\/\"]}]},{\"@type\":\"ImageObject\",\"inLanguage\":\"fr-FR\",\"@id\":\"https:\\\/\\\/www.vetorino.com\\\/boutique\\\/product\\\/collier-anti-aboiement-aboistop-2\\\/#primaryimage\",\"url\":\"https:\\\/\\\/www.vetorino.com\\\/boutique\\\/wp-content\\\/uploads\\\/2020\\\/03\\\/7722699.png\",\"contentUrl\":\"https:\\\/\\\/www.vetorino.com\\\/boutique\\\/wp-content\\\/uploads\\\/2020\\\/03\\\/7722699.png\",\"width\":3514,\"height\":2489},{\"@type\":\"BreadcrumbList\",\"@id\":\"https:\\\/\\\/www.vetorino.com\\\/boutique\\\/product\\\/collier-anti-aboiement-aboistop-2\\\/#breadcrumb\",\"itemListElement\":[{\"@type\":\"ListItem\",\"position\":1,\"name\":\"Accueil\",\"item\":\"https:\\\/\\\/www.vetorino.com\\\/boutique\\\/\"},{\"@type\":\"ListItem\",\"position\":2,\"name\":\"Produits\",\"item\":\"https:\\\/\\\/www.vetorino.com\\\/boutique\\\/\"},{\"@type\":\"ListItem\",\"position\":3,\"name\":\"Collier anti-aboiement\"}]},{\"@type\":\"WebSite\",\"@id\":\"https:\\\/\\\/www.vetorino.com\\\/boutique\\\/#website\",\"url\":\"https:\\\/\\\/www.vetorino.com\\\/boutique\\\/\",\"name\":\"V\u00e9torino\",\"description\":\"\",\"publisher\":{\"@id\":\"https:\\\/\\\/www.vetorino.com\\\/boutique\\\/#organization\"},\"potentialAction\":[{\"@type\":\"SearchAction\",\"target\":{\"@type\":\"EntryPoint\",\"urlTemplate\":\"https:\\\/\\\/www.vetorino.com\\\/boutique\\\/?s={search_term_string}\"},\"query-input\":{\"@type\":\"PropertyValueSpecification\",\"valueRequired\":true,\"valueName\":\"search_term_string\"}}],\"inLanguage\":\"fr-FR\"},{\"@type\":\"Organization\",\"@id\":\"https:\\\/\\\/www.vetorino.com\\\/boutique\\\/#organization\",\"name\":\"V\u00e9torino\",\"url\":\"https:\\\/\\\/www.vetorino.com\\\/boutique\\\/\",\"logo\":{\"@type\":\"ImageObject\",\"inLanguage\":\"fr-FR\",\"@id\":\"https:\\\/\\\/www.vetorino.com\\\/boutique\\\/#\\\/schema\\\/logo\\\/image\\\/\",\"url\":\"https:\\\/\\\/www.vetorino.com\\\/boutique\\\/wp-content\\\/uploads\\\/2024\\\/10\\\/logo.jpg\",\"contentUrl\":\"https:\\\/\\\/www.vetorino.com\\\/boutique\\\/wp-content\\\/uploads\\\/2024\\\/10\\\/logo.jpg\",\"width\":1200,\"height\":610,\"caption\":\"V\u00e9torino\"},\"image\":{\"@id\":\"https:\\\/\\\/www.vetorino.com\\\/boutique\\\/#\\\/schema\\\/logo\\\/image\\\/\"},\"sameAs\":[\"https:\\\/\\\/www.facebook.com\\\/Vetorino\\\/\",\"https:\\\/\\\/www.instagram.com\\\/vetorino_off\\\/\",\"https:\\\/\\\/www.linkedin.com\\\/company\\\/vtorino\\\/\"]}]}<\/script>\n<meta property=\"product:brand\" content=\"Dynavet\" \/>\n<meta property=\"og:availability\" content=\"instock\" \/>\n<meta property=\"product:availability\" content=\"instock\" \/>\n<meta property=\"product:condition\" content=\"new\" \/>\n<!-- \/ Yoast SEO plugin. -->","yoast_head_json":{"title":"Collier anti-aboiement Dynavet - V\u00e9torino","description":"Collier anti-aboiement \u00e0 spray ABOISTOP, pour chien, qui \u00e9met un spray vers la truffe du chien pour interrompre ses aboiements. Existe en version STANDARD.","robots":{"index":"noindex","follow":"nofollow"},"og_locale":"fr_FR","og_type":"article","og_title":"Collier anti-aboiement Dynavet - V\u00e9torino","og_description":"Collier anti-aboiement \u00e0 spray ABOISTOP, pour chien, qui \u00e9met un spray vers la truffe du chien pour interrompre ses aboiements. Existe en version STANDARD.","og_url":"https:\/\/www.vetorino.com\/veterinaire\/saint-pourcain-sur-sioule\/boutique\/product\/collier-anti-aboiement-aboistop-2\/","og_site_name":"V\u00e9torino","article_publisher":"https:\/\/www.facebook.com\/Vetorino\/","article_modified_time":"2024-03-21T11:19:36+00:00","og_image":[{"width":3514,"height":2489,"url":"https:\/\/www.vetorino.com\/boutique\/wp-content\/uploads\/2020\/03\/7722699.png","type":"image\/png"}],"twitter_card":"summary_large_image","twitter_misc":{"Disponibilit\u00e9":"En stock"},"schema":{"@context":"https:\/\/schema.org","@graph":[{"@type":"WebPage","@id":"https:\/\/www.vetorino.com\/boutique\/product\/collier-anti-aboiement-aboistop-2\/","url":"https:\/\/www.vetorino.com\/boutique\/product\/collier-anti-aboiement-aboistop-2\/","name":"Collier anti-aboiement Dynavet - V\u00e9torino","isPartOf":{"@id":"https:\/\/www.vetorino.com\/boutique\/#website"},"primaryImageOfPage":{"@id":"https:\/\/www.vetorino.com\/boutique\/product\/collier-anti-aboiement-aboistop-2\/#primaryimage"},"image":{"@id":"https:\/\/www.vetorino.com\/boutique\/product\/collier-anti-aboiement-aboistop-2\/#primaryimage"},"thumbnailUrl":"https:\/\/www.vetorino.com\/boutique\/wp-content\/uploads\/2020\/03\/7722699.png","datePublished":"2022-07-20T00:14:17+00:00","dateModified":"2024-03-21T11:19:36+00:00","description":"Collier anti-aboiement \u00e0 spray ABOISTOP, pour chien, qui \u00e9met un spray vers la truffe du chien pour interrompre ses aboiements. Existe en version STANDARD.","breadcrumb":{"@id":"https:\/\/www.vetorino.com\/boutique\/product\/collier-anti-aboiement-aboistop-2\/#breadcrumb"},"inLanguage":"fr-FR","potentialAction":[{"@type":"ReadAction","target":["https:\/\/www.vetorino.com\/boutique\/product\/collier-anti-aboiement-aboistop-2\/"]}]},{"@type":"ImageObject","inLanguage":"fr-FR","@id":"https:\/\/www.vetorino.com\/boutique\/product\/collier-anti-aboiement-aboistop-2\/#primaryimage","url":"https:\/\/www.vetorino.com\/boutique\/wp-content\/uploads\/2020\/03\/7722699.png","contentUrl":"https:\/\/www.vetorino.com\/boutique\/wp-content\/uploads\/2020\/03\/7722699.png","width":3514,"height":2489},{"@type":"BreadcrumbList","@id":"https:\/\/www.vetorino.com\/boutique\/product\/collier-anti-aboiement-aboistop-2\/#breadcrumb","itemListElement":[{"@type":"ListItem","position":1,"name":"Accueil","item":"https:\/\/www.vetorino.com\/boutique\/"},{"@type":"ListItem","position":2,"name":"Produits","item":"https:\/\/www.vetorino.com\/boutique\/"},{"@type":"ListItem","position":3,"name":"Collier anti-aboiement"}]},{"@type":"WebSite","@id":"https:\/\/www.vetorino.com\/boutique\/#website","url":"https:\/\/www.vetorino.com\/boutique\/","name":"V\u00e9torino","description":"","publisher":{"@id":"https:\/\/www.vetorino.com\/boutique\/#organization"},"potentialAction":[{"@type":"SearchAction","target":{"@type":"EntryPoint","urlTemplate":"https:\/\/www.vetorino.com\/boutique\/?s={search_term_string}"},"query-input":{"@type":"PropertyValueSpecification","valueRequired":true,"valueName":"search_term_string"}}],"inLanguage":"fr-FR"},{"@type":"Organization","@id":"https:\/\/www.vetorino.com\/boutique\/#organization","name":"V\u00e9torino","url":"https:\/\/www.vetorino.com\/boutique\/","logo":{"@type":"ImageObject","inLanguage":"fr-FR","@id":"https:\/\/www.vetorino.com\/boutique\/#\/schema\/logo\/image\/","url":"https:\/\/www.vetorino.com\/boutique\/wp-content\/uploads\/2024\/10\/logo.jpg","contentUrl":"https:\/\/www.vetorino.com\/boutique\/wp-content\/uploads\/2024\/10\/logo.jpg","width":1200,"height":610,"caption":"V\u00e9torino"},"image":{"@id":"https:\/\/www.vetorino.com\/boutique\/#\/schema\/logo\/image\/"},"sameAs":["https:\/\/www.facebook.com\/Vetorino\/","https:\/\/www.instagram.com\/vetorino_off\/","https:\/\/www.linkedin.com\/company\/vtorino\/"]}]},"product_brand":"Dynavet","og_availability":"instock","product_availability":"instock","product_condition":"new"},"_links":{"self":[{"href":"https:\/\/www.vetorino.com\/veterinaire\/saint-pourcain-sur-sioule\/boutique\/wp-json\/wp\/v2\/product\/349497","targetHints":{"allow":["GET"]}}],"collection":[{"href":"https:\/\/www.vetorino.com\/veterinaire\/saint-pourcain-sur-sioule\/boutique\/wp-json\/wp\/v2\/product"}],"about":[{"href":"https:\/\/www.vetorino.com\/veterinaire\/saint-pourcain-sur-sioule\/boutique\/wp-json\/wp\/v2\/types\/product"}],"wp:featuredmedia":[{"embeddable":true,"href":"https:\/\/www.vetorino.com\/veterinaire\/saint-pourcain-sur-sioule\/boutique\/wp-json\/wp\/v2\/media\/873796"}],"wp:attachment":[{"href":"https:\/\/www.vetorino.com\/veterinaire\/saint-pourcain-sur-sioule\/boutique\/wp-json\/wp\/v2\/media?parent=349497"}],"wp:term":[{"taxonomy":"product_cat","embeddable":true,"href":"https:\/\/www.vetorino.com\/veterinaire\/saint-pourcain-sur-sioule\/boutique\/wp-json\/wp\/v2\/product_cat?post=349497"},{"taxonomy":"product_tag","embeddable":true,"href":"https:\/\/www.vetorino.com\/veterinaire\/saint-pourcain-sur-sioule\/boutique\/wp-json\/wp\/v2\/product_tag?post=349497"}],"curies":[{"name":"wp","href":"https:\/\/api.w.org\/{rel}","templated":true}]}}