{"id":584145,"date":"2023-03-31T04:42:47","date_gmt":"2023-03-31T02:42:47","guid":{"rendered":"https:\/\/www.vetorino.com\/boutique\/product\/otoprof-fl-100-ml-2\/"},"modified":"2024-07-03T12:00:39","modified_gmt":"2024-07-03T10:00:39","slug":"otoprof-fl-100-ml-2","status":"publish","type":"product","link":"https:\/\/www.vetorino.com\/veterinaire\/saint-pourcain-sur-sioule\/boutique\/product\/otoprof-fl-100-ml-2\/","title":{"rendered":"OTOPROF FL. 100 ML"},"content":{"rendered":"<p><strong>Otoprof<\/strong> peut \u00eatre utilis\u00e9 pour le nettoyage r\u00e9gulier des oreilles de votre chien ou de votre chat lors d&#8217;exc\u00e8s de c\u00e9rumen.<\/p>\n<p>La composition unique de ce nettoyant auriculaire non gras permet de nettoyer efficacement sans que du produit ne stagne dans le conduit auditif :<\/p>\n<ul>\n<li>Le dioctylsulphosuccinate est un c\u00e9ruminolytique puissant qui permet de d\u00e9tacher rapidement le c\u00e9rumen.<\/li>\n<li>Le peroxyde de carbamide est un agent moussant qui permet au c\u00e9rumen de remonter \u00e0 la surface, en facilitant son \u00e9limination de mani\u00e8re indolore.<\/li>\n<\/ul>\n<p><span style=\"color: #ff0000\"><strong>&lt;!&gt; Attention, ne jamais utiliser en cas de doute sur perforation du Tympan et ne pas utiliser chez le chat. En cas de doute, mieux vaut s&#8217;abstenir. &lt;!&gt;<br \/>\n<\/strong><\/span><\/p>\n","protected":false},"excerpt":{"rendered":"<p>Otoprof s&#8217;utilise en cas d&#8217;hyperproduction de cerumen. A utiliser que sur indication v\u00e9t\u00e9rinaire.<br \/>\n<span style=\"color: #ff0000\"><strong><br \/>\nAttention, ne jamais utiliser en cas de doute sur perforation du Tympan et ne pas utiliser chez le chat. En cas de doute, mieux vaut s&#8217;abstenir.<\/strong><\/span><\/p>\n","protected":false},"featured_media":963889,"template":"","meta":[],"product_cat":[2698,12614,12561],"product_tag":[],"class_list":{"0":"post-584145","1":"product","2":"type-product","3":"status-publish","4":"has-post-thumbnail","6":"product_cat-chien","7":"product_cat-hygiene-des-oreilles-du-chien","8":"product_cat-hygiene-du-chien","9":"pa_marque-mp-labo","11":"first","12":"instock","13":"taxable","14":"shipping-taxable","15":"purchasable","16":"product-type-simple"},"yoast_head":"<!-- This site is optimized with the Yoast SEO plugin v27.3 - https:\/\/yoast.com\/product\/yoast-seo-wordpress\/ -->\n<title>OTOPROF FL. 100 ML Mp Labo - V\u00e9torino<\/title>\n<meta name=\"description\" content=\"Otoprof s&#039;utilise en cas d&#039;hyperproduction de cerumen. A utiliser que sur indication v\u00e9t\u00e9rinaire.  Attention, ne jamais utiliser en cas de doute sur perforation du Tympan et ne pas utiliser chez le chat. En cas de doute, mieux vaut s&#039;abstenir.\" \/>\n<meta name=\"robots\" content=\"noindex, nofollow\" \/>\n<meta property=\"og:locale\" content=\"fr_FR\" \/>\n<meta property=\"og:type\" content=\"article\" \/>\n<meta property=\"og:title\" content=\"OTOPROF FL. 100 ML Mp Labo - V\u00e9torino\" \/>\n<meta property=\"og:description\" content=\"Otoprof s&#039;utilise en cas d&#039;hyperproduction de cerumen. A utiliser que sur indication v\u00e9t\u00e9rinaire.  Attention, ne jamais utiliser en cas de doute sur perforation du Tympan et ne pas utiliser chez le chat. En cas de doute, mieux vaut s&#039;abstenir.\" \/>\n<meta property=\"og:url\" content=\"https:\/\/www.vetorino.com\/veterinaire\/saint-pourcain-sur-sioule\/boutique\/product\/otoprof-fl-100-ml-2\/\" \/>\n<meta property=\"og:site_name\" content=\"V\u00e9torino\" \/>\n<meta property=\"article:publisher\" content=\"https:\/\/www.facebook.com\/Vetorino\/\" \/>\n<meta property=\"article:modified_time\" content=\"2024-07-03T10:00:39+00:00\" \/>\n<meta property=\"og:image\" content=\"https:\/\/www.vetorino.com\/boutique\/wp-content\/uploads\/2020\/03\/8009722000581-otoprof-100ml-solution-auriculaire-nettoyante-ceruminolytique-chien.webp\" \/>\n\t<meta property=\"og:image:width\" content=\"600\" \/>\n\t<meta property=\"og:image:height\" content=\"600\" \/>\n\t<meta property=\"og:image:type\" content=\"image\/webp\" \/>\n<meta name=\"twitter:card\" content=\"summary_large_image\" \/>\n<meta name=\"twitter:label1\" content=\"Prix\" \/>\n\t<meta name=\"twitter:data1\" content=\"18,86&euro;\" \/>\n\t<meta name=\"twitter:label2\" content=\"Disponibilit\u00e9\" \/>\n\t<meta name=\"twitter:data2\" content=\"En stock\" \/>\n<script type=\"application\/ld+json\" class=\"yoast-schema-graph\">{\"@context\":\"https:\\\/\\\/schema.org\",\"@graph\":[{\"@type\":\"WebPage\",\"@id\":\"https:\\\/\\\/www.vetorino.com\\\/boutique\\\/product\\\/otoprof-fl-100-ml-2\\\/\",\"url\":\"https:\\\/\\\/www.vetorino.com\\\/boutique\\\/product\\\/otoprof-fl-100-ml-2\\\/\",\"name\":\"OTOPROF FL. 100 ML Mp Labo - V\u00e9torino\",\"isPartOf\":{\"@id\":\"https:\\\/\\\/www.vetorino.com\\\/boutique\\\/#website\"},\"primaryImageOfPage\":{\"@id\":\"https:\\\/\\\/www.vetorino.com\\\/boutique\\\/product\\\/otoprof-fl-100-ml-2\\\/#primaryimage\"},\"image\":{\"@id\":\"https:\\\/\\\/www.vetorino.com\\\/boutique\\\/product\\\/otoprof-fl-100-ml-2\\\/#primaryimage\"},\"thumbnailUrl\":\"https:\\\/\\\/www.vetorino.com\\\/boutique\\\/wp-content\\\/uploads\\\/2020\\\/03\\\/8009722000581-otoprof-100ml-solution-auriculaire-nettoyante-ceruminolytique-chien.webp\",\"datePublished\":\"2023-03-31T02:42:47+00:00\",\"dateModified\":\"2024-07-03T10:00:39+00:00\",\"description\":\"Otoprof s'utilise en cas d'hyperproduction de cerumen. A utiliser que sur indication v\u00e9t\u00e9rinaire. Attention, ne jamais utiliser en cas de doute sur perforation du Tympan et ne pas utiliser chez le chat. En cas de doute, mieux vaut s'abstenir.\",\"breadcrumb\":{\"@id\":\"https:\\\/\\\/www.vetorino.com\\\/boutique\\\/product\\\/otoprof-fl-100-ml-2\\\/#breadcrumb\"},\"inLanguage\":\"fr-FR\",\"potentialAction\":[{\"@type\":\"ReadAction\",\"target\":[\"https:\\\/\\\/www.vetorino.com\\\/boutique\\\/product\\\/otoprof-fl-100-ml-2\\\/\"]}]},{\"@type\":\"ImageObject\",\"inLanguage\":\"fr-FR\",\"@id\":\"https:\\\/\\\/www.vetorino.com\\\/boutique\\\/product\\\/otoprof-fl-100-ml-2\\\/#primaryimage\",\"url\":\"https:\\\/\\\/www.vetorino.com\\\/boutique\\\/wp-content\\\/uploads\\\/2020\\\/03\\\/8009722000581-otoprof-100ml-solution-auriculaire-nettoyante-ceruminolytique-chien.webp\",\"contentUrl\":\"https:\\\/\\\/www.vetorino.com\\\/boutique\\\/wp-content\\\/uploads\\\/2020\\\/03\\\/8009722000581-otoprof-100ml-solution-auriculaire-nettoyante-ceruminolytique-chien.webp\",\"width\":600,\"height\":600},{\"@type\":\"BreadcrumbList\",\"@id\":\"https:\\\/\\\/www.vetorino.com\\\/boutique\\\/product\\\/otoprof-fl-100-ml-2\\\/#breadcrumb\",\"itemListElement\":[{\"@type\":\"ListItem\",\"position\":1,\"name\":\"Accueil\",\"item\":\"https:\\\/\\\/www.vetorino.com\\\/boutique\\\/\"},{\"@type\":\"ListItem\",\"position\":2,\"name\":\"Produits\",\"item\":\"https:\\\/\\\/www.vetorino.com\\\/boutique\\\/\"},{\"@type\":\"ListItem\",\"position\":3,\"name\":\"OTOPROF FL. 100 ML\"}]},{\"@type\":\"WebSite\",\"@id\":\"https:\\\/\\\/www.vetorino.com\\\/boutique\\\/#website\",\"url\":\"https:\\\/\\\/www.vetorino.com\\\/boutique\\\/\",\"name\":\"V\u00e9torino\",\"description\":\"\",\"publisher\":{\"@id\":\"https:\\\/\\\/www.vetorino.com\\\/boutique\\\/#organization\"},\"potentialAction\":[{\"@type\":\"SearchAction\",\"target\":{\"@type\":\"EntryPoint\",\"urlTemplate\":\"https:\\\/\\\/www.vetorino.com\\\/boutique\\\/?s={search_term_string}\"},\"query-input\":{\"@type\":\"PropertyValueSpecification\",\"valueRequired\":true,\"valueName\":\"search_term_string\"}}],\"inLanguage\":\"fr-FR\"},{\"@type\":\"Organization\",\"@id\":\"https:\\\/\\\/www.vetorino.com\\\/boutique\\\/#organization\",\"name\":\"V\u00e9torino\",\"url\":\"https:\\\/\\\/www.vetorino.com\\\/boutique\\\/\",\"logo\":{\"@type\":\"ImageObject\",\"inLanguage\":\"fr-FR\",\"@id\":\"https:\\\/\\\/www.vetorino.com\\\/boutique\\\/#\\\/schema\\\/logo\\\/image\\\/\",\"url\":\"https:\\\/\\\/www.vetorino.com\\\/boutique\\\/wp-content\\\/uploads\\\/2024\\\/10\\\/logo.jpg\",\"contentUrl\":\"https:\\\/\\\/www.vetorino.com\\\/boutique\\\/wp-content\\\/uploads\\\/2024\\\/10\\\/logo.jpg\",\"width\":1200,\"height\":610,\"caption\":\"V\u00e9torino\"},\"image\":{\"@id\":\"https:\\\/\\\/www.vetorino.com\\\/boutique\\\/#\\\/schema\\\/logo\\\/image\\\/\"},\"sameAs\":[\"https:\\\/\\\/www.facebook.com\\\/Vetorino\\\/\",\"https:\\\/\\\/www.instagram.com\\\/vetorino_off\\\/\",\"https:\\\/\\\/www.linkedin.com\\\/company\\\/vtorino\\\/\"]}]}<\/script>\n<meta property=\"product:brand\" content=\"Mp Labo\" \/>\n<meta property=\"product:price:amount\" content=\"18.86\" \/>\n<meta property=\"product:price:currency\" content=\"EUR\" \/>\n<meta property=\"og:availability\" content=\"instock\" \/>\n<meta property=\"product:availability\" content=\"instock\" \/>\n<meta property=\"product:retailer_item_id\" content=\"O-15906\" \/>\n<meta property=\"product:condition\" content=\"new\" \/>\n<!-- \/ Yoast SEO plugin. -->","yoast_head_json":{"title":"OTOPROF FL. 100 ML Mp Labo - V\u00e9torino","description":"Otoprof s'utilise en cas d'hyperproduction de cerumen. A utiliser que sur indication v\u00e9t\u00e9rinaire.  Attention, ne jamais utiliser en cas de doute sur perforation du Tympan et ne pas utiliser chez le chat. En cas de doute, mieux vaut s'abstenir.","robots":{"index":"noindex","follow":"nofollow"},"og_locale":"fr_FR","og_type":"article","og_title":"OTOPROF FL. 100 ML Mp Labo - V\u00e9torino","og_description":"Otoprof s'utilise en cas d'hyperproduction de cerumen. A utiliser que sur indication v\u00e9t\u00e9rinaire.  Attention, ne jamais utiliser en cas de doute sur perforation du Tympan et ne pas utiliser chez le chat. En cas de doute, mieux vaut s'abstenir.","og_url":"https:\/\/www.vetorino.com\/veterinaire\/saint-pourcain-sur-sioule\/boutique\/product\/otoprof-fl-100-ml-2\/","og_site_name":"V\u00e9torino","article_publisher":"https:\/\/www.facebook.com\/Vetorino\/","article_modified_time":"2024-07-03T10:00:39+00:00","og_image":[{"width":600,"height":600,"url":"https:\/\/www.vetorino.com\/boutique\/wp-content\/uploads\/2020\/03\/8009722000581-otoprof-100ml-solution-auriculaire-nettoyante-ceruminolytique-chien.webp","type":"image\/webp"}],"twitter_card":"summary_large_image","twitter_misc":{"Prix":"18,86&euro;","Disponibilit\u00e9":"En stock"},"schema":{"@context":"https:\/\/schema.org","@graph":[{"@type":"WebPage","@id":"https:\/\/www.vetorino.com\/boutique\/product\/otoprof-fl-100-ml-2\/","url":"https:\/\/www.vetorino.com\/boutique\/product\/otoprof-fl-100-ml-2\/","name":"OTOPROF FL. 100 ML Mp Labo - V\u00e9torino","isPartOf":{"@id":"https:\/\/www.vetorino.com\/boutique\/#website"},"primaryImageOfPage":{"@id":"https:\/\/www.vetorino.com\/boutique\/product\/otoprof-fl-100-ml-2\/#primaryimage"},"image":{"@id":"https:\/\/www.vetorino.com\/boutique\/product\/otoprof-fl-100-ml-2\/#primaryimage"},"thumbnailUrl":"https:\/\/www.vetorino.com\/boutique\/wp-content\/uploads\/2020\/03\/8009722000581-otoprof-100ml-solution-auriculaire-nettoyante-ceruminolytique-chien.webp","datePublished":"2023-03-31T02:42:47+00:00","dateModified":"2024-07-03T10:00:39+00:00","description":"Otoprof s'utilise en cas d'hyperproduction de cerumen. A utiliser que sur indication v\u00e9t\u00e9rinaire. Attention, ne jamais utiliser en cas de doute sur perforation du Tympan et ne pas utiliser chez le chat. En cas de doute, mieux vaut s'abstenir.","breadcrumb":{"@id":"https:\/\/www.vetorino.com\/boutique\/product\/otoprof-fl-100-ml-2\/#breadcrumb"},"inLanguage":"fr-FR","potentialAction":[{"@type":"ReadAction","target":["https:\/\/www.vetorino.com\/boutique\/product\/otoprof-fl-100-ml-2\/"]}]},{"@type":"ImageObject","inLanguage":"fr-FR","@id":"https:\/\/www.vetorino.com\/boutique\/product\/otoprof-fl-100-ml-2\/#primaryimage","url":"https:\/\/www.vetorino.com\/boutique\/wp-content\/uploads\/2020\/03\/8009722000581-otoprof-100ml-solution-auriculaire-nettoyante-ceruminolytique-chien.webp","contentUrl":"https:\/\/www.vetorino.com\/boutique\/wp-content\/uploads\/2020\/03\/8009722000581-otoprof-100ml-solution-auriculaire-nettoyante-ceruminolytique-chien.webp","width":600,"height":600},{"@type":"BreadcrumbList","@id":"https:\/\/www.vetorino.com\/boutique\/product\/otoprof-fl-100-ml-2\/#breadcrumb","itemListElement":[{"@type":"ListItem","position":1,"name":"Accueil","item":"https:\/\/www.vetorino.com\/boutique\/"},{"@type":"ListItem","position":2,"name":"Produits","item":"https:\/\/www.vetorino.com\/boutique\/"},{"@type":"ListItem","position":3,"name":"OTOPROF FL. 100 ML"}]},{"@type":"WebSite","@id":"https:\/\/www.vetorino.com\/boutique\/#website","url":"https:\/\/www.vetorino.com\/boutique\/","name":"V\u00e9torino","description":"","publisher":{"@id":"https:\/\/www.vetorino.com\/boutique\/#organization"},"potentialAction":[{"@type":"SearchAction","target":{"@type":"EntryPoint","urlTemplate":"https:\/\/www.vetorino.com\/boutique\/?s={search_term_string}"},"query-input":{"@type":"PropertyValueSpecification","valueRequired":true,"valueName":"search_term_string"}}],"inLanguage":"fr-FR"},{"@type":"Organization","@id":"https:\/\/www.vetorino.com\/boutique\/#organization","name":"V\u00e9torino","url":"https:\/\/www.vetorino.com\/boutique\/","logo":{"@type":"ImageObject","inLanguage":"fr-FR","@id":"https:\/\/www.vetorino.com\/boutique\/#\/schema\/logo\/image\/","url":"https:\/\/www.vetorino.com\/boutique\/wp-content\/uploads\/2024\/10\/logo.jpg","contentUrl":"https:\/\/www.vetorino.com\/boutique\/wp-content\/uploads\/2024\/10\/logo.jpg","width":1200,"height":610,"caption":"V\u00e9torino"},"image":{"@id":"https:\/\/www.vetorino.com\/boutique\/#\/schema\/logo\/image\/"},"sameAs":["https:\/\/www.facebook.com\/Vetorino\/","https:\/\/www.instagram.com\/vetorino_off\/","https:\/\/www.linkedin.com\/company\/vtorino\/"]}]},"product_brand":"Mp Labo","product_price_amount":"18.86","product_price_currency":"EUR","og_availability":"instock","product_availability":"instock","product_retailer_item_id":"O-15906","product_condition":"new"},"_links":{"self":[{"href":"https:\/\/www.vetorino.com\/veterinaire\/saint-pourcain-sur-sioule\/boutique\/wp-json\/wp\/v2\/product\/584145","targetHints":{"allow":["GET"]}}],"collection":[{"href":"https:\/\/www.vetorino.com\/veterinaire\/saint-pourcain-sur-sioule\/boutique\/wp-json\/wp\/v2\/product"}],"about":[{"href":"https:\/\/www.vetorino.com\/veterinaire\/saint-pourcain-sur-sioule\/boutique\/wp-json\/wp\/v2\/types\/product"}],"wp:featuredmedia":[{"embeddable":true,"href":"https:\/\/www.vetorino.com\/veterinaire\/saint-pourcain-sur-sioule\/boutique\/wp-json\/wp\/v2\/media\/963889"}],"wp:attachment":[{"href":"https:\/\/www.vetorino.com\/veterinaire\/saint-pourcain-sur-sioule\/boutique\/wp-json\/wp\/v2\/media?parent=584145"}],"wp:term":[{"taxonomy":"product_cat","embeddable":true,"href":"https:\/\/www.vetorino.com\/veterinaire\/saint-pourcain-sur-sioule\/boutique\/wp-json\/wp\/v2\/product_cat?post=584145"},{"taxonomy":"product_tag","embeddable":true,"href":"https:\/\/www.vetorino.com\/veterinaire\/saint-pourcain-sur-sioule\/boutique\/wp-json\/wp\/v2\/product_tag?post=584145"}],"curies":[{"name":"wp","href":"https:\/\/api.w.org\/{rel}","templated":true}]}}