{"id":511619,"date":"2022-11-23T11:17:36","date_gmt":"2022-11-23T10:17:36","guid":{"rendered":"https:\/\/www.vetorino.com\/boutique\/?post_type=product&#038;p=511619"},"modified":"2023-04-10T10:58:24","modified_gmt":"2023-04-10T08:58:24","slug":"matelas-rafraichissant","status":"publish","type":"product","link":"https:\/\/www.vetorino.com\/veterinaire\/saintbenoitdusault-36170\/boutique\/product\/matelas-rafraichissant\/","title":{"rendered":"Matelas rafra\u00eechissant"},"content":{"rendered":"<p><strong>Le matelas rafra\u00eechissant de chez Trixie<\/strong> convient pour les chiens et les chats afin de leur permettre de se rafraichir et de r\u00e9guler leur temp\u00e9rature corporelle. Il se d\u00e9clenche avec un simple contact corporel. Il deviendra indispensable pour votre animal pendant les p\u00e9riodes de grosse chaleur et dans tous ses d\u00e9placements ( caisse de transport, voiture, panier&#8230;).<\/p>\n<p><strong>Caract\u00e9ristiques :<\/strong><\/p>\n<ul>\n<li>toucher nylon (polyester)<\/li>\n<li>favorise la thermor\u00e9gulation<\/li>\n<li>effet rafra\u00eechissant par contact corporel<\/li>\n<li>fonctionne sans refroidissement compl\u00e9mentaire, ni \u00e9lectricit\u00e9 ni eau<\/li>\n<li>rafra\u00eechit plusieurs heures<\/li>\n<li>peut \u00eatre r\u00e9utilis\u00e9 apr\u00e8s une courte p\u00e9riode sans contact<\/li>\n<li>peut aussi s\u2019utiliser dans les niches pour chiens, les lits ou dans la voiture<\/li>\n<li>simple nettoyage au chiffon<\/li>\n<li>conforme \u00e0 la protection des animaux selon \u00a7 18 (AT)<\/li>\n<li><strong>Ingr\u00e9dients du liquide rafra\u00eechissant :<\/strong>\u00a0eau, carboxymethylcellulose sodium, conservateurs<\/li>\n<\/ul>\n<div class=\"infotextWrap\">\n<p><strong>Conseil<\/strong> : Ne pas utiliser au soleil. Ne pas utiliser ou ranger \u00e0 une temp\u00e9rature de plus de 45\u00b0C. Le gel contenu pourrait surchauffer et devenir liquide, et par cons\u00e9quent perdre l\u2019effet rafra\u00eechissant.<\/p>\n<p>De l&#8217;humidit\u00e9 peut se former sur le tapis rafra\u00eechissant en raison des fluctuations de temp\u00e9rature. Par cons\u00e9quent, nous recommandons de ne pas plier le tapis ni de le ranger dans son carton d&#8217;origine, mais de l&#8217;\u00e9taler et de le s\u00e9cher avec un chiffon si n\u00e9cessaire.<br \/>\nLa dur\u00e9e de conservation d\u00e9pend du stockage et du traitement du produit.<\/p>\n<\/div>\n","protected":false},"excerpt":{"rendered":"<p><strong>Le matelas rafra\u00eechissant de chez Trixie<\/strong> convient pour les chiens et les chats afin de leur permettre de se rafraichir et de r\u00e9guler leur temp\u00e9rature corporelle. Il se d\u00e9clenche avec un simple contact corporel. Il deviendra indispensable pour votre animal pendant les p\u00e9riodes de grosse chaleur et dans tous ses d\u00e9placements ( caisse de transport, voiture, panier&#8230;).<\/p>\n","protected":false},"featured_media":591860,"template":"","meta":[],"product_cat":[12548,12550,2697,2698,12595,12596],"product_tag":[],"class_list":{"0":"post-511619","1":"product","2":"type-product","3":"status-publish","4":"has-post-thumbnail","6":"product_cat-accessoire-du-chat","7":"product_cat-accessoires-du-chien","8":"product_cat-chat","9":"product_cat-chien","10":"product_cat-confort-du-chat","11":"product_cat-confort-du-chien","12":"pa_marque-trixie","14":"first","15":"instock","16":"taxable","17":"shipping-taxable","18":"purchasable","19":"product-type-variable"},"yoast_head":"<!-- This site is optimized with the Yoast SEO plugin v27.3 - https:\/\/yoast.com\/product\/yoast-seo-wordpress\/ -->\n<title>Matelas rafra\u00eechissant Trixie - V\u00e9torino<\/title>\n<meta name=\"description\" content=\"Le matelas rafra\u00eechissant de chez Trixie convient pour les chiens et les chats afin de leur permettre de se rafraichir et de r\u00e9guler leur temp\u00e9rature corporelle. Il se d\u00e9clenche avec un simple contact corporel. Il deviendra indispensable pour votre animal pendant les p\u00e9riodes de grosse chaleur et dans tous ses d\u00e9placements ( caisse de transport, voiture, panier...).\" \/>\n<meta name=\"robots\" content=\"noindex, nofollow\" \/>\n<meta property=\"og:locale\" content=\"fr_FR\" \/>\n<meta property=\"og:type\" content=\"article\" \/>\n<meta property=\"og:title\" content=\"Matelas rafra\u00eechissant Trixie - V\u00e9torino\" \/>\n<meta property=\"og:description\" content=\"Le matelas rafra\u00eechissant de chez Trixie convient pour les chiens et les chats afin de leur permettre de se rafraichir et de r\u00e9guler leur temp\u00e9rature corporelle. Il se d\u00e9clenche avec un simple contact corporel. Il deviendra indispensable pour votre animal pendant les p\u00e9riodes de grosse chaleur et dans tous ses d\u00e9placements ( caisse de transport, voiture, panier...).\" \/>\n<meta property=\"og:url\" content=\"https:\/\/www.vetorino.com\/veterinaire\/saintbenoitdusault-36170\/boutique\/product\/matelas-rafraichissant\/\" \/>\n<meta property=\"og:site_name\" content=\"V\u00e9torino\" \/>\n<meta property=\"article:publisher\" content=\"https:\/\/www.facebook.com\/Vetorino\/\" \/>\n<meta property=\"article:modified_time\" content=\"2023-04-10T08:58:24+00:00\" \/>\n<meta property=\"og:image\" content=\"https:\/\/www.vetorino.com\/boutique\/wp-content\/uploads\/2022\/11\/originals-PHO-PRO-CLIP-PHO_PRO_CLIP_28776-1_SALL_AWK_V1.jpg\" \/>\n\t<meta property=\"og:image:width\" content=\"640\" \/>\n\t<meta property=\"og:image:height\" content=\"640\" \/>\n\t<meta property=\"og:image:type\" content=\"image\/jpeg\" \/>\n<meta name=\"twitter:card\" content=\"summary_large_image\" \/>\n<meta name=\"twitter:label1\" content=\"Disponibilit\u00e9\" \/>\n\t<meta name=\"twitter:data1\" content=\"En stock\" \/>\n<script type=\"application\/ld+json\" class=\"yoast-schema-graph\">{\"@context\":\"https:\\\/\\\/schema.org\",\"@graph\":[{\"@type\":\"WebPage\",\"@id\":\"https:\\\/\\\/www.vetorino.com\\\/boutique\\\/product\\\/matelas-rafraichissant\\\/\",\"url\":\"https:\\\/\\\/www.vetorino.com\\\/boutique\\\/product\\\/matelas-rafraichissant\\\/\",\"name\":\"Matelas rafra\u00eechissant Trixie - V\u00e9torino\",\"isPartOf\":{\"@id\":\"https:\\\/\\\/www.vetorino.com\\\/boutique\\\/#website\"},\"primaryImageOfPage\":{\"@id\":\"https:\\\/\\\/www.vetorino.com\\\/boutique\\\/product\\\/matelas-rafraichissant\\\/#primaryimage\"},\"image\":{\"@id\":\"https:\\\/\\\/www.vetorino.com\\\/boutique\\\/product\\\/matelas-rafraichissant\\\/#primaryimage\"},\"thumbnailUrl\":\"https:\\\/\\\/www.vetorino.com\\\/boutique\\\/wp-content\\\/uploads\\\/2022\\\/11\\\/originals-PHO-PRO-CLIP-PHO_PRO_CLIP_28776-1_SALL_AWK_V1.jpg\",\"datePublished\":\"2022-11-23T10:17:36+00:00\",\"dateModified\":\"2023-04-10T08:58:24+00:00\",\"description\":\"Le matelas rafra\u00eechissant de chez Trixie convient pour les chiens et les chats afin de leur permettre de se rafraichir et de r\u00e9guler leur temp\u00e9rature corporelle. Il se d\u00e9clenche avec un simple contact corporel. Il deviendra indispensable pour votre animal pendant les p\u00e9riodes de grosse chaleur et dans tous ses d\u00e9placements ( caisse de transport, voiture, panier...).\",\"breadcrumb\":{\"@id\":\"https:\\\/\\\/www.vetorino.com\\\/boutique\\\/product\\\/matelas-rafraichissant\\\/#breadcrumb\"},\"inLanguage\":\"fr-FR\",\"potentialAction\":[{\"@type\":\"ReadAction\",\"target\":[\"https:\\\/\\\/www.vetorino.com\\\/boutique\\\/product\\\/matelas-rafraichissant\\\/\"]}]},{\"@type\":\"ImageObject\",\"inLanguage\":\"fr-FR\",\"@id\":\"https:\\\/\\\/www.vetorino.com\\\/boutique\\\/product\\\/matelas-rafraichissant\\\/#primaryimage\",\"url\":\"https:\\\/\\\/www.vetorino.com\\\/boutique\\\/wp-content\\\/uploads\\\/2022\\\/11\\\/originals-PHO-PRO-CLIP-PHO_PRO_CLIP_28776-1_SALL_AWK_V1.jpg\",\"contentUrl\":\"https:\\\/\\\/www.vetorino.com\\\/boutique\\\/wp-content\\\/uploads\\\/2022\\\/11\\\/originals-PHO-PRO-CLIP-PHO_PRO_CLIP_28776-1_SALL_AWK_V1.jpg\",\"width\":640,\"height\":640},{\"@type\":\"BreadcrumbList\",\"@id\":\"https:\\\/\\\/www.vetorino.com\\\/boutique\\\/product\\\/matelas-rafraichissant\\\/#breadcrumb\",\"itemListElement\":[{\"@type\":\"ListItem\",\"position\":1,\"name\":\"Accueil\",\"item\":\"https:\\\/\\\/www.vetorino.com\\\/boutique\\\/\"},{\"@type\":\"ListItem\",\"position\":2,\"name\":\"Produits\",\"item\":\"https:\\\/\\\/www.vetorino.com\\\/boutique\\\/\"},{\"@type\":\"ListItem\",\"position\":3,\"name\":\"Matelas rafra\u00eechissant\"}]},{\"@type\":\"WebSite\",\"@id\":\"https:\\\/\\\/www.vetorino.com\\\/boutique\\\/#website\",\"url\":\"https:\\\/\\\/www.vetorino.com\\\/boutique\\\/\",\"name\":\"V\u00e9torino\",\"description\":\"\",\"publisher\":{\"@id\":\"https:\\\/\\\/www.vetorino.com\\\/boutique\\\/#organization\"},\"potentialAction\":[{\"@type\":\"SearchAction\",\"target\":{\"@type\":\"EntryPoint\",\"urlTemplate\":\"https:\\\/\\\/www.vetorino.com\\\/boutique\\\/?s={search_term_string}\"},\"query-input\":{\"@type\":\"PropertyValueSpecification\",\"valueRequired\":true,\"valueName\":\"search_term_string\"}}],\"inLanguage\":\"fr-FR\"},{\"@type\":\"Organization\",\"@id\":\"https:\\\/\\\/www.vetorino.com\\\/boutique\\\/#organization\",\"name\":\"V\u00e9torino\",\"url\":\"https:\\\/\\\/www.vetorino.com\\\/boutique\\\/\",\"logo\":{\"@type\":\"ImageObject\",\"inLanguage\":\"fr-FR\",\"@id\":\"https:\\\/\\\/www.vetorino.com\\\/boutique\\\/#\\\/schema\\\/logo\\\/image\\\/\",\"url\":\"https:\\\/\\\/www.vetorino.com\\\/boutique\\\/wp-content\\\/uploads\\\/2024\\\/10\\\/logo.jpg\",\"contentUrl\":\"https:\\\/\\\/www.vetorino.com\\\/boutique\\\/wp-content\\\/uploads\\\/2024\\\/10\\\/logo.jpg\",\"width\":1200,\"height\":610,\"caption\":\"V\u00e9torino\"},\"image\":{\"@id\":\"https:\\\/\\\/www.vetorino.com\\\/boutique\\\/#\\\/schema\\\/logo\\\/image\\\/\"},\"sameAs\":[\"https:\\\/\\\/www.facebook.com\\\/Vetorino\\\/\",\"https:\\\/\\\/www.instagram.com\\\/vetorino_off\\\/\",\"https:\\\/\\\/www.linkedin.com\\\/company\\\/vtorino\\\/\"]}]}<\/script>\n<meta property=\"product:brand\" content=\"Trixie\" \/>\n<meta property=\"og:availability\" content=\"instock\" \/>\n<meta property=\"product:availability\" content=\"instock\" \/>\n<meta property=\"product:condition\" content=\"new\" \/>\n<!-- \/ Yoast SEO plugin. -->","yoast_head_json":{"title":"Matelas rafra\u00eechissant Trixie - V\u00e9torino","description":"Le matelas rafra\u00eechissant de chez Trixie convient pour les chiens et les chats afin de leur permettre de se rafraichir et de r\u00e9guler leur temp\u00e9rature corporelle. Il se d\u00e9clenche avec un simple contact corporel. Il deviendra indispensable pour votre animal pendant les p\u00e9riodes de grosse chaleur et dans tous ses d\u00e9placements ( caisse de transport, voiture, panier...).","robots":{"index":"noindex","follow":"nofollow"},"og_locale":"fr_FR","og_type":"article","og_title":"Matelas rafra\u00eechissant Trixie - V\u00e9torino","og_description":"Le matelas rafra\u00eechissant de chez Trixie convient pour les chiens et les chats afin de leur permettre de se rafraichir et de r\u00e9guler leur temp\u00e9rature corporelle. Il se d\u00e9clenche avec un simple contact corporel. Il deviendra indispensable pour votre animal pendant les p\u00e9riodes de grosse chaleur et dans tous ses d\u00e9placements ( caisse de transport, voiture, panier...).","og_url":"https:\/\/www.vetorino.com\/veterinaire\/saintbenoitdusault-36170\/boutique\/product\/matelas-rafraichissant\/","og_site_name":"V\u00e9torino","article_publisher":"https:\/\/www.facebook.com\/Vetorino\/","article_modified_time":"2023-04-10T08:58:24+00:00","og_image":[{"width":640,"height":640,"url":"https:\/\/www.vetorino.com\/boutique\/wp-content\/uploads\/2022\/11\/originals-PHO-PRO-CLIP-PHO_PRO_CLIP_28776-1_SALL_AWK_V1.jpg","type":"image\/jpeg"}],"twitter_card":"summary_large_image","twitter_misc":{"Disponibilit\u00e9":"En stock"},"schema":{"@context":"https:\/\/schema.org","@graph":[{"@type":"WebPage","@id":"https:\/\/www.vetorino.com\/boutique\/product\/matelas-rafraichissant\/","url":"https:\/\/www.vetorino.com\/boutique\/product\/matelas-rafraichissant\/","name":"Matelas rafra\u00eechissant Trixie - V\u00e9torino","isPartOf":{"@id":"https:\/\/www.vetorino.com\/boutique\/#website"},"primaryImageOfPage":{"@id":"https:\/\/www.vetorino.com\/boutique\/product\/matelas-rafraichissant\/#primaryimage"},"image":{"@id":"https:\/\/www.vetorino.com\/boutique\/product\/matelas-rafraichissant\/#primaryimage"},"thumbnailUrl":"https:\/\/www.vetorino.com\/boutique\/wp-content\/uploads\/2022\/11\/originals-PHO-PRO-CLIP-PHO_PRO_CLIP_28776-1_SALL_AWK_V1.jpg","datePublished":"2022-11-23T10:17:36+00:00","dateModified":"2023-04-10T08:58:24+00:00","description":"Le matelas rafra\u00eechissant de chez Trixie convient pour les chiens et les chats afin de leur permettre de se rafraichir et de r\u00e9guler leur temp\u00e9rature corporelle. Il se d\u00e9clenche avec un simple contact corporel. Il deviendra indispensable pour votre animal pendant les p\u00e9riodes de grosse chaleur et dans tous ses d\u00e9placements ( caisse de transport, voiture, panier...).","breadcrumb":{"@id":"https:\/\/www.vetorino.com\/boutique\/product\/matelas-rafraichissant\/#breadcrumb"},"inLanguage":"fr-FR","potentialAction":[{"@type":"ReadAction","target":["https:\/\/www.vetorino.com\/boutique\/product\/matelas-rafraichissant\/"]}]},{"@type":"ImageObject","inLanguage":"fr-FR","@id":"https:\/\/www.vetorino.com\/boutique\/product\/matelas-rafraichissant\/#primaryimage","url":"https:\/\/www.vetorino.com\/boutique\/wp-content\/uploads\/2022\/11\/originals-PHO-PRO-CLIP-PHO_PRO_CLIP_28776-1_SALL_AWK_V1.jpg","contentUrl":"https:\/\/www.vetorino.com\/boutique\/wp-content\/uploads\/2022\/11\/originals-PHO-PRO-CLIP-PHO_PRO_CLIP_28776-1_SALL_AWK_V1.jpg","width":640,"height":640},{"@type":"BreadcrumbList","@id":"https:\/\/www.vetorino.com\/boutique\/product\/matelas-rafraichissant\/#breadcrumb","itemListElement":[{"@type":"ListItem","position":1,"name":"Accueil","item":"https:\/\/www.vetorino.com\/boutique\/"},{"@type":"ListItem","position":2,"name":"Produits","item":"https:\/\/www.vetorino.com\/boutique\/"},{"@type":"ListItem","position":3,"name":"Matelas rafra\u00eechissant"}]},{"@type":"WebSite","@id":"https:\/\/www.vetorino.com\/boutique\/#website","url":"https:\/\/www.vetorino.com\/boutique\/","name":"V\u00e9torino","description":"","publisher":{"@id":"https:\/\/www.vetorino.com\/boutique\/#organization"},"potentialAction":[{"@type":"SearchAction","target":{"@type":"EntryPoint","urlTemplate":"https:\/\/www.vetorino.com\/boutique\/?s={search_term_string}"},"query-input":{"@type":"PropertyValueSpecification","valueRequired":true,"valueName":"search_term_string"}}],"inLanguage":"fr-FR"},{"@type":"Organization","@id":"https:\/\/www.vetorino.com\/boutique\/#organization","name":"V\u00e9torino","url":"https:\/\/www.vetorino.com\/boutique\/","logo":{"@type":"ImageObject","inLanguage":"fr-FR","@id":"https:\/\/www.vetorino.com\/boutique\/#\/schema\/logo\/image\/","url":"https:\/\/www.vetorino.com\/boutique\/wp-content\/uploads\/2024\/10\/logo.jpg","contentUrl":"https:\/\/www.vetorino.com\/boutique\/wp-content\/uploads\/2024\/10\/logo.jpg","width":1200,"height":610,"caption":"V\u00e9torino"},"image":{"@id":"https:\/\/www.vetorino.com\/boutique\/#\/schema\/logo\/image\/"},"sameAs":["https:\/\/www.facebook.com\/Vetorino\/","https:\/\/www.instagram.com\/vetorino_off\/","https:\/\/www.linkedin.com\/company\/vtorino\/"]}]},"product_brand":"Trixie","og_availability":"instock","product_availability":"instock","product_condition":"new"},"_links":{"self":[{"href":"https:\/\/www.vetorino.com\/veterinaire\/saintbenoitdusault-36170\/boutique\/wp-json\/wp\/v2\/product\/511619","targetHints":{"allow":["GET"]}}],"collection":[{"href":"https:\/\/www.vetorino.com\/veterinaire\/saintbenoitdusault-36170\/boutique\/wp-json\/wp\/v2\/product"}],"about":[{"href":"https:\/\/www.vetorino.com\/veterinaire\/saintbenoitdusault-36170\/boutique\/wp-json\/wp\/v2\/types\/product"}],"wp:featuredmedia":[{"embeddable":true,"href":"https:\/\/www.vetorino.com\/veterinaire\/saintbenoitdusault-36170\/boutique\/wp-json\/wp\/v2\/media\/591860"}],"wp:attachment":[{"href":"https:\/\/www.vetorino.com\/veterinaire\/saintbenoitdusault-36170\/boutique\/wp-json\/wp\/v2\/media?parent=511619"}],"wp:term":[{"taxonomy":"product_cat","embeddable":true,"href":"https:\/\/www.vetorino.com\/veterinaire\/saintbenoitdusault-36170\/boutique\/wp-json\/wp\/v2\/product_cat?post=511619"},{"taxonomy":"product_tag","embeddable":true,"href":"https:\/\/www.vetorino.com\/veterinaire\/saintbenoitdusault-36170\/boutique\/wp-json\/wp\/v2\/product_tag?post=511619"}],"curies":[{"name":"wp","href":"https:\/\/api.w.org\/{rel}","templated":true}]}}