{"id":1388621,"date":"2025-06-25T11:09:10","date_gmt":"2025-06-25T09:09:10","guid":{"rendered":"https:\/\/www.vetorino.com\/boutique\/product\/stomek-susp-buv\/"},"modified":"2025-11-30T09:41:38","modified_gmt":"2025-11-30T08:41:38","slug":"stomek-susp-buv","status":"publish","type":"product","link":"https:\/\/www.vetorino.com\/veterinaire\/saintcheron-91530\/boutique\/product\/stomek-susp-buv\/","title":{"rendered":"SUSPENSION STOMEK"},"content":{"rendered":"<p>Aliment compl\u00e9mentaire pour chiens et chats \u00e0 l&#8217;Alth\u00e9a, \u00e0 l&#8217;huile de chanvre et au gingembre.<\/p>\n<p>Prot\u00e8ge l&#8217;estomac contre les naus\u00e9es et l&#8217;acidit\u00e9.<br \/>\nStomek favorise le fonctionnement r\u00e9gulier du syst\u00e8me digestif et combat les naus\u00e9es.<br \/>\nStomek cr\u00e9e un film protecteur qui adh\u00e8re aux parois de l&#8217;estomac, les prot\u00e8ge de l&#8217;action des acides et g\u00eane leur remont\u00e9e vers l&#8217;\u0153sophage.<br \/>\nStomek procure non seulement un soulagement imm\u00e9diat \u00e0 l&#8217;estomac, mais r\u00e9gule \u00e9galement la production d&#8217;acides, favorisant ainsi une fonction gastrique normale au fil du temps.<\/p>\n","protected":false},"excerpt":{"rendered":"<div class=\"product media\"><\/div>\n<div class=\"product-info-main\">\n<div class=\"stock-status\">\n<div class=\"product-availability-in-stock\"><strong>Stomek est un aliment compl\u00e9mentaire en comprim\u00e9 pour favoriser la fonction gastrique physiologique chez le chien et le chat<\/strong><\/div>\n<\/div>\n<\/div>\n","protected":false},"featured_media":1390136,"template":"","meta":[],"product_cat":[2697,2698,12635,12636],"product_tag":[],"class_list":{"0":"post-1388621","1":"product","2":"type-product","3":"status-publish","4":"has-post-thumbnail","6":"product_cat-chat","7":"product_cat-chien","8":"product_cat-systeme-digestif-du-chat","9":"product_cat-systeme-digestif-du-chien","10":"pa_marque-drn","12":"first","13":"instock","14":"taxable","15":"shipping-taxable","16":"purchasable","17":"product-type-simple"},"yoast_head":"<!-- This site is optimized with the Yoast SEO plugin v27.3 - https:\/\/yoast.com\/product\/yoast-seo-wordpress\/ -->\n<title>SUSPENSION STOMEK DRN - V\u00e9torino<\/title>\n<meta name=\"description\" content=\"Stomek est un aliment compl\u00e9mentaire en comprim\u00e9 pour favoriser la fonction gastrique physiologique chez le chien et le chat\" \/>\n<meta name=\"robots\" content=\"noindex, nofollow\" \/>\n<meta property=\"og:locale\" content=\"fr_FR\" \/>\n<meta property=\"og:type\" content=\"article\" \/>\n<meta property=\"og:title\" content=\"SUSPENSION STOMEK DRN - V\u00e9torino\" \/>\n<meta property=\"og:description\" content=\"Stomek est un aliment compl\u00e9mentaire en comprim\u00e9 pour favoriser la fonction gastrique physiologique chez le chien et le chat\" \/>\n<meta property=\"og:url\" content=\"https:\/\/www.vetorino.com\/veterinaire\/saintcheron-91530\/boutique\/product\/stomek-susp-buv\/\" \/>\n<meta property=\"og:site_name\" content=\"V\u00e9torino\" \/>\n<meta property=\"article:publisher\" content=\"https:\/\/www.facebook.com\/Vetorino\/\" \/>\n<meta property=\"article:modified_time\" content=\"2025-11-30T08:41:38+00:00\" \/>\n<meta property=\"og:image\" content=\"https:\/\/www.vetorino.com\/boutique\/wp-content\/uploads\/2025\/06\/stomek-sospensione-50ml-735x735-1.webp\" \/>\n\t<meta property=\"og:image:width\" content=\"735\" \/>\n\t<meta property=\"og:image:height\" content=\"735\" \/>\n\t<meta property=\"og:image:type\" content=\"image\/webp\" \/>\n<meta name=\"twitter:card\" content=\"summary_large_image\" \/>\n<meta name=\"twitter:label1\" content=\"Prix\" \/>\n\t<meta name=\"twitter:data1\" content=\"36,62&euro;\" \/>\n\t<meta name=\"twitter:label2\" content=\"Disponibilit\u00e9\" \/>\n\t<meta name=\"twitter:data2\" content=\"En stock\" \/>\n<script type=\"application\/ld+json\" class=\"yoast-schema-graph\">{\"@context\":\"https:\\\/\\\/schema.org\",\"@graph\":[{\"@type\":\"WebPage\",\"@id\":\"https:\\\/\\\/www.vetorino.com\\\/boutique\\\/product\\\/stomek-susp-buv\\\/\",\"url\":\"https:\\\/\\\/www.vetorino.com\\\/boutique\\\/product\\\/stomek-susp-buv\\\/\",\"name\":\"SUSPENSION STOMEK DRN - V\u00e9torino\",\"isPartOf\":{\"@id\":\"https:\\\/\\\/www.vetorino.com\\\/boutique\\\/#website\"},\"primaryImageOfPage\":{\"@id\":\"https:\\\/\\\/www.vetorino.com\\\/boutique\\\/product\\\/stomek-susp-buv\\\/#primaryimage\"},\"image\":{\"@id\":\"https:\\\/\\\/www.vetorino.com\\\/boutique\\\/product\\\/stomek-susp-buv\\\/#primaryimage\"},\"thumbnailUrl\":\"https:\\\/\\\/www.vetorino.com\\\/boutique\\\/wp-content\\\/uploads\\\/2025\\\/06\\\/stomek-sospensione-50ml-735x735-1.webp\",\"datePublished\":\"2025-06-25T09:09:10+00:00\",\"dateModified\":\"2025-11-30T08:41:38+00:00\",\"description\":\"Stomek est un aliment compl\u00e9mentaire en comprim\u00e9 pour favoriser la fonction gastrique physiologique chez le chien et le chat\",\"breadcrumb\":{\"@id\":\"https:\\\/\\\/www.vetorino.com\\\/boutique\\\/product\\\/stomek-susp-buv\\\/#breadcrumb\"},\"inLanguage\":\"fr-FR\",\"potentialAction\":[{\"@type\":\"ReadAction\",\"target\":[\"https:\\\/\\\/www.vetorino.com\\\/boutique\\\/product\\\/stomek-susp-buv\\\/\"]}]},{\"@type\":\"ImageObject\",\"inLanguage\":\"fr-FR\",\"@id\":\"https:\\\/\\\/www.vetorino.com\\\/boutique\\\/product\\\/stomek-susp-buv\\\/#primaryimage\",\"url\":\"https:\\\/\\\/www.vetorino.com\\\/boutique\\\/wp-content\\\/uploads\\\/2025\\\/06\\\/stomek-sospensione-50ml-735x735-1.webp\",\"contentUrl\":\"https:\\\/\\\/www.vetorino.com\\\/boutique\\\/wp-content\\\/uploads\\\/2025\\\/06\\\/stomek-sospensione-50ml-735x735-1.webp\",\"width\":735,\"height\":735},{\"@type\":\"BreadcrumbList\",\"@id\":\"https:\\\/\\\/www.vetorino.com\\\/boutique\\\/product\\\/stomek-susp-buv\\\/#breadcrumb\",\"itemListElement\":[{\"@type\":\"ListItem\",\"position\":1,\"name\":\"Accueil\",\"item\":\"https:\\\/\\\/www.vetorino.com\\\/boutique\\\/\"},{\"@type\":\"ListItem\",\"position\":2,\"name\":\"Produits\",\"item\":\"https:\\\/\\\/www.vetorino.com\\\/boutique\\\/\"},{\"@type\":\"ListItem\",\"position\":3,\"name\":\"SUSPENSION STOMEK\"}]},{\"@type\":\"WebSite\",\"@id\":\"https:\\\/\\\/www.vetorino.com\\\/boutique\\\/#website\",\"url\":\"https:\\\/\\\/www.vetorino.com\\\/boutique\\\/\",\"name\":\"V\u00e9torino\",\"description\":\"\",\"publisher\":{\"@id\":\"https:\\\/\\\/www.vetorino.com\\\/boutique\\\/#organization\"},\"potentialAction\":[{\"@type\":\"SearchAction\",\"target\":{\"@type\":\"EntryPoint\",\"urlTemplate\":\"https:\\\/\\\/www.vetorino.com\\\/boutique\\\/?s={search_term_string}\"},\"query-input\":{\"@type\":\"PropertyValueSpecification\",\"valueRequired\":true,\"valueName\":\"search_term_string\"}}],\"inLanguage\":\"fr-FR\"},{\"@type\":\"Organization\",\"@id\":\"https:\\\/\\\/www.vetorino.com\\\/boutique\\\/#organization\",\"name\":\"V\u00e9torino\",\"url\":\"https:\\\/\\\/www.vetorino.com\\\/boutique\\\/\",\"logo\":{\"@type\":\"ImageObject\",\"inLanguage\":\"fr-FR\",\"@id\":\"https:\\\/\\\/www.vetorino.com\\\/boutique\\\/#\\\/schema\\\/logo\\\/image\\\/\",\"url\":\"https:\\\/\\\/www.vetorino.com\\\/boutique\\\/wp-content\\\/uploads\\\/2024\\\/10\\\/logo.jpg\",\"contentUrl\":\"https:\\\/\\\/www.vetorino.com\\\/boutique\\\/wp-content\\\/uploads\\\/2024\\\/10\\\/logo.jpg\",\"width\":1200,\"height\":610,\"caption\":\"V\u00e9torino\"},\"image\":{\"@id\":\"https:\\\/\\\/www.vetorino.com\\\/boutique\\\/#\\\/schema\\\/logo\\\/image\\\/\"},\"sameAs\":[\"https:\\\/\\\/www.facebook.com\\\/Vetorino\\\/\",\"https:\\\/\\\/www.instagram.com\\\/vetorino_off\\\/\",\"https:\\\/\\\/www.linkedin.com\\\/company\\\/vtorino\\\/\"]}]}<\/script>\n<meta property=\"product:brand\" content=\"DRN\" \/>\n<meta property=\"product:price:amount\" content=\"36.62\" \/>\n<meta property=\"product:price:currency\" content=\"EUR\" \/>\n<meta property=\"og:availability\" content=\"instock\" \/>\n<meta property=\"product:availability\" content=\"instock\" \/>\n<meta property=\"product:retailer_item_id\" content=\"C-STO024\" \/>\n<meta property=\"product:condition\" content=\"new\" \/>\n<!-- \/ Yoast SEO plugin. -->","yoast_head_json":{"title":"SUSPENSION STOMEK DRN - V\u00e9torino","description":"Stomek est un aliment compl\u00e9mentaire en comprim\u00e9 pour favoriser la fonction gastrique physiologique chez le chien et le chat","robots":{"index":"noindex","follow":"nofollow"},"og_locale":"fr_FR","og_type":"article","og_title":"SUSPENSION STOMEK DRN - V\u00e9torino","og_description":"Stomek est un aliment compl\u00e9mentaire en comprim\u00e9 pour favoriser la fonction gastrique physiologique chez le chien et le chat","og_url":"https:\/\/www.vetorino.com\/veterinaire\/saintcheron-91530\/boutique\/product\/stomek-susp-buv\/","og_site_name":"V\u00e9torino","article_publisher":"https:\/\/www.facebook.com\/Vetorino\/","article_modified_time":"2025-11-30T08:41:38+00:00","og_image":[{"width":735,"height":735,"url":"https:\/\/www.vetorino.com\/boutique\/wp-content\/uploads\/2025\/06\/stomek-sospensione-50ml-735x735-1.webp","type":"image\/webp"}],"twitter_card":"summary_large_image","twitter_misc":{"Prix":"36,62&euro;","Disponibilit\u00e9":"En stock"},"schema":{"@context":"https:\/\/schema.org","@graph":[{"@type":"WebPage","@id":"https:\/\/www.vetorino.com\/boutique\/product\/stomek-susp-buv\/","url":"https:\/\/www.vetorino.com\/boutique\/product\/stomek-susp-buv\/","name":"SUSPENSION STOMEK DRN - V\u00e9torino","isPartOf":{"@id":"https:\/\/www.vetorino.com\/boutique\/#website"},"primaryImageOfPage":{"@id":"https:\/\/www.vetorino.com\/boutique\/product\/stomek-susp-buv\/#primaryimage"},"image":{"@id":"https:\/\/www.vetorino.com\/boutique\/product\/stomek-susp-buv\/#primaryimage"},"thumbnailUrl":"https:\/\/www.vetorino.com\/boutique\/wp-content\/uploads\/2025\/06\/stomek-sospensione-50ml-735x735-1.webp","datePublished":"2025-06-25T09:09:10+00:00","dateModified":"2025-11-30T08:41:38+00:00","description":"Stomek est un aliment compl\u00e9mentaire en comprim\u00e9 pour favoriser la fonction gastrique physiologique chez le chien et le chat","breadcrumb":{"@id":"https:\/\/www.vetorino.com\/boutique\/product\/stomek-susp-buv\/#breadcrumb"},"inLanguage":"fr-FR","potentialAction":[{"@type":"ReadAction","target":["https:\/\/www.vetorino.com\/boutique\/product\/stomek-susp-buv\/"]}]},{"@type":"ImageObject","inLanguage":"fr-FR","@id":"https:\/\/www.vetorino.com\/boutique\/product\/stomek-susp-buv\/#primaryimage","url":"https:\/\/www.vetorino.com\/boutique\/wp-content\/uploads\/2025\/06\/stomek-sospensione-50ml-735x735-1.webp","contentUrl":"https:\/\/www.vetorino.com\/boutique\/wp-content\/uploads\/2025\/06\/stomek-sospensione-50ml-735x735-1.webp","width":735,"height":735},{"@type":"BreadcrumbList","@id":"https:\/\/www.vetorino.com\/boutique\/product\/stomek-susp-buv\/#breadcrumb","itemListElement":[{"@type":"ListItem","position":1,"name":"Accueil","item":"https:\/\/www.vetorino.com\/boutique\/"},{"@type":"ListItem","position":2,"name":"Produits","item":"https:\/\/www.vetorino.com\/boutique\/"},{"@type":"ListItem","position":3,"name":"SUSPENSION STOMEK"}]},{"@type":"WebSite","@id":"https:\/\/www.vetorino.com\/boutique\/#website","url":"https:\/\/www.vetorino.com\/boutique\/","name":"V\u00e9torino","description":"","publisher":{"@id":"https:\/\/www.vetorino.com\/boutique\/#organization"},"potentialAction":[{"@type":"SearchAction","target":{"@type":"EntryPoint","urlTemplate":"https:\/\/www.vetorino.com\/boutique\/?s={search_term_string}"},"query-input":{"@type":"PropertyValueSpecification","valueRequired":true,"valueName":"search_term_string"}}],"inLanguage":"fr-FR"},{"@type":"Organization","@id":"https:\/\/www.vetorino.com\/boutique\/#organization","name":"V\u00e9torino","url":"https:\/\/www.vetorino.com\/boutique\/","logo":{"@type":"ImageObject","inLanguage":"fr-FR","@id":"https:\/\/www.vetorino.com\/boutique\/#\/schema\/logo\/image\/","url":"https:\/\/www.vetorino.com\/boutique\/wp-content\/uploads\/2024\/10\/logo.jpg","contentUrl":"https:\/\/www.vetorino.com\/boutique\/wp-content\/uploads\/2024\/10\/logo.jpg","width":1200,"height":610,"caption":"V\u00e9torino"},"image":{"@id":"https:\/\/www.vetorino.com\/boutique\/#\/schema\/logo\/image\/"},"sameAs":["https:\/\/www.facebook.com\/Vetorino\/","https:\/\/www.instagram.com\/vetorino_off\/","https:\/\/www.linkedin.com\/company\/vtorino\/"]}]},"product_brand":"DRN","product_price_amount":"36.62","product_price_currency":"EUR","og_availability":"instock","product_availability":"instock","product_retailer_item_id":"C-STO024","product_condition":"new"},"_links":{"self":[{"href":"https:\/\/www.vetorino.com\/veterinaire\/saintcheron-91530\/boutique\/wp-json\/wp\/v2\/product\/1388621","targetHints":{"allow":["GET"]}}],"collection":[{"href":"https:\/\/www.vetorino.com\/veterinaire\/saintcheron-91530\/boutique\/wp-json\/wp\/v2\/product"}],"about":[{"href":"https:\/\/www.vetorino.com\/veterinaire\/saintcheron-91530\/boutique\/wp-json\/wp\/v2\/types\/product"}],"wp:featuredmedia":[{"embeddable":true,"href":"https:\/\/www.vetorino.com\/veterinaire\/saintcheron-91530\/boutique\/wp-json\/wp\/v2\/media\/1390136"}],"wp:attachment":[{"href":"https:\/\/www.vetorino.com\/veterinaire\/saintcheron-91530\/boutique\/wp-json\/wp\/v2\/media?parent=1388621"}],"wp:term":[{"taxonomy":"product_cat","embeddable":true,"href":"https:\/\/www.vetorino.com\/veterinaire\/saintcheron-91530\/boutique\/wp-json\/wp\/v2\/product_cat?post=1388621"},{"taxonomy":"product_tag","embeddable":true,"href":"https:\/\/www.vetorino.com\/veterinaire\/saintcheron-91530\/boutique\/wp-json\/wp\/v2\/product_tag?post=1388621"}],"curies":[{"name":"wp","href":"https:\/\/api.w.org\/{rel}","templated":true}]}}