{"id":515763,"date":"2022-11-30T17:42:22","date_gmt":"2022-11-30T16:42:22","guid":{"rendered":"https:\/\/www.vetorino.com\/boutique\/product\/accessoire-noel-chat-calendrier-de-lavent-premio\/"},"modified":"2025-11-09T16:20:01","modified_gmt":"2025-11-09T15:20:01","slug":"accessoire-noel-chat-calendrier-de-lavent-premio","status":"publish","type":"product","link":"https:\/\/www.vetorino.com\/veterinaire\/saintcyrlecole-78210\/boutique\/product\/accessoire-noel-chat-calendrier-de-lavent-premio\/","title":{"rendered":"Accessoire No\u00ebl chat : Calendrier de l&#8217;Avent Premio"},"content":{"rendered":"<p><strong>Calendrier de l&#8217;Avent Premio pour chat garni de friandises vari\u00e9es fabriqu\u00e9es avec des ingr\u00e9dients de premi\u00e8re qualit\u00e9.<\/strong><\/p>\n<ul>\n<li>Haute teneur en viande sans sucres ajout\u00e9s.<\/li>\n<\/ul>\n<p>24 jours, 24 cases, 24\u00a0<strong>friandises<\/strong>\u00a0pour votre meilleur(e) ami(e) pour le faire patienter jusqu\u2019\u00e0\u00a0<strong>No\u00ebl<\/strong>\u00a0o\u00f9 il va recevoir sa petite laine tricot\u00e9e par m\u00e8re\u00a0<strong>No\u00ebl<\/strong>.<\/p>\n","protected":false},"excerpt":{"rendered":"<div>\n<p>Pour partager No\u00ebl avec chaque membre de votre famille, Trixie propose pour votre chat ce superbe\u00a0<strong>calendrier de l&#8217;Avent pour chat Premio<\/strong>.<\/p>\n<\/div>\n<div>Un plaisir pour les papilles de votre chat avec les friandises vari\u00e9es fabriqu\u00e9es avec des ingr\u00e9dients de premi\u00e8re qualit\u00e9 avec une haute teneur en viande<\/div>\n<div>\n<ul>\n<li>Contenance : 24 friandises pour votre chat ou chaton afin de patienter jusqu&#8217;\u00e0 No\u00ebl<\/li>\n<li>Dimensions : 30 x 34 x 3,5 cm<\/li>\n<li>Hauteur : 34 cm<\/li>\n<\/ul>\n<\/div>\n","protected":false},"featured_media":596830,"template":"","meta":[],"product_cat":[12551,2697,2733],"product_tag":[],"class_list":{"0":"post-515763","1":"product","2":"type-product","3":"status-publish","4":"has-post-thumbnail","6":"product_cat-alimentation-du-chat","7":"product_cat-chat","8":"product_cat-friandises-pour-chat","9":"pa_marque-trixie","11":"first","12":"outofstock","13":"taxable","14":"shipping-taxable","15":"purchasable","16":"product-type-simple"},"yoast_head":"<!-- This site is optimized with the Yoast SEO plugin v27.3 - https:\/\/yoast.com\/product\/yoast-seo-wordpress\/ -->\n<title>Accessoire No\u00ebl chat : Calendrier de l&#039;Avent Premio Trixie - V\u00e9torino<\/title>\n<meta name=\"description\" content=\"Pour partager No\u00ebl avec chaque membre de votre famille, Trixie propose pour votre chat ce superbe\u00a0calendrier de l&#039;Avent pour chat Premio.   Un plaisir pour les papilles de votre chat avec les friandises vari\u00e9es fabriqu\u00e9es avec des ingr\u00e9dients de premi\u00e8re qualit\u00e9 avec une haute teneur en viande    Contenance : 24 friandises pour votre chat ou chaton afin de patienter jusqu&#039;\u00e0 No\u00ebl  Dimensions : 30 x 34 x 3,5 cm  Hauteur : 34 cm\" \/>\n<meta name=\"robots\" content=\"noindex, nofollow\" \/>\n<meta property=\"og:locale\" content=\"fr_FR\" \/>\n<meta property=\"og:type\" content=\"article\" \/>\n<meta property=\"og:title\" content=\"Accessoire No\u00ebl chat : Calendrier de l&#039;Avent Premio Trixie - V\u00e9torino\" \/>\n<meta property=\"og:description\" content=\"Pour partager No\u00ebl avec chaque membre de votre famille, Trixie propose pour votre chat ce superbe\u00a0calendrier de l&#039;Avent pour chat Premio.   Un plaisir pour les papilles de votre chat avec les friandises vari\u00e9es fabriqu\u00e9es avec des ingr\u00e9dients de premi\u00e8re qualit\u00e9 avec une haute teneur en viande    Contenance : 24 friandises pour votre chat ou chaton afin de patienter jusqu&#039;\u00e0 No\u00ebl  Dimensions : 30 x 34 x 3,5 cm  Hauteur : 34 cm\" \/>\n<meta property=\"og:url\" content=\"https:\/\/www.vetorino.com\/veterinaire\/saintcyrlecole-78210\/boutique\/product\/accessoire-noel-chat-calendrier-de-lavent-premio\/\" \/>\n<meta property=\"og:site_name\" content=\"V\u00e9torino\" \/>\n<meta property=\"article:publisher\" content=\"https:\/\/www.facebook.com\/Vetorino\/\" \/>\n<meta property=\"article:modified_time\" content=\"2025-11-09T15:20:01+00:00\" \/>\n<meta property=\"og:image\" content=\"https:\/\/www.vetorino.com\/boutique\/wp-content\/uploads\/2022\/11\/1662386164733_full.jpg\" \/>\n\t<meta property=\"og:image:width\" content=\"1080\" \/>\n\t<meta property=\"og:image:height\" content=\"1527\" \/>\n\t<meta property=\"og:image:type\" content=\"image\/jpeg\" \/>\n<meta name=\"twitter:card\" content=\"summary_large_image\" \/>\n<meta name=\"twitter:label1\" content=\"Prix\" \/>\n\t<meta name=\"twitter:data1\" content=\"8,86&euro;\" \/>\n\t<meta name=\"twitter:label2\" content=\"Disponibilit\u00e9\" \/>\n\t<meta name=\"twitter:data2\" content=\"Rupture de stock\" \/>\n<script type=\"application\/ld+json\" class=\"yoast-schema-graph\">{\"@context\":\"https:\\\/\\\/schema.org\",\"@graph\":[{\"@type\":\"WebPage\",\"@id\":\"https:\\\/\\\/www.vetorino.com\\\/boutique\\\/product\\\/accessoire-noel-chat-calendrier-de-lavent-premio\\\/\",\"url\":\"https:\\\/\\\/www.vetorino.com\\\/boutique\\\/product\\\/accessoire-noel-chat-calendrier-de-lavent-premio\\\/\",\"name\":\"Accessoire No\u00ebl chat : Calendrier de l'Avent Premio Trixie - V\u00e9torino\",\"isPartOf\":{\"@id\":\"https:\\\/\\\/www.vetorino.com\\\/boutique\\\/#website\"},\"primaryImageOfPage\":{\"@id\":\"https:\\\/\\\/www.vetorino.com\\\/boutique\\\/product\\\/accessoire-noel-chat-calendrier-de-lavent-premio\\\/#primaryimage\"},\"image\":{\"@id\":\"https:\\\/\\\/www.vetorino.com\\\/boutique\\\/product\\\/accessoire-noel-chat-calendrier-de-lavent-premio\\\/#primaryimage\"},\"thumbnailUrl\":\"https:\\\/\\\/www.vetorino.com\\\/boutique\\\/wp-content\\\/uploads\\\/2022\\\/11\\\/1662386164733_full.jpg\",\"datePublished\":\"2022-11-30T16:42:22+00:00\",\"dateModified\":\"2025-11-09T15:20:01+00:00\",\"description\":\"Pour partager No\u00ebl avec chaque membre de votre famille, Trixie propose pour votre chat ce superbe\u00a0calendrier de l'Avent pour chat Premio. Un plaisir pour les papilles de votre chat avec les friandises vari\u00e9es fabriqu\u00e9es avec des ingr\u00e9dients de premi\u00e8re qualit\u00e9 avec une haute teneur en viande Contenance : 24 friandises pour votre chat ou chaton afin de patienter jusqu'\u00e0 No\u00ebl Dimensions : 30 x 34 x 3,5 cm Hauteur : 34 cm\",\"breadcrumb\":{\"@id\":\"https:\\\/\\\/www.vetorino.com\\\/boutique\\\/product\\\/accessoire-noel-chat-calendrier-de-lavent-premio\\\/#breadcrumb\"},\"inLanguage\":\"fr-FR\",\"potentialAction\":[{\"@type\":\"ReadAction\",\"target\":[\"https:\\\/\\\/www.vetorino.com\\\/boutique\\\/product\\\/accessoire-noel-chat-calendrier-de-lavent-premio\\\/\"]}]},{\"@type\":\"ImageObject\",\"inLanguage\":\"fr-FR\",\"@id\":\"https:\\\/\\\/www.vetorino.com\\\/boutique\\\/product\\\/accessoire-noel-chat-calendrier-de-lavent-premio\\\/#primaryimage\",\"url\":\"https:\\\/\\\/www.vetorino.com\\\/boutique\\\/wp-content\\\/uploads\\\/2022\\\/11\\\/1662386164733_full.jpg\",\"contentUrl\":\"https:\\\/\\\/www.vetorino.com\\\/boutique\\\/wp-content\\\/uploads\\\/2022\\\/11\\\/1662386164733_full.jpg\",\"width\":1080,\"height\":1527},{\"@type\":\"BreadcrumbList\",\"@id\":\"https:\\\/\\\/www.vetorino.com\\\/boutique\\\/product\\\/accessoire-noel-chat-calendrier-de-lavent-premio\\\/#breadcrumb\",\"itemListElement\":[{\"@type\":\"ListItem\",\"position\":1,\"name\":\"Accueil\",\"item\":\"https:\\\/\\\/www.vetorino.com\\\/boutique\\\/\"},{\"@type\":\"ListItem\",\"position\":2,\"name\":\"Produits\",\"item\":\"https:\\\/\\\/www.vetorino.com\\\/boutique\\\/\"},{\"@type\":\"ListItem\",\"position\":3,\"name\":\"Accessoire No\u00ebl chat : Calendrier de l&#8217;Avent Premio\"}]},{\"@type\":\"WebSite\",\"@id\":\"https:\\\/\\\/www.vetorino.com\\\/boutique\\\/#website\",\"url\":\"https:\\\/\\\/www.vetorino.com\\\/boutique\\\/\",\"name\":\"V\u00e9torino\",\"description\":\"\",\"publisher\":{\"@id\":\"https:\\\/\\\/www.vetorino.com\\\/boutique\\\/#organization\"},\"potentialAction\":[{\"@type\":\"SearchAction\",\"target\":{\"@type\":\"EntryPoint\",\"urlTemplate\":\"https:\\\/\\\/www.vetorino.com\\\/boutique\\\/?s={search_term_string}\"},\"query-input\":{\"@type\":\"PropertyValueSpecification\",\"valueRequired\":true,\"valueName\":\"search_term_string\"}}],\"inLanguage\":\"fr-FR\"},{\"@type\":\"Organization\",\"@id\":\"https:\\\/\\\/www.vetorino.com\\\/boutique\\\/#organization\",\"name\":\"V\u00e9torino\",\"url\":\"https:\\\/\\\/www.vetorino.com\\\/boutique\\\/\",\"logo\":{\"@type\":\"ImageObject\",\"inLanguage\":\"fr-FR\",\"@id\":\"https:\\\/\\\/www.vetorino.com\\\/boutique\\\/#\\\/schema\\\/logo\\\/image\\\/\",\"url\":\"https:\\\/\\\/www.vetorino.com\\\/boutique\\\/wp-content\\\/uploads\\\/2024\\\/10\\\/logo.jpg\",\"contentUrl\":\"https:\\\/\\\/www.vetorino.com\\\/boutique\\\/wp-content\\\/uploads\\\/2024\\\/10\\\/logo.jpg\",\"width\":1200,\"height\":610,\"caption\":\"V\u00e9torino\"},\"image\":{\"@id\":\"https:\\\/\\\/www.vetorino.com\\\/boutique\\\/#\\\/schema\\\/logo\\\/image\\\/\"},\"sameAs\":[\"https:\\\/\\\/www.facebook.com\\\/Vetorino\\\/\",\"https:\\\/\\\/www.instagram.com\\\/vetorino_off\\\/\",\"https:\\\/\\\/www.linkedin.com\\\/company\\\/vtorino\\\/\"]}]}<\/script>\n<meta property=\"product:brand\" content=\"Trixie\" \/>\n<meta property=\"product:price:amount\" content=\"8.86\" \/>\n<meta property=\"product:price:currency\" content=\"EUR\" \/>\n<meta property=\"og:availability\" content=\"out of stock\" \/>\n<meta property=\"product:availability\" content=\"out of stock\" \/>\n<meta property=\"product:retailer_item_id\" content=\"C-ACC708\" \/>\n<meta property=\"product:condition\" content=\"new\" \/>\n<!-- \/ Yoast SEO plugin. -->","yoast_head_json":{"title":"Accessoire No\u00ebl chat : Calendrier de l'Avent Premio Trixie - V\u00e9torino","description":"Pour partager No\u00ebl avec chaque membre de votre famille, Trixie propose pour votre chat ce superbe\u00a0calendrier de l'Avent pour chat Premio.   Un plaisir pour les papilles de votre chat avec les friandises vari\u00e9es fabriqu\u00e9es avec des ingr\u00e9dients de premi\u00e8re qualit\u00e9 avec une haute teneur en viande    Contenance : 24 friandises pour votre chat ou chaton afin de patienter jusqu'\u00e0 No\u00ebl  Dimensions : 30 x 34 x 3,5 cm  Hauteur : 34 cm","robots":{"index":"noindex","follow":"nofollow"},"og_locale":"fr_FR","og_type":"article","og_title":"Accessoire No\u00ebl chat : Calendrier de l'Avent Premio Trixie - V\u00e9torino","og_description":"Pour partager No\u00ebl avec chaque membre de votre famille, Trixie propose pour votre chat ce superbe\u00a0calendrier de l'Avent pour chat Premio.   Un plaisir pour les papilles de votre chat avec les friandises vari\u00e9es fabriqu\u00e9es avec des ingr\u00e9dients de premi\u00e8re qualit\u00e9 avec une haute teneur en viande    Contenance : 24 friandises pour votre chat ou chaton afin de patienter jusqu'\u00e0 No\u00ebl  Dimensions : 30 x 34 x 3,5 cm  Hauteur : 34 cm","og_url":"https:\/\/www.vetorino.com\/veterinaire\/saintcyrlecole-78210\/boutique\/product\/accessoire-noel-chat-calendrier-de-lavent-premio\/","og_site_name":"V\u00e9torino","article_publisher":"https:\/\/www.facebook.com\/Vetorino\/","article_modified_time":"2025-11-09T15:20:01+00:00","og_image":[{"width":1080,"height":1527,"url":"https:\/\/www.vetorino.com\/boutique\/wp-content\/uploads\/2022\/11\/1662386164733_full.jpg","type":"image\/jpeg"}],"twitter_card":"summary_large_image","twitter_misc":{"Prix":"8,86&euro;","Disponibilit\u00e9":"Rupture de stock"},"schema":{"@context":"https:\/\/schema.org","@graph":[{"@type":"WebPage","@id":"https:\/\/www.vetorino.com\/boutique\/product\/accessoire-noel-chat-calendrier-de-lavent-premio\/","url":"https:\/\/www.vetorino.com\/boutique\/product\/accessoire-noel-chat-calendrier-de-lavent-premio\/","name":"Accessoire No\u00ebl chat : Calendrier de l'Avent Premio Trixie - V\u00e9torino","isPartOf":{"@id":"https:\/\/www.vetorino.com\/boutique\/#website"},"primaryImageOfPage":{"@id":"https:\/\/www.vetorino.com\/boutique\/product\/accessoire-noel-chat-calendrier-de-lavent-premio\/#primaryimage"},"image":{"@id":"https:\/\/www.vetorino.com\/boutique\/product\/accessoire-noel-chat-calendrier-de-lavent-premio\/#primaryimage"},"thumbnailUrl":"https:\/\/www.vetorino.com\/boutique\/wp-content\/uploads\/2022\/11\/1662386164733_full.jpg","datePublished":"2022-11-30T16:42:22+00:00","dateModified":"2025-11-09T15:20:01+00:00","description":"Pour partager No\u00ebl avec chaque membre de votre famille, Trixie propose pour votre chat ce superbe\u00a0calendrier de l'Avent pour chat Premio. Un plaisir pour les papilles de votre chat avec les friandises vari\u00e9es fabriqu\u00e9es avec des ingr\u00e9dients de premi\u00e8re qualit\u00e9 avec une haute teneur en viande Contenance : 24 friandises pour votre chat ou chaton afin de patienter jusqu'\u00e0 No\u00ebl Dimensions : 30 x 34 x 3,5 cm Hauteur : 34 cm","breadcrumb":{"@id":"https:\/\/www.vetorino.com\/boutique\/product\/accessoire-noel-chat-calendrier-de-lavent-premio\/#breadcrumb"},"inLanguage":"fr-FR","potentialAction":[{"@type":"ReadAction","target":["https:\/\/www.vetorino.com\/boutique\/product\/accessoire-noel-chat-calendrier-de-lavent-premio\/"]}]},{"@type":"ImageObject","inLanguage":"fr-FR","@id":"https:\/\/www.vetorino.com\/boutique\/product\/accessoire-noel-chat-calendrier-de-lavent-premio\/#primaryimage","url":"https:\/\/www.vetorino.com\/boutique\/wp-content\/uploads\/2022\/11\/1662386164733_full.jpg","contentUrl":"https:\/\/www.vetorino.com\/boutique\/wp-content\/uploads\/2022\/11\/1662386164733_full.jpg","width":1080,"height":1527},{"@type":"BreadcrumbList","@id":"https:\/\/www.vetorino.com\/boutique\/product\/accessoire-noel-chat-calendrier-de-lavent-premio\/#breadcrumb","itemListElement":[{"@type":"ListItem","position":1,"name":"Accueil","item":"https:\/\/www.vetorino.com\/boutique\/"},{"@type":"ListItem","position":2,"name":"Produits","item":"https:\/\/www.vetorino.com\/boutique\/"},{"@type":"ListItem","position":3,"name":"Accessoire No\u00ebl chat : Calendrier de l&#8217;Avent Premio"}]},{"@type":"WebSite","@id":"https:\/\/www.vetorino.com\/boutique\/#website","url":"https:\/\/www.vetorino.com\/boutique\/","name":"V\u00e9torino","description":"","publisher":{"@id":"https:\/\/www.vetorino.com\/boutique\/#organization"},"potentialAction":[{"@type":"SearchAction","target":{"@type":"EntryPoint","urlTemplate":"https:\/\/www.vetorino.com\/boutique\/?s={search_term_string}"},"query-input":{"@type":"PropertyValueSpecification","valueRequired":true,"valueName":"search_term_string"}}],"inLanguage":"fr-FR"},{"@type":"Organization","@id":"https:\/\/www.vetorino.com\/boutique\/#organization","name":"V\u00e9torino","url":"https:\/\/www.vetorino.com\/boutique\/","logo":{"@type":"ImageObject","inLanguage":"fr-FR","@id":"https:\/\/www.vetorino.com\/boutique\/#\/schema\/logo\/image\/","url":"https:\/\/www.vetorino.com\/boutique\/wp-content\/uploads\/2024\/10\/logo.jpg","contentUrl":"https:\/\/www.vetorino.com\/boutique\/wp-content\/uploads\/2024\/10\/logo.jpg","width":1200,"height":610,"caption":"V\u00e9torino"},"image":{"@id":"https:\/\/www.vetorino.com\/boutique\/#\/schema\/logo\/image\/"},"sameAs":["https:\/\/www.facebook.com\/Vetorino\/","https:\/\/www.instagram.com\/vetorino_off\/","https:\/\/www.linkedin.com\/company\/vtorino\/"]}]},"product_brand":"Trixie","product_price_amount":"8.86","product_price_currency":"EUR","og_availability":"out of stock","product_availability":"out of stock","product_retailer_item_id":"C-ACC708","product_condition":"new"},"_links":{"self":[{"href":"https:\/\/www.vetorino.com\/veterinaire\/saintcyrlecole-78210\/boutique\/wp-json\/wp\/v2\/product\/515763","targetHints":{"allow":["GET"]}}],"collection":[{"href":"https:\/\/www.vetorino.com\/veterinaire\/saintcyrlecole-78210\/boutique\/wp-json\/wp\/v2\/product"}],"about":[{"href":"https:\/\/www.vetorino.com\/veterinaire\/saintcyrlecole-78210\/boutique\/wp-json\/wp\/v2\/types\/product"}],"wp:featuredmedia":[{"embeddable":true,"href":"https:\/\/www.vetorino.com\/veterinaire\/saintcyrlecole-78210\/boutique\/wp-json\/wp\/v2\/media\/596830"}],"wp:attachment":[{"href":"https:\/\/www.vetorino.com\/veterinaire\/saintcyrlecole-78210\/boutique\/wp-json\/wp\/v2\/media?parent=515763"}],"wp:term":[{"taxonomy":"product_cat","embeddable":true,"href":"https:\/\/www.vetorino.com\/veterinaire\/saintcyrlecole-78210\/boutique\/wp-json\/wp\/v2\/product_cat?post=515763"},{"taxonomy":"product_tag","embeddable":true,"href":"https:\/\/www.vetorino.com\/veterinaire\/saintcyrlecole-78210\/boutique\/wp-json\/wp\/v2\/product_tag?post=515763"}],"curies":[{"name":"wp","href":"https:\/\/api.w.org\/{rel}","templated":true}]}}