{"id":97428,"date":"2020-06-29T18:49:21","date_gmt":"2020-06-29T16:49:21","guid":{"rendered":"https:\/\/www.vetorino.com\/boutique\/product\/harnais-de-securite-voiture-pour-chien\/"},"modified":"2026-03-29T03:00:14","modified_gmt":"2026-03-29T01:00:14","slug":"harnais-de-securite-voiture-pour-chien","status":"publish","type":"product","link":"https:\/\/www.vetorino.com\/veterinaire\/saintcyrlecole-78210\/boutique\/product\/harnais-de-securite-voiture-pour-chien\/","title":{"rendered":"Harnais de s\u00e9curit\u00e9 voiture Trixie pour chien"},"content":{"rendered":"<div id=\"DESCR_TINY-bloc-1\" class=\"stylusBloc stylusBloc--text\">\n<div class=\"stylusBloc__content\">\n<p>V\u00e9ritable <b>accessoire pour la voiture<\/b>, ce harnais s\u00e9curis\u00e9 est indispensable pour la s\u00e9curit\u00e9 de votre chien lors de vos d\u00e9placements. Fabriqu\u00e9 en nylon noir souple et r\u00e9sistant, le <b>harnais pour voiture s\u00e9curis\u00e9<\/b> de Trixie est matelass\u00e9, prot\u00e9geant ainsi votre chien en cas de freinage brusque. Il est totalement r\u00e9glable au niveau du ventre et de la poitrine. Reli\u00e9 \u00e0 une laisse courte r\u00e9glable, cet accessoire de s\u00e9curit\u00e9 s&#8217;attache facilement au syst\u00e8me de ceinture de s\u00e9curit\u00e9 de votre voiture. Toutefois, cette laisse n&#8217;est pas adapt\u00e9e aux v\u00e9hicules Ford et Volvo, il existe des boucles de rechange disponibles s\u00e9par\u00e9ment pour ces types de v\u00e9hicules. Pratique et s\u00fbr, ce harnais est disponible en diff\u00e9rentes tailles s&#8217;adaptant pour toutes les morphologies de chiens.<\/p>\n<\/div>\n<\/div>\n<div id=\"DESCR_TINY-bloc-2\" class=\"stylusBloc stylusBloc--autogen stylusBloc--text\">\n<div class=\"stylusBloc__content\">\n<div class=\"zms-title-div\">\n<div class=\"zms-title\" data-size=\"t1\">Caract\u00e9ristiques<\/div>\n<\/div>\n<div class=\"zms-title-div\">\n<div class=\"zms-title\" data-size=\"t3\">Harnais pour voiture s\u00e9curis\u00e9<\/div>\n<\/div>\n<p>&#8211; pour le transport en voiture de toutes les races de chiens<br \/>\n&#8211; nylon noir souple, r\u00e9sistant et matelass\u00e9<br \/>\n&#8211; facile et rapide \u00e0 installer<br \/>\n&#8211; laisse courte de s\u00e9curit\u00e9<br \/>\n&#8211; s&#8217;adapte \u00e0 la plupart des syst\u00e8mes de ceintures de s\u00e9curit\u00e9<br \/>\n&#8211; ne convient pas pour les voitures Ford et Volvo<br \/>\n&#8211; diff\u00e9rentes tailles disponibles :<\/p>\n<\/div>\n<\/div>\n<div id=\"DESCR_TINY-bloc-3\" class=\"stylusBloc stylusBloc--text\">\n<div class=\"stylusBloc__content\">\n<p><b>Taille XS<\/b> : Tour de ventre : 20-50 cm \/ par ex : Yorkshire Terrier<br \/>\n<b>Taille S <\/b>: Tour de ventre : 30-60 cm \/ par ex : Terrier Westhihgland White<br \/>\n<b>Taille M<\/b> : Tour de ventre : 50-70 cm \/ par ex : Border Collier<br \/>\n<b>Taille L <\/b>: Tour de ventre : 70-90 cm \/ par ex : Golden Retriever<br \/>\n<b>Taille XL<\/b> : Tour de ventre : 80-110 cm \/ par ex : Bouvier Bernois<\/p>\n<\/div>\n<\/div>\n","protected":false},"excerpt":{"rendered":"<p>V\u00e9ritable <b>accessoire pour la voiture<\/b>, ce harnais s\u00e9curis\u00e9 est indispensable pour la s\u00e9curit\u00e9 de votre chien lors de vos d\u00e9placements. Fabriqu\u00e9 en nylon noir souple et r\u00e9sistant, le <b>harnais pour voiture s\u00e9curis\u00e9<\/b> de Trixie est matelass\u00e9, prot\u00e9geant ainsi votre chien en cas de freinage brusque. Il est totalement r\u00e9glable au niveau du ventre et de la poitrine.<\/p>\n","protected":false},"featured_media":976010,"template":"","meta":[],"product_cat":[2776,2698,2777],"product_tag":[],"class_list":{"0":"post-97428","1":"product","2":"type-product","3":"status-publish","4":"has-post-thumbnail","6":"product_cat-cages-et-transport-pour-chien","7":"product_cat-chien","8":"product_cat-colliers-laisses-et-harnais-pour-chien","9":"pa_marque-trixie","11":"first","12":"instock","13":"taxable","14":"shipping-taxable","15":"purchasable","16":"product-type-variable"},"yoast_head":"<!-- This site is optimized with the Yoast SEO plugin v27.3 - https:\/\/yoast.com\/product\/yoast-seo-wordpress\/ -->\n<title>Harnais de s\u00e9curit\u00e9 voiture Trixie pour chien Trixie - V\u00e9torino<\/title>\n<meta name=\"description\" content=\"V\u00e9ritable accessoire pour la voiture, ce harnais s\u00e9curis\u00e9 est indispensable pour la s\u00e9curit\u00e9 de votre chien lors de vos d\u00e9placements. Fabriqu\u00e9 en nylon noir souple et r\u00e9sistant, le harnais pour voiture s\u00e9curis\u00e9 de Trixie est matelass\u00e9, prot\u00e9geant ainsi votre chien en cas de freinage brusque. Il est totalement r\u00e9glable au niveau du ventre et de la poitrine.\" \/>\n<meta name=\"robots\" content=\"noindex, nofollow\" \/>\n<meta property=\"og:locale\" content=\"fr_FR\" \/>\n<meta property=\"og:type\" content=\"article\" \/>\n<meta property=\"og:title\" content=\"Harnais de s\u00e9curit\u00e9 voiture Trixie pour chien Trixie - V\u00e9torino\" \/>\n<meta property=\"og:description\" content=\"V\u00e9ritable accessoire pour la voiture, ce harnais s\u00e9curis\u00e9 est indispensable pour la s\u00e9curit\u00e9 de votre chien lors de vos d\u00e9placements. Fabriqu\u00e9 en nylon noir souple et r\u00e9sistant, le harnais pour voiture s\u00e9curis\u00e9 de Trixie est matelass\u00e9, prot\u00e9geant ainsi votre chien en cas de freinage brusque. Il est totalement r\u00e9glable au niveau du ventre et de la poitrine.\" \/>\n<meta property=\"og:url\" content=\"https:\/\/www.vetorino.com\/veterinaire\/saintcyrlecole-78210\/boutique\/product\/harnais-de-securite-voiture-pour-chien\/\" \/>\n<meta property=\"og:site_name\" content=\"V\u00e9torino\" \/>\n<meta property=\"article:publisher\" content=\"https:\/\/www.facebook.com\/Vetorino\/\" \/>\n<meta property=\"article:modified_time\" content=\"2026-03-29T01:00:14+00:00\" \/>\n<meta property=\"og:image\" content=\"https:\/\/www.vetorino.com\/boutique\/wp-content\/uploads\/2020\/06\/839_840_12145_pla_trixie_auto_geschirr_f_r_hunde_hs1_3.jpg\" \/>\n\t<meta property=\"og:image:width\" content=\"400\" \/>\n\t<meta property=\"og:image:height\" content=\"400\" \/>\n\t<meta property=\"og:image:type\" content=\"image\/jpeg\" \/>\n<meta name=\"twitter:card\" content=\"summary_large_image\" \/>\n<meta name=\"twitter:label1\" content=\"Disponibilit\u00e9\" \/>\n\t<meta name=\"twitter:data1\" content=\"En stock\" \/>\n<script type=\"application\/ld+json\" class=\"yoast-schema-graph\">{\"@context\":\"https:\\\/\\\/schema.org\",\"@graph\":[{\"@type\":\"WebPage\",\"@id\":\"https:\\\/\\\/www.vetorino.com\\\/boutique\\\/product\\\/harnais-de-securite-voiture-pour-chien\\\/\",\"url\":\"https:\\\/\\\/www.vetorino.com\\\/boutique\\\/product\\\/harnais-de-securite-voiture-pour-chien\\\/\",\"name\":\"Harnais de s\u00e9curit\u00e9 voiture Trixie pour chien Trixie - V\u00e9torino\",\"isPartOf\":{\"@id\":\"https:\\\/\\\/www.vetorino.com\\\/boutique\\\/#website\"},\"primaryImageOfPage\":{\"@id\":\"https:\\\/\\\/www.vetorino.com\\\/boutique\\\/product\\\/harnais-de-securite-voiture-pour-chien\\\/#primaryimage\"},\"image\":{\"@id\":\"https:\\\/\\\/www.vetorino.com\\\/boutique\\\/product\\\/harnais-de-securite-voiture-pour-chien\\\/#primaryimage\"},\"thumbnailUrl\":\"https:\\\/\\\/www.vetorino.com\\\/boutique\\\/wp-content\\\/uploads\\\/2022\\\/07\\\/Sans-titre.jpg\",\"datePublished\":\"2020-06-29T16:49:21+00:00\",\"dateModified\":\"2026-03-29T01:00:14+00:00\",\"description\":\"V\u00e9ritable accessoire pour la voiture, ce harnais s\u00e9curis\u00e9 est indispensable pour la s\u00e9curit\u00e9 de votre chien lors de vos d\u00e9placements. Fabriqu\u00e9 en nylon noir souple et r\u00e9sistant, le harnais pour voiture s\u00e9curis\u00e9 de Trixie est matelass\u00e9, prot\u00e9geant ainsi votre chien en cas de freinage brusque. Il est totalement r\u00e9glable au niveau du ventre et de la poitrine.\",\"breadcrumb\":{\"@id\":\"https:\\\/\\\/www.vetorino.com\\\/boutique\\\/product\\\/harnais-de-securite-voiture-pour-chien\\\/#breadcrumb\"},\"inLanguage\":\"fr-FR\",\"potentialAction\":[{\"@type\":\"ReadAction\",\"target\":[\"https:\\\/\\\/www.vetorino.com\\\/boutique\\\/product\\\/harnais-de-securite-voiture-pour-chien\\\/\"]}]},{\"@type\":\"ImageObject\",\"inLanguage\":\"fr-FR\",\"@id\":\"https:\\\/\\\/www.vetorino.com\\\/boutique\\\/product\\\/harnais-de-securite-voiture-pour-chien\\\/#primaryimage\",\"url\":\"https:\\\/\\\/www.vetorino.com\\\/boutique\\\/wp-content\\\/uploads\\\/2022\\\/07\\\/Sans-titre.jpg\",\"contentUrl\":\"https:\\\/\\\/www.vetorino.com\\\/boutique\\\/wp-content\\\/uploads\\\/2022\\\/07\\\/Sans-titre.jpg\",\"width\":225,\"height\":225},{\"@type\":\"BreadcrumbList\",\"@id\":\"https:\\\/\\\/www.vetorino.com\\\/boutique\\\/product\\\/harnais-de-securite-voiture-pour-chien\\\/#breadcrumb\",\"itemListElement\":[{\"@type\":\"ListItem\",\"position\":1,\"name\":\"Accueil\",\"item\":\"https:\\\/\\\/www.vetorino.com\\\/boutique\\\/\"},{\"@type\":\"ListItem\",\"position\":2,\"name\":\"Produits\",\"item\":\"https:\\\/\\\/www.vetorino.com\\\/boutique\\\/\"},{\"@type\":\"ListItem\",\"position\":3,\"name\":\"Harnais de s\u00e9curit\u00e9 voiture Trixie pour chien\"}]},{\"@type\":\"WebSite\",\"@id\":\"https:\\\/\\\/www.vetorino.com\\\/boutique\\\/#website\",\"url\":\"https:\\\/\\\/www.vetorino.com\\\/boutique\\\/\",\"name\":\"V\u00e9torino\",\"description\":\"\",\"publisher\":{\"@id\":\"https:\\\/\\\/www.vetorino.com\\\/boutique\\\/#organization\"},\"potentialAction\":[{\"@type\":\"SearchAction\",\"target\":{\"@type\":\"EntryPoint\",\"urlTemplate\":\"https:\\\/\\\/www.vetorino.com\\\/boutique\\\/?s={search_term_string}\"},\"query-input\":{\"@type\":\"PropertyValueSpecification\",\"valueRequired\":true,\"valueName\":\"search_term_string\"}}],\"inLanguage\":\"fr-FR\"},{\"@type\":\"Organization\",\"@id\":\"https:\\\/\\\/www.vetorino.com\\\/boutique\\\/#organization\",\"name\":\"V\u00e9torino\",\"url\":\"https:\\\/\\\/www.vetorino.com\\\/boutique\\\/\",\"logo\":{\"@type\":\"ImageObject\",\"inLanguage\":\"fr-FR\",\"@id\":\"https:\\\/\\\/www.vetorino.com\\\/boutique\\\/#\\\/schema\\\/logo\\\/image\\\/\",\"url\":\"https:\\\/\\\/www.vetorino.com\\\/boutique\\\/wp-content\\\/uploads\\\/2024\\\/10\\\/logo.jpg\",\"contentUrl\":\"https:\\\/\\\/www.vetorino.com\\\/boutique\\\/wp-content\\\/uploads\\\/2024\\\/10\\\/logo.jpg\",\"width\":1200,\"height\":610,\"caption\":\"V\u00e9torino\"},\"image\":{\"@id\":\"https:\\\/\\\/www.vetorino.com\\\/boutique\\\/#\\\/schema\\\/logo\\\/image\\\/\"},\"sameAs\":[\"https:\\\/\\\/www.facebook.com\\\/Vetorino\\\/\",\"https:\\\/\\\/www.instagram.com\\\/vetorino_off\\\/\",\"https:\\\/\\\/www.linkedin.com\\\/company\\\/vtorino\\\/\"]}]}<\/script>\n<meta property=\"product:brand\" content=\"Trixie\" \/>\n<meta property=\"og:availability\" content=\"instock\" \/>\n<meta property=\"product:availability\" content=\"instock\" \/>\n<meta property=\"product:condition\" content=\"new\" \/>\n<!-- \/ Yoast SEO plugin. -->","yoast_head_json":{"title":"Harnais de s\u00e9curit\u00e9 voiture Trixie pour chien Trixie - V\u00e9torino","description":"V\u00e9ritable accessoire pour la voiture, ce harnais s\u00e9curis\u00e9 est indispensable pour la s\u00e9curit\u00e9 de votre chien lors de vos d\u00e9placements. Fabriqu\u00e9 en nylon noir souple et r\u00e9sistant, le harnais pour voiture s\u00e9curis\u00e9 de Trixie est matelass\u00e9, prot\u00e9geant ainsi votre chien en cas de freinage brusque. Il est totalement r\u00e9glable au niveau du ventre et de la poitrine.","robots":{"index":"noindex","follow":"nofollow"},"og_locale":"fr_FR","og_type":"article","og_title":"Harnais de s\u00e9curit\u00e9 voiture Trixie pour chien Trixie - V\u00e9torino","og_description":"V\u00e9ritable accessoire pour la voiture, ce harnais s\u00e9curis\u00e9 est indispensable pour la s\u00e9curit\u00e9 de votre chien lors de vos d\u00e9placements. Fabriqu\u00e9 en nylon noir souple et r\u00e9sistant, le harnais pour voiture s\u00e9curis\u00e9 de Trixie est matelass\u00e9, prot\u00e9geant ainsi votre chien en cas de freinage brusque. Il est totalement r\u00e9glable au niveau du ventre et de la poitrine.","og_url":"https:\/\/www.vetorino.com\/veterinaire\/saintcyrlecole-78210\/boutique\/product\/harnais-de-securite-voiture-pour-chien\/","og_site_name":"V\u00e9torino","article_publisher":"https:\/\/www.facebook.com\/Vetorino\/","article_modified_time":"2026-03-29T01:00:14+00:00","og_image":[{"width":400,"height":400,"url":"https:\/\/www.vetorino.com\/boutique\/wp-content\/uploads\/2020\/06\/839_840_12145_pla_trixie_auto_geschirr_f_r_hunde_hs1_3.jpg","type":"image\/jpeg"}],"twitter_card":"summary_large_image","twitter_misc":{"Disponibilit\u00e9":"En stock"},"schema":{"@context":"https:\/\/schema.org","@graph":[{"@type":"WebPage","@id":"https:\/\/www.vetorino.com\/boutique\/product\/harnais-de-securite-voiture-pour-chien\/","url":"https:\/\/www.vetorino.com\/boutique\/product\/harnais-de-securite-voiture-pour-chien\/","name":"Harnais de s\u00e9curit\u00e9 voiture Trixie pour chien Trixie - V\u00e9torino","isPartOf":{"@id":"https:\/\/www.vetorino.com\/boutique\/#website"},"primaryImageOfPage":{"@id":"https:\/\/www.vetorino.com\/boutique\/product\/harnais-de-securite-voiture-pour-chien\/#primaryimage"},"image":{"@id":"https:\/\/www.vetorino.com\/boutique\/product\/harnais-de-securite-voiture-pour-chien\/#primaryimage"},"thumbnailUrl":"https:\/\/www.vetorino.com\/boutique\/wp-content\/uploads\/2022\/07\/Sans-titre.jpg","datePublished":"2020-06-29T16:49:21+00:00","dateModified":"2026-03-29T01:00:14+00:00","description":"V\u00e9ritable accessoire pour la voiture, ce harnais s\u00e9curis\u00e9 est indispensable pour la s\u00e9curit\u00e9 de votre chien lors de vos d\u00e9placements. Fabriqu\u00e9 en nylon noir souple et r\u00e9sistant, le harnais pour voiture s\u00e9curis\u00e9 de Trixie est matelass\u00e9, prot\u00e9geant ainsi votre chien en cas de freinage brusque. Il est totalement r\u00e9glable au niveau du ventre et de la poitrine.","breadcrumb":{"@id":"https:\/\/www.vetorino.com\/boutique\/product\/harnais-de-securite-voiture-pour-chien\/#breadcrumb"},"inLanguage":"fr-FR","potentialAction":[{"@type":"ReadAction","target":["https:\/\/www.vetorino.com\/boutique\/product\/harnais-de-securite-voiture-pour-chien\/"]}]},{"@type":"ImageObject","inLanguage":"fr-FR","@id":"https:\/\/www.vetorino.com\/boutique\/product\/harnais-de-securite-voiture-pour-chien\/#primaryimage","url":"https:\/\/www.vetorino.com\/boutique\/wp-content\/uploads\/2022\/07\/Sans-titre.jpg","contentUrl":"https:\/\/www.vetorino.com\/boutique\/wp-content\/uploads\/2022\/07\/Sans-titre.jpg","width":225,"height":225},{"@type":"BreadcrumbList","@id":"https:\/\/www.vetorino.com\/boutique\/product\/harnais-de-securite-voiture-pour-chien\/#breadcrumb","itemListElement":[{"@type":"ListItem","position":1,"name":"Accueil","item":"https:\/\/www.vetorino.com\/boutique\/"},{"@type":"ListItem","position":2,"name":"Produits","item":"https:\/\/www.vetorino.com\/boutique\/"},{"@type":"ListItem","position":3,"name":"Harnais de s\u00e9curit\u00e9 voiture Trixie pour chien"}]},{"@type":"WebSite","@id":"https:\/\/www.vetorino.com\/boutique\/#website","url":"https:\/\/www.vetorino.com\/boutique\/","name":"V\u00e9torino","description":"","publisher":{"@id":"https:\/\/www.vetorino.com\/boutique\/#organization"},"potentialAction":[{"@type":"SearchAction","target":{"@type":"EntryPoint","urlTemplate":"https:\/\/www.vetorino.com\/boutique\/?s={search_term_string}"},"query-input":{"@type":"PropertyValueSpecification","valueRequired":true,"valueName":"search_term_string"}}],"inLanguage":"fr-FR"},{"@type":"Organization","@id":"https:\/\/www.vetorino.com\/boutique\/#organization","name":"V\u00e9torino","url":"https:\/\/www.vetorino.com\/boutique\/","logo":{"@type":"ImageObject","inLanguage":"fr-FR","@id":"https:\/\/www.vetorino.com\/boutique\/#\/schema\/logo\/image\/","url":"https:\/\/www.vetorino.com\/boutique\/wp-content\/uploads\/2024\/10\/logo.jpg","contentUrl":"https:\/\/www.vetorino.com\/boutique\/wp-content\/uploads\/2024\/10\/logo.jpg","width":1200,"height":610,"caption":"V\u00e9torino"},"image":{"@id":"https:\/\/www.vetorino.com\/boutique\/#\/schema\/logo\/image\/"},"sameAs":["https:\/\/www.facebook.com\/Vetorino\/","https:\/\/www.instagram.com\/vetorino_off\/","https:\/\/www.linkedin.com\/company\/vtorino\/"]}]},"product_brand":"Trixie","og_availability":"instock","product_availability":"instock","product_condition":"new"},"_links":{"self":[{"href":"https:\/\/www.vetorino.com\/veterinaire\/saintcyrlecole-78210\/boutique\/wp-json\/wp\/v2\/product\/97428","targetHints":{"allow":["GET"]}}],"collection":[{"href":"https:\/\/www.vetorino.com\/veterinaire\/saintcyrlecole-78210\/boutique\/wp-json\/wp\/v2\/product"}],"about":[{"href":"https:\/\/www.vetorino.com\/veterinaire\/saintcyrlecole-78210\/boutique\/wp-json\/wp\/v2\/types\/product"}],"wp:featuredmedia":[{"embeddable":true,"href":"https:\/\/www.vetorino.com\/veterinaire\/saintcyrlecole-78210\/boutique\/wp-json\/wp\/v2\/media\/976010"}],"wp:attachment":[{"href":"https:\/\/www.vetorino.com\/veterinaire\/saintcyrlecole-78210\/boutique\/wp-json\/wp\/v2\/media?parent=97428"}],"wp:term":[{"taxonomy":"product_cat","embeddable":true,"href":"https:\/\/www.vetorino.com\/veterinaire\/saintcyrlecole-78210\/boutique\/wp-json\/wp\/v2\/product_cat?post=97428"},{"taxonomy":"product_tag","embeddable":true,"href":"https:\/\/www.vetorino.com\/veterinaire\/saintcyrlecole-78210\/boutique\/wp-json\/wp\/v2\/product_tag?post=97428"}],"curies":[{"name":"wp","href":"https:\/\/api.w.org\/{rel}","templated":true}]}}