{"id":100472,"date":"2020-06-30T01:45:01","date_gmt":"2020-06-29T23:45:01","guid":{"rendered":"https:\/\/www.vetorino.com\/boutique\/product\/parfum-anju-love-the-peche\/"},"modified":"2026-03-26T00:35:37","modified_gmt":"2026-03-25T23:35:37","slug":"parfum-anju-love-the-peche","status":"publish","type":"product","link":"https:\/\/www.vetorino.com\/veterinaire\/saintefoyleslyon-69110\/boutique\/product\/parfum-anju-love-the-peche\/","title":{"rendered":"Parfum Anju Love Th\u00e9 P\u00eache"},"content":{"rendered":"<p>Cette eau de parfum sans alcool est un produit de tr\u00e8s grande qualit\u00e9, adapt\u00e9e pour les chiens et les chats. Subtile, elle conf\u00e8re au pelage un l\u00e9ger parfum de p\u00eache sucr\u00e9e. Comme pour DARLING et FEELING, la formule r\u00e9volutionnaire et in\u00e9dite des eaux de parfum d\u2019ANJU BEAUT\u00c9 lui permet en cas d\u2019odeurs d\u00e9sagr\u00e9ables de la fourrure de les \u00e9liminer totalement avant de parfumer d\u00e9licatement, pour ne conserver que les seules notes florales et fruit\u00e9es du Th\u00e9 P\u00eache. Des instants magiques \u00e0 partager.<\/p>\n<ul>\n<li>Sans alcool.<\/li>\n<li>Pour chiens et chats.<\/li>\n<\/ul>\n","protected":false},"excerpt":{"rendered":"<div class=\"product-description\">\n<p>Cette eau de parfum sans alcool est un produit de tr\u00e8s grande qualit\u00e9, adapt\u00e9e pour les chiens et les chats. Subtile, elle conf\u00e8re au pelage un l\u00e9ger parfum de p\u00eache sucr\u00e9e.<\/p>\n<\/div>\n","protected":false},"featured_media":975879,"template":"","meta":[],"product_cat":[2697,2698,12611,12612,12560,12561],"product_tag":[],"class_list":{"0":"post-100472","1":"product","2":"type-product","3":"status-publish","4":"has-post-thumbnail","6":"product_cat-chat","7":"product_cat-chien","8":"product_cat-hygiene-de-la-peau-et-du-pelage-du-chat","9":"product_cat-hygiene-de-la-peau-et-du-pelage-du-chien","10":"product_cat-hygiene-du-chat","11":"product_cat-hygiene-du-chien","12":"pa_marque-hami-form","14":"first","15":"instock","16":"taxable","17":"shipping-taxable","18":"purchasable","19":"product-type-simple"},"yoast_head":"<!-- This site is optimized with the Yoast SEO plugin v27.3 - https:\/\/yoast.com\/product\/yoast-seo-wordpress\/ -->\n<title>Parfum Anju Love Th\u00e9 P\u00eache Hami Form - V\u00e9torino<\/title>\n<meta name=\"description\" content=\"Cette eau de parfum sans alcool est un produit de tr\u00e8s grande qualit\u00e9, adapt\u00e9e pour les chiens et les chats. Subtile, elle conf\u00e8re au pelage un l\u00e9ger parfum de p\u00eache sucr\u00e9e.\" \/>\n<meta name=\"robots\" content=\"noindex, nofollow\" \/>\n<meta property=\"og:locale\" content=\"fr_FR\" \/>\n<meta property=\"og:type\" content=\"article\" \/>\n<meta property=\"og:title\" content=\"Parfum Anju Love Th\u00e9 P\u00eache Hami Form - V\u00e9torino\" \/>\n<meta property=\"og:description\" content=\"Cette eau de parfum sans alcool est un produit de tr\u00e8s grande qualit\u00e9, adapt\u00e9e pour les chiens et les chats. Subtile, elle conf\u00e8re au pelage un l\u00e9ger parfum de p\u00eache sucr\u00e9e.\" \/>\n<meta property=\"og:url\" content=\"https:\/\/www.vetorino.com\/veterinaire\/saintefoyleslyon-69110\/boutique\/product\/parfum-anju-love-the-peche\/\" \/>\n<meta property=\"og:site_name\" content=\"V\u00e9torino\" \/>\n<meta property=\"article:publisher\" content=\"https:\/\/www.facebook.com\/Vetorino\/\" \/>\n<meta property=\"article:modified_time\" content=\"2026-03-25T23:35:37+00:00\" \/>\n<meta property=\"og:image\" content=\"https:\/\/www.vetorino.com\/boutique\/wp-content\/uploads\/2020\/06\/parfum-anju-feeling-senteur-vanille.jpg\" \/>\n\t<meta property=\"og:image:width\" content=\"800\" \/>\n\t<meta property=\"og:image:height\" content=\"800\" \/>\n\t<meta property=\"og:image:type\" content=\"image\/jpeg\" \/>\n<meta name=\"twitter:card\" content=\"summary_large_image\" \/>\n<meta name=\"twitter:label1\" content=\"Prix\" \/>\n\t<meta name=\"twitter:data1\" content=\"12,22&euro;\" \/>\n\t<meta name=\"twitter:label2\" content=\"Disponibilit\u00e9\" \/>\n\t<meta name=\"twitter:data2\" content=\"En stock\" \/>\n<script type=\"application\/ld+json\" class=\"yoast-schema-graph\">{\"@context\":\"https:\\\/\\\/schema.org\",\"@graph\":[{\"@type\":\"WebPage\",\"@id\":\"https:\\\/\\\/www.vetorino.com\\\/veterinaire\\\/sainteloi-58000\\\/boutique\\\/product\\\/parfum-anju-love-the-peche\\\/\",\"url\":\"https:\\\/\\\/www.vetorino.com\\\/veterinaire\\\/sainteloi-58000\\\/boutique\\\/product\\\/parfum-anju-love-the-peche\\\/\",\"name\":\"Parfum Anju Love Th\u00e9 P\u00eache Hami Form - V\u00e9torino\",\"isPartOf\":{\"@id\":\"https:\\\/\\\/www.vetorino.com\\\/boutique\\\/#website\"},\"primaryImageOfPage\":{\"@id\":\"https:\\\/\\\/www.vetorino.com\\\/veterinaire\\\/sainteloi-58000\\\/boutique\\\/product\\\/parfum-anju-love-the-peche\\\/#primaryimage\"},\"image\":{\"@id\":\"https:\\\/\\\/www.vetorino.com\\\/veterinaire\\\/sainteloi-58000\\\/boutique\\\/product\\\/parfum-anju-love-the-peche\\\/#primaryimage\"},\"thumbnailUrl\":\"https:\\\/\\\/www.vetorino.com\\\/boutique\\\/wp-content\\\/uploads\\\/2020\\\/06\\\/parfum-anju-feeling-senteur-vanille.jpg\",\"datePublished\":\"2020-06-29T23:45:01+00:00\",\"dateModified\":\"2026-03-25T23:35:37+00:00\",\"description\":\"Cette eau de parfum sans alcool est un produit de tr\u00e8s grande qualit\u00e9, adapt\u00e9e pour les chiens et les chats. Subtile, elle conf\u00e8re au pelage un l\u00e9ger parfum de p\u00eache sucr\u00e9e.\",\"breadcrumb\":{\"@id\":\"https:\\\/\\\/www.vetorino.com\\\/veterinaire\\\/sainteloi-58000\\\/boutique\\\/product\\\/parfum-anju-love-the-peche\\\/#breadcrumb\"},\"inLanguage\":\"fr-FR\",\"potentialAction\":[{\"@type\":\"ReadAction\",\"target\":[\"https:\\\/\\\/www.vetorino.com\\\/veterinaire\\\/sainteloi-58000\\\/boutique\\\/product\\\/parfum-anju-love-the-peche\\\/\"]}]},{\"@type\":\"ImageObject\",\"inLanguage\":\"fr-FR\",\"@id\":\"https:\\\/\\\/www.vetorino.com\\\/veterinaire\\\/sainteloi-58000\\\/boutique\\\/product\\\/parfum-anju-love-the-peche\\\/#primaryimage\",\"url\":\"https:\\\/\\\/www.vetorino.com\\\/boutique\\\/wp-content\\\/uploads\\\/2020\\\/06\\\/parfum-anju-feeling-senteur-vanille.jpg\",\"contentUrl\":\"https:\\\/\\\/www.vetorino.com\\\/boutique\\\/wp-content\\\/uploads\\\/2020\\\/06\\\/parfum-anju-feeling-senteur-vanille.jpg\",\"width\":800,\"height\":800},{\"@type\":\"BreadcrumbList\",\"@id\":\"https:\\\/\\\/www.vetorino.com\\\/veterinaire\\\/sainteloi-58000\\\/boutique\\\/product\\\/parfum-anju-love-the-peche\\\/#breadcrumb\",\"itemListElement\":[{\"@type\":\"ListItem\",\"position\":1,\"name\":\"Accueil\",\"item\":\"https:\\\/\\\/www.vetorino.com\\\/boutique\\\/\"},{\"@type\":\"ListItem\",\"position\":2,\"name\":\"Produits\",\"item\":\"https:\\\/\\\/www.vetorino.com\\\/boutique\\\/\"},{\"@type\":\"ListItem\",\"position\":3,\"name\":\"Parfum Anju Love Th\u00e9 P\u00eache\"}]},{\"@type\":\"WebSite\",\"@id\":\"https:\\\/\\\/www.vetorino.com\\\/boutique\\\/#website\",\"url\":\"https:\\\/\\\/www.vetorino.com\\\/boutique\\\/\",\"name\":\"V\u00e9torino\",\"description\":\"\",\"publisher\":{\"@id\":\"https:\\\/\\\/www.vetorino.com\\\/boutique\\\/#organization\"},\"potentialAction\":[{\"@type\":\"SearchAction\",\"target\":{\"@type\":\"EntryPoint\",\"urlTemplate\":\"https:\\\/\\\/www.vetorino.com\\\/boutique\\\/?s={search_term_string}\"},\"query-input\":{\"@type\":\"PropertyValueSpecification\",\"valueRequired\":true,\"valueName\":\"search_term_string\"}}],\"inLanguage\":\"fr-FR\"},{\"@type\":\"Organization\",\"@id\":\"https:\\\/\\\/www.vetorino.com\\\/boutique\\\/#organization\",\"name\":\"V\u00e9torino\",\"url\":\"https:\\\/\\\/www.vetorino.com\\\/boutique\\\/\",\"logo\":{\"@type\":\"ImageObject\",\"inLanguage\":\"fr-FR\",\"@id\":\"https:\\\/\\\/www.vetorino.com\\\/boutique\\\/#\\\/schema\\\/logo\\\/image\\\/\",\"url\":\"https:\\\/\\\/www.vetorino.com\\\/boutique\\\/wp-content\\\/uploads\\\/2024\\\/10\\\/logo.jpg\",\"contentUrl\":\"https:\\\/\\\/www.vetorino.com\\\/boutique\\\/wp-content\\\/uploads\\\/2024\\\/10\\\/logo.jpg\",\"width\":1200,\"height\":610,\"caption\":\"V\u00e9torino\"},\"image\":{\"@id\":\"https:\\\/\\\/www.vetorino.com\\\/boutique\\\/#\\\/schema\\\/logo\\\/image\\\/\"},\"sameAs\":[\"https:\\\/\\\/www.facebook.com\\\/Vetorino\\\/\",\"https:\\\/\\\/www.instagram.com\\\/vetorino_off\\\/\",\"https:\\\/\\\/www.linkedin.com\\\/company\\\/vtorino\\\/\"]}]}<\/script>\n<meta property=\"product:brand\" content=\"Hami Form\" \/>\n<meta property=\"product:price:amount\" content=\"12.22\" \/>\n<meta property=\"product:price:currency\" content=\"EUR\" \/>\n<meta property=\"og:availability\" content=\"instock\" \/>\n<meta property=\"product:availability\" content=\"instock\" \/>\n<meta property=\"product:retailer_item_id\" content=\"C-PAR408\" \/>\n<meta property=\"product:condition\" content=\"new\" \/>\n<!-- \/ Yoast SEO plugin. -->","yoast_head_json":{"title":"Parfum Anju Love Th\u00e9 P\u00eache Hami Form - V\u00e9torino","description":"Cette eau de parfum sans alcool est un produit de tr\u00e8s grande qualit\u00e9, adapt\u00e9e pour les chiens et les chats. Subtile, elle conf\u00e8re au pelage un l\u00e9ger parfum de p\u00eache sucr\u00e9e.","robots":{"index":"noindex","follow":"nofollow"},"og_locale":"fr_FR","og_type":"article","og_title":"Parfum Anju Love Th\u00e9 P\u00eache Hami Form - V\u00e9torino","og_description":"Cette eau de parfum sans alcool est un produit de tr\u00e8s grande qualit\u00e9, adapt\u00e9e pour les chiens et les chats. Subtile, elle conf\u00e8re au pelage un l\u00e9ger parfum de p\u00eache sucr\u00e9e.","og_url":"https:\/\/www.vetorino.com\/veterinaire\/saintefoyleslyon-69110\/boutique\/product\/parfum-anju-love-the-peche\/","og_site_name":"V\u00e9torino","article_publisher":"https:\/\/www.facebook.com\/Vetorino\/","article_modified_time":"2026-03-25T23:35:37+00:00","og_image":[{"width":800,"height":800,"url":"https:\/\/www.vetorino.com\/boutique\/wp-content\/uploads\/2020\/06\/parfum-anju-feeling-senteur-vanille.jpg","type":"image\/jpeg"}],"twitter_card":"summary_large_image","twitter_misc":{"Prix":"12,22&euro;","Disponibilit\u00e9":"En stock"},"schema":{"@context":"https:\/\/schema.org","@graph":[{"@type":"WebPage","@id":"https:\/\/www.vetorino.com\/veterinaire\/sainteloi-58000\/boutique\/product\/parfum-anju-love-the-peche\/","url":"https:\/\/www.vetorino.com\/veterinaire\/sainteloi-58000\/boutique\/product\/parfum-anju-love-the-peche\/","name":"Parfum Anju Love Th\u00e9 P\u00eache Hami Form - V\u00e9torino","isPartOf":{"@id":"https:\/\/www.vetorino.com\/boutique\/#website"},"primaryImageOfPage":{"@id":"https:\/\/www.vetorino.com\/veterinaire\/sainteloi-58000\/boutique\/product\/parfum-anju-love-the-peche\/#primaryimage"},"image":{"@id":"https:\/\/www.vetorino.com\/veterinaire\/sainteloi-58000\/boutique\/product\/parfum-anju-love-the-peche\/#primaryimage"},"thumbnailUrl":"https:\/\/www.vetorino.com\/boutique\/wp-content\/uploads\/2020\/06\/parfum-anju-feeling-senteur-vanille.jpg","datePublished":"2020-06-29T23:45:01+00:00","dateModified":"2026-03-25T23:35:37+00:00","description":"Cette eau de parfum sans alcool est un produit de tr\u00e8s grande qualit\u00e9, adapt\u00e9e pour les chiens et les chats. Subtile, elle conf\u00e8re au pelage un l\u00e9ger parfum de p\u00eache sucr\u00e9e.","breadcrumb":{"@id":"https:\/\/www.vetorino.com\/veterinaire\/sainteloi-58000\/boutique\/product\/parfum-anju-love-the-peche\/#breadcrumb"},"inLanguage":"fr-FR","potentialAction":[{"@type":"ReadAction","target":["https:\/\/www.vetorino.com\/veterinaire\/sainteloi-58000\/boutique\/product\/parfum-anju-love-the-peche\/"]}]},{"@type":"ImageObject","inLanguage":"fr-FR","@id":"https:\/\/www.vetorino.com\/veterinaire\/sainteloi-58000\/boutique\/product\/parfum-anju-love-the-peche\/#primaryimage","url":"https:\/\/www.vetorino.com\/boutique\/wp-content\/uploads\/2020\/06\/parfum-anju-feeling-senteur-vanille.jpg","contentUrl":"https:\/\/www.vetorino.com\/boutique\/wp-content\/uploads\/2020\/06\/parfum-anju-feeling-senteur-vanille.jpg","width":800,"height":800},{"@type":"BreadcrumbList","@id":"https:\/\/www.vetorino.com\/veterinaire\/sainteloi-58000\/boutique\/product\/parfum-anju-love-the-peche\/#breadcrumb","itemListElement":[{"@type":"ListItem","position":1,"name":"Accueil","item":"https:\/\/www.vetorino.com\/boutique\/"},{"@type":"ListItem","position":2,"name":"Produits","item":"https:\/\/www.vetorino.com\/boutique\/"},{"@type":"ListItem","position":3,"name":"Parfum Anju Love Th\u00e9 P\u00eache"}]},{"@type":"WebSite","@id":"https:\/\/www.vetorino.com\/boutique\/#website","url":"https:\/\/www.vetorino.com\/boutique\/","name":"V\u00e9torino","description":"","publisher":{"@id":"https:\/\/www.vetorino.com\/boutique\/#organization"},"potentialAction":[{"@type":"SearchAction","target":{"@type":"EntryPoint","urlTemplate":"https:\/\/www.vetorino.com\/boutique\/?s={search_term_string}"},"query-input":{"@type":"PropertyValueSpecification","valueRequired":true,"valueName":"search_term_string"}}],"inLanguage":"fr-FR"},{"@type":"Organization","@id":"https:\/\/www.vetorino.com\/boutique\/#organization","name":"V\u00e9torino","url":"https:\/\/www.vetorino.com\/boutique\/","logo":{"@type":"ImageObject","inLanguage":"fr-FR","@id":"https:\/\/www.vetorino.com\/boutique\/#\/schema\/logo\/image\/","url":"https:\/\/www.vetorino.com\/boutique\/wp-content\/uploads\/2024\/10\/logo.jpg","contentUrl":"https:\/\/www.vetorino.com\/boutique\/wp-content\/uploads\/2024\/10\/logo.jpg","width":1200,"height":610,"caption":"V\u00e9torino"},"image":{"@id":"https:\/\/www.vetorino.com\/boutique\/#\/schema\/logo\/image\/"},"sameAs":["https:\/\/www.facebook.com\/Vetorino\/","https:\/\/www.instagram.com\/vetorino_off\/","https:\/\/www.linkedin.com\/company\/vtorino\/"]}]},"product_brand":"Hami Form","product_price_amount":"12.22","product_price_currency":"EUR","og_availability":"instock","product_availability":"instock","product_retailer_item_id":"C-PAR408","product_condition":"new"},"_links":{"self":[{"href":"https:\/\/www.vetorino.com\/veterinaire\/saintefoyleslyon-69110\/boutique\/wp-json\/wp\/v2\/product\/100472","targetHints":{"allow":["GET"]}}],"collection":[{"href":"https:\/\/www.vetorino.com\/veterinaire\/saintefoyleslyon-69110\/boutique\/wp-json\/wp\/v2\/product"}],"about":[{"href":"https:\/\/www.vetorino.com\/veterinaire\/saintefoyleslyon-69110\/boutique\/wp-json\/wp\/v2\/types\/product"}],"wp:featuredmedia":[{"embeddable":true,"href":"https:\/\/www.vetorino.com\/veterinaire\/saintefoyleslyon-69110\/boutique\/wp-json\/wp\/v2\/media\/975879"}],"wp:attachment":[{"href":"https:\/\/www.vetorino.com\/veterinaire\/saintefoyleslyon-69110\/boutique\/wp-json\/wp\/v2\/media?parent=100472"}],"wp:term":[{"taxonomy":"product_cat","embeddable":true,"href":"https:\/\/www.vetorino.com\/veterinaire\/saintefoyleslyon-69110\/boutique\/wp-json\/wp\/v2\/product_cat?post=100472"},{"taxonomy":"product_tag","embeddable":true,"href":"https:\/\/www.vetorino.com\/veterinaire\/saintefoyleslyon-69110\/boutique\/wp-json\/wp\/v2\/product_tag?post=100472"}],"curies":[{"name":"wp","href":"https:\/\/api.w.org\/{rel}","templated":true}]}}