{"id":92607,"date":"2020-06-26T15:13:52","date_gmt":"2020-06-26T13:13:52","guid":{"rendered":"https:\/\/www.vetorino.com\/boutique\/product\/chelates-magnesium\/"},"modified":"2026-03-04T07:09:19","modified_gmt":"2026-03-04T06:09:19","slug":"chelates-magnesium","status":"publish","type":"product","link":"https:\/\/www.vetorino.com\/veterinaire\/saintefoyleslyon-69110\/boutique\/product\/chelates-magnesium\/","title":{"rendered":"Chelates Magnesium"},"content":{"rendered":"<div class='hidden'>ASN &#8211; AGRI SANTE<\/div>\n<div class='hidden'>Caprins<\/div>\n<div class='hidden'>Vitamines et min\u00e9raux<\/div>\n<p>Suppl\u00e9ment nutrtionnel di\u00e9t\u00e9tique liquide pour bovin, r\u00e9duit le risque de hypomagn\u00e9si\u00e9mie : t\u00e9tanie, troubles cutan\u00e9s, retards de croissances, fi\u00e8vres de lait \u00e0 r\u00e9p\u00e9tition, troubles de la reproduction.<br \/>&#8211; Le magn\u00e9sium est assimil\u00e9 rapidement et \u00e0 plus de 90% par les animaux. <br \/>&#8211; Apport conjoint d&#8217;acides amin\u00e9s pour stimuler la flore du rumen et faciliter le red\u00e9marrage de la production.<br \/>Mode d&#8217;emploi : <br \/>&#8211; T\u00e9tanies d&#8217;herbage : 50 ml par jour pour 500 kg de poids vifs et pendant 10 jours.<br \/>&#8211; Troubles cutan\u00e9s : m\u00eame posologie pendant 3 \u00e0 4 semaines.<\/p>\n","protected":false},"excerpt":{"rendered":"<p>ASN &#8211; AGRI SANTE Caprins Vitamines et min\u00e9raux Suppl\u00e9ment nutrtionnel di\u00e9t\u00e9tique liquide pour bovin, r\u00e9duit le risque de hypomagn\u00e9si\u00e9mie : t\u00e9tanie, troubles cutan\u00e9s, retards de croissances, fi\u00e8vres de lait \u00e0 r\u00e9p\u00e9tition, troubles de la reproduction.&#8211; Le magn\u00e9sium est assimil\u00e9 rapidement et \u00e0 plus de 90% par les animaux. &#8211; Apport conjoint d&#8217;acides amin\u00e9s pour stimuler [&hellip;]<\/p>\n","protected":false},"featured_media":92606,"template":"","meta":[],"product_cat":[6864,6873],"product_tag":[],"class_list":{"0":"post-92607","1":"product","2":"type-product","3":"status-publish","4":"has-post-thumbnail","6":"product_cat-animaux-delevage","7":"product_cat-ovins","8":"pa_marque-asn-agri-sante","10":"first","11":"outofstock","12":"taxable","13":"shipping-taxable","14":"purchasable","15":"product-type-simple"},"yoast_head":"<!-- This site is optimized with the Yoast SEO plugin v26.7 - https:\/\/yoast.com\/wordpress\/plugins\/seo\/ -->\n<title>Chelates Magnesium ASN - V\u00e9torino<\/title>\n<meta name=\"description\" content=\"ASN - AGRI SANTECaprinsVitamines et min\u00e9rauxSuppl\u00e9ment nutrtionnel di\u00e9t\u00e9tique liquide pour bovin, r\u00e9duit le risque de hypomagn\u00e9si\u00e9mie : t\u00e9tanie, troubles\" \/>\n<meta name=\"robots\" content=\"noindex, nofollow\" \/>\n<meta property=\"og:locale\" content=\"fr_FR\" \/>\n<meta property=\"og:type\" content=\"article\" \/>\n<meta property=\"og:title\" content=\"Chelates Magnesium ASN - V\u00e9torino\" \/>\n<meta property=\"og:description\" content=\"ASN - AGRI SANTECaprinsVitamines et min\u00e9rauxSuppl\u00e9ment nutrtionnel di\u00e9t\u00e9tique liquide pour bovin, r\u00e9duit le risque de hypomagn\u00e9si\u00e9mie : t\u00e9tanie, troubles\" \/>\n<meta property=\"og:url\" content=\"https:\/\/www.vetorino.com\/veterinaire\/saintefoyleslyon-69110\/boutique\/product\/chelates-magnesium\/\" \/>\n<meta property=\"og:site_name\" content=\"V\u00e9torino\" \/>\n<meta property=\"article:publisher\" content=\"https:\/\/www.facebook.com\/Vetorino\/\" \/>\n<meta property=\"article:modified_time\" content=\"2026-03-04T06:09:19+00:00\" \/>\n<meta property=\"og:image\" content=\"https:\/\/www.vetorino.com\/boutique\/wp-content\/uploads\/2020\/06\/FilsCHE005FormatMediumTypeIM.png\" \/>\n\t<meta property=\"og:image:width\" content=\"400\" \/>\n\t<meta property=\"og:image:height\" content=\"400\" \/>\n\t<meta property=\"og:image:type\" content=\"image\/png\" \/>\n<meta name=\"twitter:card\" content=\"summary_large_image\" \/>\n<meta name=\"twitter:label1\" content=\"Prix\" \/>\n\t<meta name=\"twitter:data1\" content=\"45,77&euro;\" \/>\n\t<meta name=\"twitter:label2\" content=\"Disponibilit\u00e9\" \/>\n\t<meta name=\"twitter:data2\" content=\"Rupture de stock\" \/>\n<script type=\"application\/ld+json\" class=\"yoast-schema-graph\">{\"@context\":\"https:\/\/schema.org\",\"@graph\":[{\"@type\":\"WebPage\",\"@id\":\"https:\/\/www.vetorino.com\/boutique\/product\/chelates-magnesium\/\",\"url\":\"https:\/\/www.vetorino.com\/boutique\/product\/chelates-magnesium\/\",\"name\":\"Chelates Magnesium ASN - V\u00e9torino\",\"isPartOf\":{\"@id\":\"https:\/\/www.vetorino.com\/boutique\/#website\"},\"primaryImageOfPage\":{\"@id\":\"https:\/\/www.vetorino.com\/boutique\/product\/chelates-magnesium\/#primaryimage\"},\"image\":{\"@id\":\"https:\/\/www.vetorino.com\/boutique\/product\/chelates-magnesium\/#primaryimage\"},\"thumbnailUrl\":\"https:\/\/www.vetorino.com\/boutique\/wp-content\/uploads\/2020\/06\/FilsCHE005FormatMediumTypeIM.png\",\"datePublished\":\"2020-06-26T13:13:52+00:00\",\"dateModified\":\"2026-03-04T06:09:19+00:00\",\"description\":\"ASN - AGRI SANTECaprinsVitamines et min\u00e9rauxSuppl\u00e9ment nutrtionnel di\u00e9t\u00e9tique liquide pour bovin, r\u00e9duit le risque de hypomagn\u00e9si\u00e9mie : t\u00e9tanie, troubles\",\"breadcrumb\":{\"@id\":\"https:\/\/www.vetorino.com\/boutique\/product\/chelates-magnesium\/#breadcrumb\"},\"inLanguage\":\"fr-FR\",\"potentialAction\":[{\"@type\":\"ReadAction\",\"target\":[\"https:\/\/www.vetorino.com\/boutique\/product\/chelates-magnesium\/\"]}]},{\"@type\":\"ImageObject\",\"inLanguage\":\"fr-FR\",\"@id\":\"https:\/\/www.vetorino.com\/boutique\/product\/chelates-magnesium\/#primaryimage\",\"url\":\"https:\/\/www.vetorino.com\/boutique\/wp-content\/uploads\/2020\/06\/FilsCHE005FormatMediumTypeIM.png\",\"contentUrl\":\"https:\/\/www.vetorino.com\/boutique\/wp-content\/uploads\/2020\/06\/FilsCHE005FormatMediumTypeIM.png\",\"width\":400,\"height\":400},{\"@type\":\"BreadcrumbList\",\"@id\":\"https:\/\/www.vetorino.com\/boutique\/product\/chelates-magnesium\/#breadcrumb\",\"itemListElement\":[{\"@type\":\"ListItem\",\"position\":1,\"name\":\"Accueil\",\"item\":\"https:\/\/www.vetorino.com\/boutique\/\"},{\"@type\":\"ListItem\",\"position\":2,\"name\":\"Produits\",\"item\":\"https:\/\/www.vetorino.com\/boutique\/\"},{\"@type\":\"ListItem\",\"position\":3,\"name\":\"Chelates Magnesium\"}]},{\"@type\":\"WebSite\",\"@id\":\"https:\/\/www.vetorino.com\/boutique\/#website\",\"url\":\"https:\/\/www.vetorino.com\/boutique\/\",\"name\":\"V\u00e9torino\",\"description\":\"\",\"publisher\":{\"@id\":\"https:\/\/www.vetorino.com\/boutique\/#organization\"},\"potentialAction\":[{\"@type\":\"SearchAction\",\"target\":{\"@type\":\"EntryPoint\",\"urlTemplate\":\"https:\/\/www.vetorino.com\/boutique\/?s={search_term_string}\"},\"query-input\":{\"@type\":\"PropertyValueSpecification\",\"valueRequired\":true,\"valueName\":\"search_term_string\"}}],\"inLanguage\":\"fr-FR\"},{\"@type\":\"Organization\",\"@id\":\"https:\/\/www.vetorino.com\/boutique\/#organization\",\"name\":\"V\u00e9torino\",\"url\":\"https:\/\/www.vetorino.com\/boutique\/\",\"logo\":{\"@type\":\"ImageObject\",\"inLanguage\":\"fr-FR\",\"@id\":\"https:\/\/www.vetorino.com\/boutique\/#\/schema\/logo\/image\/\",\"url\":\"https:\/\/www.vetorino.com\/boutique\/wp-content\/uploads\/2024\/10\/logo.jpg\",\"contentUrl\":\"https:\/\/www.vetorino.com\/boutique\/wp-content\/uploads\/2024\/10\/logo.jpg\",\"width\":1200,\"height\":610,\"caption\":\"V\u00e9torino\"},\"image\":{\"@id\":\"https:\/\/www.vetorino.com\/boutique\/#\/schema\/logo\/image\/\"},\"sameAs\":[\"https:\/\/www.facebook.com\/Vetorino\/\",\"https:\/\/www.instagram.com\/vetorino_off\/\",\"https:\/\/www.linkedin.com\/company\/vtorino\/\"]}]}<\/script>\n<meta property=\"product:brand\" content=\"ASN\" \/>\n<meta property=\"product:price:amount\" content=\"45.77\" \/>\n<meta property=\"product:price:currency\" content=\"EUR\" \/>\n<meta property=\"og:availability\" content=\"out of stock\" \/>\n<meta property=\"product:availability\" content=\"out of stock\" \/>\n<meta property=\"product:retailer_item_id\" content=\"C-CHE005\" \/>\n<meta property=\"product:condition\" content=\"new\" \/>\n<!-- \/ Yoast SEO plugin. -->","yoast_head_json":{"title":"Chelates Magnesium ASN - V\u00e9torino","description":"ASN - AGRI SANTECaprinsVitamines et min\u00e9rauxSuppl\u00e9ment nutrtionnel di\u00e9t\u00e9tique liquide pour bovin, r\u00e9duit le risque de hypomagn\u00e9si\u00e9mie : t\u00e9tanie, troubles","robots":{"index":"noindex","follow":"nofollow"},"og_locale":"fr_FR","og_type":"article","og_title":"Chelates Magnesium ASN - V\u00e9torino","og_description":"ASN - AGRI SANTECaprinsVitamines et min\u00e9rauxSuppl\u00e9ment nutrtionnel di\u00e9t\u00e9tique liquide pour bovin, r\u00e9duit le risque de hypomagn\u00e9si\u00e9mie : t\u00e9tanie, troubles","og_url":"https:\/\/www.vetorino.com\/veterinaire\/saintefoyleslyon-69110\/boutique\/product\/chelates-magnesium\/","og_site_name":"V\u00e9torino","article_publisher":"https:\/\/www.facebook.com\/Vetorino\/","article_modified_time":"2026-03-04T06:09:19+00:00","og_image":[{"width":400,"height":400,"url":"https:\/\/www.vetorino.com\/boutique\/wp-content\/uploads\/2020\/06\/FilsCHE005FormatMediumTypeIM.png","type":"image\/png"}],"twitter_card":"summary_large_image","twitter_misc":{"Prix":"45,77&euro;","Disponibilit\u00e9":"Rupture de stock"},"schema":{"@context":"https:\/\/schema.org","@graph":[{"@type":"WebPage","@id":"https:\/\/www.vetorino.com\/boutique\/product\/chelates-magnesium\/","url":"https:\/\/www.vetorino.com\/boutique\/product\/chelates-magnesium\/","name":"Chelates Magnesium ASN - V\u00e9torino","isPartOf":{"@id":"https:\/\/www.vetorino.com\/boutique\/#website"},"primaryImageOfPage":{"@id":"https:\/\/www.vetorino.com\/boutique\/product\/chelates-magnesium\/#primaryimage"},"image":{"@id":"https:\/\/www.vetorino.com\/boutique\/product\/chelates-magnesium\/#primaryimage"},"thumbnailUrl":"https:\/\/www.vetorino.com\/boutique\/wp-content\/uploads\/2020\/06\/FilsCHE005FormatMediumTypeIM.png","datePublished":"2020-06-26T13:13:52+00:00","dateModified":"2026-03-04T06:09:19+00:00","description":"ASN - AGRI SANTECaprinsVitamines et min\u00e9rauxSuppl\u00e9ment nutrtionnel di\u00e9t\u00e9tique liquide pour bovin, r\u00e9duit le risque de hypomagn\u00e9si\u00e9mie : t\u00e9tanie, troubles","breadcrumb":{"@id":"https:\/\/www.vetorino.com\/boutique\/product\/chelates-magnesium\/#breadcrumb"},"inLanguage":"fr-FR","potentialAction":[{"@type":"ReadAction","target":["https:\/\/www.vetorino.com\/boutique\/product\/chelates-magnesium\/"]}]},{"@type":"ImageObject","inLanguage":"fr-FR","@id":"https:\/\/www.vetorino.com\/boutique\/product\/chelates-magnesium\/#primaryimage","url":"https:\/\/www.vetorino.com\/boutique\/wp-content\/uploads\/2020\/06\/FilsCHE005FormatMediumTypeIM.png","contentUrl":"https:\/\/www.vetorino.com\/boutique\/wp-content\/uploads\/2020\/06\/FilsCHE005FormatMediumTypeIM.png","width":400,"height":400},{"@type":"BreadcrumbList","@id":"https:\/\/www.vetorino.com\/boutique\/product\/chelates-magnesium\/#breadcrumb","itemListElement":[{"@type":"ListItem","position":1,"name":"Accueil","item":"https:\/\/www.vetorino.com\/boutique\/"},{"@type":"ListItem","position":2,"name":"Produits","item":"https:\/\/www.vetorino.com\/boutique\/"},{"@type":"ListItem","position":3,"name":"Chelates Magnesium"}]},{"@type":"WebSite","@id":"https:\/\/www.vetorino.com\/boutique\/#website","url":"https:\/\/www.vetorino.com\/boutique\/","name":"V\u00e9torino","description":"","publisher":{"@id":"https:\/\/www.vetorino.com\/boutique\/#organization"},"potentialAction":[{"@type":"SearchAction","target":{"@type":"EntryPoint","urlTemplate":"https:\/\/www.vetorino.com\/boutique\/?s={search_term_string}"},"query-input":{"@type":"PropertyValueSpecification","valueRequired":true,"valueName":"search_term_string"}}],"inLanguage":"fr-FR"},{"@type":"Organization","@id":"https:\/\/www.vetorino.com\/boutique\/#organization","name":"V\u00e9torino","url":"https:\/\/www.vetorino.com\/boutique\/","logo":{"@type":"ImageObject","inLanguage":"fr-FR","@id":"https:\/\/www.vetorino.com\/boutique\/#\/schema\/logo\/image\/","url":"https:\/\/www.vetorino.com\/boutique\/wp-content\/uploads\/2024\/10\/logo.jpg","contentUrl":"https:\/\/www.vetorino.com\/boutique\/wp-content\/uploads\/2024\/10\/logo.jpg","width":1200,"height":610,"caption":"V\u00e9torino"},"image":{"@id":"https:\/\/www.vetorino.com\/boutique\/#\/schema\/logo\/image\/"},"sameAs":["https:\/\/www.facebook.com\/Vetorino\/","https:\/\/www.instagram.com\/vetorino_off\/","https:\/\/www.linkedin.com\/company\/vtorino\/"]}]},"product_brand":"ASN","product_price_amount":"45.77","product_price_currency":"EUR","og_availability":"out of stock","product_availability":"out of stock","product_retailer_item_id":"C-CHE005","product_condition":"new"},"_links":{"self":[{"href":"https:\/\/www.vetorino.com\/veterinaire\/saintefoyleslyon-69110\/boutique\/wp-json\/wp\/v2\/product\/92607","targetHints":{"allow":["GET"]}}],"collection":[{"href":"https:\/\/www.vetorino.com\/veterinaire\/saintefoyleslyon-69110\/boutique\/wp-json\/wp\/v2\/product"}],"about":[{"href":"https:\/\/www.vetorino.com\/veterinaire\/saintefoyleslyon-69110\/boutique\/wp-json\/wp\/v2\/types\/product"}],"wp:featuredmedia":[{"embeddable":true,"href":"https:\/\/www.vetorino.com\/veterinaire\/saintefoyleslyon-69110\/boutique\/wp-json\/wp\/v2\/media\/92606"}],"wp:attachment":[{"href":"https:\/\/www.vetorino.com\/veterinaire\/saintefoyleslyon-69110\/boutique\/wp-json\/wp\/v2\/media?parent=92607"}],"wp:term":[{"taxonomy":"product_cat","embeddable":true,"href":"https:\/\/www.vetorino.com\/veterinaire\/saintefoyleslyon-69110\/boutique\/wp-json\/wp\/v2\/product_cat?post=92607"},{"taxonomy":"product_tag","embeddable":true,"href":"https:\/\/www.vetorino.com\/veterinaire\/saintefoyleslyon-69110\/boutique\/wp-json\/wp\/v2\/product_tag?post=92607"}],"curies":[{"name":"wp","href":"https:\/\/api.w.org\/{rel}","templated":true}]}}