{"id":94946,"date":"2020-06-29T16:57:35","date_gmt":"2020-06-29T14:57:35","guid":{"rendered":"https:\/\/www.vetorino.com\/boutique\/product\/dermoscent-pyoclean-chien\/"},"modified":"2025-09-02T19:38:06","modified_gmt":"2025-09-02T17:38:06","slug":"dermoscent-pyoclean-chien","status":"publish","type":"product","link":"https:\/\/www.vetorino.com\/veterinaire\/saintefoyleslyon-69110\/boutique\/product\/dermoscent-pyoclean-chien\/","title":{"rendered":"Lingettes PYOCLEAN Chien et Chat"},"content":{"rendered":"<p><strong>Utilisation<\/strong> :<\/p>\n<p>Infections cutan\u00e9es localis\u00e9es du chien et du chat<\/p>\n<p><strong>Mode d&#8217;emploi<\/strong> :<\/p>\n<p>Nettoyer les zones infect\u00e9es une ou plusieurs fois par jours.<br \/>\nLes lingettes sont \u00e0 usage unique et donc \u00e0 jetter apr\u00e8s utilisation.<br \/>\nRefermer le sachet apr\u00e8s chaque utilisation pour conserver la fra\u00eecheur.<\/p>\n<p><strong>Avantages<\/strong> :<\/p>\n<p>Lingette 100 % biod\u00e9gradable aux actifs 100 % naturels.<br \/>\nNettoie et purifie les zones difficilement accessibles telles que les zones de plis et les espaces interdigit\u00e9s.<br \/>\nNettoie et purifie les zones affect\u00e9es par les infections cutan\u00e9es telles que pyodermites, pododermites et dermatites \u00e0 Malassezia (infections de la peau par des bact\u00e9ries).<br \/>\nAlternative naturelle pour espacer les shampooings et am\u00e9liorer la sant\u00e9 de l&#8217;animal en limitant les effets secondaires et les r\u00e9sistances aux traitements.<\/p>\n","protected":false},"excerpt":{"rendered":"<p>Pyoclean est un nettoyant sans alcool et sans savon innovant et \u00e9cologique, sp\u00e9cifiquement con\u00e7u et formul\u00e9 pour optimiser la gestion des infections cutan\u00e9es localis\u00e9es chez les chiens et les chats.<\/p>\n","protected":false},"featured_media":717123,"template":"","meta":[],"product_cat":[2697,2698,12611,12612,12561],"product_tag":[],"class_list":{"0":"post-94946","1":"product","2":"type-product","3":"status-publish","4":"has-post-thumbnail","6":"product_cat-chat","7":"product_cat-chien","8":"product_cat-hygiene-de-la-peau-et-du-pelage-du-chat","9":"product_cat-hygiene-de-la-peau-et-du-pelage-du-chien","10":"product_cat-hygiene-du-chien","11":"pa_marque-dermoscent","13":"first","14":"outofstock","15":"taxable","16":"shipping-taxable","17":"purchasable","18":"product-type-simple"},"yoast_head":"<!-- This site is optimized with the Yoast SEO plugin v27.3 - https:\/\/yoast.com\/product\/yoast-seo-wordpress\/ -->\n<title>Lingettes PYOCLEAN Chien et Chat Dermoscent - V\u00e9torino<\/title>\n<meta name=\"description\" content=\"Pyoclean est un nettoyant sans alcool et sans savon innovant et \u00e9cologique, sp\u00e9cifiquement con\u00e7u et formul\u00e9 pour optimiser la gestion des infections cutan\u00e9es localis\u00e9es chez les chiens et les chats.\" \/>\n<meta name=\"robots\" content=\"noindex, nofollow\" \/>\n<meta property=\"og:locale\" content=\"fr_FR\" \/>\n<meta property=\"og:type\" content=\"article\" \/>\n<meta property=\"og:title\" content=\"Lingettes PYOCLEAN Chien et Chat Dermoscent - V\u00e9torino\" \/>\n<meta property=\"og:description\" content=\"Pyoclean est un nettoyant sans alcool et sans savon innovant et \u00e9cologique, sp\u00e9cifiquement con\u00e7u et formul\u00e9 pour optimiser la gestion des infections cutan\u00e9es localis\u00e9es chez les chiens et les chats.\" \/>\n<meta property=\"og:url\" content=\"https:\/\/www.vetorino.com\/veterinaire\/saintefoyleslyon-69110\/boutique\/product\/dermoscent-pyoclean-chien\/\" \/>\n<meta property=\"og:site_name\" content=\"V\u00e9torino\" \/>\n<meta property=\"article:publisher\" content=\"https:\/\/www.facebook.com\/Vetorino\/\" \/>\n<meta property=\"article:modified_time\" content=\"2025-09-02T17:38:06+00:00\" \/>\n<meta property=\"og:image\" content=\"https:\/\/www.vetorino.com\/boutique\/wp-content\/uploads\/2020\/03\/pyoclean-lingettes.png\" \/>\n\t<meta property=\"og:image:width\" content=\"540\" \/>\n\t<meta property=\"og:image:height\" content=\"540\" \/>\n\t<meta property=\"og:image:type\" content=\"image\/png\" \/>\n<meta name=\"twitter:card\" content=\"summary_large_image\" \/>\n<meta name=\"twitter:label1\" content=\"Prix\" \/>\n\t<meta name=\"twitter:data1\" content=\"10,93&euro;\" \/>\n\t<meta name=\"twitter:label2\" content=\"Disponibilit\u00e9\" \/>\n\t<meta name=\"twitter:data2\" content=\"Rupture de stock\" \/>\n<script type=\"application\/ld+json\" class=\"yoast-schema-graph\">{\"@context\":\"https:\\\/\\\/schema.org\",\"@graph\":[{\"@type\":\"WebPage\",\"@id\":\"https:\\\/\\\/www.vetorino.com\\\/veterinaire\\\/amiens-80080\\\/boutique\\\/product\\\/dermoscent-pyoclean-chien\\\/\",\"url\":\"https:\\\/\\\/www.vetorino.com\\\/veterinaire\\\/amiens-80080\\\/boutique\\\/product\\\/dermoscent-pyoclean-chien\\\/\",\"name\":\"Lingettes PYOCLEAN Chien et Chat Dermoscent - V\u00e9torino\",\"isPartOf\":{\"@id\":\"https:\\\/\\\/www.vetorino.com\\\/boutique\\\/#website\"},\"primaryImageOfPage\":{\"@id\":\"https:\\\/\\\/www.vetorino.com\\\/veterinaire\\\/amiens-80080\\\/boutique\\\/product\\\/dermoscent-pyoclean-chien\\\/#primaryimage\"},\"image\":{\"@id\":\"https:\\\/\\\/www.vetorino.com\\\/veterinaire\\\/amiens-80080\\\/boutique\\\/product\\\/dermoscent-pyoclean-chien\\\/#primaryimage\"},\"thumbnailUrl\":\"https:\\\/\\\/www.vetorino.com\\\/boutique\\\/wp-content\\\/uploads\\\/2020\\\/03\\\/pyoclean-lingettes.png\",\"datePublished\":\"2020-06-29T14:57:35+00:00\",\"dateModified\":\"2025-09-02T17:38:06+00:00\",\"description\":\"Pyoclean est un nettoyant sans alcool et sans savon innovant et \u00e9cologique, sp\u00e9cifiquement con\u00e7u et formul\u00e9 pour optimiser la gestion des infections cutan\u00e9es localis\u00e9es chez les chiens et les chats.\",\"breadcrumb\":{\"@id\":\"https:\\\/\\\/www.vetorino.com\\\/veterinaire\\\/amiens-80080\\\/boutique\\\/product\\\/dermoscent-pyoclean-chien\\\/#breadcrumb\"},\"inLanguage\":\"fr-FR\",\"potentialAction\":[{\"@type\":\"ReadAction\",\"target\":[\"https:\\\/\\\/www.vetorino.com\\\/veterinaire\\\/amiens-80080\\\/boutique\\\/product\\\/dermoscent-pyoclean-chien\\\/\"]}]},{\"@type\":\"ImageObject\",\"inLanguage\":\"fr-FR\",\"@id\":\"https:\\\/\\\/www.vetorino.com\\\/veterinaire\\\/amiens-80080\\\/boutique\\\/product\\\/dermoscent-pyoclean-chien\\\/#primaryimage\",\"url\":\"https:\\\/\\\/www.vetorino.com\\\/boutique\\\/wp-content\\\/uploads\\\/2020\\\/03\\\/pyoclean-lingettes.png\",\"contentUrl\":\"https:\\\/\\\/www.vetorino.com\\\/boutique\\\/wp-content\\\/uploads\\\/2020\\\/03\\\/pyoclean-lingettes.png\",\"width\":540,\"height\":540},{\"@type\":\"BreadcrumbList\",\"@id\":\"https:\\\/\\\/www.vetorino.com\\\/veterinaire\\\/amiens-80080\\\/boutique\\\/product\\\/dermoscent-pyoclean-chien\\\/#breadcrumb\",\"itemListElement\":[{\"@type\":\"ListItem\",\"position\":1,\"name\":\"Accueil\",\"item\":\"https:\\\/\\\/www.vetorino.com\\\/boutique\\\/\"},{\"@type\":\"ListItem\",\"position\":2,\"name\":\"Produits\",\"item\":\"https:\\\/\\\/www.vetorino.com\\\/boutique\\\/\"},{\"@type\":\"ListItem\",\"position\":3,\"name\":\"Lingettes PYOCLEAN Chien et Chat\"}]},{\"@type\":\"WebSite\",\"@id\":\"https:\\\/\\\/www.vetorino.com\\\/boutique\\\/#website\",\"url\":\"https:\\\/\\\/www.vetorino.com\\\/boutique\\\/\",\"name\":\"V\u00e9torino\",\"description\":\"\",\"publisher\":{\"@id\":\"https:\\\/\\\/www.vetorino.com\\\/boutique\\\/#organization\"},\"potentialAction\":[{\"@type\":\"SearchAction\",\"target\":{\"@type\":\"EntryPoint\",\"urlTemplate\":\"https:\\\/\\\/www.vetorino.com\\\/boutique\\\/?s={search_term_string}\"},\"query-input\":{\"@type\":\"PropertyValueSpecification\",\"valueRequired\":true,\"valueName\":\"search_term_string\"}}],\"inLanguage\":\"fr-FR\"},{\"@type\":\"Organization\",\"@id\":\"https:\\\/\\\/www.vetorino.com\\\/boutique\\\/#organization\",\"name\":\"V\u00e9torino\",\"url\":\"https:\\\/\\\/www.vetorino.com\\\/boutique\\\/\",\"logo\":{\"@type\":\"ImageObject\",\"inLanguage\":\"fr-FR\",\"@id\":\"https:\\\/\\\/www.vetorino.com\\\/boutique\\\/#\\\/schema\\\/logo\\\/image\\\/\",\"url\":\"https:\\\/\\\/www.vetorino.com\\\/boutique\\\/wp-content\\\/uploads\\\/2024\\\/10\\\/logo.jpg\",\"contentUrl\":\"https:\\\/\\\/www.vetorino.com\\\/boutique\\\/wp-content\\\/uploads\\\/2024\\\/10\\\/logo.jpg\",\"width\":1200,\"height\":610,\"caption\":\"V\u00e9torino\"},\"image\":{\"@id\":\"https:\\\/\\\/www.vetorino.com\\\/boutique\\\/#\\\/schema\\\/logo\\\/image\\\/\"},\"sameAs\":[\"https:\\\/\\\/www.facebook.com\\\/Vetorino\\\/\",\"https:\\\/\\\/www.instagram.com\\\/vetorino_off\\\/\",\"https:\\\/\\\/www.linkedin.com\\\/company\\\/vtorino\\\/\"]}]}<\/script>\n<meta property=\"product:brand\" content=\"Dermoscent\" \/>\n<meta property=\"product:price:amount\" content=\"10.93\" \/>\n<meta property=\"product:price:currency\" content=\"EUR\" \/>\n<meta property=\"og:availability\" content=\"out of stock\" \/>\n<meta property=\"product:availability\" content=\"out of stock\" \/>\n<meta property=\"product:retailer_item_id\" content=\"C-DER063\" \/>\n<meta property=\"product:condition\" content=\"new\" \/>\n<!-- \/ Yoast SEO plugin. -->","yoast_head_json":{"title":"Lingettes PYOCLEAN Chien et Chat Dermoscent - V\u00e9torino","description":"Pyoclean est un nettoyant sans alcool et sans savon innovant et \u00e9cologique, sp\u00e9cifiquement con\u00e7u et formul\u00e9 pour optimiser la gestion des infections cutan\u00e9es localis\u00e9es chez les chiens et les chats.","robots":{"index":"noindex","follow":"nofollow"},"og_locale":"fr_FR","og_type":"article","og_title":"Lingettes PYOCLEAN Chien et Chat Dermoscent - V\u00e9torino","og_description":"Pyoclean est un nettoyant sans alcool et sans savon innovant et \u00e9cologique, sp\u00e9cifiquement con\u00e7u et formul\u00e9 pour optimiser la gestion des infections cutan\u00e9es localis\u00e9es chez les chiens et les chats.","og_url":"https:\/\/www.vetorino.com\/veterinaire\/saintefoyleslyon-69110\/boutique\/product\/dermoscent-pyoclean-chien\/","og_site_name":"V\u00e9torino","article_publisher":"https:\/\/www.facebook.com\/Vetorino\/","article_modified_time":"2025-09-02T17:38:06+00:00","og_image":[{"width":540,"height":540,"url":"https:\/\/www.vetorino.com\/boutique\/wp-content\/uploads\/2020\/03\/pyoclean-lingettes.png","type":"image\/png"}],"twitter_card":"summary_large_image","twitter_misc":{"Prix":"10,93&euro;","Disponibilit\u00e9":"Rupture de stock"},"schema":{"@context":"https:\/\/schema.org","@graph":[{"@type":"WebPage","@id":"https:\/\/www.vetorino.com\/veterinaire\/amiens-80080\/boutique\/product\/dermoscent-pyoclean-chien\/","url":"https:\/\/www.vetorino.com\/veterinaire\/amiens-80080\/boutique\/product\/dermoscent-pyoclean-chien\/","name":"Lingettes PYOCLEAN Chien et Chat Dermoscent - V\u00e9torino","isPartOf":{"@id":"https:\/\/www.vetorino.com\/boutique\/#website"},"primaryImageOfPage":{"@id":"https:\/\/www.vetorino.com\/veterinaire\/amiens-80080\/boutique\/product\/dermoscent-pyoclean-chien\/#primaryimage"},"image":{"@id":"https:\/\/www.vetorino.com\/veterinaire\/amiens-80080\/boutique\/product\/dermoscent-pyoclean-chien\/#primaryimage"},"thumbnailUrl":"https:\/\/www.vetorino.com\/boutique\/wp-content\/uploads\/2020\/03\/pyoclean-lingettes.png","datePublished":"2020-06-29T14:57:35+00:00","dateModified":"2025-09-02T17:38:06+00:00","description":"Pyoclean est un nettoyant sans alcool et sans savon innovant et \u00e9cologique, sp\u00e9cifiquement con\u00e7u et formul\u00e9 pour optimiser la gestion des infections cutan\u00e9es localis\u00e9es chez les chiens et les chats.","breadcrumb":{"@id":"https:\/\/www.vetorino.com\/veterinaire\/amiens-80080\/boutique\/product\/dermoscent-pyoclean-chien\/#breadcrumb"},"inLanguage":"fr-FR","potentialAction":[{"@type":"ReadAction","target":["https:\/\/www.vetorino.com\/veterinaire\/amiens-80080\/boutique\/product\/dermoscent-pyoclean-chien\/"]}]},{"@type":"ImageObject","inLanguage":"fr-FR","@id":"https:\/\/www.vetorino.com\/veterinaire\/amiens-80080\/boutique\/product\/dermoscent-pyoclean-chien\/#primaryimage","url":"https:\/\/www.vetorino.com\/boutique\/wp-content\/uploads\/2020\/03\/pyoclean-lingettes.png","contentUrl":"https:\/\/www.vetorino.com\/boutique\/wp-content\/uploads\/2020\/03\/pyoclean-lingettes.png","width":540,"height":540},{"@type":"BreadcrumbList","@id":"https:\/\/www.vetorino.com\/veterinaire\/amiens-80080\/boutique\/product\/dermoscent-pyoclean-chien\/#breadcrumb","itemListElement":[{"@type":"ListItem","position":1,"name":"Accueil","item":"https:\/\/www.vetorino.com\/boutique\/"},{"@type":"ListItem","position":2,"name":"Produits","item":"https:\/\/www.vetorino.com\/boutique\/"},{"@type":"ListItem","position":3,"name":"Lingettes PYOCLEAN Chien et Chat"}]},{"@type":"WebSite","@id":"https:\/\/www.vetorino.com\/boutique\/#website","url":"https:\/\/www.vetorino.com\/boutique\/","name":"V\u00e9torino","description":"","publisher":{"@id":"https:\/\/www.vetorino.com\/boutique\/#organization"},"potentialAction":[{"@type":"SearchAction","target":{"@type":"EntryPoint","urlTemplate":"https:\/\/www.vetorino.com\/boutique\/?s={search_term_string}"},"query-input":{"@type":"PropertyValueSpecification","valueRequired":true,"valueName":"search_term_string"}}],"inLanguage":"fr-FR"},{"@type":"Organization","@id":"https:\/\/www.vetorino.com\/boutique\/#organization","name":"V\u00e9torino","url":"https:\/\/www.vetorino.com\/boutique\/","logo":{"@type":"ImageObject","inLanguage":"fr-FR","@id":"https:\/\/www.vetorino.com\/boutique\/#\/schema\/logo\/image\/","url":"https:\/\/www.vetorino.com\/boutique\/wp-content\/uploads\/2024\/10\/logo.jpg","contentUrl":"https:\/\/www.vetorino.com\/boutique\/wp-content\/uploads\/2024\/10\/logo.jpg","width":1200,"height":610,"caption":"V\u00e9torino"},"image":{"@id":"https:\/\/www.vetorino.com\/boutique\/#\/schema\/logo\/image\/"},"sameAs":["https:\/\/www.facebook.com\/Vetorino\/","https:\/\/www.instagram.com\/vetorino_off\/","https:\/\/www.linkedin.com\/company\/vtorino\/"]}]},"product_brand":"Dermoscent","product_price_amount":"10.93","product_price_currency":"EUR","og_availability":"out of stock","product_availability":"out of stock","product_retailer_item_id":"C-DER063","product_condition":"new"},"_links":{"self":[{"href":"https:\/\/www.vetorino.com\/veterinaire\/saintefoyleslyon-69110\/boutique\/wp-json\/wp\/v2\/product\/94946","targetHints":{"allow":["GET"]}}],"collection":[{"href":"https:\/\/www.vetorino.com\/veterinaire\/saintefoyleslyon-69110\/boutique\/wp-json\/wp\/v2\/product"}],"about":[{"href":"https:\/\/www.vetorino.com\/veterinaire\/saintefoyleslyon-69110\/boutique\/wp-json\/wp\/v2\/types\/product"}],"wp:featuredmedia":[{"embeddable":true,"href":"https:\/\/www.vetorino.com\/veterinaire\/saintefoyleslyon-69110\/boutique\/wp-json\/wp\/v2\/media\/717123"}],"wp:attachment":[{"href":"https:\/\/www.vetorino.com\/veterinaire\/saintefoyleslyon-69110\/boutique\/wp-json\/wp\/v2\/media?parent=94946"}],"wp:term":[{"taxonomy":"product_cat","embeddable":true,"href":"https:\/\/www.vetorino.com\/veterinaire\/saintefoyleslyon-69110\/boutique\/wp-json\/wp\/v2\/product_cat?post=94946"},{"taxonomy":"product_tag","embeddable":true,"href":"https:\/\/www.vetorino.com\/veterinaire\/saintefoyleslyon-69110\/boutique\/wp-json\/wp\/v2\/product_tag?post=94946"}],"curies":[{"name":"wp","href":"https:\/\/api.w.org\/{rel}","templated":true}]}}