{"id":338291,"date":"2022-06-30T10:23:38","date_gmt":"2022-06-30T08:23:38","guid":{"rendered":"https:\/\/www.vetorino.com\/boutique\/product\/locox-tt-mini-2\/"},"modified":"2024-04-22T15:25:46","modified_gmt":"2024-04-22T13:25:46","slug":"locox-tt-mini-2","status":"publish","type":"product","link":"https:\/\/www.vetorino.com\/veterinaire\/sancey-25430\/boutique\/product\/locox-tt-mini-2\/","title":{"rendered":"Locox TT Mini"},"content":{"rendered":"<p><strong>Locox TT Mini est un aliment compl\u00e9mentaire sous forme de bouch\u00e9es app\u00e9tentes pour le soutien de la mobilit\u00e9 articulaire des chats et petits chiens.<\/strong><\/p>\n<p><strong>Utilisation :<\/strong><\/p>\n<ul>\n<li>Chats et\u00a0chiens de moins de 10 kg souffrant de troubles articulaires<\/li>\n<\/ul>\n<p><strong>Bienfaits essentiels :<\/strong><\/p>\n<ul>\n<li>Des <strong>om\u00e9ga-3<\/strong>, issus d\u2019huile de poisson provenant d\u2019une p\u00eache durable, aidant \u00e0 att\u00e9nuer les <strong>ph\u00e9nom\u00e8nes d\u2019inflammation articulaire<\/strong><\/li>\n<li>Des <strong>antioxydants<\/strong> : superoxyde dismutase (SOD), puissant antioxydant issu d\u2019une vari\u00e9t\u00e9 brevet\u00e9e de melon (Cucumis melo L.), et vitamine E<\/li>\n<li>Une <strong>association de chondroprotecteurs<\/strong> : glucosamine, chondro\u00eftine et MSM (m\u00e9thylsulfonylm\u00e9thane), aux actions compl\u00e9mentaires et potentiellement synergiques avec les antioxydants<\/li>\n<\/ul>\n<p><strong>Indication :<\/strong><\/p>\n<p>Les bouch\u00e9es Locox TT\u00ae (mini) s\u2019utilisent sur des p\u00e9riodes de 1 \u00e0 3 mois renouvelables pour le soutien de la mobilit\u00e9 articulaire des chats et chiens matures actifs et seniors \u00e0 raison de 1 \u00e0 2 bouch\u00e9es par jour selon le poids de l\u2019animal.<\/p>\n","protected":false},"excerpt":{"rendered":"<p><strong>Locox TT Mini est un aliment compl\u00e9mentaire sous forme de bouch\u00e9es app\u00e9tentes pour le soutien de la mobilit\u00e9 articulaire des chats et petits chiens.<\/strong><\/p>\n<p><strong>Utilisation :<\/strong><\/p>\n<ul>\n<li>Chats et chiens de moins de 10 kg souffrant de troubles articulaires<\/li>\n<\/ul>\n","protected":false},"featured_media":902468,"template":"","meta":[],"product_cat":[12551,12552,12581,12582,2697,2698,2733,12632,12633],"product_tag":[],"class_list":{"0":"post-338291","1":"product","2":"type-product","3":"status-publish","4":"has-post-thumbnail","6":"product_cat-alimentation-du-chat","7":"product_cat-alimentation-du-chien","8":"product_cat-alimentation-medicalisee-pour-chat","9":"product_cat-alimentation-medicalisee-pour-chien","10":"product_cat-chat","11":"product_cat-chien","12":"product_cat-friandises-pour-chat","13":"product_cat-soutien-articulaire-du-chat","14":"product_cat-soutien-articulaire-du-chien","15":"pa_marque-tvm","17":"first","18":"instock","19":"taxable","20":"shipping-taxable","21":"purchasable","22":"product-type-simple"},"yoast_head":"<!-- This site is optimized with the Yoast SEO plugin v27.3 - https:\/\/yoast.com\/product\/yoast-seo-wordpress\/ -->\n<title>Locox TT Mini D\u00f4mes Pharma TVM - V\u00e9torino<\/title>\n<meta name=\"description\" content=\"Locox TT Mini est un aliment compl\u00e9mentaire sous forme de bouch\u00e9es app\u00e9tentes pour le soutien de la mobilit\u00e9 articulaire des chats et petits chiens.  Utilisation :   Chats et chiens de moins de 10 kg souffrant de troubles articulaires\" \/>\n<meta name=\"robots\" content=\"noindex, nofollow\" \/>\n<meta property=\"og:locale\" content=\"fr_FR\" \/>\n<meta property=\"og:type\" content=\"article\" \/>\n<meta property=\"og:title\" content=\"Locox TT Mini D\u00f4mes Pharma TVM - V\u00e9torino\" \/>\n<meta property=\"og:description\" content=\"Locox TT Mini est un aliment compl\u00e9mentaire sous forme de bouch\u00e9es app\u00e9tentes pour le soutien de la mobilit\u00e9 articulaire des chats et petits chiens.  Utilisation :   Chats et chiens de moins de 10 kg souffrant de troubles articulaires\" \/>\n<meta property=\"og:url\" content=\"https:\/\/www.vetorino.com\/veterinaire\/sancey-25430\/boutique\/product\/locox-tt-mini-2\/\" \/>\n<meta property=\"og:site_name\" content=\"V\u00e9torino\" \/>\n<meta property=\"article:publisher\" content=\"https:\/\/www.facebook.com\/Vetorino\/\" \/>\n<meta property=\"article:modified_time\" content=\"2024-04-22T13:25:46+00:00\" \/>\n<meta property=\"og:image\" content=\"https:\/\/www.vetorino.com\/boutique\/wp-content\/uploads\/2022\/06\/TVM-1863220.png\" \/>\n\t<meta property=\"og:image:width\" content=\"269\" \/>\n\t<meta property=\"og:image:height\" content=\"370\" \/>\n\t<meta property=\"og:image:type\" content=\"image\/png\" \/>\n<meta name=\"twitter:card\" content=\"summary_large_image\" \/>\n<meta name=\"twitter:label1\" content=\"Prix\" \/>\n\t<meta name=\"twitter:data1\" content=\"18,37&euro;\" \/>\n\t<meta name=\"twitter:label2\" content=\"Disponibilit\u00e9\" \/>\n\t<meta name=\"twitter:data2\" content=\"En stock\" \/>\n<script type=\"application\/ld+json\" class=\"yoast-schema-graph\">{\"@context\":\"https:\\\/\\\/schema.org\",\"@graph\":[{\"@type\":\"WebPage\",\"@id\":\"https:\\\/\\\/www.vetorino.com\\\/boutique\\\/product\\\/locox-tt-mini-2\\\/\",\"url\":\"https:\\\/\\\/www.vetorino.com\\\/boutique\\\/product\\\/locox-tt-mini-2\\\/\",\"name\":\"Locox TT Mini D\u00f4mes Pharma TVM - V\u00e9torino\",\"isPartOf\":{\"@id\":\"https:\\\/\\\/www.vetorino.com\\\/boutique\\\/#website\"},\"primaryImageOfPage\":{\"@id\":\"https:\\\/\\\/www.vetorino.com\\\/boutique\\\/product\\\/locox-tt-mini-2\\\/#primaryimage\"},\"image\":{\"@id\":\"https:\\\/\\\/www.vetorino.com\\\/boutique\\\/product\\\/locox-tt-mini-2\\\/#primaryimage\"},\"thumbnailUrl\":\"https:\\\/\\\/www.vetorino.com\\\/boutique\\\/wp-content\\\/uploads\\\/2022\\\/06\\\/TVM-1863220.png\",\"datePublished\":\"2022-06-30T08:23:38+00:00\",\"dateModified\":\"2024-04-22T13:25:46+00:00\",\"description\":\"Locox TT Mini est un aliment compl\u00e9mentaire sous forme de bouch\u00e9es app\u00e9tentes pour le soutien de la mobilit\u00e9 articulaire des chats et petits chiens. Utilisation : Chats et chiens de moins de 10 kg souffrant de troubles articulaires\",\"breadcrumb\":{\"@id\":\"https:\\\/\\\/www.vetorino.com\\\/boutique\\\/product\\\/locox-tt-mini-2\\\/#breadcrumb\"},\"inLanguage\":\"fr-FR\",\"potentialAction\":[{\"@type\":\"ReadAction\",\"target\":[\"https:\\\/\\\/www.vetorino.com\\\/boutique\\\/product\\\/locox-tt-mini-2\\\/\"]}]},{\"@type\":\"ImageObject\",\"inLanguage\":\"fr-FR\",\"@id\":\"https:\\\/\\\/www.vetorino.com\\\/boutique\\\/product\\\/locox-tt-mini-2\\\/#primaryimage\",\"url\":\"https:\\\/\\\/www.vetorino.com\\\/boutique\\\/wp-content\\\/uploads\\\/2022\\\/06\\\/TVM-1863220.png\",\"contentUrl\":\"https:\\\/\\\/www.vetorino.com\\\/boutique\\\/wp-content\\\/uploads\\\/2022\\\/06\\\/TVM-1863220.png\",\"width\":269,\"height\":370},{\"@type\":\"BreadcrumbList\",\"@id\":\"https:\\\/\\\/www.vetorino.com\\\/boutique\\\/product\\\/locox-tt-mini-2\\\/#breadcrumb\",\"itemListElement\":[{\"@type\":\"ListItem\",\"position\":1,\"name\":\"Accueil\",\"item\":\"https:\\\/\\\/www.vetorino.com\\\/boutique\\\/\"},{\"@type\":\"ListItem\",\"position\":2,\"name\":\"Produits\",\"item\":\"https:\\\/\\\/www.vetorino.com\\\/boutique\\\/\"},{\"@type\":\"ListItem\",\"position\":3,\"name\":\"Locox TT Mini\"}]},{\"@type\":\"WebSite\",\"@id\":\"https:\\\/\\\/www.vetorino.com\\\/boutique\\\/#website\",\"url\":\"https:\\\/\\\/www.vetorino.com\\\/boutique\\\/\",\"name\":\"V\u00e9torino\",\"description\":\"\",\"publisher\":{\"@id\":\"https:\\\/\\\/www.vetorino.com\\\/boutique\\\/#organization\"},\"potentialAction\":[{\"@type\":\"SearchAction\",\"target\":{\"@type\":\"EntryPoint\",\"urlTemplate\":\"https:\\\/\\\/www.vetorino.com\\\/boutique\\\/?s={search_term_string}\"},\"query-input\":{\"@type\":\"PropertyValueSpecification\",\"valueRequired\":true,\"valueName\":\"search_term_string\"}}],\"inLanguage\":\"fr-FR\"},{\"@type\":\"Organization\",\"@id\":\"https:\\\/\\\/www.vetorino.com\\\/boutique\\\/#organization\",\"name\":\"V\u00e9torino\",\"url\":\"https:\\\/\\\/www.vetorino.com\\\/boutique\\\/\",\"logo\":{\"@type\":\"ImageObject\",\"inLanguage\":\"fr-FR\",\"@id\":\"https:\\\/\\\/www.vetorino.com\\\/boutique\\\/#\\\/schema\\\/logo\\\/image\\\/\",\"url\":\"https:\\\/\\\/www.vetorino.com\\\/boutique\\\/wp-content\\\/uploads\\\/2024\\\/10\\\/logo.jpg\",\"contentUrl\":\"https:\\\/\\\/www.vetorino.com\\\/boutique\\\/wp-content\\\/uploads\\\/2024\\\/10\\\/logo.jpg\",\"width\":1200,\"height\":610,\"caption\":\"V\u00e9torino\"},\"image\":{\"@id\":\"https:\\\/\\\/www.vetorino.com\\\/boutique\\\/#\\\/schema\\\/logo\\\/image\\\/\"},\"sameAs\":[\"https:\\\/\\\/www.facebook.com\\\/Vetorino\\\/\",\"https:\\\/\\\/www.instagram.com\\\/vetorino_off\\\/\",\"https:\\\/\\\/www.linkedin.com\\\/company\\\/vtorino\\\/\"]}]}<\/script>\n<meta property=\"product:brand\" content=\"D\u00f4mes Pharma TVM\" \/>\n<meta property=\"product:price:amount\" content=\"18.37\" \/>\n<meta property=\"product:price:currency\" content=\"EUR\" \/>\n<meta property=\"og:availability\" content=\"instock\" \/>\n<meta property=\"product:availability\" content=\"instock\" \/>\n<meta property=\"product:retailer_item_id\" content=\"A-1863220\" \/>\n<meta property=\"product:condition\" content=\"new\" \/>\n<!-- \/ Yoast SEO plugin. -->","yoast_head_json":{"title":"Locox TT Mini D\u00f4mes Pharma TVM - V\u00e9torino","description":"Locox TT Mini est un aliment compl\u00e9mentaire sous forme de bouch\u00e9es app\u00e9tentes pour le soutien de la mobilit\u00e9 articulaire des chats et petits chiens.  Utilisation :   Chats et chiens de moins de 10 kg souffrant de troubles articulaires","robots":{"index":"noindex","follow":"nofollow"},"og_locale":"fr_FR","og_type":"article","og_title":"Locox TT Mini D\u00f4mes Pharma TVM - V\u00e9torino","og_description":"Locox TT Mini est un aliment compl\u00e9mentaire sous forme de bouch\u00e9es app\u00e9tentes pour le soutien de la mobilit\u00e9 articulaire des chats et petits chiens.  Utilisation :   Chats et chiens de moins de 10 kg souffrant de troubles articulaires","og_url":"https:\/\/www.vetorino.com\/veterinaire\/sancey-25430\/boutique\/product\/locox-tt-mini-2\/","og_site_name":"V\u00e9torino","article_publisher":"https:\/\/www.facebook.com\/Vetorino\/","article_modified_time":"2024-04-22T13:25:46+00:00","og_image":[{"width":269,"height":370,"url":"https:\/\/www.vetorino.com\/boutique\/wp-content\/uploads\/2022\/06\/TVM-1863220.png","type":"image\/png"}],"twitter_card":"summary_large_image","twitter_misc":{"Prix":"18,37&euro;","Disponibilit\u00e9":"En stock"},"schema":{"@context":"https:\/\/schema.org","@graph":[{"@type":"WebPage","@id":"https:\/\/www.vetorino.com\/boutique\/product\/locox-tt-mini-2\/","url":"https:\/\/www.vetorino.com\/boutique\/product\/locox-tt-mini-2\/","name":"Locox TT Mini D\u00f4mes Pharma TVM - V\u00e9torino","isPartOf":{"@id":"https:\/\/www.vetorino.com\/boutique\/#website"},"primaryImageOfPage":{"@id":"https:\/\/www.vetorino.com\/boutique\/product\/locox-tt-mini-2\/#primaryimage"},"image":{"@id":"https:\/\/www.vetorino.com\/boutique\/product\/locox-tt-mini-2\/#primaryimage"},"thumbnailUrl":"https:\/\/www.vetorino.com\/boutique\/wp-content\/uploads\/2022\/06\/TVM-1863220.png","datePublished":"2022-06-30T08:23:38+00:00","dateModified":"2024-04-22T13:25:46+00:00","description":"Locox TT Mini est un aliment compl\u00e9mentaire sous forme de bouch\u00e9es app\u00e9tentes pour le soutien de la mobilit\u00e9 articulaire des chats et petits chiens. Utilisation : Chats et chiens de moins de 10 kg souffrant de troubles articulaires","breadcrumb":{"@id":"https:\/\/www.vetorino.com\/boutique\/product\/locox-tt-mini-2\/#breadcrumb"},"inLanguage":"fr-FR","potentialAction":[{"@type":"ReadAction","target":["https:\/\/www.vetorino.com\/boutique\/product\/locox-tt-mini-2\/"]}]},{"@type":"ImageObject","inLanguage":"fr-FR","@id":"https:\/\/www.vetorino.com\/boutique\/product\/locox-tt-mini-2\/#primaryimage","url":"https:\/\/www.vetorino.com\/boutique\/wp-content\/uploads\/2022\/06\/TVM-1863220.png","contentUrl":"https:\/\/www.vetorino.com\/boutique\/wp-content\/uploads\/2022\/06\/TVM-1863220.png","width":269,"height":370},{"@type":"BreadcrumbList","@id":"https:\/\/www.vetorino.com\/boutique\/product\/locox-tt-mini-2\/#breadcrumb","itemListElement":[{"@type":"ListItem","position":1,"name":"Accueil","item":"https:\/\/www.vetorino.com\/boutique\/"},{"@type":"ListItem","position":2,"name":"Produits","item":"https:\/\/www.vetorino.com\/boutique\/"},{"@type":"ListItem","position":3,"name":"Locox TT Mini"}]},{"@type":"WebSite","@id":"https:\/\/www.vetorino.com\/boutique\/#website","url":"https:\/\/www.vetorino.com\/boutique\/","name":"V\u00e9torino","description":"","publisher":{"@id":"https:\/\/www.vetorino.com\/boutique\/#organization"},"potentialAction":[{"@type":"SearchAction","target":{"@type":"EntryPoint","urlTemplate":"https:\/\/www.vetorino.com\/boutique\/?s={search_term_string}"},"query-input":{"@type":"PropertyValueSpecification","valueRequired":true,"valueName":"search_term_string"}}],"inLanguage":"fr-FR"},{"@type":"Organization","@id":"https:\/\/www.vetorino.com\/boutique\/#organization","name":"V\u00e9torino","url":"https:\/\/www.vetorino.com\/boutique\/","logo":{"@type":"ImageObject","inLanguage":"fr-FR","@id":"https:\/\/www.vetorino.com\/boutique\/#\/schema\/logo\/image\/","url":"https:\/\/www.vetorino.com\/boutique\/wp-content\/uploads\/2024\/10\/logo.jpg","contentUrl":"https:\/\/www.vetorino.com\/boutique\/wp-content\/uploads\/2024\/10\/logo.jpg","width":1200,"height":610,"caption":"V\u00e9torino"},"image":{"@id":"https:\/\/www.vetorino.com\/boutique\/#\/schema\/logo\/image\/"},"sameAs":["https:\/\/www.facebook.com\/Vetorino\/","https:\/\/www.instagram.com\/vetorino_off\/","https:\/\/www.linkedin.com\/company\/vtorino\/"]}]},"product_brand":"D\u00f4mes Pharma TVM","product_price_amount":"18.37","product_price_currency":"EUR","og_availability":"instock","product_availability":"instock","product_retailer_item_id":"A-1863220","product_condition":"new"},"_links":{"self":[{"href":"https:\/\/www.vetorino.com\/veterinaire\/sancey-25430\/boutique\/wp-json\/wp\/v2\/product\/338291","targetHints":{"allow":["GET"]}}],"collection":[{"href":"https:\/\/www.vetorino.com\/veterinaire\/sancey-25430\/boutique\/wp-json\/wp\/v2\/product"}],"about":[{"href":"https:\/\/www.vetorino.com\/veterinaire\/sancey-25430\/boutique\/wp-json\/wp\/v2\/types\/product"}],"wp:featuredmedia":[{"embeddable":true,"href":"https:\/\/www.vetorino.com\/veterinaire\/sancey-25430\/boutique\/wp-json\/wp\/v2\/media\/902468"}],"wp:attachment":[{"href":"https:\/\/www.vetorino.com\/veterinaire\/sancey-25430\/boutique\/wp-json\/wp\/v2\/media?parent=338291"}],"wp:term":[{"taxonomy":"product_cat","embeddable":true,"href":"https:\/\/www.vetorino.com\/veterinaire\/sancey-25430\/boutique\/wp-json\/wp\/v2\/product_cat?post=338291"},{"taxonomy":"product_tag","embeddable":true,"href":"https:\/\/www.vetorino.com\/veterinaire\/sancey-25430\/boutique\/wp-json\/wp\/v2\/product_tag?post=338291"}],"curies":[{"name":"wp","href":"https:\/\/api.w.org\/{rel}","templated":true}]}}