{"id":96616,"date":"2020-06-29T17:45:04","date_gmt":"2020-06-29T15:45:04","guid":{"rendered":"https:\/\/www.vetorino.com\/boutique\/product\/gamelle-anti-glouton-hunter-atlanta\/"},"modified":"2026-04-01T21:17:32","modified_gmt":"2026-04-01T19:17:32","slug":"gamelle-anti-glouton-hunter-atlanta","status":"publish","type":"product","link":"https:\/\/www.vetorino.com\/veterinaire\/saugues-43170\/boutique\/product\/gamelle-anti-glouton-hunter-atlanta\/","title":{"rendered":"Gamelle anti-glouton Hunter Atlanta"},"content":{"rendered":"<p>Id\u00e9ale pour les chiens trop gourmand !<\/p>\n<ul>\n<li>Oblige le chien \u00e0 ne prendre que de petites bouch\u00e9es.<\/li>\n<li>En m\u00e9lamine, lavable\u00a0au lave-vaisselle.<\/li>\n<\/ul>\n","protected":false},"excerpt":{"rendered":"<p>La gamelle anti-glouton Atlanta de chez Hunter est une gamelle \u00e9tudi\u00e9e pour aider votre chien \u00e0 manger plus lentement. Elle am\u00e9liore ainsi la digestion de votre chien tout en lui faisant avaler moins d&#8217;air. Il produira plus de salive et m\u00e2chera davantage. Avec anti-d\u00e9rapant.<\/p>\n","protected":false},"featured_media":620972,"template":"","meta":[],"product_cat":[12550,2698,12607],"product_tag":[],"class_list":{"0":"post-96616","1":"product","2":"type-product","3":"status-publish","4":"has-post-thumbnail","6":"product_cat-accessoires-du-chien","7":"product_cat-chien","8":"product_cat-gamelles-pour-chien","9":"pa_marque-hunter","11":"first","12":"instock","13":"taxable","14":"shipping-taxable","15":"purchasable","16":"product-type-variable"},"yoast_head":"<!-- This site is optimized with the Yoast SEO plugin v27.3 - https:\/\/yoast.com\/product\/yoast-seo-wordpress\/ -->\n<title>Gamelle anti-glouton Hunter Atlanta Hunter - V\u00e9torino<\/title>\n<meta name=\"description\" content=\"La gamelle anti-glouton Atlanta de chez Hunter est une gamelle \u00e9tudi\u00e9e pour aider votre chien \u00e0 manger plus lentement. Elle am\u00e9liore ainsi la digestion de votre chien tout en lui faisant avaler moins d&#039;air. Il produira plus de salive et m\u00e2chera davantage. Avec anti-d\u00e9rapant.\" \/>\n<meta name=\"robots\" content=\"noindex, nofollow\" \/>\n<meta property=\"og:locale\" content=\"fr_FR\" \/>\n<meta property=\"og:type\" content=\"article\" \/>\n<meta property=\"og:title\" content=\"Gamelle anti-glouton Hunter Atlanta Hunter - V\u00e9torino\" \/>\n<meta property=\"og:description\" content=\"La gamelle anti-glouton Atlanta de chez Hunter est une gamelle \u00e9tudi\u00e9e pour aider votre chien \u00e0 manger plus lentement. Elle am\u00e9liore ainsi la digestion de votre chien tout en lui faisant avaler moins d&#039;air. Il produira plus de salive et m\u00e2chera davantage. Avec anti-d\u00e9rapant.\" \/>\n<meta property=\"og:url\" content=\"https:\/\/www.vetorino.com\/veterinaire\/saugues-43170\/boutique\/product\/gamelle-anti-glouton-hunter-atlanta\/\" \/>\n<meta property=\"og:site_name\" content=\"V\u00e9torino\" \/>\n<meta property=\"article:publisher\" content=\"https:\/\/www.facebook.com\/Vetorino\/\" \/>\n<meta property=\"article:modified_time\" content=\"2026-04-01T19:17:32+00:00\" \/>\n<meta property=\"og:image\" content=\"https:\/\/www.vetorino.com\/boutique\/wp-content\/uploads\/2020\/06\/hunter_atlanta_gamelle_anti-glouton_pour_chien_-_la_compagnie_des_animaux.jpg\" \/>\n\t<meta property=\"og:image:width\" content=\"700\" \/>\n\t<meta property=\"og:image:height\" content=\"700\" \/>\n\t<meta property=\"og:image:type\" content=\"image\/jpeg\" \/>\n<meta name=\"twitter:card\" content=\"summary_large_image\" \/>\n<meta name=\"twitter:label1\" content=\"Disponibilit\u00e9\" \/>\n\t<meta name=\"twitter:data1\" content=\"En stock\" \/>\n<script type=\"application\/ld+json\" class=\"yoast-schema-graph\">{\"@context\":\"https:\\\/\\\/schema.org\",\"@graph\":[{\"@type\":\"WebPage\",\"@id\":\"https:\\\/\\\/www.vetorino.com\\\/veterinaire\\\/champs-sur-marne-77420\\\/boutique\\\/product\\\/gamelle-anti-glouton-hunter-atlanta\\\/\",\"url\":\"https:\\\/\\\/www.vetorino.com\\\/veterinaire\\\/champs-sur-marne-77420\\\/boutique\\\/product\\\/gamelle-anti-glouton-hunter-atlanta\\\/\",\"name\":\"Gamelle anti-glouton Hunter Atlanta Hunter - V\u00e9torino\",\"isPartOf\":{\"@id\":\"https:\\\/\\\/www.vetorino.com\\\/boutique\\\/#website\"},\"primaryImageOfPage\":{\"@id\":\"https:\\\/\\\/www.vetorino.com\\\/veterinaire\\\/champs-sur-marne-77420\\\/boutique\\\/product\\\/gamelle-anti-glouton-hunter-atlanta\\\/#primaryimage\"},\"image\":{\"@id\":\"https:\\\/\\\/www.vetorino.com\\\/veterinaire\\\/champs-sur-marne-77420\\\/boutique\\\/product\\\/gamelle-anti-glouton-hunter-atlanta\\\/#primaryimage\"},\"thumbnailUrl\":\"https:\\\/\\\/www.vetorino.com\\\/boutique\\\/wp-content\\\/uploads\\\/2020\\\/06\\\/hunter_atlanta_gamelle_anti-glouton_pour_chien_-_la_compagnie_des_animaux.jpg\",\"datePublished\":\"2020-06-29T15:45:04+00:00\",\"dateModified\":\"2026-04-01T19:17:32+00:00\",\"description\":\"La gamelle anti-glouton Atlanta de chez Hunter est une gamelle \u00e9tudi\u00e9e pour aider votre chien \u00e0 manger plus lentement. Elle am\u00e9liore ainsi la digestion de votre chien tout en lui faisant avaler moins d'air. Il produira plus de salive et m\u00e2chera davantage. Avec anti-d\u00e9rapant.\",\"breadcrumb\":{\"@id\":\"https:\\\/\\\/www.vetorino.com\\\/veterinaire\\\/champs-sur-marne-77420\\\/boutique\\\/product\\\/gamelle-anti-glouton-hunter-atlanta\\\/#breadcrumb\"},\"inLanguage\":\"fr-FR\",\"potentialAction\":[{\"@type\":\"ReadAction\",\"target\":[\"https:\\\/\\\/www.vetorino.com\\\/veterinaire\\\/champs-sur-marne-77420\\\/boutique\\\/product\\\/gamelle-anti-glouton-hunter-atlanta\\\/\"]}]},{\"@type\":\"ImageObject\",\"inLanguage\":\"fr-FR\",\"@id\":\"https:\\\/\\\/www.vetorino.com\\\/veterinaire\\\/champs-sur-marne-77420\\\/boutique\\\/product\\\/gamelle-anti-glouton-hunter-atlanta\\\/#primaryimage\",\"url\":\"https:\\\/\\\/www.vetorino.com\\\/boutique\\\/wp-content\\\/uploads\\\/2020\\\/06\\\/hunter_atlanta_gamelle_anti-glouton_pour_chien_-_la_compagnie_des_animaux.jpg\",\"contentUrl\":\"https:\\\/\\\/www.vetorino.com\\\/boutique\\\/wp-content\\\/uploads\\\/2020\\\/06\\\/hunter_atlanta_gamelle_anti-glouton_pour_chien_-_la_compagnie_des_animaux.jpg\",\"width\":700,\"height\":700},{\"@type\":\"BreadcrumbList\",\"@id\":\"https:\\\/\\\/www.vetorino.com\\\/veterinaire\\\/champs-sur-marne-77420\\\/boutique\\\/product\\\/gamelle-anti-glouton-hunter-atlanta\\\/#breadcrumb\",\"itemListElement\":[{\"@type\":\"ListItem\",\"position\":1,\"name\":\"Accueil\",\"item\":\"https:\\\/\\\/www.vetorino.com\\\/boutique\\\/\"},{\"@type\":\"ListItem\",\"position\":2,\"name\":\"Produits\",\"item\":\"https:\\\/\\\/www.vetorino.com\\\/boutique\\\/\"},{\"@type\":\"ListItem\",\"position\":3,\"name\":\"Gamelle anti-glouton Hunter Atlanta\"}]},{\"@type\":\"WebSite\",\"@id\":\"https:\\\/\\\/www.vetorino.com\\\/boutique\\\/#website\",\"url\":\"https:\\\/\\\/www.vetorino.com\\\/boutique\\\/\",\"name\":\"V\u00e9torino\",\"description\":\"\",\"publisher\":{\"@id\":\"https:\\\/\\\/www.vetorino.com\\\/boutique\\\/#organization\"},\"potentialAction\":[{\"@type\":\"SearchAction\",\"target\":{\"@type\":\"EntryPoint\",\"urlTemplate\":\"https:\\\/\\\/www.vetorino.com\\\/boutique\\\/?s={search_term_string}\"},\"query-input\":{\"@type\":\"PropertyValueSpecification\",\"valueRequired\":true,\"valueName\":\"search_term_string\"}}],\"inLanguage\":\"fr-FR\"},{\"@type\":\"Organization\",\"@id\":\"https:\\\/\\\/www.vetorino.com\\\/boutique\\\/#organization\",\"name\":\"V\u00e9torino\",\"url\":\"https:\\\/\\\/www.vetorino.com\\\/boutique\\\/\",\"logo\":{\"@type\":\"ImageObject\",\"inLanguage\":\"fr-FR\",\"@id\":\"https:\\\/\\\/www.vetorino.com\\\/boutique\\\/#\\\/schema\\\/logo\\\/image\\\/\",\"url\":\"https:\\\/\\\/www.vetorino.com\\\/boutique\\\/wp-content\\\/uploads\\\/2024\\\/10\\\/logo.jpg\",\"contentUrl\":\"https:\\\/\\\/www.vetorino.com\\\/boutique\\\/wp-content\\\/uploads\\\/2024\\\/10\\\/logo.jpg\",\"width\":1200,\"height\":610,\"caption\":\"V\u00e9torino\"},\"image\":{\"@id\":\"https:\\\/\\\/www.vetorino.com\\\/boutique\\\/#\\\/schema\\\/logo\\\/image\\\/\"},\"sameAs\":[\"https:\\\/\\\/www.facebook.com\\\/Vetorino\\\/\",\"https:\\\/\\\/www.instagram.com\\\/vetorino_off\\\/\",\"https:\\\/\\\/www.linkedin.com\\\/company\\\/vtorino\\\/\"]}]}<\/script>\n<meta property=\"product:brand\" content=\"Hunter\" \/>\n<meta property=\"og:availability\" content=\"instock\" \/>\n<meta property=\"product:availability\" content=\"instock\" \/>\n<meta property=\"product:condition\" content=\"new\" \/>\n<!-- \/ Yoast SEO plugin. -->","yoast_head_json":{"title":"Gamelle anti-glouton Hunter Atlanta Hunter - V\u00e9torino","description":"La gamelle anti-glouton Atlanta de chez Hunter est une gamelle \u00e9tudi\u00e9e pour aider votre chien \u00e0 manger plus lentement. Elle am\u00e9liore ainsi la digestion de votre chien tout en lui faisant avaler moins d'air. Il produira plus de salive et m\u00e2chera davantage. Avec anti-d\u00e9rapant.","robots":{"index":"noindex","follow":"nofollow"},"og_locale":"fr_FR","og_type":"article","og_title":"Gamelle anti-glouton Hunter Atlanta Hunter - V\u00e9torino","og_description":"La gamelle anti-glouton Atlanta de chez Hunter est une gamelle \u00e9tudi\u00e9e pour aider votre chien \u00e0 manger plus lentement. Elle am\u00e9liore ainsi la digestion de votre chien tout en lui faisant avaler moins d'air. Il produira plus de salive et m\u00e2chera davantage. Avec anti-d\u00e9rapant.","og_url":"https:\/\/www.vetorino.com\/veterinaire\/saugues-43170\/boutique\/product\/gamelle-anti-glouton-hunter-atlanta\/","og_site_name":"V\u00e9torino","article_publisher":"https:\/\/www.facebook.com\/Vetorino\/","article_modified_time":"2026-04-01T19:17:32+00:00","og_image":[{"width":700,"height":700,"url":"https:\/\/www.vetorino.com\/boutique\/wp-content\/uploads\/2020\/06\/hunter_atlanta_gamelle_anti-glouton_pour_chien_-_la_compagnie_des_animaux.jpg","type":"image\/jpeg"}],"twitter_card":"summary_large_image","twitter_misc":{"Disponibilit\u00e9":"En stock"},"schema":{"@context":"https:\/\/schema.org","@graph":[{"@type":"WebPage","@id":"https:\/\/www.vetorino.com\/veterinaire\/champs-sur-marne-77420\/boutique\/product\/gamelle-anti-glouton-hunter-atlanta\/","url":"https:\/\/www.vetorino.com\/veterinaire\/champs-sur-marne-77420\/boutique\/product\/gamelle-anti-glouton-hunter-atlanta\/","name":"Gamelle anti-glouton Hunter Atlanta Hunter - V\u00e9torino","isPartOf":{"@id":"https:\/\/www.vetorino.com\/boutique\/#website"},"primaryImageOfPage":{"@id":"https:\/\/www.vetorino.com\/veterinaire\/champs-sur-marne-77420\/boutique\/product\/gamelle-anti-glouton-hunter-atlanta\/#primaryimage"},"image":{"@id":"https:\/\/www.vetorino.com\/veterinaire\/champs-sur-marne-77420\/boutique\/product\/gamelle-anti-glouton-hunter-atlanta\/#primaryimage"},"thumbnailUrl":"https:\/\/www.vetorino.com\/boutique\/wp-content\/uploads\/2020\/06\/hunter_atlanta_gamelle_anti-glouton_pour_chien_-_la_compagnie_des_animaux.jpg","datePublished":"2020-06-29T15:45:04+00:00","dateModified":"2026-04-01T19:17:32+00:00","description":"La gamelle anti-glouton Atlanta de chez Hunter est une gamelle \u00e9tudi\u00e9e pour aider votre chien \u00e0 manger plus lentement. Elle am\u00e9liore ainsi la digestion de votre chien tout en lui faisant avaler moins d'air. Il produira plus de salive et m\u00e2chera davantage. Avec anti-d\u00e9rapant.","breadcrumb":{"@id":"https:\/\/www.vetorino.com\/veterinaire\/champs-sur-marne-77420\/boutique\/product\/gamelle-anti-glouton-hunter-atlanta\/#breadcrumb"},"inLanguage":"fr-FR","potentialAction":[{"@type":"ReadAction","target":["https:\/\/www.vetorino.com\/veterinaire\/champs-sur-marne-77420\/boutique\/product\/gamelle-anti-glouton-hunter-atlanta\/"]}]},{"@type":"ImageObject","inLanguage":"fr-FR","@id":"https:\/\/www.vetorino.com\/veterinaire\/champs-sur-marne-77420\/boutique\/product\/gamelle-anti-glouton-hunter-atlanta\/#primaryimage","url":"https:\/\/www.vetorino.com\/boutique\/wp-content\/uploads\/2020\/06\/hunter_atlanta_gamelle_anti-glouton_pour_chien_-_la_compagnie_des_animaux.jpg","contentUrl":"https:\/\/www.vetorino.com\/boutique\/wp-content\/uploads\/2020\/06\/hunter_atlanta_gamelle_anti-glouton_pour_chien_-_la_compagnie_des_animaux.jpg","width":700,"height":700},{"@type":"BreadcrumbList","@id":"https:\/\/www.vetorino.com\/veterinaire\/champs-sur-marne-77420\/boutique\/product\/gamelle-anti-glouton-hunter-atlanta\/#breadcrumb","itemListElement":[{"@type":"ListItem","position":1,"name":"Accueil","item":"https:\/\/www.vetorino.com\/boutique\/"},{"@type":"ListItem","position":2,"name":"Produits","item":"https:\/\/www.vetorino.com\/boutique\/"},{"@type":"ListItem","position":3,"name":"Gamelle anti-glouton Hunter Atlanta"}]},{"@type":"WebSite","@id":"https:\/\/www.vetorino.com\/boutique\/#website","url":"https:\/\/www.vetorino.com\/boutique\/","name":"V\u00e9torino","description":"","publisher":{"@id":"https:\/\/www.vetorino.com\/boutique\/#organization"},"potentialAction":[{"@type":"SearchAction","target":{"@type":"EntryPoint","urlTemplate":"https:\/\/www.vetorino.com\/boutique\/?s={search_term_string}"},"query-input":{"@type":"PropertyValueSpecification","valueRequired":true,"valueName":"search_term_string"}}],"inLanguage":"fr-FR"},{"@type":"Organization","@id":"https:\/\/www.vetorino.com\/boutique\/#organization","name":"V\u00e9torino","url":"https:\/\/www.vetorino.com\/boutique\/","logo":{"@type":"ImageObject","inLanguage":"fr-FR","@id":"https:\/\/www.vetorino.com\/boutique\/#\/schema\/logo\/image\/","url":"https:\/\/www.vetorino.com\/boutique\/wp-content\/uploads\/2024\/10\/logo.jpg","contentUrl":"https:\/\/www.vetorino.com\/boutique\/wp-content\/uploads\/2024\/10\/logo.jpg","width":1200,"height":610,"caption":"V\u00e9torino"},"image":{"@id":"https:\/\/www.vetorino.com\/boutique\/#\/schema\/logo\/image\/"},"sameAs":["https:\/\/www.facebook.com\/Vetorino\/","https:\/\/www.instagram.com\/vetorino_off\/","https:\/\/www.linkedin.com\/company\/vtorino\/"]}]},"product_brand":"Hunter","og_availability":"instock","product_availability":"instock","product_condition":"new"},"_links":{"self":[{"href":"https:\/\/www.vetorino.com\/veterinaire\/saugues-43170\/boutique\/wp-json\/wp\/v2\/product\/96616","targetHints":{"allow":["GET"]}}],"collection":[{"href":"https:\/\/www.vetorino.com\/veterinaire\/saugues-43170\/boutique\/wp-json\/wp\/v2\/product"}],"about":[{"href":"https:\/\/www.vetorino.com\/veterinaire\/saugues-43170\/boutique\/wp-json\/wp\/v2\/types\/product"}],"wp:featuredmedia":[{"embeddable":true,"href":"https:\/\/www.vetorino.com\/veterinaire\/saugues-43170\/boutique\/wp-json\/wp\/v2\/media\/620972"}],"wp:attachment":[{"href":"https:\/\/www.vetorino.com\/veterinaire\/saugues-43170\/boutique\/wp-json\/wp\/v2\/media?parent=96616"}],"wp:term":[{"taxonomy":"product_cat","embeddable":true,"href":"https:\/\/www.vetorino.com\/veterinaire\/saugues-43170\/boutique\/wp-json\/wp\/v2\/product_cat?post=96616"},{"taxonomy":"product_tag","embeddable":true,"href":"https:\/\/www.vetorino.com\/veterinaire\/saugues-43170\/boutique\/wp-json\/wp\/v2\/product_tag?post=96616"}],"curies":[{"name":"wp","href":"https:\/\/api.w.org\/{rel}","templated":true}]}}