{"id":98417,"date":"2020-06-30T01:03:08","date_gmt":"2020-06-29T23:03:08","guid":{"rendered":"https:\/\/www.vetorino.com\/boutique\/product\/kong-flyer\/"},"modified":"2026-03-16T22:07:54","modified_gmt":"2026-03-16T21:07:54","slug":"kong-flyer","status":"publish","type":"product","link":"https:\/\/www.vetorino.com\/veterinaire\/saugues-43170\/boutique\/product\/kong-flyer\/","title":{"rendered":"Frisbee KONG Flyer pour chien"},"content":{"rendered":"<p>Le frisbee pour chien Kong Flyer est un jouet parfaitement adapter pour s&#8217;amuser \u00e0 l&#8217;ext\u00e9rieur !<br \/>\nAvec le frisbee Kong Flyer vous pourrez vous amuser avec votre chien en toute s\u00e9curit\u00e9. Il est fabriqu\u00e9 \u00e0 partir d&#8217;un caoutchouc naturel r\u00e9sistant, doux et souple. Le Kong Flyer a \u00e9t\u00e9 con\u00e7u de mani\u00e8re \u00e0 emp\u00eacher les blessures au niveau de la gueule de votre chien caus\u00e9es par des rebords en plastique tranchants.<br \/>\nCe Frisbee permet une bonne prise en main et un lancer pr\u00e9cis.<\/p>\n","protected":false},"excerpt":{"rendered":"<p>Le frisbee pour chien KONG Flyer est un jouet parfaitement adapt\u00e9 pour s&#8217;amuser \u00e0 l&#8217;ext\u00e9rieur !<\/p>\n<p>Avec le frisbee KONG Flyer vous pourrez vous amuser avec votre chien en toute s\u00e9curit\u00e9. Il est fabriqu\u00e9 \u00e0 partir d&#8217;un caoutchouc naturel r\u00e9sistant, doux et souple. Le frisbee KONG Flyer a \u00e9t\u00e9 con\u00e7u de mani\u00e8re \u00e0 emp\u00eacher les blessures au niveau de la gueule de votre chien, caus\u00e9es par des rebords en plastique tranchants.<\/p>\n<p>Ce frisbee permet une bonne prise en main et un lancer pr\u00e9cis.<\/p>\n","protected":false},"featured_media":616709,"template":"","meta":[],"product_cat":[12550,2698,12621],"product_tag":[],"class_list":{"0":"post-98417","1":"product","2":"type-product","3":"status-publish","4":"has-post-thumbnail","6":"product_cat-accessoires-du-chien","7":"product_cat-chien","8":"product_cat-jeux-educatifs-pour-chien","9":"pa_marque-kong","11":"first","12":"instock","13":"taxable","14":"shipping-taxable","15":"purchasable","16":"product-type-variable"},"yoast_head":"<!-- This site is optimized with the Yoast SEO plugin v27.3 - https:\/\/yoast.com\/product\/yoast-seo-wordpress\/ -->\n<title>Frisbee KONG Flyer pour chien Kong - V\u00e9torino<\/title>\n<meta name=\"description\" content=\"Le frisbee pour chien KONG Flyer est un jouet parfaitement adapt\u00e9 pour s&#039;amuser \u00e0 l&#039;ext\u00e9rieur !  Avec le frisbee KONG Flyer vous pourrez vous amuser avec votre chien en toute s\u00e9curit\u00e9. Il est fabriqu\u00e9 \u00e0 partir d&#039;un caoutchouc naturel r\u00e9sistant, doux et souple. Le frisbee KONG Flyer a \u00e9t\u00e9 con\u00e7u de mani\u00e8re \u00e0 emp\u00eacher les blessures au niveau de la gueule de votre chien, caus\u00e9es par des rebords en plastique tranchants.  Ce frisbee permet une bonne prise en main et un lancer pr\u00e9cis.\" \/>\n<meta name=\"robots\" content=\"noindex, nofollow\" \/>\n<meta property=\"og:locale\" content=\"fr_FR\" \/>\n<meta property=\"og:type\" content=\"article\" \/>\n<meta property=\"og:title\" content=\"Frisbee KONG Flyer pour chien Kong - V\u00e9torino\" \/>\n<meta property=\"og:description\" content=\"Le frisbee pour chien KONG Flyer est un jouet parfaitement adapt\u00e9 pour s&#039;amuser \u00e0 l&#039;ext\u00e9rieur !  Avec le frisbee KONG Flyer vous pourrez vous amuser avec votre chien en toute s\u00e9curit\u00e9. Il est fabriqu\u00e9 \u00e0 partir d&#039;un caoutchouc naturel r\u00e9sistant, doux et souple. Le frisbee KONG Flyer a \u00e9t\u00e9 con\u00e7u de mani\u00e8re \u00e0 emp\u00eacher les blessures au niveau de la gueule de votre chien, caus\u00e9es par des rebords en plastique tranchants.  Ce frisbee permet une bonne prise en main et un lancer pr\u00e9cis.\" \/>\n<meta property=\"og:url\" content=\"https:\/\/www.vetorino.com\/veterinaire\/saugues-43170\/boutique\/product\/kong-flyer\/\" \/>\n<meta property=\"og:site_name\" content=\"V\u00e9torino\" \/>\n<meta property=\"article:publisher\" content=\"https:\/\/www.facebook.com\/Vetorino\/\" \/>\n<meta property=\"article:modified_time\" content=\"2026-03-16T21:07:54+00:00\" \/>\n<meta property=\"og:image\" content=\"https:\/\/www.vetorino.com\/boutique\/wp-content\/uploads\/2020\/06\/26785_pla_kong_flyer_hundefrisbee_l_hs_kf3e_4.jpg\" \/>\n\t<meta property=\"og:image:width\" content=\"400\" \/>\n\t<meta property=\"og:image:height\" content=\"400\" \/>\n\t<meta property=\"og:image:type\" content=\"image\/jpeg\" \/>\n<meta name=\"twitter:card\" content=\"summary_large_image\" \/>\n<meta name=\"twitter:label1\" content=\"Disponibilit\u00e9\" \/>\n\t<meta name=\"twitter:data1\" content=\"En stock\" \/>\n<script type=\"application\/ld+json\" class=\"yoast-schema-graph\">{\"@context\":\"https:\\\/\\\/schema.org\",\"@graph\":[{\"@type\":\"WebPage\",\"@id\":\"https:\\\/\\\/www.vetorino.com\\\/boutique\\\/product\\\/kong-flyer\\\/\",\"url\":\"https:\\\/\\\/www.vetorino.com\\\/boutique\\\/product\\\/kong-flyer\\\/\",\"name\":\"Frisbee KONG Flyer pour chien Kong - V\u00e9torino\",\"isPartOf\":{\"@id\":\"https:\\\/\\\/www.vetorino.com\\\/boutique\\\/#website\"},\"primaryImageOfPage\":{\"@id\":\"https:\\\/\\\/www.vetorino.com\\\/boutique\\\/product\\\/kong-flyer\\\/#primaryimage\"},\"image\":{\"@id\":\"https:\\\/\\\/www.vetorino.com\\\/boutique\\\/product\\\/kong-flyer\\\/#primaryimage\"},\"thumbnailUrl\":\"https:\\\/\\\/www.vetorino.com\\\/boutique\\\/wp-content\\\/uploads\\\/2020\\\/06\\\/26785_pla_kong_flyer_hundefrisbee_l_hs_kf3e_4.jpg\",\"datePublished\":\"2020-06-29T23:03:08+00:00\",\"dateModified\":\"2026-03-16T21:07:54+00:00\",\"description\":\"Le frisbee pour chien KONG Flyer est un jouet parfaitement adapt\u00e9 pour s'amuser \u00e0 l'ext\u00e9rieur ! Avec le frisbee KONG Flyer vous pourrez vous amuser avec votre chien en toute s\u00e9curit\u00e9. Il est fabriqu\u00e9 \u00e0 partir d'un caoutchouc naturel r\u00e9sistant, doux et souple. Le frisbee KONG Flyer a \u00e9t\u00e9 con\u00e7u de mani\u00e8re \u00e0 emp\u00eacher les blessures au niveau de la gueule de votre chien, caus\u00e9es par des rebords en plastique tranchants. Ce frisbee permet une bonne prise en main et un lancer pr\u00e9cis.\",\"breadcrumb\":{\"@id\":\"https:\\\/\\\/www.vetorino.com\\\/boutique\\\/product\\\/kong-flyer\\\/#breadcrumb\"},\"inLanguage\":\"fr-FR\",\"potentialAction\":[{\"@type\":\"ReadAction\",\"target\":[\"https:\\\/\\\/www.vetorino.com\\\/boutique\\\/product\\\/kong-flyer\\\/\"]}]},{\"@type\":\"ImageObject\",\"inLanguage\":\"fr-FR\",\"@id\":\"https:\\\/\\\/www.vetorino.com\\\/boutique\\\/product\\\/kong-flyer\\\/#primaryimage\",\"url\":\"https:\\\/\\\/www.vetorino.com\\\/boutique\\\/wp-content\\\/uploads\\\/2020\\\/06\\\/26785_pla_kong_flyer_hundefrisbee_l_hs_kf3e_4.jpg\",\"contentUrl\":\"https:\\\/\\\/www.vetorino.com\\\/boutique\\\/wp-content\\\/uploads\\\/2020\\\/06\\\/26785_pla_kong_flyer_hundefrisbee_l_hs_kf3e_4.jpg\",\"width\":400,\"height\":400},{\"@type\":\"BreadcrumbList\",\"@id\":\"https:\\\/\\\/www.vetorino.com\\\/boutique\\\/product\\\/kong-flyer\\\/#breadcrumb\",\"itemListElement\":[{\"@type\":\"ListItem\",\"position\":1,\"name\":\"Accueil\",\"item\":\"https:\\\/\\\/www.vetorino.com\\\/boutique\\\/\"},{\"@type\":\"ListItem\",\"position\":2,\"name\":\"Produits\",\"item\":\"https:\\\/\\\/www.vetorino.com\\\/boutique\\\/\"},{\"@type\":\"ListItem\",\"position\":3,\"name\":\"Frisbee KONG Flyer pour chien\"}]},{\"@type\":\"WebSite\",\"@id\":\"https:\\\/\\\/www.vetorino.com\\\/boutique\\\/#website\",\"url\":\"https:\\\/\\\/www.vetorino.com\\\/boutique\\\/\",\"name\":\"V\u00e9torino\",\"description\":\"\",\"publisher\":{\"@id\":\"https:\\\/\\\/www.vetorino.com\\\/boutique\\\/#organization\"},\"potentialAction\":[{\"@type\":\"SearchAction\",\"target\":{\"@type\":\"EntryPoint\",\"urlTemplate\":\"https:\\\/\\\/www.vetorino.com\\\/boutique\\\/?s={search_term_string}\"},\"query-input\":{\"@type\":\"PropertyValueSpecification\",\"valueRequired\":true,\"valueName\":\"search_term_string\"}}],\"inLanguage\":\"fr-FR\"},{\"@type\":\"Organization\",\"@id\":\"https:\\\/\\\/www.vetorino.com\\\/boutique\\\/#organization\",\"name\":\"V\u00e9torino\",\"url\":\"https:\\\/\\\/www.vetorino.com\\\/boutique\\\/\",\"logo\":{\"@type\":\"ImageObject\",\"inLanguage\":\"fr-FR\",\"@id\":\"https:\\\/\\\/www.vetorino.com\\\/boutique\\\/#\\\/schema\\\/logo\\\/image\\\/\",\"url\":\"https:\\\/\\\/www.vetorino.com\\\/boutique\\\/wp-content\\\/uploads\\\/2024\\\/10\\\/logo.jpg\",\"contentUrl\":\"https:\\\/\\\/www.vetorino.com\\\/boutique\\\/wp-content\\\/uploads\\\/2024\\\/10\\\/logo.jpg\",\"width\":1200,\"height\":610,\"caption\":\"V\u00e9torino\"},\"image\":{\"@id\":\"https:\\\/\\\/www.vetorino.com\\\/boutique\\\/#\\\/schema\\\/logo\\\/image\\\/\"},\"sameAs\":[\"https:\\\/\\\/www.facebook.com\\\/Vetorino\\\/\",\"https:\\\/\\\/www.instagram.com\\\/vetorino_off\\\/\",\"https:\\\/\\\/www.linkedin.com\\\/company\\\/vtorino\\\/\"]}]}<\/script>\n<meta property=\"product:brand\" content=\"Kong\" \/>\n<meta property=\"og:availability\" content=\"instock\" \/>\n<meta property=\"product:availability\" content=\"instock\" \/>\n<meta property=\"product:condition\" content=\"new\" \/>\n<!-- \/ Yoast SEO plugin. -->","yoast_head_json":{"title":"Frisbee KONG Flyer pour chien Kong - V\u00e9torino","description":"Le frisbee pour chien KONG Flyer est un jouet parfaitement adapt\u00e9 pour s'amuser \u00e0 l'ext\u00e9rieur !  Avec le frisbee KONG Flyer vous pourrez vous amuser avec votre chien en toute s\u00e9curit\u00e9. Il est fabriqu\u00e9 \u00e0 partir d'un caoutchouc naturel r\u00e9sistant, doux et souple. Le frisbee KONG Flyer a \u00e9t\u00e9 con\u00e7u de mani\u00e8re \u00e0 emp\u00eacher les blessures au niveau de la gueule de votre chien, caus\u00e9es par des rebords en plastique tranchants.  Ce frisbee permet une bonne prise en main et un lancer pr\u00e9cis.","robots":{"index":"noindex","follow":"nofollow"},"og_locale":"fr_FR","og_type":"article","og_title":"Frisbee KONG Flyer pour chien Kong - V\u00e9torino","og_description":"Le frisbee pour chien KONG Flyer est un jouet parfaitement adapt\u00e9 pour s'amuser \u00e0 l'ext\u00e9rieur !  Avec le frisbee KONG Flyer vous pourrez vous amuser avec votre chien en toute s\u00e9curit\u00e9. Il est fabriqu\u00e9 \u00e0 partir d'un caoutchouc naturel r\u00e9sistant, doux et souple. Le frisbee KONG Flyer a \u00e9t\u00e9 con\u00e7u de mani\u00e8re \u00e0 emp\u00eacher les blessures au niveau de la gueule de votre chien, caus\u00e9es par des rebords en plastique tranchants.  Ce frisbee permet une bonne prise en main et un lancer pr\u00e9cis.","og_url":"https:\/\/www.vetorino.com\/veterinaire\/saugues-43170\/boutique\/product\/kong-flyer\/","og_site_name":"V\u00e9torino","article_publisher":"https:\/\/www.facebook.com\/Vetorino\/","article_modified_time":"2026-03-16T21:07:54+00:00","og_image":[{"width":400,"height":400,"url":"https:\/\/www.vetorino.com\/boutique\/wp-content\/uploads\/2020\/06\/26785_pla_kong_flyer_hundefrisbee_l_hs_kf3e_4.jpg","type":"image\/jpeg"}],"twitter_card":"summary_large_image","twitter_misc":{"Disponibilit\u00e9":"En stock"},"schema":{"@context":"https:\/\/schema.org","@graph":[{"@type":"WebPage","@id":"https:\/\/www.vetorino.com\/boutique\/product\/kong-flyer\/","url":"https:\/\/www.vetorino.com\/boutique\/product\/kong-flyer\/","name":"Frisbee KONG Flyer pour chien Kong - V\u00e9torino","isPartOf":{"@id":"https:\/\/www.vetorino.com\/boutique\/#website"},"primaryImageOfPage":{"@id":"https:\/\/www.vetorino.com\/boutique\/product\/kong-flyer\/#primaryimage"},"image":{"@id":"https:\/\/www.vetorino.com\/boutique\/product\/kong-flyer\/#primaryimage"},"thumbnailUrl":"https:\/\/www.vetorino.com\/boutique\/wp-content\/uploads\/2020\/06\/26785_pla_kong_flyer_hundefrisbee_l_hs_kf3e_4.jpg","datePublished":"2020-06-29T23:03:08+00:00","dateModified":"2026-03-16T21:07:54+00:00","description":"Le frisbee pour chien KONG Flyer est un jouet parfaitement adapt\u00e9 pour s'amuser \u00e0 l'ext\u00e9rieur ! Avec le frisbee KONG Flyer vous pourrez vous amuser avec votre chien en toute s\u00e9curit\u00e9. Il est fabriqu\u00e9 \u00e0 partir d'un caoutchouc naturel r\u00e9sistant, doux et souple. Le frisbee KONG Flyer a \u00e9t\u00e9 con\u00e7u de mani\u00e8re \u00e0 emp\u00eacher les blessures au niveau de la gueule de votre chien, caus\u00e9es par des rebords en plastique tranchants. Ce frisbee permet une bonne prise en main et un lancer pr\u00e9cis.","breadcrumb":{"@id":"https:\/\/www.vetorino.com\/boutique\/product\/kong-flyer\/#breadcrumb"},"inLanguage":"fr-FR","potentialAction":[{"@type":"ReadAction","target":["https:\/\/www.vetorino.com\/boutique\/product\/kong-flyer\/"]}]},{"@type":"ImageObject","inLanguage":"fr-FR","@id":"https:\/\/www.vetorino.com\/boutique\/product\/kong-flyer\/#primaryimage","url":"https:\/\/www.vetorino.com\/boutique\/wp-content\/uploads\/2020\/06\/26785_pla_kong_flyer_hundefrisbee_l_hs_kf3e_4.jpg","contentUrl":"https:\/\/www.vetorino.com\/boutique\/wp-content\/uploads\/2020\/06\/26785_pla_kong_flyer_hundefrisbee_l_hs_kf3e_4.jpg","width":400,"height":400},{"@type":"BreadcrumbList","@id":"https:\/\/www.vetorino.com\/boutique\/product\/kong-flyer\/#breadcrumb","itemListElement":[{"@type":"ListItem","position":1,"name":"Accueil","item":"https:\/\/www.vetorino.com\/boutique\/"},{"@type":"ListItem","position":2,"name":"Produits","item":"https:\/\/www.vetorino.com\/boutique\/"},{"@type":"ListItem","position":3,"name":"Frisbee KONG Flyer pour chien"}]},{"@type":"WebSite","@id":"https:\/\/www.vetorino.com\/boutique\/#website","url":"https:\/\/www.vetorino.com\/boutique\/","name":"V\u00e9torino","description":"","publisher":{"@id":"https:\/\/www.vetorino.com\/boutique\/#organization"},"potentialAction":[{"@type":"SearchAction","target":{"@type":"EntryPoint","urlTemplate":"https:\/\/www.vetorino.com\/boutique\/?s={search_term_string}"},"query-input":{"@type":"PropertyValueSpecification","valueRequired":true,"valueName":"search_term_string"}}],"inLanguage":"fr-FR"},{"@type":"Organization","@id":"https:\/\/www.vetorino.com\/boutique\/#organization","name":"V\u00e9torino","url":"https:\/\/www.vetorino.com\/boutique\/","logo":{"@type":"ImageObject","inLanguage":"fr-FR","@id":"https:\/\/www.vetorino.com\/boutique\/#\/schema\/logo\/image\/","url":"https:\/\/www.vetorino.com\/boutique\/wp-content\/uploads\/2024\/10\/logo.jpg","contentUrl":"https:\/\/www.vetorino.com\/boutique\/wp-content\/uploads\/2024\/10\/logo.jpg","width":1200,"height":610,"caption":"V\u00e9torino"},"image":{"@id":"https:\/\/www.vetorino.com\/boutique\/#\/schema\/logo\/image\/"},"sameAs":["https:\/\/www.facebook.com\/Vetorino\/","https:\/\/www.instagram.com\/vetorino_off\/","https:\/\/www.linkedin.com\/company\/vtorino\/"]}]},"product_brand":"Kong","og_availability":"instock","product_availability":"instock","product_condition":"new"},"_links":{"self":[{"href":"https:\/\/www.vetorino.com\/veterinaire\/saugues-43170\/boutique\/wp-json\/wp\/v2\/product\/98417","targetHints":{"allow":["GET"]}}],"collection":[{"href":"https:\/\/www.vetorino.com\/veterinaire\/saugues-43170\/boutique\/wp-json\/wp\/v2\/product"}],"about":[{"href":"https:\/\/www.vetorino.com\/veterinaire\/saugues-43170\/boutique\/wp-json\/wp\/v2\/types\/product"}],"wp:featuredmedia":[{"embeddable":true,"href":"https:\/\/www.vetorino.com\/veterinaire\/saugues-43170\/boutique\/wp-json\/wp\/v2\/media\/616709"}],"wp:attachment":[{"href":"https:\/\/www.vetorino.com\/veterinaire\/saugues-43170\/boutique\/wp-json\/wp\/v2\/media?parent=98417"}],"wp:term":[{"taxonomy":"product_cat","embeddable":true,"href":"https:\/\/www.vetorino.com\/veterinaire\/saugues-43170\/boutique\/wp-json\/wp\/v2\/product_cat?post=98417"},{"taxonomy":"product_tag","embeddable":true,"href":"https:\/\/www.vetorino.com\/veterinaire\/saugues-43170\/boutique\/wp-json\/wp\/v2\/product_tag?post=98417"}],"curies":[{"name":"wp","href":"https:\/\/api.w.org\/{rel}","templated":true}]}}