{"id":102129,"date":"2020-06-30T12:37:28","date_gmt":"2020-06-30T10:37:28","guid":{"rendered":"https:\/\/www.vetorino.com\/boutique\/product\/sofcanis-hepatique-25-mg-2\/"},"modified":"2026-03-15T02:42:12","modified_gmt":"2026-03-15T01:42:12","slug":"sofcanis-hepatique-25-mg-2","status":"publish","type":"product","link":"https:\/\/www.vetorino.com\/veterinaire\/savignysurorge-91600\/boutique\/product\/sofcanis-hepatique-25-mg-2\/","title":{"rendered":"Sofcanis Hepatique 25 mg"},"content":{"rendered":"<div class='hidden'>MOUREAU<\/div>\n<div class='hidden'>Chiens<\/div>\n<div class='hidden'>Syst\u00e8me h\u00e9pato-digestif<\/div>\n<p><span style=\"font-size: 10pt;font-family: arial, helvetica, sans-serif\"><strong>SOFCANIS H&eacute;patique<\/strong> est un complexe Silybine-phospholipides, associ&eacute; &agrave; la vitamine E et au Zinc.<\/span><\/p>\n<p><span style=\"font-size: 10pt;font-family: arial, helvetica, sans-serif\">La Silybine est la substance de choix quant au soutien de la fonction h&eacute;patique&nbsp;:<\/span><\/p>\n<ul>\n<li><span style=\"font-size: 10pt;font-family: arial, helvetica, sans-serif\">par son action anti-oxydante directe,<\/span><\/li>\n<li><span style=\"font-size: 10pt;font-family: arial, helvetica, sans-serif\">par stimulation de la r&eacute;g&eacute;n&eacute;ration des cellules h&eacute;patiques gr&acirc;ce &agrave; sa facult&eacute; de faciliter la synth&egrave;se prot&eacute;ique,<\/span><\/li>\n<li><span style=\"font-size: 10pt;font-family: arial, helvetica, sans-serif\">en contribuant &agrave; normaliser le taux des enzymes h&eacute;patiques,<\/span><\/li>\n<li><span style=\"font-size: 10pt;font-family: arial, helvetica, sans-serif\">par sa capacit&eacute; &agrave; augmenter, s&eacute;lectivement, le taux h&eacute;patique de glutathion et &agrave; s&rsquo;opposer &agrave; la production de peroxydes lipidiques,<\/span><\/li>\n<li><span style=\"font-size: 10pt;font-family: arial, helvetica, sans-serif\">par ses propri&eacute;t&eacute;s anti-inflammatoires et anti- fibrotiques qui aident &agrave; inhiber la synth&egrave;se du collag&egrave;ne,<\/span><\/li>\n<li><span style=\"font-size: 10pt;font-family: arial, helvetica, sans-serif\">par stimulation de la production de sels biliaires et de leur afflux.<\/span><\/li>\n<\/ul>\n<p><span style=\"font-size: 10pt;font-family: arial, helvetica, sans-serif\">La biodisponibilit&eacute; de la Silybine est maximalis&eacute;e par sa complexation avec des phospholipides (technique Phytosome&reg;), dont la phosphatidylcholine qui a sa propre action h&eacute;pato-protectrice&nbsp;: ce r&eacute;servoir de choline, est un constituant naturel de la bile, qui &eacute;mulsionne les lipides et permet leur hydrolyse, s&rsquo;opposant ainsi &agrave; la st&eacute;atose h&eacute;patique.<\/span><br \/>\n<span style=\"font-size: 10pt;font-family: arial, helvetica, sans-serif\">La phosphatidylcholine est apte &agrave; s&rsquo;incorporer, s&eacute;lectivement, dans les membranes h&eacute;patocytaires et &agrave; les rendre plus r&eacute;sistantes &agrave; la peroxydation lipidique.<\/span><br \/>\n<span style=\"font-size: 10pt;font-family: arial, helvetica, sans-serif\">Ses propri&eacute;t&eacute;s anti-oxydantes, anti-inflammatoires et anti-fibrosantes s&rsquo;ajoutent &agrave; celles de la Silybine.<\/span><\/p>\n<p><span style=\"font-size: 10pt;font-family: arial, helvetica, sans-serif\">La Vitamine E, de m&ecirc;me, prot&egrave;ge les phospholipides des membranes cellulaires de la peroxydation lipidique en formant des complexes stabilisants qui &eacute;vitent des r&eacute;actions en cha&icirc;ne tr&egrave;s destructrices. Cette activit&eacute; anti-fibrosante agit en synergie avec celles de la Silybine et de la phosphatidylcholine et a &eacute;t&eacute; valid&eacute;e en pratique humaine.<\/span><\/p>\n<p><span style=\"font-size: 10pt;font-family: arial, helvetica, sans-serif\">Le Zinc est pr&eacute;sent pour sa capacit&eacute; &agrave; contenir le stress oxydatif en maintenant un taux adapt&eacute; de m&eacute;tallothion&eacute;ine cellulaire impliqu&eacute;e dans l&rsquo;&eacute;limination des radicaux libres.<\/span><\/p>\n<p><span style=\"text-decoration: underline\"><strong><span style=\"font-size: 10pt;font-family: arial, helvetica, sans-serif\">Utilisation<\/span><\/strong><\/span><\/p>\n<p><span style=\"font-size: 10pt;font-family: arial, helvetica, sans-serif\">Chez le chien et le chat&nbsp;: soutien de la fonction h&eacute;patique en cas d&rsquo;insuffisance h&eacute;patique chronique.<\/span><\/p>\n<p><span style=\"text-decoration: underline\"><strong><span style=\"font-size: 10pt;font-family: arial, helvetica, sans-serif\">Mode d&amp;rsqu<\/p>\n","protected":false},"excerpt":{"rendered":"<p>MOUREAU Chiens Syst\u00e8me h\u00e9pato-digestif SOFCANIS H&eacute;patique est un complexe Silybine-phospholipides, associ&eacute; &agrave; la vitamine E et au Zinc. La Silybine est la substance de choix quant au soutien de la fonction h&eacute;patique&nbsp;: par son action anti-oxydante directe, par stimulation de la r&eacute;g&eacute;n&eacute;ration des cellules h&eacute;patiques gr&acirc;ce &agrave; sa facult&eacute; de faciliter la synth&egrave;se prot&eacute;ique, en [&hellip;]<\/p>\n","protected":false},"featured_media":102128,"template":"","meta":[],"product_cat":[2698],"product_tag":[],"class_list":{"0":"post-102129","1":"product","2":"type-product","3":"status-publish","4":"has-post-thumbnail","6":"product_cat-chien","7":"pa_marque-moureau","9":"first","10":"instock","11":"taxable","12":"shipping-taxable","13":"purchasable","14":"product-type-simple"},"yoast_head":"<!-- This site is optimized with the Yoast SEO plugin v27.3 - https:\/\/yoast.com\/product\/yoast-seo-wordpress\/ -->\n<title>Sofcanis Hepatique 25 mg Moureau - V\u00e9torino<\/title>\n<meta name=\"description\" content=\"MOUREAUChiensSyst\u00e8me h\u00e9pato-digestifSOFCANIS H&eacute;patique est un complexe Silybine-phospholipides, associ&eacute; &agrave; la vitamine E et au Zinc.\" \/>\n<meta name=\"robots\" content=\"noindex, nofollow\" \/>\n<meta property=\"og:locale\" content=\"fr_FR\" \/>\n<meta property=\"og:type\" content=\"article\" \/>\n<meta property=\"og:title\" content=\"Sofcanis Hepatique 25 mg Moureau - V\u00e9torino\" \/>\n<meta property=\"og:description\" content=\"MOUREAUChiensSyst\u00e8me h\u00e9pato-digestifSOFCANIS H&eacute;patique est un complexe Silybine-phospholipides, associ&eacute; &agrave; la vitamine E et au Zinc.\" \/>\n<meta property=\"og:url\" content=\"https:\/\/www.vetorino.com\/veterinaire\/savignysurorge-91600\/boutique\/product\/sofcanis-hepatique-25-mg-2\/\" \/>\n<meta property=\"og:site_name\" content=\"V\u00e9torino\" \/>\n<meta property=\"article:publisher\" content=\"https:\/\/www.facebook.com\/Vetorino\/\" \/>\n<meta property=\"article:modified_time\" content=\"2026-03-15T01:42:12+00:00\" \/>\n<meta property=\"og:image\" content=\"https:\/\/www.vetorino.com\/boutique\/wp-content\/uploads\/2020\/06\/FilsSOF041FormatMediumTypeIM.png\" \/>\n\t<meta property=\"og:image:width\" content=\"400\" \/>\n\t<meta property=\"og:image:height\" content=\"400\" \/>\n\t<meta property=\"og:image:type\" content=\"image\/png\" \/>\n<meta name=\"twitter:card\" content=\"summary_large_image\" \/>\n<meta name=\"twitter:label1\" content=\"Prix\" \/>\n\t<meta name=\"twitter:data1\" content=\"16,94&euro;\" \/>\n\t<meta name=\"twitter:label2\" content=\"Disponibilit\u00e9\" \/>\n\t<meta name=\"twitter:data2\" content=\"En stock\" \/>\n<script type=\"application\/ld+json\" class=\"yoast-schema-graph\">{\"@context\":\"https:\\\/\\\/schema.org\",\"@graph\":[{\"@type\":\"WebPage\",\"@id\":\"https:\\\/\\\/www.vetorino.com\\\/boutique\\\/product\\\/sofcanis-hepatique-25-mg-2\\\/\",\"url\":\"https:\\\/\\\/www.vetorino.com\\\/boutique\\\/product\\\/sofcanis-hepatique-25-mg-2\\\/\",\"name\":\"Sofcanis Hepatique 25 mg Moureau - V\u00e9torino\",\"isPartOf\":{\"@id\":\"https:\\\/\\\/www.vetorino.com\\\/boutique\\\/#website\"},\"primaryImageOfPage\":{\"@id\":\"https:\\\/\\\/www.vetorino.com\\\/boutique\\\/product\\\/sofcanis-hepatique-25-mg-2\\\/#primaryimage\"},\"image\":{\"@id\":\"https:\\\/\\\/www.vetorino.com\\\/boutique\\\/product\\\/sofcanis-hepatique-25-mg-2\\\/#primaryimage\"},\"thumbnailUrl\":\"https:\\\/\\\/www.vetorino.com\\\/boutique\\\/wp-content\\\/uploads\\\/2020\\\/06\\\/FilsSOF041FormatMediumTypeIM.png\",\"datePublished\":\"2020-06-30T10:37:28+00:00\",\"dateModified\":\"2026-03-15T01:42:12+00:00\",\"description\":\"MOUREAUChiensSyst\u00e8me h\u00e9pato-digestifSOFCANIS H&eacute;patique est un complexe Silybine-phospholipides, associ&eacute; &agrave; la vitamine E et au Zinc.\",\"breadcrumb\":{\"@id\":\"https:\\\/\\\/www.vetorino.com\\\/boutique\\\/product\\\/sofcanis-hepatique-25-mg-2\\\/#breadcrumb\"},\"inLanguage\":\"fr-FR\",\"potentialAction\":[{\"@type\":\"ReadAction\",\"target\":[\"https:\\\/\\\/www.vetorino.com\\\/boutique\\\/product\\\/sofcanis-hepatique-25-mg-2\\\/\"]}]},{\"@type\":\"ImageObject\",\"inLanguage\":\"fr-FR\",\"@id\":\"https:\\\/\\\/www.vetorino.com\\\/boutique\\\/product\\\/sofcanis-hepatique-25-mg-2\\\/#primaryimage\",\"url\":\"https:\\\/\\\/www.vetorino.com\\\/boutique\\\/wp-content\\\/uploads\\\/2020\\\/06\\\/FilsSOF041FormatMediumTypeIM.png\",\"contentUrl\":\"https:\\\/\\\/www.vetorino.com\\\/boutique\\\/wp-content\\\/uploads\\\/2020\\\/06\\\/FilsSOF041FormatMediumTypeIM.png\",\"width\":400,\"height\":400},{\"@type\":\"BreadcrumbList\",\"@id\":\"https:\\\/\\\/www.vetorino.com\\\/boutique\\\/product\\\/sofcanis-hepatique-25-mg-2\\\/#breadcrumb\",\"itemListElement\":[{\"@type\":\"ListItem\",\"position\":1,\"name\":\"Accueil\",\"item\":\"https:\\\/\\\/www.vetorino.com\\\/boutique\\\/\"},{\"@type\":\"ListItem\",\"position\":2,\"name\":\"Produits\",\"item\":\"https:\\\/\\\/www.vetorino.com\\\/boutique\\\/\"},{\"@type\":\"ListItem\",\"position\":3,\"name\":\"Sofcanis Hepatique 25 mg\"}]},{\"@type\":\"WebSite\",\"@id\":\"https:\\\/\\\/www.vetorino.com\\\/boutique\\\/#website\",\"url\":\"https:\\\/\\\/www.vetorino.com\\\/boutique\\\/\",\"name\":\"V\u00e9torino\",\"description\":\"\",\"publisher\":{\"@id\":\"https:\\\/\\\/www.vetorino.com\\\/boutique\\\/#organization\"},\"potentialAction\":[{\"@type\":\"SearchAction\",\"target\":{\"@type\":\"EntryPoint\",\"urlTemplate\":\"https:\\\/\\\/www.vetorino.com\\\/boutique\\\/?s={search_term_string}\"},\"query-input\":{\"@type\":\"PropertyValueSpecification\",\"valueRequired\":true,\"valueName\":\"search_term_string\"}}],\"inLanguage\":\"fr-FR\"},{\"@type\":\"Organization\",\"@id\":\"https:\\\/\\\/www.vetorino.com\\\/boutique\\\/#organization\",\"name\":\"V\u00e9torino\",\"url\":\"https:\\\/\\\/www.vetorino.com\\\/boutique\\\/\",\"logo\":{\"@type\":\"ImageObject\",\"inLanguage\":\"fr-FR\",\"@id\":\"https:\\\/\\\/www.vetorino.com\\\/boutique\\\/#\\\/schema\\\/logo\\\/image\\\/\",\"url\":\"https:\\\/\\\/www.vetorino.com\\\/boutique\\\/wp-content\\\/uploads\\\/2024\\\/10\\\/logo.jpg\",\"contentUrl\":\"https:\\\/\\\/www.vetorino.com\\\/boutique\\\/wp-content\\\/uploads\\\/2024\\\/10\\\/logo.jpg\",\"width\":1200,\"height\":610,\"caption\":\"V\u00e9torino\"},\"image\":{\"@id\":\"https:\\\/\\\/www.vetorino.com\\\/boutique\\\/#\\\/schema\\\/logo\\\/image\\\/\"},\"sameAs\":[\"https:\\\/\\\/www.facebook.com\\\/Vetorino\\\/\",\"https:\\\/\\\/www.instagram.com\\\/vetorino_off\\\/\",\"https:\\\/\\\/www.linkedin.com\\\/company\\\/vtorino\\\/\"]}]}<\/script>\n<meta property=\"product:brand\" content=\"Moureau\" \/>\n<meta property=\"product:price:amount\" content=\"16.94\" \/>\n<meta property=\"product:price:currency\" content=\"EUR\" \/>\n<meta property=\"og:availability\" content=\"instock\" \/>\n<meta property=\"product:availability\" content=\"instock\" \/>\n<meta property=\"product:retailer_item_id\" content=\"C-SOF041\" \/>\n<meta property=\"product:condition\" content=\"new\" \/>\n<!-- \/ Yoast SEO plugin. -->","yoast_head_json":{"title":"Sofcanis Hepatique 25 mg Moureau - V\u00e9torino","description":"MOUREAUChiensSyst\u00e8me h\u00e9pato-digestifSOFCANIS H&eacute;patique est un complexe Silybine-phospholipides, associ&eacute; &agrave; la vitamine E et au Zinc.","robots":{"index":"noindex","follow":"nofollow"},"og_locale":"fr_FR","og_type":"article","og_title":"Sofcanis Hepatique 25 mg Moureau - V\u00e9torino","og_description":"MOUREAUChiensSyst\u00e8me h\u00e9pato-digestifSOFCANIS H&eacute;patique est un complexe Silybine-phospholipides, associ&eacute; &agrave; la vitamine E et au Zinc.","og_url":"https:\/\/www.vetorino.com\/veterinaire\/savignysurorge-91600\/boutique\/product\/sofcanis-hepatique-25-mg-2\/","og_site_name":"V\u00e9torino","article_publisher":"https:\/\/www.facebook.com\/Vetorino\/","article_modified_time":"2026-03-15T01:42:12+00:00","og_image":[{"width":400,"height":400,"url":"https:\/\/www.vetorino.com\/boutique\/wp-content\/uploads\/2020\/06\/FilsSOF041FormatMediumTypeIM.png","type":"image\/png"}],"twitter_card":"summary_large_image","twitter_misc":{"Prix":"16,94&euro;","Disponibilit\u00e9":"En stock"},"schema":{"@context":"https:\/\/schema.org","@graph":[{"@type":"WebPage","@id":"https:\/\/www.vetorino.com\/boutique\/product\/sofcanis-hepatique-25-mg-2\/","url":"https:\/\/www.vetorino.com\/boutique\/product\/sofcanis-hepatique-25-mg-2\/","name":"Sofcanis Hepatique 25 mg Moureau - V\u00e9torino","isPartOf":{"@id":"https:\/\/www.vetorino.com\/boutique\/#website"},"primaryImageOfPage":{"@id":"https:\/\/www.vetorino.com\/boutique\/product\/sofcanis-hepatique-25-mg-2\/#primaryimage"},"image":{"@id":"https:\/\/www.vetorino.com\/boutique\/product\/sofcanis-hepatique-25-mg-2\/#primaryimage"},"thumbnailUrl":"https:\/\/www.vetorino.com\/boutique\/wp-content\/uploads\/2020\/06\/FilsSOF041FormatMediumTypeIM.png","datePublished":"2020-06-30T10:37:28+00:00","dateModified":"2026-03-15T01:42:12+00:00","description":"MOUREAUChiensSyst\u00e8me h\u00e9pato-digestifSOFCANIS H&eacute;patique est un complexe Silybine-phospholipides, associ&eacute; &agrave; la vitamine E et au Zinc.","breadcrumb":{"@id":"https:\/\/www.vetorino.com\/boutique\/product\/sofcanis-hepatique-25-mg-2\/#breadcrumb"},"inLanguage":"fr-FR","potentialAction":[{"@type":"ReadAction","target":["https:\/\/www.vetorino.com\/boutique\/product\/sofcanis-hepatique-25-mg-2\/"]}]},{"@type":"ImageObject","inLanguage":"fr-FR","@id":"https:\/\/www.vetorino.com\/boutique\/product\/sofcanis-hepatique-25-mg-2\/#primaryimage","url":"https:\/\/www.vetorino.com\/boutique\/wp-content\/uploads\/2020\/06\/FilsSOF041FormatMediumTypeIM.png","contentUrl":"https:\/\/www.vetorino.com\/boutique\/wp-content\/uploads\/2020\/06\/FilsSOF041FormatMediumTypeIM.png","width":400,"height":400},{"@type":"BreadcrumbList","@id":"https:\/\/www.vetorino.com\/boutique\/product\/sofcanis-hepatique-25-mg-2\/#breadcrumb","itemListElement":[{"@type":"ListItem","position":1,"name":"Accueil","item":"https:\/\/www.vetorino.com\/boutique\/"},{"@type":"ListItem","position":2,"name":"Produits","item":"https:\/\/www.vetorino.com\/boutique\/"},{"@type":"ListItem","position":3,"name":"Sofcanis Hepatique 25 mg"}]},{"@type":"WebSite","@id":"https:\/\/www.vetorino.com\/boutique\/#website","url":"https:\/\/www.vetorino.com\/boutique\/","name":"V\u00e9torino","description":"","publisher":{"@id":"https:\/\/www.vetorino.com\/boutique\/#organization"},"potentialAction":[{"@type":"SearchAction","target":{"@type":"EntryPoint","urlTemplate":"https:\/\/www.vetorino.com\/boutique\/?s={search_term_string}"},"query-input":{"@type":"PropertyValueSpecification","valueRequired":true,"valueName":"search_term_string"}}],"inLanguage":"fr-FR"},{"@type":"Organization","@id":"https:\/\/www.vetorino.com\/boutique\/#organization","name":"V\u00e9torino","url":"https:\/\/www.vetorino.com\/boutique\/","logo":{"@type":"ImageObject","inLanguage":"fr-FR","@id":"https:\/\/www.vetorino.com\/boutique\/#\/schema\/logo\/image\/","url":"https:\/\/www.vetorino.com\/boutique\/wp-content\/uploads\/2024\/10\/logo.jpg","contentUrl":"https:\/\/www.vetorino.com\/boutique\/wp-content\/uploads\/2024\/10\/logo.jpg","width":1200,"height":610,"caption":"V\u00e9torino"},"image":{"@id":"https:\/\/www.vetorino.com\/boutique\/#\/schema\/logo\/image\/"},"sameAs":["https:\/\/www.facebook.com\/Vetorino\/","https:\/\/www.instagram.com\/vetorino_off\/","https:\/\/www.linkedin.com\/company\/vtorino\/"]}]},"product_brand":"Moureau","product_price_amount":"16.94","product_price_currency":"EUR","og_availability":"instock","product_availability":"instock","product_retailer_item_id":"C-SOF041","product_condition":"new"},"_links":{"self":[{"href":"https:\/\/www.vetorino.com\/veterinaire\/savignysurorge-91600\/boutique\/wp-json\/wp\/v2\/product\/102129","targetHints":{"allow":["GET"]}}],"collection":[{"href":"https:\/\/www.vetorino.com\/veterinaire\/savignysurorge-91600\/boutique\/wp-json\/wp\/v2\/product"}],"about":[{"href":"https:\/\/www.vetorino.com\/veterinaire\/savignysurorge-91600\/boutique\/wp-json\/wp\/v2\/types\/product"}],"wp:featuredmedia":[{"embeddable":true,"href":"https:\/\/www.vetorino.com\/veterinaire\/savignysurorge-91600\/boutique\/wp-json\/wp\/v2\/media\/102128"}],"wp:attachment":[{"href":"https:\/\/www.vetorino.com\/veterinaire\/savignysurorge-91600\/boutique\/wp-json\/wp\/v2\/media?parent=102129"}],"wp:term":[{"taxonomy":"product_cat","embeddable":true,"href":"https:\/\/www.vetorino.com\/veterinaire\/savignysurorge-91600\/boutique\/wp-json\/wp\/v2\/product_cat?post=102129"},{"taxonomy":"product_tag","embeddable":true,"href":"https:\/\/www.vetorino.com\/veterinaire\/savignysurorge-91600\/boutique\/wp-json\/wp\/v2\/product_tag?post=102129"}],"curies":[{"name":"wp","href":"https:\/\/api.w.org\/{rel}","templated":true}]}}