{"id":117741,"date":"2020-10-05T16:28:53","date_gmt":"2020-10-05T14:28:53","guid":{"rendered":"https:\/\/www.vetorino.com\/boutique\/product\/feline-k-d-mobility-poulet-sachet-repas-2\/"},"modified":"2025-11-17T16:14:38","modified_gmt":"2025-11-17T15:14:38","slug":"feline-k-d-mobility-poulet-sachet-repas-2","status":"publish","type":"product","link":"https:\/\/www.vetorino.com\/veterinaire\/sceaux-92330\/boutique\/product\/feline-k-d-mobility-poulet-sachet-repas-2\/","title":{"rendered":"Chat k\/d Kidney + j\/d Mobility au Poulet en Sauce"},"content":{"rendered":"<p><strong>Prescription Diet k\/d+ Mobility Feline est une nutrition cliniquement prouv\u00e9e pour soutenir la mobilit\u00e9 et am\u00e9liorer la qualit\u00e9 de vie des chats souffrant de maladie r\u00e9nale.<br \/>\nUtilisation :<br \/>\n<\/strong><\/p>\n<ul>\n<li>Soutien du m\u00e9tabolisme articulaire chez les chats adultes pr\u00e9sentant de l&#8217;arthrose et de la maladie\u00a0r\u00e9nale chronique.<\/li>\n<li>Formes r\u00e9nales de leishmaniose.<\/li>\n<li>Affections cardiaques d\u00e9butantes.<\/li>\n<\/ul>\n<p><strong>Bienfaits essentiels :<br \/>\n<\/strong><\/p>\n<ul>\n<li>Formul\u00e9 avec des taux de phosphore contr\u00f4l\u00e9s et de sodium bas afin de<strong>\u00a0soutenir les fonctions r\u00e9nale et cardiaque.<\/strong><\/li>\n<li><strong>Aide votre chat \u00e0 mieux marcher<\/strong>, courir, jouer et monter les escaliers plus facilement en seulement 28 jours.<\/li>\n<li><strong>Soutient la vitalit\u00e9 &amp; la vivacit\u00e9 chez les chats \u00e2g\u00e9s<\/strong>.<\/li>\n<li>Contient un profil adapt\u00e9 d&#8217;acides amin\u00e9s pour<strong>\u00a0soutenir l&#8217;aptitude naturelle des chats \u00e0 d\u00e9velopper de la masse musculaire<\/strong>.<\/li>\n<li>Avec la technologie r\u00e9volutionnaire EAT (Enhanced Appetite Trigger) qui<strong>\u00a0augmente de mani\u00e8re significative l&#8217;app\u00e9tit des chats souffrant de maladie r\u00e9nale<\/strong>, avec jusqu&#8217;\u00e0 35 % de plus de consommation\u00a0calorique que les autres aliments r\u00e9naux courants.<\/li>\n<li>Pour\u00a0<strong>varier les plaisirs de votre chat<\/strong>, produit disponible en croquettes et en savoureux sachets repas.<\/li>\n<\/ul>\n<p><strong><br \/>\nCe produit est destin\u00e9 \u00e0 l&#8217;usage v\u00e9t\u00e9rinaire. Avant tout achat, nous vous conseillons de demander conseil \u00e0 votre v\u00e9t\u00e9rinaire.<\/strong><\/p>\n","protected":false},"excerpt":{"rendered":"<p><strong>Nutrition cliniquement prouv\u00e9e pour soutenir la mobilit\u00e9 et am\u00e9liorer la qualit\u00e9 de vie des chats souffrant de maladie r\u00e9nale.<\/strong><\/p>\n<p>Utilisation :<\/p>\n<ul>\n<li>Soutien du m\u00e9tabolisme articulaire chez les chats adultes pr\u00e9sentant de l&#8217;arthrose et de la maladie\u00a0r\u00e9nale chronique.<\/li>\n<li>Formes r\u00e9nales de leishmaniose.<\/li>\n<li>Affections cardiaques d\u00e9butantes.<\/li>\n<\/ul>\n<p><strong>Ce produit est destin\u00e9 \u00e0 l&#8217;usage v\u00e9t\u00e9rinaire. Avant tout achat, nous vous conseillons de demander conseil \u00e0 votre v\u00e9t\u00e9rinaire.<\/strong><\/p>\n","protected":false},"featured_media":487474,"template":"","meta":[],"product_cat":[12551,12581,2697,12641],"product_tag":[],"class_list":{"0":"post-117741","1":"product","2":"type-product","3":"status-publish","4":"has-post-thumbnail","6":"product_cat-alimentation-du-chat","7":"product_cat-alimentation-medicalisee-pour-chat","8":"product_cat-chat","9":"product_cat-systeme-renal-du-chat","10":"pa_marque-hills-pet-nutrition","12":"first","13":"instock","14":"taxable","15":"shipping-taxable","16":"purchasable","17":"product-type-simple"},"yoast_head":"<!-- This site is optimized with the Yoast SEO plugin v27.3 - https:\/\/yoast.com\/product\/yoast-seo-wordpress\/ -->\n<title>Prescription Diet (Hill&#039;s) Chat k\/d Kidney + j\/d Mobility au Poulet en Sauce Hill&#039;s - V\u00e9torino<\/title>\n<meta name=\"description\" content=\"Nutrition cliniquement prouv\u00e9e pour soutenir la mobilit\u00e9 et am\u00e9liorer la qualit\u00e9 de vie des chats souffrant de maladie r\u00e9nale.  Utilisation :   Soutien du m\u00e9tabolisme articulaire chez les chats adultes pr\u00e9sentant de l&#039;arthrose et de la maladie\u00a0r\u00e9nale chronique.  Formes r\u00e9nales de leishmaniose.  Affections cardiaques d\u00e9butantes.  Ce produit est destin\u00e9 \u00e0 l&#039;usage v\u00e9t\u00e9rinaire. Avant tout achat, nous vous conseillons de demander conseil \u00e0 votre v\u00e9t\u00e9rinaire.\" \/>\n<meta name=\"robots\" content=\"noindex, nofollow\" \/>\n<meta property=\"og:locale\" content=\"fr_FR\" \/>\n<meta property=\"og:type\" content=\"article\" \/>\n<meta property=\"og:title\" content=\"Prescription Diet (Hill&#039;s) Chat k\/d Kidney + j\/d Mobility au Poulet en Sauce Hill&#039;s - V\u00e9torino\" \/>\n<meta property=\"og:description\" content=\"Nutrition cliniquement prouv\u00e9e pour soutenir la mobilit\u00e9 et am\u00e9liorer la qualit\u00e9 de vie des chats souffrant de maladie r\u00e9nale.  Utilisation :   Soutien du m\u00e9tabolisme articulaire chez les chats adultes pr\u00e9sentant de l&#039;arthrose et de la maladie\u00a0r\u00e9nale chronique.  Formes r\u00e9nales de leishmaniose.  Affections cardiaques d\u00e9butantes.  Ce produit est destin\u00e9 \u00e0 l&#039;usage v\u00e9t\u00e9rinaire. Avant tout achat, nous vous conseillons de demander conseil \u00e0 votre v\u00e9t\u00e9rinaire.\" \/>\n<meta property=\"og:url\" content=\"https:\/\/www.vetorino.com\/veterinaire\/sceaux-92330\/boutique\/product\/feline-k-d-mobility-poulet-sachet-repas-2\/\" \/>\n<meta property=\"og:site_name\" content=\"V\u00e9torino\" \/>\n<meta property=\"article:publisher\" content=\"https:\/\/www.facebook.com\/Vetorino\/\" \/>\n<meta property=\"article:modified_time\" content=\"2025-11-17T15:14:38+00:00\" \/>\n<meta property=\"og:image\" content=\"https:\/\/www.vetorino.com\/boutique\/wp-content\/uploads\/2020\/03\/52742011561_1-prescription-diet-chat-k-d-mobility-sachet-repas-poulet.jpg\" \/>\n\t<meta property=\"og:image:width\" content=\"2000\" \/>\n\t<meta property=\"og:image:height\" content=\"2000\" \/>\n\t<meta property=\"og:image:type\" content=\"image\/jpeg\" \/>\n<meta name=\"twitter:card\" content=\"summary_large_image\" \/>\n<meta name=\"twitter:label1\" content=\"Prix\" \/>\n\t<meta name=\"twitter:data1\" content=\"18,89&euro;\" \/>\n\t<meta name=\"twitter:label2\" content=\"Disponibilit\u00e9\" \/>\n\t<meta name=\"twitter:data2\" content=\"En stock\" \/>\n<script type=\"application\/ld+json\" class=\"yoast-schema-graph\">{\"@context\":\"https:\\\/\\\/schema.org\",\"@graph\":[{\"@type\":\"WebPage\",\"@id\":\"https:\\\/\\\/www.vetorino.com\\\/veterinaire\\\/briancon-05100\\\/boutique\\\/product\\\/feline-k-d-mobility-poulet-sachet-repas-2\\\/\",\"url\":\"https:\\\/\\\/www.vetorino.com\\\/veterinaire\\\/briancon-05100\\\/boutique\\\/product\\\/feline-k-d-mobility-poulet-sachet-repas-2\\\/\",\"name\":\"Prescription Diet (Hill's) Chat k\\\/d Kidney + j\\\/d Mobility au Poulet en Sauce Hill's - V\u00e9torino\",\"isPartOf\":{\"@id\":\"https:\\\/\\\/www.vetorino.com\\\/boutique\\\/#website\"},\"primaryImageOfPage\":{\"@id\":\"https:\\\/\\\/www.vetorino.com\\\/veterinaire\\\/briancon-05100\\\/boutique\\\/product\\\/feline-k-d-mobility-poulet-sachet-repas-2\\\/#primaryimage\"},\"image\":{\"@id\":\"https:\\\/\\\/www.vetorino.com\\\/veterinaire\\\/briancon-05100\\\/boutique\\\/product\\\/feline-k-d-mobility-poulet-sachet-repas-2\\\/#primaryimage\"},\"thumbnailUrl\":\"https:\\\/\\\/www.vetorino.com\\\/boutique\\\/wp-content\\\/uploads\\\/2020\\\/03\\\/52742011561_1-prescription-diet-chat-k-d-mobility-sachet-repas-poulet.jpg\",\"datePublished\":\"2020-10-05T14:28:53+00:00\",\"dateModified\":\"2025-11-17T15:14:38+00:00\",\"description\":\"Nutrition cliniquement prouv\u00e9e pour soutenir la mobilit\u00e9 et am\u00e9liorer la qualit\u00e9 de vie des chats souffrant de maladie r\u00e9nale. Utilisation : Soutien du m\u00e9tabolisme articulaire chez les chats adultes pr\u00e9sentant de l'arthrose et de la maladie\u00a0r\u00e9nale chronique. Formes r\u00e9nales de leishmaniose. Affections cardiaques d\u00e9butantes. Ce produit est destin\u00e9 \u00e0 l'usage v\u00e9t\u00e9rinaire. Avant tout achat, nous vous conseillons de demander conseil \u00e0 votre v\u00e9t\u00e9rinaire.\",\"breadcrumb\":{\"@id\":\"https:\\\/\\\/www.vetorino.com\\\/veterinaire\\\/briancon-05100\\\/boutique\\\/product\\\/feline-k-d-mobility-poulet-sachet-repas-2\\\/#breadcrumb\"},\"inLanguage\":\"fr-FR\",\"potentialAction\":[{\"@type\":\"ReadAction\",\"target\":[\"https:\\\/\\\/www.vetorino.com\\\/veterinaire\\\/briancon-05100\\\/boutique\\\/product\\\/feline-k-d-mobility-poulet-sachet-repas-2\\\/\"]}]},{\"@type\":\"ImageObject\",\"inLanguage\":\"fr-FR\",\"@id\":\"https:\\\/\\\/www.vetorino.com\\\/veterinaire\\\/briancon-05100\\\/boutique\\\/product\\\/feline-k-d-mobility-poulet-sachet-repas-2\\\/#primaryimage\",\"url\":\"https:\\\/\\\/www.vetorino.com\\\/boutique\\\/wp-content\\\/uploads\\\/2020\\\/03\\\/52742011561_1-prescription-diet-chat-k-d-mobility-sachet-repas-poulet.jpg\",\"contentUrl\":\"https:\\\/\\\/www.vetorino.com\\\/boutique\\\/wp-content\\\/uploads\\\/2020\\\/03\\\/52742011561_1-prescription-diet-chat-k-d-mobility-sachet-repas-poulet.jpg\",\"width\":2000,\"height\":2000},{\"@type\":\"BreadcrumbList\",\"@id\":\"https:\\\/\\\/www.vetorino.com\\\/veterinaire\\\/briancon-05100\\\/boutique\\\/product\\\/feline-k-d-mobility-poulet-sachet-repas-2\\\/#breadcrumb\",\"itemListElement\":[{\"@type\":\"ListItem\",\"position\":1,\"name\":\"Accueil\",\"item\":\"https:\\\/\\\/www.vetorino.com\\\/boutique\\\/\"},{\"@type\":\"ListItem\",\"position\":2,\"name\":\"Produits\",\"item\":\"https:\\\/\\\/www.vetorino.com\\\/boutique\\\/\"},{\"@type\":\"ListItem\",\"position\":3,\"name\":\"Chat k\\\/d Kidney + j\\\/d Mobility au Poulet en Sauce\"}]},{\"@type\":\"WebSite\",\"@id\":\"https:\\\/\\\/www.vetorino.com\\\/boutique\\\/#website\",\"url\":\"https:\\\/\\\/www.vetorino.com\\\/boutique\\\/\",\"name\":\"V\u00e9torino\",\"description\":\"\",\"publisher\":{\"@id\":\"https:\\\/\\\/www.vetorino.com\\\/boutique\\\/#organization\"},\"potentialAction\":[{\"@type\":\"SearchAction\",\"target\":{\"@type\":\"EntryPoint\",\"urlTemplate\":\"https:\\\/\\\/www.vetorino.com\\\/boutique\\\/?s={search_term_string}\"},\"query-input\":{\"@type\":\"PropertyValueSpecification\",\"valueRequired\":true,\"valueName\":\"search_term_string\"}}],\"inLanguage\":\"fr-FR\"},{\"@type\":\"Organization\",\"@id\":\"https:\\\/\\\/www.vetorino.com\\\/boutique\\\/#organization\",\"name\":\"V\u00e9torino\",\"url\":\"https:\\\/\\\/www.vetorino.com\\\/boutique\\\/\",\"logo\":{\"@type\":\"ImageObject\",\"inLanguage\":\"fr-FR\",\"@id\":\"https:\\\/\\\/www.vetorino.com\\\/boutique\\\/#\\\/schema\\\/logo\\\/image\\\/\",\"url\":\"https:\\\/\\\/www.vetorino.com\\\/boutique\\\/wp-content\\\/uploads\\\/2024\\\/10\\\/logo.jpg\",\"contentUrl\":\"https:\\\/\\\/www.vetorino.com\\\/boutique\\\/wp-content\\\/uploads\\\/2024\\\/10\\\/logo.jpg\",\"width\":1200,\"height\":610,\"caption\":\"V\u00e9torino\"},\"image\":{\"@id\":\"https:\\\/\\\/www.vetorino.com\\\/boutique\\\/#\\\/schema\\\/logo\\\/image\\\/\"},\"sameAs\":[\"https:\\\/\\\/www.facebook.com\\\/Vetorino\\\/\",\"https:\\\/\\\/www.instagram.com\\\/vetorino_off\\\/\",\"https:\\\/\\\/www.linkedin.com\\\/company\\\/vtorino\\\/\"]}]}<\/script>\n<meta property=\"product:brand\" content=\"Hill&#039;s\" \/>\n<meta property=\"product:price:amount\" content=\"18.89\" \/>\n<meta property=\"product:price:currency\" content=\"EUR\" \/>\n<meta property=\"og:availability\" content=\"instock\" \/>\n<meta property=\"product:availability\" content=\"instock\" \/>\n<meta property=\"product:retailer_item_id\" content=\"O-82767\" \/>\n<meta property=\"product:condition\" content=\"new\" \/>\n<!-- \/ Yoast SEO plugin. -->","yoast_head_json":{"title":"Prescription Diet (Hill's) Chat k\/d Kidney + j\/d Mobility au Poulet en Sauce Hill's - V\u00e9torino","description":"Nutrition cliniquement prouv\u00e9e pour soutenir la mobilit\u00e9 et am\u00e9liorer la qualit\u00e9 de vie des chats souffrant de maladie r\u00e9nale.  Utilisation :   Soutien du m\u00e9tabolisme articulaire chez les chats adultes pr\u00e9sentant de l'arthrose et de la maladie\u00a0r\u00e9nale chronique.  Formes r\u00e9nales de leishmaniose.  Affections cardiaques d\u00e9butantes.  Ce produit est destin\u00e9 \u00e0 l'usage v\u00e9t\u00e9rinaire. Avant tout achat, nous vous conseillons de demander conseil \u00e0 votre v\u00e9t\u00e9rinaire.","robots":{"index":"noindex","follow":"nofollow"},"og_locale":"fr_FR","og_type":"article","og_title":"Prescription Diet (Hill's) Chat k\/d Kidney + j\/d Mobility au Poulet en Sauce Hill's - V\u00e9torino","og_description":"Nutrition cliniquement prouv\u00e9e pour soutenir la mobilit\u00e9 et am\u00e9liorer la qualit\u00e9 de vie des chats souffrant de maladie r\u00e9nale.  Utilisation :   Soutien du m\u00e9tabolisme articulaire chez les chats adultes pr\u00e9sentant de l'arthrose et de la maladie\u00a0r\u00e9nale chronique.  Formes r\u00e9nales de leishmaniose.  Affections cardiaques d\u00e9butantes.  Ce produit est destin\u00e9 \u00e0 l'usage v\u00e9t\u00e9rinaire. Avant tout achat, nous vous conseillons de demander conseil \u00e0 votre v\u00e9t\u00e9rinaire.","og_url":"https:\/\/www.vetorino.com\/veterinaire\/sceaux-92330\/boutique\/product\/feline-k-d-mobility-poulet-sachet-repas-2\/","og_site_name":"V\u00e9torino","article_publisher":"https:\/\/www.facebook.com\/Vetorino\/","article_modified_time":"2025-11-17T15:14:38+00:00","og_image":[{"width":2000,"height":2000,"url":"https:\/\/www.vetorino.com\/boutique\/wp-content\/uploads\/2020\/03\/52742011561_1-prescription-diet-chat-k-d-mobility-sachet-repas-poulet.jpg","type":"image\/jpeg"}],"twitter_card":"summary_large_image","twitter_misc":{"Prix":"18,89&euro;","Disponibilit\u00e9":"En stock"},"schema":{"@context":"https:\/\/schema.org","@graph":[{"@type":"WebPage","@id":"https:\/\/www.vetorino.com\/veterinaire\/briancon-05100\/boutique\/product\/feline-k-d-mobility-poulet-sachet-repas-2\/","url":"https:\/\/www.vetorino.com\/veterinaire\/briancon-05100\/boutique\/product\/feline-k-d-mobility-poulet-sachet-repas-2\/","name":"Prescription Diet (Hill's) Chat k\/d Kidney + j\/d Mobility au Poulet en Sauce Hill's - V\u00e9torino","isPartOf":{"@id":"https:\/\/www.vetorino.com\/boutique\/#website"},"primaryImageOfPage":{"@id":"https:\/\/www.vetorino.com\/veterinaire\/briancon-05100\/boutique\/product\/feline-k-d-mobility-poulet-sachet-repas-2\/#primaryimage"},"image":{"@id":"https:\/\/www.vetorino.com\/veterinaire\/briancon-05100\/boutique\/product\/feline-k-d-mobility-poulet-sachet-repas-2\/#primaryimage"},"thumbnailUrl":"https:\/\/www.vetorino.com\/boutique\/wp-content\/uploads\/2020\/03\/52742011561_1-prescription-diet-chat-k-d-mobility-sachet-repas-poulet.jpg","datePublished":"2020-10-05T14:28:53+00:00","dateModified":"2025-11-17T15:14:38+00:00","description":"Nutrition cliniquement prouv\u00e9e pour soutenir la mobilit\u00e9 et am\u00e9liorer la qualit\u00e9 de vie des chats souffrant de maladie r\u00e9nale. Utilisation : Soutien du m\u00e9tabolisme articulaire chez les chats adultes pr\u00e9sentant de l'arthrose et de la maladie\u00a0r\u00e9nale chronique. Formes r\u00e9nales de leishmaniose. Affections cardiaques d\u00e9butantes. Ce produit est destin\u00e9 \u00e0 l'usage v\u00e9t\u00e9rinaire. Avant tout achat, nous vous conseillons de demander conseil \u00e0 votre v\u00e9t\u00e9rinaire.","breadcrumb":{"@id":"https:\/\/www.vetorino.com\/veterinaire\/briancon-05100\/boutique\/product\/feline-k-d-mobility-poulet-sachet-repas-2\/#breadcrumb"},"inLanguage":"fr-FR","potentialAction":[{"@type":"ReadAction","target":["https:\/\/www.vetorino.com\/veterinaire\/briancon-05100\/boutique\/product\/feline-k-d-mobility-poulet-sachet-repas-2\/"]}]},{"@type":"ImageObject","inLanguage":"fr-FR","@id":"https:\/\/www.vetorino.com\/veterinaire\/briancon-05100\/boutique\/product\/feline-k-d-mobility-poulet-sachet-repas-2\/#primaryimage","url":"https:\/\/www.vetorino.com\/boutique\/wp-content\/uploads\/2020\/03\/52742011561_1-prescription-diet-chat-k-d-mobility-sachet-repas-poulet.jpg","contentUrl":"https:\/\/www.vetorino.com\/boutique\/wp-content\/uploads\/2020\/03\/52742011561_1-prescription-diet-chat-k-d-mobility-sachet-repas-poulet.jpg","width":2000,"height":2000},{"@type":"BreadcrumbList","@id":"https:\/\/www.vetorino.com\/veterinaire\/briancon-05100\/boutique\/product\/feline-k-d-mobility-poulet-sachet-repas-2\/#breadcrumb","itemListElement":[{"@type":"ListItem","position":1,"name":"Accueil","item":"https:\/\/www.vetorino.com\/boutique\/"},{"@type":"ListItem","position":2,"name":"Produits","item":"https:\/\/www.vetorino.com\/boutique\/"},{"@type":"ListItem","position":3,"name":"Chat k\/d Kidney + j\/d Mobility au Poulet en Sauce"}]},{"@type":"WebSite","@id":"https:\/\/www.vetorino.com\/boutique\/#website","url":"https:\/\/www.vetorino.com\/boutique\/","name":"V\u00e9torino","description":"","publisher":{"@id":"https:\/\/www.vetorino.com\/boutique\/#organization"},"potentialAction":[{"@type":"SearchAction","target":{"@type":"EntryPoint","urlTemplate":"https:\/\/www.vetorino.com\/boutique\/?s={search_term_string}"},"query-input":{"@type":"PropertyValueSpecification","valueRequired":true,"valueName":"search_term_string"}}],"inLanguage":"fr-FR"},{"@type":"Organization","@id":"https:\/\/www.vetorino.com\/boutique\/#organization","name":"V\u00e9torino","url":"https:\/\/www.vetorino.com\/boutique\/","logo":{"@type":"ImageObject","inLanguage":"fr-FR","@id":"https:\/\/www.vetorino.com\/boutique\/#\/schema\/logo\/image\/","url":"https:\/\/www.vetorino.com\/boutique\/wp-content\/uploads\/2024\/10\/logo.jpg","contentUrl":"https:\/\/www.vetorino.com\/boutique\/wp-content\/uploads\/2024\/10\/logo.jpg","width":1200,"height":610,"caption":"V\u00e9torino"},"image":{"@id":"https:\/\/www.vetorino.com\/boutique\/#\/schema\/logo\/image\/"},"sameAs":["https:\/\/www.facebook.com\/Vetorino\/","https:\/\/www.instagram.com\/vetorino_off\/","https:\/\/www.linkedin.com\/company\/vtorino\/"]}]},"product_brand":"Hill's","product_price_amount":"18.89","product_price_currency":"EUR","og_availability":"instock","product_availability":"instock","product_retailer_item_id":"O-82767","product_condition":"new"},"_links":{"self":[{"href":"https:\/\/www.vetorino.com\/veterinaire\/sceaux-92330\/boutique\/wp-json\/wp\/v2\/product\/117741","targetHints":{"allow":["GET"]}}],"collection":[{"href":"https:\/\/www.vetorino.com\/veterinaire\/sceaux-92330\/boutique\/wp-json\/wp\/v2\/product"}],"about":[{"href":"https:\/\/www.vetorino.com\/veterinaire\/sceaux-92330\/boutique\/wp-json\/wp\/v2\/types\/product"}],"wp:featuredmedia":[{"embeddable":true,"href":"https:\/\/www.vetorino.com\/veterinaire\/sceaux-92330\/boutique\/wp-json\/wp\/v2\/media\/487474"}],"wp:attachment":[{"href":"https:\/\/www.vetorino.com\/veterinaire\/sceaux-92330\/boutique\/wp-json\/wp\/v2\/media?parent=117741"}],"wp:term":[{"taxonomy":"product_cat","embeddable":true,"href":"https:\/\/www.vetorino.com\/veterinaire\/sceaux-92330\/boutique\/wp-json\/wp\/v2\/product_cat?post=117741"},{"taxonomy":"product_tag","embeddable":true,"href":"https:\/\/www.vetorino.com\/veterinaire\/sceaux-92330\/boutique\/wp-json\/wp\/v2\/product_tag?post=117741"}],"curies":[{"name":"wp","href":"https:\/\/api.w.org\/{rel}","templated":true}]}}