{"id":602129,"date":"2023-04-25T16:18:20","date_gmt":"2023-04-25T14:18:20","guid":{"rendered":"https:\/\/www.vetorino.com\/boutique\/?post_type=product&#038;p=602129"},"modified":"2023-04-25T16:28:11","modified_gmt":"2023-04-25T14:28:11","slug":"jeu-strategie-chat-flip-board","status":"publish","type":"product","link":"https:\/\/www.vetorino.com\/veterinaire\/sceaux-92330\/boutique\/product\/jeu-strategie-chat-flip-board\/","title":{"rendered":"Jeu strat\u00e9gie chat Flip Board"},"content":{"rendered":"<div id=\"description\" class=\"product-data__item--content \" aria-labelledby=\"tab-label-amcustomtabs_tabs_1-title\">\n<div class=\"am-custom-tab am-custom-tab-1\">\n<div class=\"am-custom-tab am-custom-tab-1\">\n<div class=\"product attribute description content-wrapper\">\n<div class=\"value reset-pagebuilder\">\n<p>Trixie Flip Board, un jeu d&#8217;intelligence pour chats avec diff\u00e9rents c\u00f4nes et couvercles sous lesquels votre chat doit obtenir sa r\u00e9compense. Un jeu stimulant qui combat l&#8217;ennui, renforce le lien entre le chat et son ma\u00eetre et offre un d\u00e9fi mental ! Le jeu de soci\u00e9t\u00e9 est en plastique et contient diff\u00e9rents c\u00f4nes, bols et couvercles coulissants. Vous y cachez des r\u00e9compenses, et votre chat doit ensuite trouver comment l&#8217;obtenir. Cela lui apportera une stimulation mentale, l&#8217;emp\u00eachera de s&#8217;ennuyer et renforcera vos liens, car votre chat aura besoin de vos conseils, surtout au d\u00e9but.<br \/>\nLe jeu est facile \u00e0 nettoyer gr\u00e2ce \u00e0 sa structure en plastique lisse. Il est antid\u00e9rapant gr\u00e2ce \u00e0 un anneau en caoutchouc dessous. Trixie est livr\u00e9 avec un manuel de formation pour plus de plaisir.<\/p>\n<\/div>\n<\/div>\n<\/div>\n<\/div>\n<\/div>\n<div id=\"related-products\" class=\"product-data__item--content has-related-products\" aria-labelledby=\"tab-label-amcustomtabs_tabs_12-title\">\n<div class=\"am-custom-tab am-custom-tab-12\">\n<div class=\"am-custom-tab am-custom-tab-12\">\n<div class=\"block related page-products\" data-limit=\"5\" data-shuffle=\"1\"><\/div>\n<\/div>\n<\/div>\n<\/div>\n","protected":false},"excerpt":{"rendered":"<p>Cette balle distributrice de croquettes\u00a0Catmosph\u00e8re\u00a0comblera votre chat tout en lui faisant faire de l&#8217;exercice. Limite l&#8217;ennui chez les chats, stimule son instinct de chasseur et \u00e9vite la surconsommation d&#8217;aliments. Le chat jouera des heures \u00e0 essayer d&#8217;attraper les croquettes contenues dans la Catmosph\u00e8re<\/p>\n","protected":false},"featured_media":602133,"template":"","meta":[],"product_cat":[12548,2697,12620],"product_tag":[],"class_list":{"0":"post-602129","1":"product","2":"type-product","3":"status-publish","4":"has-post-thumbnail","6":"product_cat-accessoire-du-chat","7":"product_cat-chat","8":"product_cat-jeux-educatifs-pour-chat","9":"pa_marque-trixie","11":"first","12":"instock","13":"taxable","14":"shipping-taxable","15":"purchasable","16":"product-type-simple"},"yoast_head":"<!-- This site is optimized with the Yoast SEO plugin v27.3 - https:\/\/yoast.com\/product\/yoast-seo-wordpress\/ -->\n<title>Jeu strat\u00e9gie chat Flip Board Trixie - V\u00e9torino<\/title>\n<meta name=\"description\" content=\"Cette balle distributrice de croquettes\u00a0Catmosph\u00e8re\u00a0comblera votre chat tout en lui faisant faire de l&#039;exercice. Limite l&#039;ennui chez les chats, stimule son instinct de chasseur et \u00e9vite la surconsommation d&#039;aliments. Le chat jouera des heures \u00e0 essayer d&#039;attraper les croquettes contenues dans la Catmosph\u00e8re\" \/>\n<meta name=\"robots\" content=\"noindex, nofollow\" \/>\n<meta property=\"og:locale\" content=\"fr_FR\" \/>\n<meta property=\"og:type\" content=\"article\" \/>\n<meta property=\"og:title\" content=\"Jeu strat\u00e9gie chat Flip Board Trixie - V\u00e9torino\" \/>\n<meta property=\"og:description\" content=\"Cette balle distributrice de croquettes\u00a0Catmosph\u00e8re\u00a0comblera votre chat tout en lui faisant faire de l&#039;exercice. Limite l&#039;ennui chez les chats, stimule son instinct de chasseur et \u00e9vite la surconsommation d&#039;aliments. Le chat jouera des heures \u00e0 essayer d&#039;attraper les croquettes contenues dans la Catmosph\u00e8re\" \/>\n<meta property=\"og:url\" content=\"https:\/\/www.vetorino.com\/veterinaire\/sceaux-92330\/boutique\/product\/jeu-strategie-chat-flip-board\/\" \/>\n<meta property=\"og:site_name\" content=\"V\u00e9torino\" \/>\n<meta property=\"article:publisher\" content=\"https:\/\/www.facebook.com\/Vetorino\/\" \/>\n<meta property=\"article:modified_time\" content=\"2023-04-25T14:28:11+00:00\" \/>\n<meta property=\"og:image\" content=\"https:\/\/www.vetorino.com\/boutique\/wp-content\/uploads\/2023\/04\/trixie_cat_activity_flip_board_plateau_de_jeu_pour_chat.jpg\" \/>\n\t<meta property=\"og:image:width\" content=\"700\" \/>\n\t<meta property=\"og:image:height\" content=\"700\" \/>\n\t<meta property=\"og:image:type\" content=\"image\/jpeg\" \/>\n<meta name=\"twitter:card\" content=\"summary_large_image\" \/>\n<meta name=\"twitter:label1\" content=\"Prix\" \/>\n\t<meta name=\"twitter:data1\" content=\"8,00&euro;\" \/>\n\t<meta name=\"twitter:label2\" content=\"Disponibilit\u00e9\" \/>\n\t<meta name=\"twitter:data2\" content=\"En stock\" \/>\n<script type=\"application\/ld+json\" class=\"yoast-schema-graph\">{\"@context\":\"https:\\\/\\\/schema.org\",\"@graph\":[{\"@type\":\"WebPage\",\"@id\":\"https:\\\/\\\/www.vetorino.com\\\/boutique\\\/product\\\/jeu-strategie-chat-flip-board\\\/\",\"url\":\"https:\\\/\\\/www.vetorino.com\\\/boutique\\\/product\\\/jeu-strategie-chat-flip-board\\\/\",\"name\":\"Jeu strat\u00e9gie chat Flip Board Trixie - V\u00e9torino\",\"isPartOf\":{\"@id\":\"https:\\\/\\\/www.vetorino.com\\\/boutique\\\/#website\"},\"primaryImageOfPage\":{\"@id\":\"https:\\\/\\\/www.vetorino.com\\\/boutique\\\/product\\\/jeu-strategie-chat-flip-board\\\/#primaryimage\"},\"image\":{\"@id\":\"https:\\\/\\\/www.vetorino.com\\\/boutique\\\/product\\\/jeu-strategie-chat-flip-board\\\/#primaryimage\"},\"thumbnailUrl\":\"https:\\\/\\\/www.vetorino.com\\\/boutique\\\/wp-content\\\/uploads\\\/2023\\\/04\\\/trixie_cat_activity_flip_board_plateau_de_jeu_pour_chat.jpg\",\"datePublished\":\"2023-04-25T14:18:20+00:00\",\"dateModified\":\"2023-04-25T14:28:11+00:00\",\"description\":\"Cette balle distributrice de croquettes\u00a0Catmosph\u00e8re\u00a0comblera votre chat tout en lui faisant faire de l'exercice. Limite l'ennui chez les chats, stimule son instinct de chasseur et \u00e9vite la surconsommation d'aliments. Le chat jouera des heures \u00e0 essayer d'attraper les croquettes contenues dans la Catmosph\u00e8re\",\"breadcrumb\":{\"@id\":\"https:\\\/\\\/www.vetorino.com\\\/boutique\\\/product\\\/jeu-strategie-chat-flip-board\\\/#breadcrumb\"},\"inLanguage\":\"fr-FR\",\"potentialAction\":[{\"@type\":\"ReadAction\",\"target\":[\"https:\\\/\\\/www.vetorino.com\\\/boutique\\\/product\\\/jeu-strategie-chat-flip-board\\\/\"]}]},{\"@type\":\"ImageObject\",\"inLanguage\":\"fr-FR\",\"@id\":\"https:\\\/\\\/www.vetorino.com\\\/boutique\\\/product\\\/jeu-strategie-chat-flip-board\\\/#primaryimage\",\"url\":\"https:\\\/\\\/www.vetorino.com\\\/boutique\\\/wp-content\\\/uploads\\\/2023\\\/04\\\/trixie_cat_activity_flip_board_plateau_de_jeu_pour_chat.jpg\",\"contentUrl\":\"https:\\\/\\\/www.vetorino.com\\\/boutique\\\/wp-content\\\/uploads\\\/2023\\\/04\\\/trixie_cat_activity_flip_board_plateau_de_jeu_pour_chat.jpg\",\"width\":700,\"height\":700},{\"@type\":\"BreadcrumbList\",\"@id\":\"https:\\\/\\\/www.vetorino.com\\\/boutique\\\/product\\\/jeu-strategie-chat-flip-board\\\/#breadcrumb\",\"itemListElement\":[{\"@type\":\"ListItem\",\"position\":1,\"name\":\"Accueil\",\"item\":\"https:\\\/\\\/www.vetorino.com\\\/boutique\\\/\"},{\"@type\":\"ListItem\",\"position\":2,\"name\":\"Produits\",\"item\":\"https:\\\/\\\/www.vetorino.com\\\/boutique\\\/\"},{\"@type\":\"ListItem\",\"position\":3,\"name\":\"Jeu strat\u00e9gie chat Flip Board\"}]},{\"@type\":\"WebSite\",\"@id\":\"https:\\\/\\\/www.vetorino.com\\\/boutique\\\/#website\",\"url\":\"https:\\\/\\\/www.vetorino.com\\\/boutique\\\/\",\"name\":\"V\u00e9torino\",\"description\":\"\",\"publisher\":{\"@id\":\"https:\\\/\\\/www.vetorino.com\\\/boutique\\\/#organization\"},\"potentialAction\":[{\"@type\":\"SearchAction\",\"target\":{\"@type\":\"EntryPoint\",\"urlTemplate\":\"https:\\\/\\\/www.vetorino.com\\\/boutique\\\/?s={search_term_string}\"},\"query-input\":{\"@type\":\"PropertyValueSpecification\",\"valueRequired\":true,\"valueName\":\"search_term_string\"}}],\"inLanguage\":\"fr-FR\"},{\"@type\":\"Organization\",\"@id\":\"https:\\\/\\\/www.vetorino.com\\\/boutique\\\/#organization\",\"name\":\"V\u00e9torino\",\"url\":\"https:\\\/\\\/www.vetorino.com\\\/boutique\\\/\",\"logo\":{\"@type\":\"ImageObject\",\"inLanguage\":\"fr-FR\",\"@id\":\"https:\\\/\\\/www.vetorino.com\\\/boutique\\\/#\\\/schema\\\/logo\\\/image\\\/\",\"url\":\"https:\\\/\\\/www.vetorino.com\\\/boutique\\\/wp-content\\\/uploads\\\/2024\\\/10\\\/logo.jpg\",\"contentUrl\":\"https:\\\/\\\/www.vetorino.com\\\/boutique\\\/wp-content\\\/uploads\\\/2024\\\/10\\\/logo.jpg\",\"width\":1200,\"height\":610,\"caption\":\"V\u00e9torino\"},\"image\":{\"@id\":\"https:\\\/\\\/www.vetorino.com\\\/boutique\\\/#\\\/schema\\\/logo\\\/image\\\/\"},\"sameAs\":[\"https:\\\/\\\/www.facebook.com\\\/Vetorino\\\/\",\"https:\\\/\\\/www.instagram.com\\\/vetorino_off\\\/\",\"https:\\\/\\\/www.linkedin.com\\\/company\\\/vtorino\\\/\"]}]}<\/script>\n<meta property=\"product:brand\" content=\"Trixie\" \/>\n<meta property=\"product:price:amount\" content=\"8.00\" \/>\n<meta property=\"product:price:currency\" content=\"EUR\" \/>\n<meta property=\"og:availability\" content=\"instock\" \/>\n<meta property=\"product:availability\" content=\"instock\" \/>\n<meta property=\"product:retailer_item_id\" content=\"O-804875\" \/>\n<meta property=\"product:condition\" content=\"new\" \/>\n<!-- \/ Yoast SEO plugin. -->","yoast_head_json":{"title":"Jeu strat\u00e9gie chat Flip Board Trixie - V\u00e9torino","description":"Cette balle distributrice de croquettes\u00a0Catmosph\u00e8re\u00a0comblera votre chat tout en lui faisant faire de l'exercice. Limite l'ennui chez les chats, stimule son instinct de chasseur et \u00e9vite la surconsommation d'aliments. Le chat jouera des heures \u00e0 essayer d'attraper les croquettes contenues dans la Catmosph\u00e8re","robots":{"index":"noindex","follow":"nofollow"},"og_locale":"fr_FR","og_type":"article","og_title":"Jeu strat\u00e9gie chat Flip Board Trixie - V\u00e9torino","og_description":"Cette balle distributrice de croquettes\u00a0Catmosph\u00e8re\u00a0comblera votre chat tout en lui faisant faire de l'exercice. Limite l'ennui chez les chats, stimule son instinct de chasseur et \u00e9vite la surconsommation d'aliments. Le chat jouera des heures \u00e0 essayer d'attraper les croquettes contenues dans la Catmosph\u00e8re","og_url":"https:\/\/www.vetorino.com\/veterinaire\/sceaux-92330\/boutique\/product\/jeu-strategie-chat-flip-board\/","og_site_name":"V\u00e9torino","article_publisher":"https:\/\/www.facebook.com\/Vetorino\/","article_modified_time":"2023-04-25T14:28:11+00:00","og_image":[{"width":700,"height":700,"url":"https:\/\/www.vetorino.com\/boutique\/wp-content\/uploads\/2023\/04\/trixie_cat_activity_flip_board_plateau_de_jeu_pour_chat.jpg","type":"image\/jpeg"}],"twitter_card":"summary_large_image","twitter_misc":{"Prix":"8,00&euro;","Disponibilit\u00e9":"En stock"},"schema":{"@context":"https:\/\/schema.org","@graph":[{"@type":"WebPage","@id":"https:\/\/www.vetorino.com\/boutique\/product\/jeu-strategie-chat-flip-board\/","url":"https:\/\/www.vetorino.com\/boutique\/product\/jeu-strategie-chat-flip-board\/","name":"Jeu strat\u00e9gie chat Flip Board Trixie - V\u00e9torino","isPartOf":{"@id":"https:\/\/www.vetorino.com\/boutique\/#website"},"primaryImageOfPage":{"@id":"https:\/\/www.vetorino.com\/boutique\/product\/jeu-strategie-chat-flip-board\/#primaryimage"},"image":{"@id":"https:\/\/www.vetorino.com\/boutique\/product\/jeu-strategie-chat-flip-board\/#primaryimage"},"thumbnailUrl":"https:\/\/www.vetorino.com\/boutique\/wp-content\/uploads\/2023\/04\/trixie_cat_activity_flip_board_plateau_de_jeu_pour_chat.jpg","datePublished":"2023-04-25T14:18:20+00:00","dateModified":"2023-04-25T14:28:11+00:00","description":"Cette balle distributrice de croquettes\u00a0Catmosph\u00e8re\u00a0comblera votre chat tout en lui faisant faire de l'exercice. Limite l'ennui chez les chats, stimule son instinct de chasseur et \u00e9vite la surconsommation d'aliments. Le chat jouera des heures \u00e0 essayer d'attraper les croquettes contenues dans la Catmosph\u00e8re","breadcrumb":{"@id":"https:\/\/www.vetorino.com\/boutique\/product\/jeu-strategie-chat-flip-board\/#breadcrumb"},"inLanguage":"fr-FR","potentialAction":[{"@type":"ReadAction","target":["https:\/\/www.vetorino.com\/boutique\/product\/jeu-strategie-chat-flip-board\/"]}]},{"@type":"ImageObject","inLanguage":"fr-FR","@id":"https:\/\/www.vetorino.com\/boutique\/product\/jeu-strategie-chat-flip-board\/#primaryimage","url":"https:\/\/www.vetorino.com\/boutique\/wp-content\/uploads\/2023\/04\/trixie_cat_activity_flip_board_plateau_de_jeu_pour_chat.jpg","contentUrl":"https:\/\/www.vetorino.com\/boutique\/wp-content\/uploads\/2023\/04\/trixie_cat_activity_flip_board_plateau_de_jeu_pour_chat.jpg","width":700,"height":700},{"@type":"BreadcrumbList","@id":"https:\/\/www.vetorino.com\/boutique\/product\/jeu-strategie-chat-flip-board\/#breadcrumb","itemListElement":[{"@type":"ListItem","position":1,"name":"Accueil","item":"https:\/\/www.vetorino.com\/boutique\/"},{"@type":"ListItem","position":2,"name":"Produits","item":"https:\/\/www.vetorino.com\/boutique\/"},{"@type":"ListItem","position":3,"name":"Jeu strat\u00e9gie chat Flip Board"}]},{"@type":"WebSite","@id":"https:\/\/www.vetorino.com\/boutique\/#website","url":"https:\/\/www.vetorino.com\/boutique\/","name":"V\u00e9torino","description":"","publisher":{"@id":"https:\/\/www.vetorino.com\/boutique\/#organization"},"potentialAction":[{"@type":"SearchAction","target":{"@type":"EntryPoint","urlTemplate":"https:\/\/www.vetorino.com\/boutique\/?s={search_term_string}"},"query-input":{"@type":"PropertyValueSpecification","valueRequired":true,"valueName":"search_term_string"}}],"inLanguage":"fr-FR"},{"@type":"Organization","@id":"https:\/\/www.vetorino.com\/boutique\/#organization","name":"V\u00e9torino","url":"https:\/\/www.vetorino.com\/boutique\/","logo":{"@type":"ImageObject","inLanguage":"fr-FR","@id":"https:\/\/www.vetorino.com\/boutique\/#\/schema\/logo\/image\/","url":"https:\/\/www.vetorino.com\/boutique\/wp-content\/uploads\/2024\/10\/logo.jpg","contentUrl":"https:\/\/www.vetorino.com\/boutique\/wp-content\/uploads\/2024\/10\/logo.jpg","width":1200,"height":610,"caption":"V\u00e9torino"},"image":{"@id":"https:\/\/www.vetorino.com\/boutique\/#\/schema\/logo\/image\/"},"sameAs":["https:\/\/www.facebook.com\/Vetorino\/","https:\/\/www.instagram.com\/vetorino_off\/","https:\/\/www.linkedin.com\/company\/vtorino\/"]}]},"product_brand":"Trixie","product_price_amount":"8.00","product_price_currency":"EUR","og_availability":"instock","product_availability":"instock","product_retailer_item_id":"O-804875","product_condition":"new"},"_links":{"self":[{"href":"https:\/\/www.vetorino.com\/veterinaire\/sceaux-92330\/boutique\/wp-json\/wp\/v2\/product\/602129","targetHints":{"allow":["GET"]}}],"collection":[{"href":"https:\/\/www.vetorino.com\/veterinaire\/sceaux-92330\/boutique\/wp-json\/wp\/v2\/product"}],"about":[{"href":"https:\/\/www.vetorino.com\/veterinaire\/sceaux-92330\/boutique\/wp-json\/wp\/v2\/types\/product"}],"wp:featuredmedia":[{"embeddable":true,"href":"https:\/\/www.vetorino.com\/veterinaire\/sceaux-92330\/boutique\/wp-json\/wp\/v2\/media\/602133"}],"wp:attachment":[{"href":"https:\/\/www.vetorino.com\/veterinaire\/sceaux-92330\/boutique\/wp-json\/wp\/v2\/media?parent=602129"}],"wp:term":[{"taxonomy":"product_cat","embeddable":true,"href":"https:\/\/www.vetorino.com\/veterinaire\/sceaux-92330\/boutique\/wp-json\/wp\/v2\/product_cat?post=602129"},{"taxonomy":"product_tag","embeddable":true,"href":"https:\/\/www.vetorino.com\/veterinaire\/sceaux-92330\/boutique\/wp-json\/wp\/v2\/product_tag?post=602129"}],"curies":[{"name":"wp","href":"https:\/\/api.w.org\/{rel}","templated":true}]}}