{"id":122896,"date":"2020-10-06T14:10:04","date_gmt":"2020-10-06T12:10:04","guid":{"rendered":"https:\/\/www.vetorino.com\/boutique\/product\/flymax-pulverisateur-flacon-de-1-l\/"},"modified":"2022-05-17T04:49:43","modified_gmt":"2022-05-17T02:49:43","slug":"flymax-pulverisateur-flacon-de-1-l","status":"publish","type":"product","link":"https:\/\/www.vetorino.com\/veterinaire\/st-ouen-sur-seine\/boutique\/product\/flymax-pulverisateur-flacon-de-1-l\/","title":{"rendered":"Flymax pulv\u00e9risateur &#8211; Flacon de 1 L"},"content":{"rendered":"<p>Flymax N&#8217;Tick est un spray r\u00e9pulsif puissant qui prot\u00e8ge contre les insectes volants et les tiques chez le cheval et le chien.<br \/>\nLiquide pr\u00eat \u00e0 l&#8217;emploi, \u00e0 appliquer avant chaque sortie ou promenade et renouveler les applications en fonction de votre activit\u00e9.<br \/>\nNe pas utiliser sur les chats.<\/p>\n","protected":false},"excerpt":{"rendered":"<p>Flymax N&#8217;Tick est un spray r\u00e9pulsif puissant qui prot\u00e8ge contre les insectes volants et les tiques chez le cheval et le chien.<br \/>\nLiquide pr\u00eat \u00e0 l&#8217;emploi, \u00e0 appliquer avant chaque sortie ou promenade et renouveler les applications en fonction de votre activit\u00e9.<br \/>\nNe pas utiliser sur les chats.<\/p>\n","protected":false},"featured_media":180582,"template":"","meta":[],"product_cat":[12756,12547,12754],"product_tag":[],"class_list":{"0":"post-122896","1":"product","2":"type-product","3":"status-publish","4":"has-post-thumbnail","6":"product_cat-anti-mouche-pour-cheval","7":"product_cat-cheval","8":"product_cat-soins-au-quotidien-du-cheval","10":"first","11":"outofstock","12":"taxable","13":"shipping-taxable","14":"purchasable","15":"product-type-simple"},"yoast_head":"<!-- This site is optimized with the Yoast SEO plugin v27.3 - https:\/\/yoast.com\/product\/yoast-seo-wordpress\/ -->\n<title>Flymax pulv\u00e9risateur - Flacon de 1 L - V\u00e9torino<\/title>\n<meta name=\"description\" content=\"Flymax N&#039;Tick est un spray r\u00e9pulsif puissant qui prot\u00e8ge contre les insectes volants et les tiques chez le cheval et le chien. Liquide pr\u00eat \u00e0 l&#039;emploi, \u00e0 appliquer avant chaque sortie ou promenade et renouveler les applications en fonction de votre activit\u00e9. Ne pas utiliser sur les chats.\" \/>\n<meta name=\"robots\" content=\"noindex, nofollow\" \/>\n<meta property=\"og:locale\" content=\"fr_FR\" \/>\n<meta property=\"og:type\" content=\"article\" \/>\n<meta property=\"og:title\" content=\"Flymax pulv\u00e9risateur - Flacon de 1 L - V\u00e9torino\" \/>\n<meta property=\"og:description\" content=\"Flymax N&#039;Tick est un spray r\u00e9pulsif puissant qui prot\u00e8ge contre les insectes volants et les tiques chez le cheval et le chien. Liquide pr\u00eat \u00e0 l&#039;emploi, \u00e0 appliquer avant chaque sortie ou promenade et renouveler les applications en fonction de votre activit\u00e9. Ne pas utiliser sur les chats.\" \/>\n<meta property=\"og:url\" content=\"https:\/\/www.vetorino.com\/veterinaire\/st-ouen-sur-seine\/boutique\/product\/flymax-pulverisateur-flacon-de-1-l\/\" \/>\n<meta property=\"og:site_name\" content=\"V\u00e9torino\" \/>\n<meta property=\"article:publisher\" content=\"https:\/\/www.facebook.com\/Vetorino\/\" \/>\n<meta property=\"article:modified_time\" content=\"2022-05-17T02:49:43+00:00\" \/>\n<meta property=\"og:image\" content=\"https:\/\/www.vetorino.com\/boutique\/wp-content\/uploads\/2021\/05\/flymax-ntick-1L1.png\" \/>\n\t<meta property=\"og:image:width\" content=\"940\" \/>\n\t<meta property=\"og:image:height\" content=\"788\" \/>\n\t<meta property=\"og:image:type\" content=\"image\/png\" \/>\n<meta name=\"twitter:card\" content=\"summary_large_image\" \/>\n<meta name=\"twitter:label1\" content=\"Prix\" \/>\n\t<meta name=\"twitter:data1\" content=\"42,97&euro;\" \/>\n\t<meta name=\"twitter:label2\" content=\"Disponibilit\u00e9\" \/>\n\t<meta name=\"twitter:data2\" content=\"Rupture de stock\" \/>\n<script type=\"application\/ld+json\" class=\"yoast-schema-graph\">{\"@context\":\"https:\\\/\\\/schema.org\",\"@graph\":[{\"@type\":\"WebPage\",\"@id\":\"https:\\\/\\\/www.vetorino.com\\\/boutique\\\/product\\\/flymax-pulverisateur-flacon-de-1-l\\\/\",\"url\":\"https:\\\/\\\/www.vetorino.com\\\/boutique\\\/product\\\/flymax-pulverisateur-flacon-de-1-l\\\/\",\"name\":\"Flymax pulv\u00e9risateur - Flacon de 1 L - V\u00e9torino\",\"isPartOf\":{\"@id\":\"https:\\\/\\\/www.vetorino.com\\\/boutique\\\/#website\"},\"primaryImageOfPage\":{\"@id\":\"https:\\\/\\\/www.vetorino.com\\\/boutique\\\/product\\\/flymax-pulverisateur-flacon-de-1-l\\\/#primaryimage\"},\"image\":{\"@id\":\"https:\\\/\\\/www.vetorino.com\\\/boutique\\\/product\\\/flymax-pulverisateur-flacon-de-1-l\\\/#primaryimage\"},\"thumbnailUrl\":\"https:\\\/\\\/www.vetorino.com\\\/boutique\\\/wp-content\\\/uploads\\\/2021\\\/05\\\/flymax-ntick-1L1.png\",\"datePublished\":\"2020-10-06T12:10:04+00:00\",\"dateModified\":\"2022-05-17T02:49:43+00:00\",\"description\":\"Flymax N'Tick est un spray r\u00e9pulsif puissant qui prot\u00e8ge contre les insectes volants et les tiques chez le cheval et le chien. Liquide pr\u00eat \u00e0 l'emploi, \u00e0 appliquer avant chaque sortie ou promenade et renouveler les applications en fonction de votre activit\u00e9. Ne pas utiliser sur les chats.\",\"breadcrumb\":{\"@id\":\"https:\\\/\\\/www.vetorino.com\\\/boutique\\\/product\\\/flymax-pulverisateur-flacon-de-1-l\\\/#breadcrumb\"},\"inLanguage\":\"fr-FR\",\"potentialAction\":[{\"@type\":\"ReadAction\",\"target\":[\"https:\\\/\\\/www.vetorino.com\\\/boutique\\\/product\\\/flymax-pulverisateur-flacon-de-1-l\\\/\"]}]},{\"@type\":\"ImageObject\",\"inLanguage\":\"fr-FR\",\"@id\":\"https:\\\/\\\/www.vetorino.com\\\/boutique\\\/product\\\/flymax-pulverisateur-flacon-de-1-l\\\/#primaryimage\",\"url\":\"https:\\\/\\\/www.vetorino.com\\\/boutique\\\/wp-content\\\/uploads\\\/2021\\\/05\\\/flymax-ntick-1L1.png\",\"contentUrl\":\"https:\\\/\\\/www.vetorino.com\\\/boutique\\\/wp-content\\\/uploads\\\/2021\\\/05\\\/flymax-ntick-1L1.png\",\"width\":940,\"height\":788},{\"@type\":\"BreadcrumbList\",\"@id\":\"https:\\\/\\\/www.vetorino.com\\\/boutique\\\/product\\\/flymax-pulverisateur-flacon-de-1-l\\\/#breadcrumb\",\"itemListElement\":[{\"@type\":\"ListItem\",\"position\":1,\"name\":\"Accueil\",\"item\":\"https:\\\/\\\/www.vetorino.com\\\/boutique\\\/\"},{\"@type\":\"ListItem\",\"position\":2,\"name\":\"Produits\",\"item\":\"https:\\\/\\\/www.vetorino.com\\\/boutique\\\/\"},{\"@type\":\"ListItem\",\"position\":3,\"name\":\"Flymax pulv\u00e9risateur &#8211; Flacon de 1 L\"}]},{\"@type\":\"WebSite\",\"@id\":\"https:\\\/\\\/www.vetorino.com\\\/boutique\\\/#website\",\"url\":\"https:\\\/\\\/www.vetorino.com\\\/boutique\\\/\",\"name\":\"V\u00e9torino\",\"description\":\"\",\"publisher\":{\"@id\":\"https:\\\/\\\/www.vetorino.com\\\/boutique\\\/#organization\"},\"potentialAction\":[{\"@type\":\"SearchAction\",\"target\":{\"@type\":\"EntryPoint\",\"urlTemplate\":\"https:\\\/\\\/www.vetorino.com\\\/boutique\\\/?s={search_term_string}\"},\"query-input\":{\"@type\":\"PropertyValueSpecification\",\"valueRequired\":true,\"valueName\":\"search_term_string\"}}],\"inLanguage\":\"fr-FR\"},{\"@type\":\"Organization\",\"@id\":\"https:\\\/\\\/www.vetorino.com\\\/boutique\\\/#organization\",\"name\":\"V\u00e9torino\",\"url\":\"https:\\\/\\\/www.vetorino.com\\\/boutique\\\/\",\"logo\":{\"@type\":\"ImageObject\",\"inLanguage\":\"fr-FR\",\"@id\":\"https:\\\/\\\/www.vetorino.com\\\/boutique\\\/#\\\/schema\\\/logo\\\/image\\\/\",\"url\":\"https:\\\/\\\/www.vetorino.com\\\/boutique\\\/wp-content\\\/uploads\\\/2024\\\/10\\\/logo.jpg\",\"contentUrl\":\"https:\\\/\\\/www.vetorino.com\\\/boutique\\\/wp-content\\\/uploads\\\/2024\\\/10\\\/logo.jpg\",\"width\":1200,\"height\":610,\"caption\":\"V\u00e9torino\"},\"image\":{\"@id\":\"https:\\\/\\\/www.vetorino.com\\\/boutique\\\/#\\\/schema\\\/logo\\\/image\\\/\"},\"sameAs\":[\"https:\\\/\\\/www.facebook.com\\\/Vetorino\\\/\",\"https:\\\/\\\/www.instagram.com\\\/vetorino_off\\\/\",\"https:\\\/\\\/www.linkedin.com\\\/company\\\/vtorino\\\/\"]}]}<\/script>\n<meta property=\"product:price:amount\" content=\"42.97\" \/>\n<meta property=\"product:price:currency\" content=\"EUR\" \/>\n<meta property=\"og:availability\" content=\"out of stock\" \/>\n<meta property=\"product:availability\" content=\"out of stock\" \/>\n<meta property=\"product:retailer_item_id\" content=\"O-77466\" \/>\n<meta property=\"product:condition\" content=\"new\" \/>\n<!-- \/ Yoast SEO plugin. -->","yoast_head_json":{"title":"Flymax pulv\u00e9risateur - Flacon de 1 L - V\u00e9torino","description":"Flymax N'Tick est un spray r\u00e9pulsif puissant qui prot\u00e8ge contre les insectes volants et les tiques chez le cheval et le chien. Liquide pr\u00eat \u00e0 l'emploi, \u00e0 appliquer avant chaque sortie ou promenade et renouveler les applications en fonction de votre activit\u00e9. Ne pas utiliser sur les chats.","robots":{"index":"noindex","follow":"nofollow"},"og_locale":"fr_FR","og_type":"article","og_title":"Flymax pulv\u00e9risateur - Flacon de 1 L - V\u00e9torino","og_description":"Flymax N'Tick est un spray r\u00e9pulsif puissant qui prot\u00e8ge contre les insectes volants et les tiques chez le cheval et le chien. Liquide pr\u00eat \u00e0 l'emploi, \u00e0 appliquer avant chaque sortie ou promenade et renouveler les applications en fonction de votre activit\u00e9. Ne pas utiliser sur les chats.","og_url":"https:\/\/www.vetorino.com\/veterinaire\/st-ouen-sur-seine\/boutique\/product\/flymax-pulverisateur-flacon-de-1-l\/","og_site_name":"V\u00e9torino","article_publisher":"https:\/\/www.facebook.com\/Vetorino\/","article_modified_time":"2022-05-17T02:49:43+00:00","og_image":[{"width":940,"height":788,"url":"https:\/\/www.vetorino.com\/boutique\/wp-content\/uploads\/2021\/05\/flymax-ntick-1L1.png","type":"image\/png"}],"twitter_card":"summary_large_image","twitter_misc":{"Prix":"42,97&euro;","Disponibilit\u00e9":"Rupture de stock"},"schema":{"@context":"https:\/\/schema.org","@graph":[{"@type":"WebPage","@id":"https:\/\/www.vetorino.com\/boutique\/product\/flymax-pulverisateur-flacon-de-1-l\/","url":"https:\/\/www.vetorino.com\/boutique\/product\/flymax-pulverisateur-flacon-de-1-l\/","name":"Flymax pulv\u00e9risateur - Flacon de 1 L - V\u00e9torino","isPartOf":{"@id":"https:\/\/www.vetorino.com\/boutique\/#website"},"primaryImageOfPage":{"@id":"https:\/\/www.vetorino.com\/boutique\/product\/flymax-pulverisateur-flacon-de-1-l\/#primaryimage"},"image":{"@id":"https:\/\/www.vetorino.com\/boutique\/product\/flymax-pulverisateur-flacon-de-1-l\/#primaryimage"},"thumbnailUrl":"https:\/\/www.vetorino.com\/boutique\/wp-content\/uploads\/2021\/05\/flymax-ntick-1L1.png","datePublished":"2020-10-06T12:10:04+00:00","dateModified":"2022-05-17T02:49:43+00:00","description":"Flymax N'Tick est un spray r\u00e9pulsif puissant qui prot\u00e8ge contre les insectes volants et les tiques chez le cheval et le chien. Liquide pr\u00eat \u00e0 l'emploi, \u00e0 appliquer avant chaque sortie ou promenade et renouveler les applications en fonction de votre activit\u00e9. Ne pas utiliser sur les chats.","breadcrumb":{"@id":"https:\/\/www.vetorino.com\/boutique\/product\/flymax-pulverisateur-flacon-de-1-l\/#breadcrumb"},"inLanguage":"fr-FR","potentialAction":[{"@type":"ReadAction","target":["https:\/\/www.vetorino.com\/boutique\/product\/flymax-pulverisateur-flacon-de-1-l\/"]}]},{"@type":"ImageObject","inLanguage":"fr-FR","@id":"https:\/\/www.vetorino.com\/boutique\/product\/flymax-pulverisateur-flacon-de-1-l\/#primaryimage","url":"https:\/\/www.vetorino.com\/boutique\/wp-content\/uploads\/2021\/05\/flymax-ntick-1L1.png","contentUrl":"https:\/\/www.vetorino.com\/boutique\/wp-content\/uploads\/2021\/05\/flymax-ntick-1L1.png","width":940,"height":788},{"@type":"BreadcrumbList","@id":"https:\/\/www.vetorino.com\/boutique\/product\/flymax-pulverisateur-flacon-de-1-l\/#breadcrumb","itemListElement":[{"@type":"ListItem","position":1,"name":"Accueil","item":"https:\/\/www.vetorino.com\/boutique\/"},{"@type":"ListItem","position":2,"name":"Produits","item":"https:\/\/www.vetorino.com\/boutique\/"},{"@type":"ListItem","position":3,"name":"Flymax pulv\u00e9risateur &#8211; Flacon de 1 L"}]},{"@type":"WebSite","@id":"https:\/\/www.vetorino.com\/boutique\/#website","url":"https:\/\/www.vetorino.com\/boutique\/","name":"V\u00e9torino","description":"","publisher":{"@id":"https:\/\/www.vetorino.com\/boutique\/#organization"},"potentialAction":[{"@type":"SearchAction","target":{"@type":"EntryPoint","urlTemplate":"https:\/\/www.vetorino.com\/boutique\/?s={search_term_string}"},"query-input":{"@type":"PropertyValueSpecification","valueRequired":true,"valueName":"search_term_string"}}],"inLanguage":"fr-FR"},{"@type":"Organization","@id":"https:\/\/www.vetorino.com\/boutique\/#organization","name":"V\u00e9torino","url":"https:\/\/www.vetorino.com\/boutique\/","logo":{"@type":"ImageObject","inLanguage":"fr-FR","@id":"https:\/\/www.vetorino.com\/boutique\/#\/schema\/logo\/image\/","url":"https:\/\/www.vetorino.com\/boutique\/wp-content\/uploads\/2024\/10\/logo.jpg","contentUrl":"https:\/\/www.vetorino.com\/boutique\/wp-content\/uploads\/2024\/10\/logo.jpg","width":1200,"height":610,"caption":"V\u00e9torino"},"image":{"@id":"https:\/\/www.vetorino.com\/boutique\/#\/schema\/logo\/image\/"},"sameAs":["https:\/\/www.facebook.com\/Vetorino\/","https:\/\/www.instagram.com\/vetorino_off\/","https:\/\/www.linkedin.com\/company\/vtorino\/"]}]},"product_price_amount":"42.97","product_price_currency":"EUR","og_availability":"out of stock","product_availability":"out of stock","product_retailer_item_id":"O-77466","product_condition":"new"},"_links":{"self":[{"href":"https:\/\/www.vetorino.com\/veterinaire\/st-ouen-sur-seine\/boutique\/wp-json\/wp\/v2\/product\/122896","targetHints":{"allow":["GET"]}}],"collection":[{"href":"https:\/\/www.vetorino.com\/veterinaire\/st-ouen-sur-seine\/boutique\/wp-json\/wp\/v2\/product"}],"about":[{"href":"https:\/\/www.vetorino.com\/veterinaire\/st-ouen-sur-seine\/boutique\/wp-json\/wp\/v2\/types\/product"}],"wp:featuredmedia":[{"embeddable":true,"href":"https:\/\/www.vetorino.com\/veterinaire\/st-ouen-sur-seine\/boutique\/wp-json\/wp\/v2\/media\/180582"}],"wp:attachment":[{"href":"https:\/\/www.vetorino.com\/veterinaire\/st-ouen-sur-seine\/boutique\/wp-json\/wp\/v2\/media?parent=122896"}],"wp:term":[{"taxonomy":"product_cat","embeddable":true,"href":"https:\/\/www.vetorino.com\/veterinaire\/st-ouen-sur-seine\/boutique\/wp-json\/wp\/v2\/product_cat?post=122896"},{"taxonomy":"product_tag","embeddable":true,"href":"https:\/\/www.vetorino.com\/veterinaire\/st-ouen-sur-seine\/boutique\/wp-json\/wp\/v2\/product_tag?post=122896"}],"curies":[{"name":"wp","href":"https:\/\/api.w.org\/{rel}","templated":true}]}}