{"id":1432653,"date":"2025-07-29T17:40:51","date_gmt":"2025-07-29T15:40:51","guid":{"rendered":"https:\/\/www.vetorino.com\/boutique\/product\/lysine-plus\/"},"modified":"2025-11-26T02:42:13","modified_gmt":"2025-11-26T01:42:13","slug":"lysine-plus","status":"publish","type":"product","link":"https:\/\/www.vetorino.com\/veterinaire\/sucyenbrie-94370\/boutique\/product\/lysine-plus\/","title":{"rendered":"Lysine Plus"},"content":{"rendered":"<p>Lysine Plus est un aliment compl\u00e9mentaire <strong>pour le soutien de la sant\u00e9 oculaire<\/strong> des chats et chatons lors de p\u00e9riodes critiques.<\/p>\n<p>Il contient de la lysine, de la cyst\u00e9ine et de la vitamine B6 pou<strong>r renforcer les d\u00e9fenses naturelles<\/strong>, surtout en cas de coryza ou de stress.<\/p>\n<p>Il<strong> aide \u00e0 prot\u00e9ger les voies respiratoires et les yeux<\/strong>. Comprim\u00e9s tr\u00e8s <strong>app\u00e9tents<\/strong>, faciles \u00e0 administrer<\/p>\n<p><strong>Utilisation :\u00a0<\/strong><\/p>\n<ul>\n<li>Chatons : \u00bd \u00e0 1 comprim\u00e9 par jour.<\/li>\n<li>Chats adultes : 1 \u00e0 2 comprim\u00e9s par jour.<\/li>\n<li>Poursuivre l&#8217;administration pendant 15 jours apr\u00e8s la p\u00e9riode critique.<\/li>\n<\/ul>\n","protected":false},"excerpt":{"rendered":"<p>Lysine Plus est un aliment compl\u00e9mentaire <strong>pour le soutien de la sant\u00e9 oculaire<\/strong> des chats et chatons lors de p\u00e9riodes critiques.<\/p>\n<p>Il contient de la lysine, de la cyst\u00e9ine et de la vitamine B6 pou<strong>r renforcer les d\u00e9fenses naturelles<\/strong>, surtout en cas de coryza ou de stress.<\/p>\n<p>Il<strong> aide \u00e0 prot\u00e9ger les voies respiratoires et les yeux<\/strong>. Comprim\u00e9s tr\u00e8s <strong>app\u00e9tents<\/strong>, faciles \u00e0 administrer<\/p>\n","protected":false},"featured_media":1432660,"template":"","meta":[],"product_cat":[12551,2730,2697],"product_tag":[],"class_list":{"0":"post-1432653","1":"product","2":"type-product","3":"status-publish","4":"has-post-thumbnail","6":"product_cat-alimentation-du-chat","7":"product_cat-aliments-complementaires-pour-chat","8":"product_cat-chat","9":"pa_marque-tvm","11":"first","12":"instock","13":"taxable","14":"shipping-taxable","15":"purchasable","16":"product-type-simple"},"yoast_head":"<!-- This site is optimized with the Yoast SEO plugin v27.3 - https:\/\/yoast.com\/product\/yoast-seo-wordpress\/ -->\n<title>Lysine Plus D\u00f4mes Pharma TVM - V\u00e9torino<\/title>\n<meta name=\"description\" content=\"Lysine Plus est un aliment compl\u00e9mentaire pour le soutien de la sant\u00e9 oculaire des chats et chatons lors de p\u00e9riodes critiques.  Il contient de la lysine, de la cyst\u00e9ine et de la vitamine B6 pour renforcer les d\u00e9fenses naturelles, surtout en cas de coryza ou de stress.  Il aide \u00e0 prot\u00e9ger les voies respiratoires et les yeux. Comprim\u00e9s tr\u00e8s app\u00e9tents, faciles \u00e0 administrer\" \/>\n<meta name=\"robots\" content=\"noindex, nofollow\" \/>\n<meta property=\"og:locale\" content=\"fr_FR\" \/>\n<meta property=\"og:type\" content=\"article\" \/>\n<meta property=\"og:title\" content=\"Lysine Plus D\u00f4mes Pharma TVM - V\u00e9torino\" \/>\n<meta property=\"og:description\" content=\"Lysine Plus est un aliment compl\u00e9mentaire pour le soutien de la sant\u00e9 oculaire des chats et chatons lors de p\u00e9riodes critiques.  Il contient de la lysine, de la cyst\u00e9ine et de la vitamine B6 pour renforcer les d\u00e9fenses naturelles, surtout en cas de coryza ou de stress.  Il aide \u00e0 prot\u00e9ger les voies respiratoires et les yeux. Comprim\u00e9s tr\u00e8s app\u00e9tents, faciles \u00e0 administrer\" \/>\n<meta property=\"og:url\" content=\"https:\/\/www.vetorino.com\/veterinaire\/sucyenbrie-94370\/boutique\/product\/lysine-plus\/\" \/>\n<meta property=\"og:site_name\" content=\"V\u00e9torino\" \/>\n<meta property=\"article:publisher\" content=\"https:\/\/www.facebook.com\/Vetorino\/\" \/>\n<meta property=\"article:modified_time\" content=\"2025-11-26T01:42:13+00:00\" \/>\n<meta property=\"og:image\" content=\"https:\/\/www.vetorino.com\/boutique\/wp-content\/uploads\/2025\/07\/lysine-plus-dome-pharma-chat.webp\" \/>\n\t<meta property=\"og:image:width\" content=\"900\" \/>\n\t<meta property=\"og:image:height\" content=\"900\" \/>\n\t<meta property=\"og:image:type\" content=\"image\/webp\" \/>\n<meta name=\"twitter:card\" content=\"summary_large_image\" \/>\n<meta name=\"twitter:label1\" content=\"Prix\" \/>\n\t<meta name=\"twitter:data1\" content=\"16,82&euro;\" \/>\n\t<meta name=\"twitter:label2\" content=\"Disponibilit\u00e9\" \/>\n\t<meta name=\"twitter:data2\" content=\"En stock\" \/>\n<script type=\"application\/ld+json\" class=\"yoast-schema-graph\">{\"@context\":\"https:\\\/\\\/schema.org\",\"@graph\":[{\"@type\":\"WebPage\",\"@id\":\"https:\\\/\\\/www.vetorino.com\\\/boutique\\\/product\\\/lysine-plus\\\/\",\"url\":\"https:\\\/\\\/www.vetorino.com\\\/boutique\\\/product\\\/lysine-plus\\\/\",\"name\":\"Lysine Plus D\u00f4mes Pharma TVM - V\u00e9torino\",\"isPartOf\":{\"@id\":\"https:\\\/\\\/www.vetorino.com\\\/boutique\\\/#website\"},\"primaryImageOfPage\":{\"@id\":\"https:\\\/\\\/www.vetorino.com\\\/boutique\\\/product\\\/lysine-plus\\\/#primaryimage\"},\"image\":{\"@id\":\"https:\\\/\\\/www.vetorino.com\\\/boutique\\\/product\\\/lysine-plus\\\/#primaryimage\"},\"thumbnailUrl\":\"https:\\\/\\\/www.vetorino.com\\\/boutique\\\/wp-content\\\/uploads\\\/2025\\\/07\\\/lysine-plus-dome-pharma-chat.webp\",\"datePublished\":\"2025-07-29T15:40:51+00:00\",\"dateModified\":\"2025-11-26T01:42:13+00:00\",\"description\":\"Lysine Plus est un aliment compl\u00e9mentaire pour le soutien de la sant\u00e9 oculaire des chats et chatons lors de p\u00e9riodes critiques. Il contient de la lysine, de la cyst\u00e9ine et de la vitamine B6 pour renforcer les d\u00e9fenses naturelles, surtout en cas de coryza ou de stress. Il aide \u00e0 prot\u00e9ger les voies respiratoires et les yeux. Comprim\u00e9s tr\u00e8s app\u00e9tents, faciles \u00e0 administrer\",\"breadcrumb\":{\"@id\":\"https:\\\/\\\/www.vetorino.com\\\/boutique\\\/product\\\/lysine-plus\\\/#breadcrumb\"},\"inLanguage\":\"fr-FR\",\"potentialAction\":[{\"@type\":\"ReadAction\",\"target\":[\"https:\\\/\\\/www.vetorino.com\\\/boutique\\\/product\\\/lysine-plus\\\/\"]}]},{\"@type\":\"ImageObject\",\"inLanguage\":\"fr-FR\",\"@id\":\"https:\\\/\\\/www.vetorino.com\\\/boutique\\\/product\\\/lysine-plus\\\/#primaryimage\",\"url\":\"https:\\\/\\\/www.vetorino.com\\\/boutique\\\/wp-content\\\/uploads\\\/2025\\\/07\\\/lysine-plus-dome-pharma-chat.webp\",\"contentUrl\":\"https:\\\/\\\/www.vetorino.com\\\/boutique\\\/wp-content\\\/uploads\\\/2025\\\/07\\\/lysine-plus-dome-pharma-chat.webp\",\"width\":900,\"height\":900},{\"@type\":\"BreadcrumbList\",\"@id\":\"https:\\\/\\\/www.vetorino.com\\\/boutique\\\/product\\\/lysine-plus\\\/#breadcrumb\",\"itemListElement\":[{\"@type\":\"ListItem\",\"position\":1,\"name\":\"Accueil\",\"item\":\"https:\\\/\\\/www.vetorino.com\\\/boutique\\\/\"},{\"@type\":\"ListItem\",\"position\":2,\"name\":\"Produits\",\"item\":\"https:\\\/\\\/www.vetorino.com\\\/boutique\\\/\"},{\"@type\":\"ListItem\",\"position\":3,\"name\":\"Lysine Plus\"}]},{\"@type\":\"WebSite\",\"@id\":\"https:\\\/\\\/www.vetorino.com\\\/boutique\\\/#website\",\"url\":\"https:\\\/\\\/www.vetorino.com\\\/boutique\\\/\",\"name\":\"V\u00e9torino\",\"description\":\"\",\"publisher\":{\"@id\":\"https:\\\/\\\/www.vetorino.com\\\/boutique\\\/#organization\"},\"potentialAction\":[{\"@type\":\"SearchAction\",\"target\":{\"@type\":\"EntryPoint\",\"urlTemplate\":\"https:\\\/\\\/www.vetorino.com\\\/boutique\\\/?s={search_term_string}\"},\"query-input\":{\"@type\":\"PropertyValueSpecification\",\"valueRequired\":true,\"valueName\":\"search_term_string\"}}],\"inLanguage\":\"fr-FR\"},{\"@type\":\"Organization\",\"@id\":\"https:\\\/\\\/www.vetorino.com\\\/boutique\\\/#organization\",\"name\":\"V\u00e9torino\",\"url\":\"https:\\\/\\\/www.vetorino.com\\\/boutique\\\/\",\"logo\":{\"@type\":\"ImageObject\",\"inLanguage\":\"fr-FR\",\"@id\":\"https:\\\/\\\/www.vetorino.com\\\/boutique\\\/#\\\/schema\\\/logo\\\/image\\\/\",\"url\":\"https:\\\/\\\/www.vetorino.com\\\/boutique\\\/wp-content\\\/uploads\\\/2024\\\/10\\\/logo.jpg\",\"contentUrl\":\"https:\\\/\\\/www.vetorino.com\\\/boutique\\\/wp-content\\\/uploads\\\/2024\\\/10\\\/logo.jpg\",\"width\":1200,\"height\":610,\"caption\":\"V\u00e9torino\"},\"image\":{\"@id\":\"https:\\\/\\\/www.vetorino.com\\\/boutique\\\/#\\\/schema\\\/logo\\\/image\\\/\"},\"sameAs\":[\"https:\\\/\\\/www.facebook.com\\\/Vetorino\\\/\",\"https:\\\/\\\/www.instagram.com\\\/vetorino_off\\\/\",\"https:\\\/\\\/www.linkedin.com\\\/company\\\/vtorino\\\/\"]}]}<\/script>\n<meta property=\"product:brand\" content=\"D\u00f4mes Pharma TVM\" \/>\n<meta property=\"product:price:amount\" content=\"16.82\" \/>\n<meta property=\"product:price:currency\" content=\"EUR\" \/>\n<meta property=\"og:availability\" content=\"instock\" \/>\n<meta property=\"product:availability\" content=\"instock\" \/>\n<meta property=\"product:retailer_item_id\" content=\"C-LYS010\" \/>\n<meta property=\"product:condition\" content=\"new\" \/>\n<!-- \/ Yoast SEO plugin. -->","yoast_head_json":{"title":"Lysine Plus D\u00f4mes Pharma TVM - V\u00e9torino","description":"Lysine Plus est un aliment compl\u00e9mentaire pour le soutien de la sant\u00e9 oculaire des chats et chatons lors de p\u00e9riodes critiques.  Il contient de la lysine, de la cyst\u00e9ine et de la vitamine B6 pour renforcer les d\u00e9fenses naturelles, surtout en cas de coryza ou de stress.  Il aide \u00e0 prot\u00e9ger les voies respiratoires et les yeux. Comprim\u00e9s tr\u00e8s app\u00e9tents, faciles \u00e0 administrer","robots":{"index":"noindex","follow":"nofollow"},"og_locale":"fr_FR","og_type":"article","og_title":"Lysine Plus D\u00f4mes Pharma TVM - V\u00e9torino","og_description":"Lysine Plus est un aliment compl\u00e9mentaire pour le soutien de la sant\u00e9 oculaire des chats et chatons lors de p\u00e9riodes critiques.  Il contient de la lysine, de la cyst\u00e9ine et de la vitamine B6 pour renforcer les d\u00e9fenses naturelles, surtout en cas de coryza ou de stress.  Il aide \u00e0 prot\u00e9ger les voies respiratoires et les yeux. Comprim\u00e9s tr\u00e8s app\u00e9tents, faciles \u00e0 administrer","og_url":"https:\/\/www.vetorino.com\/veterinaire\/sucyenbrie-94370\/boutique\/product\/lysine-plus\/","og_site_name":"V\u00e9torino","article_publisher":"https:\/\/www.facebook.com\/Vetorino\/","article_modified_time":"2025-11-26T01:42:13+00:00","og_image":[{"width":900,"height":900,"url":"https:\/\/www.vetorino.com\/boutique\/wp-content\/uploads\/2025\/07\/lysine-plus-dome-pharma-chat.webp","type":"image\/webp"}],"twitter_card":"summary_large_image","twitter_misc":{"Prix":"16,82&euro;","Disponibilit\u00e9":"En stock"},"schema":{"@context":"https:\/\/schema.org","@graph":[{"@type":"WebPage","@id":"https:\/\/www.vetorino.com\/boutique\/product\/lysine-plus\/","url":"https:\/\/www.vetorino.com\/boutique\/product\/lysine-plus\/","name":"Lysine Plus D\u00f4mes Pharma TVM - V\u00e9torino","isPartOf":{"@id":"https:\/\/www.vetorino.com\/boutique\/#website"},"primaryImageOfPage":{"@id":"https:\/\/www.vetorino.com\/boutique\/product\/lysine-plus\/#primaryimage"},"image":{"@id":"https:\/\/www.vetorino.com\/boutique\/product\/lysine-plus\/#primaryimage"},"thumbnailUrl":"https:\/\/www.vetorino.com\/boutique\/wp-content\/uploads\/2025\/07\/lysine-plus-dome-pharma-chat.webp","datePublished":"2025-07-29T15:40:51+00:00","dateModified":"2025-11-26T01:42:13+00:00","description":"Lysine Plus est un aliment compl\u00e9mentaire pour le soutien de la sant\u00e9 oculaire des chats et chatons lors de p\u00e9riodes critiques. Il contient de la lysine, de la cyst\u00e9ine et de la vitamine B6 pour renforcer les d\u00e9fenses naturelles, surtout en cas de coryza ou de stress. Il aide \u00e0 prot\u00e9ger les voies respiratoires et les yeux. Comprim\u00e9s tr\u00e8s app\u00e9tents, faciles \u00e0 administrer","breadcrumb":{"@id":"https:\/\/www.vetorino.com\/boutique\/product\/lysine-plus\/#breadcrumb"},"inLanguage":"fr-FR","potentialAction":[{"@type":"ReadAction","target":["https:\/\/www.vetorino.com\/boutique\/product\/lysine-plus\/"]}]},{"@type":"ImageObject","inLanguage":"fr-FR","@id":"https:\/\/www.vetorino.com\/boutique\/product\/lysine-plus\/#primaryimage","url":"https:\/\/www.vetorino.com\/boutique\/wp-content\/uploads\/2025\/07\/lysine-plus-dome-pharma-chat.webp","contentUrl":"https:\/\/www.vetorino.com\/boutique\/wp-content\/uploads\/2025\/07\/lysine-plus-dome-pharma-chat.webp","width":900,"height":900},{"@type":"BreadcrumbList","@id":"https:\/\/www.vetorino.com\/boutique\/product\/lysine-plus\/#breadcrumb","itemListElement":[{"@type":"ListItem","position":1,"name":"Accueil","item":"https:\/\/www.vetorino.com\/boutique\/"},{"@type":"ListItem","position":2,"name":"Produits","item":"https:\/\/www.vetorino.com\/boutique\/"},{"@type":"ListItem","position":3,"name":"Lysine Plus"}]},{"@type":"WebSite","@id":"https:\/\/www.vetorino.com\/boutique\/#website","url":"https:\/\/www.vetorino.com\/boutique\/","name":"V\u00e9torino","description":"","publisher":{"@id":"https:\/\/www.vetorino.com\/boutique\/#organization"},"potentialAction":[{"@type":"SearchAction","target":{"@type":"EntryPoint","urlTemplate":"https:\/\/www.vetorino.com\/boutique\/?s={search_term_string}"},"query-input":{"@type":"PropertyValueSpecification","valueRequired":true,"valueName":"search_term_string"}}],"inLanguage":"fr-FR"},{"@type":"Organization","@id":"https:\/\/www.vetorino.com\/boutique\/#organization","name":"V\u00e9torino","url":"https:\/\/www.vetorino.com\/boutique\/","logo":{"@type":"ImageObject","inLanguage":"fr-FR","@id":"https:\/\/www.vetorino.com\/boutique\/#\/schema\/logo\/image\/","url":"https:\/\/www.vetorino.com\/boutique\/wp-content\/uploads\/2024\/10\/logo.jpg","contentUrl":"https:\/\/www.vetorino.com\/boutique\/wp-content\/uploads\/2024\/10\/logo.jpg","width":1200,"height":610,"caption":"V\u00e9torino"},"image":{"@id":"https:\/\/www.vetorino.com\/boutique\/#\/schema\/logo\/image\/"},"sameAs":["https:\/\/www.facebook.com\/Vetorino\/","https:\/\/www.instagram.com\/vetorino_off\/","https:\/\/www.linkedin.com\/company\/vtorino\/"]}]},"product_brand":"D\u00f4mes Pharma TVM","product_price_amount":"16.82","product_price_currency":"EUR","og_availability":"instock","product_availability":"instock","product_retailer_item_id":"C-LYS010","product_condition":"new"},"_links":{"self":[{"href":"https:\/\/www.vetorino.com\/veterinaire\/sucyenbrie-94370\/boutique\/wp-json\/wp\/v2\/product\/1432653","targetHints":{"allow":["GET"]}}],"collection":[{"href":"https:\/\/www.vetorino.com\/veterinaire\/sucyenbrie-94370\/boutique\/wp-json\/wp\/v2\/product"}],"about":[{"href":"https:\/\/www.vetorino.com\/veterinaire\/sucyenbrie-94370\/boutique\/wp-json\/wp\/v2\/types\/product"}],"wp:featuredmedia":[{"embeddable":true,"href":"https:\/\/www.vetorino.com\/veterinaire\/sucyenbrie-94370\/boutique\/wp-json\/wp\/v2\/media\/1432660"}],"wp:attachment":[{"href":"https:\/\/www.vetorino.com\/veterinaire\/sucyenbrie-94370\/boutique\/wp-json\/wp\/v2\/media?parent=1432653"}],"wp:term":[{"taxonomy":"product_cat","embeddable":true,"href":"https:\/\/www.vetorino.com\/veterinaire\/sucyenbrie-94370\/boutique\/wp-json\/wp\/v2\/product_cat?post=1432653"},{"taxonomy":"product_tag","embeddable":true,"href":"https:\/\/www.vetorino.com\/veterinaire\/sucyenbrie-94370\/boutique\/wp-json\/wp\/v2\/product_tag?post=1432653"}],"curies":[{"name":"wp","href":"https:\/\/api.w.org\/{rel}","templated":true}]}}