{"id":600224,"date":"2023-04-23T10:45:17","date_gmt":"2023-04-23T08:45:17","guid":{"rendered":"https:\/\/www.vetorino.com\/boutique\/product\/doudoune-pop-reversible\/"},"modified":"2026-04-02T06:26:01","modified_gmt":"2026-04-02T04:26:01","slug":"doudoune-pop-reversible","status":"publish","type":"product","link":"https:\/\/www.vetorino.com\/veterinaire\/sucyenbrie-94370\/boutique\/product\/doudoune-pop-reversible\/","title":{"rendered":"Doudoune Pop R\u00e9versible &#8211; chien"},"content":{"rendered":"<p><strong>Manteau chaud r\u00e9versible avec une face orange et une face grise.<\/strong><\/p>\n<p>Gr\u00e2ce \u00e0 son capitonnage de tissu synth\u00e9tique, elle prot\u00e8ge le chien du froid et des \u00e9carts de temp\u00e9rature.<\/p>\n<p><strong>Avantages :<\/strong><\/p>\n<ul>\n<li>Sa fermeture ventrale \u00e0 scratch simplifie a mise en place et le passage du collier.<\/li>\n<li>Munie d\u2019une\u00a0<strong>bande r\u00e9fl\u00e9chissante<\/strong>\u00a0autour de la fermeture \u00e9clair, votre animal sera en toute s\u00e9curit\u00e9 la nuit.<\/li>\n<li>Livr\u00e9e avec sa\u00a0<strong>pochette de rangement<\/strong>\u00a0pour un gain de place et une facilit\u00e9 de transport.<\/li>\n<li><strong>Lavable<\/strong>\u00a0\u00e0 30\u00b0C en machine.<\/li>\n<\/ul>\n<p><strong>Disponible en 4 tailles r\u00e9glables :<\/strong><\/p>\n<ul>\n<li>XS : 27-30 cm de longueur et 46-45 cm de tour de ventre<\/li>\n<li>S : 38-40 cm de longueur et 52-54 cm de tour de ventre<\/li>\n<li>M : 42-45 cm de longueur et 62-64 cm de tour de ventre<\/li>\n<li>L : 44-47 cm de longueur et 69-72 cm de tour de ventre<\/li>\n<\/ul>\n","protected":false},"excerpt":{"rendered":"<p><strong>Cette doudoune r\u00e9versible est l\u00e9g\u00e8re et chaude, elle offrira confort et \u00e9l\u00e9gance \u00e0 votre chien !<\/strong><\/p>\n<p>Gr\u00e2ce \u00e0 son capitonnage de tissu synth\u00e9tique, elle prot\u00e9gera votre chien du froid et des \u00e9carts de temp\u00e9ratures.<\/p>\n","protected":false},"featured_media":1450817,"template":"","meta":[],"product_cat":[12550,2698,12596],"product_tag":[],"class_list":{"0":"post-600224","1":"product","2":"type-product","3":"status-publish","4":"has-post-thumbnail","6":"product_cat-accessoires-du-chien","7":"product_cat-chien","8":"product_cat-confort-du-chien","9":"pa_marque-vetopop","11":"first","12":"instock","13":"taxable","14":"shipping-taxable","15":"purchasable","16":"product-type-variable"},"yoast_head":"<!-- This site is optimized with the Yoast SEO plugin v27.3 - https:\/\/yoast.com\/product\/yoast-seo-wordpress\/ -->\n<title>Doudoune Pop R\u00e9versible - chien V\u00e9topop - V\u00e9torino<\/title>\n<meta name=\"description\" content=\"Cette doudoune r\u00e9versible est l\u00e9g\u00e8re et chaude, elle offrira confort et \u00e9l\u00e9gance \u00e0 votre chien !  Gr\u00e2ce \u00e0 son capitonnage de tissu synth\u00e9tique, elle prot\u00e9gera votre chien du froid et des \u00e9carts de temp\u00e9ratures.\" \/>\n<meta name=\"robots\" content=\"noindex, nofollow\" \/>\n<meta property=\"og:locale\" content=\"fr_FR\" \/>\n<meta property=\"og:type\" content=\"article\" \/>\n<meta property=\"og:title\" content=\"Doudoune Pop R\u00e9versible - chien V\u00e9topop - V\u00e9torino\" \/>\n<meta property=\"og:description\" content=\"Cette doudoune r\u00e9versible est l\u00e9g\u00e8re et chaude, elle offrira confort et \u00e9l\u00e9gance \u00e0 votre chien !  Gr\u00e2ce \u00e0 son capitonnage de tissu synth\u00e9tique, elle prot\u00e9gera votre chien du froid et des \u00e9carts de temp\u00e9ratures.\" \/>\n<meta property=\"og:url\" content=\"https:\/\/www.vetorino.com\/veterinaire\/sucyenbrie-94370\/boutique\/product\/doudoune-pop-reversible\/\" \/>\n<meta property=\"og:site_name\" content=\"V\u00e9torino\" \/>\n<meta property=\"article:publisher\" content=\"https:\/\/www.facebook.com\/Vetorino\/\" \/>\n<meta property=\"article:modified_time\" content=\"2026-04-02T04:26:01+00:00\" \/>\n<meta property=\"og:image\" content=\"https:\/\/www.vetorino.com\/boutique\/wp-content\/uploads\/2023\/04\/doudoune-pop-reversible.webp\" \/>\n\t<meta property=\"og:image:width\" content=\"800\" \/>\n\t<meta property=\"og:image:height\" content=\"800\" \/>\n\t<meta property=\"og:image:type\" content=\"image\/webp\" \/>\n<meta name=\"twitter:card\" content=\"summary_large_image\" \/>\n<meta name=\"twitter:label1\" content=\"Disponibilit\u00e9\" \/>\n\t<meta name=\"twitter:data1\" content=\"En stock\" \/>\n<script type=\"application\/ld+json\" class=\"yoast-schema-graph\">{\"@context\":\"https:\\\/\\\/schema.org\",\"@graph\":[{\"@type\":\"WebPage\",\"@id\":\"https:\\\/\\\/www.vetorino.com\\\/veterinaire\\\/pontarlier-25300\\\/boutique\\\/product\\\/doudoune-pop-reversible\\\/\",\"url\":\"https:\\\/\\\/www.vetorino.com\\\/veterinaire\\\/pontarlier-25300\\\/boutique\\\/product\\\/doudoune-pop-reversible\\\/\",\"name\":\"Doudoune Pop R\u00e9versible - chien V\u00e9topop - V\u00e9torino\",\"isPartOf\":{\"@id\":\"https:\\\/\\\/www.vetorino.com\\\/boutique\\\/#website\"},\"primaryImageOfPage\":{\"@id\":\"https:\\\/\\\/www.vetorino.com\\\/veterinaire\\\/pontarlier-25300\\\/boutique\\\/product\\\/doudoune-pop-reversible\\\/#primaryimage\"},\"image\":{\"@id\":\"https:\\\/\\\/www.vetorino.com\\\/veterinaire\\\/pontarlier-25300\\\/boutique\\\/product\\\/doudoune-pop-reversible\\\/#primaryimage\"},\"thumbnailUrl\":\"https:\\\/\\\/www.vetorino.com\\\/boutique\\\/wp-content\\\/uploads\\\/2023\\\/04\\\/doudoune-pop-reversible.webp\",\"datePublished\":\"2023-04-23T08:45:17+00:00\",\"dateModified\":\"2026-04-02T04:26:01+00:00\",\"description\":\"Cette doudoune r\u00e9versible est l\u00e9g\u00e8re et chaude, elle offrira confort et \u00e9l\u00e9gance \u00e0 votre chien ! Gr\u00e2ce \u00e0 son capitonnage de tissu synth\u00e9tique, elle prot\u00e9gera votre chien du froid et des \u00e9carts de temp\u00e9ratures.\",\"breadcrumb\":{\"@id\":\"https:\\\/\\\/www.vetorino.com\\\/veterinaire\\\/pontarlier-25300\\\/boutique\\\/product\\\/doudoune-pop-reversible\\\/#breadcrumb\"},\"inLanguage\":\"fr-FR\",\"potentialAction\":[{\"@type\":\"ReadAction\",\"target\":[\"https:\\\/\\\/www.vetorino.com\\\/veterinaire\\\/pontarlier-25300\\\/boutique\\\/product\\\/doudoune-pop-reversible\\\/\"]}]},{\"@type\":\"ImageObject\",\"inLanguage\":\"fr-FR\",\"@id\":\"https:\\\/\\\/www.vetorino.com\\\/veterinaire\\\/pontarlier-25300\\\/boutique\\\/product\\\/doudoune-pop-reversible\\\/#primaryimage\",\"url\":\"https:\\\/\\\/www.vetorino.com\\\/boutique\\\/wp-content\\\/uploads\\\/2023\\\/04\\\/doudoune-pop-reversible.webp\",\"contentUrl\":\"https:\\\/\\\/www.vetorino.com\\\/boutique\\\/wp-content\\\/uploads\\\/2023\\\/04\\\/doudoune-pop-reversible.webp\",\"width\":800,\"height\":800},{\"@type\":\"BreadcrumbList\",\"@id\":\"https:\\\/\\\/www.vetorino.com\\\/veterinaire\\\/pontarlier-25300\\\/boutique\\\/product\\\/doudoune-pop-reversible\\\/#breadcrumb\",\"itemListElement\":[{\"@type\":\"ListItem\",\"position\":1,\"name\":\"Accueil\",\"item\":\"https:\\\/\\\/www.vetorino.com\\\/boutique\\\/\"},{\"@type\":\"ListItem\",\"position\":2,\"name\":\"Produits\",\"item\":\"https:\\\/\\\/www.vetorino.com\\\/boutique\\\/\"},{\"@type\":\"ListItem\",\"position\":3,\"name\":\"Doudoune Pop R\u00e9versible &#8211; chien\"}]},{\"@type\":\"WebSite\",\"@id\":\"https:\\\/\\\/www.vetorino.com\\\/boutique\\\/#website\",\"url\":\"https:\\\/\\\/www.vetorino.com\\\/boutique\\\/\",\"name\":\"V\u00e9torino\",\"description\":\"\",\"publisher\":{\"@id\":\"https:\\\/\\\/www.vetorino.com\\\/boutique\\\/#organization\"},\"potentialAction\":[{\"@type\":\"SearchAction\",\"target\":{\"@type\":\"EntryPoint\",\"urlTemplate\":\"https:\\\/\\\/www.vetorino.com\\\/boutique\\\/?s={search_term_string}\"},\"query-input\":{\"@type\":\"PropertyValueSpecification\",\"valueRequired\":true,\"valueName\":\"search_term_string\"}}],\"inLanguage\":\"fr-FR\"},{\"@type\":\"Organization\",\"@id\":\"https:\\\/\\\/www.vetorino.com\\\/boutique\\\/#organization\",\"name\":\"V\u00e9torino\",\"url\":\"https:\\\/\\\/www.vetorino.com\\\/boutique\\\/\",\"logo\":{\"@type\":\"ImageObject\",\"inLanguage\":\"fr-FR\",\"@id\":\"https:\\\/\\\/www.vetorino.com\\\/boutique\\\/#\\\/schema\\\/logo\\\/image\\\/\",\"url\":\"https:\\\/\\\/www.vetorino.com\\\/boutique\\\/wp-content\\\/uploads\\\/2024\\\/10\\\/logo.jpg\",\"contentUrl\":\"https:\\\/\\\/www.vetorino.com\\\/boutique\\\/wp-content\\\/uploads\\\/2024\\\/10\\\/logo.jpg\",\"width\":1200,\"height\":610,\"caption\":\"V\u00e9torino\"},\"image\":{\"@id\":\"https:\\\/\\\/www.vetorino.com\\\/boutique\\\/#\\\/schema\\\/logo\\\/image\\\/\"},\"sameAs\":[\"https:\\\/\\\/www.facebook.com\\\/Vetorino\\\/\",\"https:\\\/\\\/www.instagram.com\\\/vetorino_off\\\/\",\"https:\\\/\\\/www.linkedin.com\\\/company\\\/vtorino\\\/\"]}]}<\/script>\n<meta property=\"product:brand\" content=\"V\u00e9topop\" \/>\n<meta property=\"og:availability\" content=\"instock\" \/>\n<meta property=\"product:availability\" content=\"instock\" \/>\n<meta property=\"product:condition\" content=\"new\" \/>\n<!-- \/ Yoast SEO plugin. -->","yoast_head_json":{"title":"Doudoune Pop R\u00e9versible - chien V\u00e9topop - V\u00e9torino","description":"Cette doudoune r\u00e9versible est l\u00e9g\u00e8re et chaude, elle offrira confort et \u00e9l\u00e9gance \u00e0 votre chien !  Gr\u00e2ce \u00e0 son capitonnage de tissu synth\u00e9tique, elle prot\u00e9gera votre chien du froid et des \u00e9carts de temp\u00e9ratures.","robots":{"index":"noindex","follow":"nofollow"},"og_locale":"fr_FR","og_type":"article","og_title":"Doudoune Pop R\u00e9versible - chien V\u00e9topop - V\u00e9torino","og_description":"Cette doudoune r\u00e9versible est l\u00e9g\u00e8re et chaude, elle offrira confort et \u00e9l\u00e9gance \u00e0 votre chien !  Gr\u00e2ce \u00e0 son capitonnage de tissu synth\u00e9tique, elle prot\u00e9gera votre chien du froid et des \u00e9carts de temp\u00e9ratures.","og_url":"https:\/\/www.vetorino.com\/veterinaire\/sucyenbrie-94370\/boutique\/product\/doudoune-pop-reversible\/","og_site_name":"V\u00e9torino","article_publisher":"https:\/\/www.facebook.com\/Vetorino\/","article_modified_time":"2026-04-02T04:26:01+00:00","og_image":[{"width":800,"height":800,"url":"https:\/\/www.vetorino.com\/boutique\/wp-content\/uploads\/2023\/04\/doudoune-pop-reversible.webp","type":"image\/webp"}],"twitter_card":"summary_large_image","twitter_misc":{"Disponibilit\u00e9":"En stock"},"schema":{"@context":"https:\/\/schema.org","@graph":[{"@type":"WebPage","@id":"https:\/\/www.vetorino.com\/veterinaire\/pontarlier-25300\/boutique\/product\/doudoune-pop-reversible\/","url":"https:\/\/www.vetorino.com\/veterinaire\/pontarlier-25300\/boutique\/product\/doudoune-pop-reversible\/","name":"Doudoune Pop R\u00e9versible - chien V\u00e9topop - V\u00e9torino","isPartOf":{"@id":"https:\/\/www.vetorino.com\/boutique\/#website"},"primaryImageOfPage":{"@id":"https:\/\/www.vetorino.com\/veterinaire\/pontarlier-25300\/boutique\/product\/doudoune-pop-reversible\/#primaryimage"},"image":{"@id":"https:\/\/www.vetorino.com\/veterinaire\/pontarlier-25300\/boutique\/product\/doudoune-pop-reversible\/#primaryimage"},"thumbnailUrl":"https:\/\/www.vetorino.com\/boutique\/wp-content\/uploads\/2023\/04\/doudoune-pop-reversible.webp","datePublished":"2023-04-23T08:45:17+00:00","dateModified":"2026-04-02T04:26:01+00:00","description":"Cette doudoune r\u00e9versible est l\u00e9g\u00e8re et chaude, elle offrira confort et \u00e9l\u00e9gance \u00e0 votre chien ! Gr\u00e2ce \u00e0 son capitonnage de tissu synth\u00e9tique, elle prot\u00e9gera votre chien du froid et des \u00e9carts de temp\u00e9ratures.","breadcrumb":{"@id":"https:\/\/www.vetorino.com\/veterinaire\/pontarlier-25300\/boutique\/product\/doudoune-pop-reversible\/#breadcrumb"},"inLanguage":"fr-FR","potentialAction":[{"@type":"ReadAction","target":["https:\/\/www.vetorino.com\/veterinaire\/pontarlier-25300\/boutique\/product\/doudoune-pop-reversible\/"]}]},{"@type":"ImageObject","inLanguage":"fr-FR","@id":"https:\/\/www.vetorino.com\/veterinaire\/pontarlier-25300\/boutique\/product\/doudoune-pop-reversible\/#primaryimage","url":"https:\/\/www.vetorino.com\/boutique\/wp-content\/uploads\/2023\/04\/doudoune-pop-reversible.webp","contentUrl":"https:\/\/www.vetorino.com\/boutique\/wp-content\/uploads\/2023\/04\/doudoune-pop-reversible.webp","width":800,"height":800},{"@type":"BreadcrumbList","@id":"https:\/\/www.vetorino.com\/veterinaire\/pontarlier-25300\/boutique\/product\/doudoune-pop-reversible\/#breadcrumb","itemListElement":[{"@type":"ListItem","position":1,"name":"Accueil","item":"https:\/\/www.vetorino.com\/boutique\/"},{"@type":"ListItem","position":2,"name":"Produits","item":"https:\/\/www.vetorino.com\/boutique\/"},{"@type":"ListItem","position":3,"name":"Doudoune Pop R\u00e9versible &#8211; chien"}]},{"@type":"WebSite","@id":"https:\/\/www.vetorino.com\/boutique\/#website","url":"https:\/\/www.vetorino.com\/boutique\/","name":"V\u00e9torino","description":"","publisher":{"@id":"https:\/\/www.vetorino.com\/boutique\/#organization"},"potentialAction":[{"@type":"SearchAction","target":{"@type":"EntryPoint","urlTemplate":"https:\/\/www.vetorino.com\/boutique\/?s={search_term_string}"},"query-input":{"@type":"PropertyValueSpecification","valueRequired":true,"valueName":"search_term_string"}}],"inLanguage":"fr-FR"},{"@type":"Organization","@id":"https:\/\/www.vetorino.com\/boutique\/#organization","name":"V\u00e9torino","url":"https:\/\/www.vetorino.com\/boutique\/","logo":{"@type":"ImageObject","inLanguage":"fr-FR","@id":"https:\/\/www.vetorino.com\/boutique\/#\/schema\/logo\/image\/","url":"https:\/\/www.vetorino.com\/boutique\/wp-content\/uploads\/2024\/10\/logo.jpg","contentUrl":"https:\/\/www.vetorino.com\/boutique\/wp-content\/uploads\/2024\/10\/logo.jpg","width":1200,"height":610,"caption":"V\u00e9torino"},"image":{"@id":"https:\/\/www.vetorino.com\/boutique\/#\/schema\/logo\/image\/"},"sameAs":["https:\/\/www.facebook.com\/Vetorino\/","https:\/\/www.instagram.com\/vetorino_off\/","https:\/\/www.linkedin.com\/company\/vtorino\/"]}]},"product_brand":"V\u00e9topop","og_availability":"instock","product_availability":"instock","product_condition":"new"},"_links":{"self":[{"href":"https:\/\/www.vetorino.com\/veterinaire\/sucyenbrie-94370\/boutique\/wp-json\/wp\/v2\/product\/600224","targetHints":{"allow":["GET"]}}],"collection":[{"href":"https:\/\/www.vetorino.com\/veterinaire\/sucyenbrie-94370\/boutique\/wp-json\/wp\/v2\/product"}],"about":[{"href":"https:\/\/www.vetorino.com\/veterinaire\/sucyenbrie-94370\/boutique\/wp-json\/wp\/v2\/types\/product"}],"wp:featuredmedia":[{"embeddable":true,"href":"https:\/\/www.vetorino.com\/veterinaire\/sucyenbrie-94370\/boutique\/wp-json\/wp\/v2\/media\/1450817"}],"wp:attachment":[{"href":"https:\/\/www.vetorino.com\/veterinaire\/sucyenbrie-94370\/boutique\/wp-json\/wp\/v2\/media?parent=600224"}],"wp:term":[{"taxonomy":"product_cat","embeddable":true,"href":"https:\/\/www.vetorino.com\/veterinaire\/sucyenbrie-94370\/boutique\/wp-json\/wp\/v2\/product_cat?post=600224"},{"taxonomy":"product_tag","embeddable":true,"href":"https:\/\/www.vetorino.com\/veterinaire\/sucyenbrie-94370\/boutique\/wp-json\/wp\/v2\/product_tag?post=600224"}],"curies":[{"name":"wp","href":"https:\/\/api.w.org\/{rel}","templated":true}]}}