{"id":741984,"date":"2023-11-13T11:16:25","date_gmt":"2023-11-13T10:16:25","guid":{"rendered":"https:\/\/www.vetorino.com\/boutique\/product\/enteromicro-complex\/"},"modified":"2025-12-01T09:41:36","modified_gmt":"2025-12-01T08:41:36","slug":"enteromicro-complex","status":"publish","type":"product","link":"https:\/\/www.vetorino.com\/veterinaire\/sucyenbrie-94370\/boutique\/product\/enteromicro-complex\/","title":{"rendered":"ENTEROMICRO COMPLEX"},"content":{"rendered":"<p>Enteromicro Complex est un compl\u00e9ment alimentaire soutenant la fonction digestive, contenant des pr\u00e9biotiques et probiotiques pour chiens et chats avec des Lactobacilles microencapsul\u00e9s et du Colostrum bovin.<\/p>\n<p><strong>Pourquoi choisir\u00a0Enteromicro Complex ?\u00a0<\/strong><\/p>\n<p>Enteromicro Complex est un probiotique pour le soutien de la fonction digestive du chien et du chat.<br \/>\nIl peut \u00eatre utilis\u00e9 en cas de d\u00e9s\u00e9quilibre de la flore intestinale ou en cas d&#8217;affaiblissement de la r\u00e9ponse du syst\u00e8me immunitaire.<\/p>\n<p><strong>Recommand\u00e9 en cas de :<\/strong><\/p>\n<ul>\n<li>d\u00e9s\u00e9quilibre de la flore intestinale alt\u00e9r\u00e9e par des traitements m\u00e9dicaux, du stress, des r\u00e9gimes d\u00e9s\u00e9quilibr\u00e9s.<\/li>\n<li>affaiblissement de la r\u00e9ponse du syst\u00e8me immunitaire.<\/li>\n<li>diarrh\u00e9es, flatulences.<\/li>\n<\/ul>\n<div class=\"mb-2\">\n<p>L&#8217;efficacit\u00e9 d&#8217;Enteromicro Complex repose sur sa composition originale :<\/p>\n<ul>\n<li>Les Lactobacilles micro-encapsul\u00e9s (E. faecium) franchissent la barri\u00e8re gastrique et arrivent intacts et vivants au niveau intestinal pour assurer au mieux leurs actions b\u00e9n\u00e9fiques.<\/li>\n<li>Le colostrum bovin apporte des immunoglobulines qui am\u00e9liorent la r\u00e9ponse du syst\u00e8me immunitaire.<\/li>\n<li>Les MOS et les FOS sont des pr\u00e9biotiques, substances non digestibles, qui r\u00e9gularisent la microflore intestinale.<\/li>\n<li>Les pectines, substances naturelles absorbantes, cr\u00e9ent un film protecteur sur la muqueuse intestinale et favorisent la formation de selles fermes.<\/li>\n<li>La maltodextrine a une action \u00e9nerg\u00e9tique, particuli\u00e8rement int\u00e9ressante chez les individus affaiblis par une alt\u00e9ration de l\u2019\u00e9quilibre intestinal.<\/li>\n<li>Les butyrates contribuent \u00e0 stimuler le renouvellement et la maturation physiologique des colonocytes, et \u00e0 favoriser la bonne sant\u00e9 de la muqueuse du c\u00f4lon.<\/li>\n<li>L\u2019extrait de fenouil commun apporte de l&#8217;an\u00e9thol qui favorise la d\u00e9contraction des fibres musculaires lisses de la paroi intestinale et aide \u00e0 r\u00e9duire les spasmes douloureux souvent associ\u00e9s aux troubles intestinaux.<\/li>\n<li>Les feuilles de m\u00fbrier sauvage sont tr\u00e8s riches en tanins et participent \u00e0 apaiser la muqueuse intestinale \u00e0 favoriser sa bonne sant\u00e9.<\/li>\n<\/ul>\n<\/div>\n","protected":false},"excerpt":{"rendered":"<p>Enteromicro probiotique pour le soutien de la fonction digestive du chien et du chat. Recommand\u00e9 en cas de d\u00e9s\u00e9quilibre de la flore intestinale alt\u00e9r\u00e9e par des traitements m\u00e9dicaux, du stress, des r\u00e9gimes d\u00e9s\u00e9quilibr\u00e9s.<\/p>\n","protected":false},"featured_media":742003,"template":"","meta":[],"product_cat":[2697,2698,12567,12568,12635,12636,12639,12640],"product_tag":[],"class_list":{"0":"post-741984","1":"product","2":"type-product","3":"status-publish","4":"has-post-thumbnail","6":"product_cat-chat","7":"product_cat-chien","8":"product_cat-produit-veterinaire-du-chat","9":"product_cat-produit-veterinaire-du-chien","10":"product_cat-systeme-digestif-du-chat","11":"product_cat-systeme-digestif-du-chien","12":"product_cat-systeme-immunitaire-du-chat","13":"product_cat-systeme-immunitaire-du-chien","14":"pa_marque-mp-labo","16":"first","17":"instock","18":"taxable","19":"shipping-taxable","20":"purchasable","21":"product-type-simple"},"yoast_head":"<!-- This site is optimized with the Yoast SEO plugin v27.3 - https:\/\/yoast.com\/product\/yoast-seo-wordpress\/ -->\n<title>ENTEROMICRO COMPLEX Mp Labo - V\u00e9torino<\/title>\n<meta name=\"description\" content=\"Enteromicro probiotique pour le soutien de la fonction digestive du chien et du chat. Recommand\u00e9 en cas de d\u00e9s\u00e9quilibre de la flore intestinale alt\u00e9r\u00e9e par des traitements m\u00e9dicaux, du stress, des r\u00e9gimes d\u00e9s\u00e9quilibr\u00e9s.\" \/>\n<meta name=\"robots\" content=\"noindex, nofollow\" \/>\n<meta property=\"og:locale\" content=\"fr_FR\" \/>\n<meta property=\"og:type\" content=\"article\" \/>\n<meta property=\"og:title\" content=\"ENTEROMICRO COMPLEX Mp Labo - V\u00e9torino\" \/>\n<meta property=\"og:description\" content=\"Enteromicro probiotique pour le soutien de la fonction digestive du chien et du chat. Recommand\u00e9 en cas de d\u00e9s\u00e9quilibre de la flore intestinale alt\u00e9r\u00e9e par des traitements m\u00e9dicaux, du stress, des r\u00e9gimes d\u00e9s\u00e9quilibr\u00e9s.\" \/>\n<meta property=\"og:url\" content=\"https:\/\/www.vetorino.com\/veterinaire\/sucyenbrie-94370\/boutique\/product\/enteromicro-complex\/\" \/>\n<meta property=\"og:site_name\" content=\"V\u00e9torino\" \/>\n<meta property=\"article:publisher\" content=\"https:\/\/www.facebook.com\/Vetorino\/\" \/>\n<meta property=\"article:modified_time\" content=\"2025-12-01T08:41:36+00:00\" \/>\n<meta property=\"og:image\" content=\"https:\/\/www.vetorino.com\/boutique\/wp-content\/uploads\/2023\/11\/enteromicro_complex_32_cps.jpg\" \/>\n\t<meta property=\"og:image:width\" content=\"700\" \/>\n\t<meta property=\"og:image:height\" content=\"700\" \/>\n\t<meta property=\"og:image:type\" content=\"image\/jpeg\" \/>\n<meta name=\"twitter:card\" content=\"summary_large_image\" \/>\n<meta name=\"twitter:label1\" content=\"Prix\" \/>\n\t<meta name=\"twitter:data1\" content=\"34,69&euro;\" \/>\n\t<meta name=\"twitter:label2\" content=\"Disponibilit\u00e9\" \/>\n\t<meta name=\"twitter:data2\" content=\"En stock\" \/>\n<script type=\"application\/ld+json\" class=\"yoast-schema-graph\">{\"@context\":\"https:\\\/\\\/schema.org\",\"@graph\":[{\"@type\":\"WebPage\",\"@id\":\"https:\\\/\\\/www.vetorino.com\\\/boutique\\\/product\\\/enteromicro-complex\\\/\",\"url\":\"https:\\\/\\\/www.vetorino.com\\\/boutique\\\/product\\\/enteromicro-complex\\\/\",\"name\":\"ENTEROMICRO COMPLEX Mp Labo - V\u00e9torino\",\"isPartOf\":{\"@id\":\"https:\\\/\\\/www.vetorino.com\\\/boutique\\\/#website\"},\"primaryImageOfPage\":{\"@id\":\"https:\\\/\\\/www.vetorino.com\\\/boutique\\\/product\\\/enteromicro-complex\\\/#primaryimage\"},\"image\":{\"@id\":\"https:\\\/\\\/www.vetorino.com\\\/boutique\\\/product\\\/enteromicro-complex\\\/#primaryimage\"},\"thumbnailUrl\":\"https:\\\/\\\/www.vetorino.com\\\/boutique\\\/wp-content\\\/uploads\\\/2023\\\/11\\\/enteromicro_complex_32_cps.jpg\",\"datePublished\":\"2023-11-13T10:16:25+00:00\",\"dateModified\":\"2025-12-01T08:41:36+00:00\",\"description\":\"Enteromicro probiotique pour le soutien de la fonction digestive du chien et du chat. Recommand\u00e9 en cas de d\u00e9s\u00e9quilibre de la flore intestinale alt\u00e9r\u00e9e par des traitements m\u00e9dicaux, du stress, des r\u00e9gimes d\u00e9s\u00e9quilibr\u00e9s.\",\"breadcrumb\":{\"@id\":\"https:\\\/\\\/www.vetorino.com\\\/boutique\\\/product\\\/enteromicro-complex\\\/#breadcrumb\"},\"inLanguage\":\"fr-FR\",\"potentialAction\":[{\"@type\":\"ReadAction\",\"target\":[\"https:\\\/\\\/www.vetorino.com\\\/boutique\\\/product\\\/enteromicro-complex\\\/\"]}]},{\"@type\":\"ImageObject\",\"inLanguage\":\"fr-FR\",\"@id\":\"https:\\\/\\\/www.vetorino.com\\\/boutique\\\/product\\\/enteromicro-complex\\\/#primaryimage\",\"url\":\"https:\\\/\\\/www.vetorino.com\\\/boutique\\\/wp-content\\\/uploads\\\/2023\\\/11\\\/enteromicro_complex_32_cps.jpg\",\"contentUrl\":\"https:\\\/\\\/www.vetorino.com\\\/boutique\\\/wp-content\\\/uploads\\\/2023\\\/11\\\/enteromicro_complex_32_cps.jpg\",\"width\":700,\"height\":700},{\"@type\":\"BreadcrumbList\",\"@id\":\"https:\\\/\\\/www.vetorino.com\\\/boutique\\\/product\\\/enteromicro-complex\\\/#breadcrumb\",\"itemListElement\":[{\"@type\":\"ListItem\",\"position\":1,\"name\":\"Accueil\",\"item\":\"https:\\\/\\\/www.vetorino.com\\\/boutique\\\/\"},{\"@type\":\"ListItem\",\"position\":2,\"name\":\"Produits\",\"item\":\"https:\\\/\\\/www.vetorino.com\\\/boutique\\\/\"},{\"@type\":\"ListItem\",\"position\":3,\"name\":\"ENTEROMICRO COMPLEX\"}]},{\"@type\":\"WebSite\",\"@id\":\"https:\\\/\\\/www.vetorino.com\\\/boutique\\\/#website\",\"url\":\"https:\\\/\\\/www.vetorino.com\\\/boutique\\\/\",\"name\":\"V\u00e9torino\",\"description\":\"\",\"publisher\":{\"@id\":\"https:\\\/\\\/www.vetorino.com\\\/boutique\\\/#organization\"},\"potentialAction\":[{\"@type\":\"SearchAction\",\"target\":{\"@type\":\"EntryPoint\",\"urlTemplate\":\"https:\\\/\\\/www.vetorino.com\\\/boutique\\\/?s={search_term_string}\"},\"query-input\":{\"@type\":\"PropertyValueSpecification\",\"valueRequired\":true,\"valueName\":\"search_term_string\"}}],\"inLanguage\":\"fr-FR\"},{\"@type\":\"Organization\",\"@id\":\"https:\\\/\\\/www.vetorino.com\\\/boutique\\\/#organization\",\"name\":\"V\u00e9torino\",\"url\":\"https:\\\/\\\/www.vetorino.com\\\/boutique\\\/\",\"logo\":{\"@type\":\"ImageObject\",\"inLanguage\":\"fr-FR\",\"@id\":\"https:\\\/\\\/www.vetorino.com\\\/boutique\\\/#\\\/schema\\\/logo\\\/image\\\/\",\"url\":\"https:\\\/\\\/www.vetorino.com\\\/boutique\\\/wp-content\\\/uploads\\\/2024\\\/10\\\/logo.jpg\",\"contentUrl\":\"https:\\\/\\\/www.vetorino.com\\\/boutique\\\/wp-content\\\/uploads\\\/2024\\\/10\\\/logo.jpg\",\"width\":1200,\"height\":610,\"caption\":\"V\u00e9torino\"},\"image\":{\"@id\":\"https:\\\/\\\/www.vetorino.com\\\/boutique\\\/#\\\/schema\\\/logo\\\/image\\\/\"},\"sameAs\":[\"https:\\\/\\\/www.facebook.com\\\/Vetorino\\\/\",\"https:\\\/\\\/www.instagram.com\\\/vetorino_off\\\/\",\"https:\\\/\\\/www.linkedin.com\\\/company\\\/vtorino\\\/\"]}]}<\/script>\n<meta property=\"product:brand\" content=\"Mp Labo\" \/>\n<meta property=\"product:price:amount\" content=\"34.69\" \/>\n<meta property=\"product:price:currency\" content=\"EUR\" \/>\n<meta property=\"og:availability\" content=\"instock\" \/>\n<meta property=\"product:availability\" content=\"instock\" \/>\n<meta property=\"product:retailer_item_id\" content=\"C-ENT020\" \/>\n<meta property=\"product:condition\" content=\"new\" \/>\n<!-- \/ Yoast SEO plugin. -->","yoast_head_json":{"title":"ENTEROMICRO COMPLEX Mp Labo - V\u00e9torino","description":"Enteromicro probiotique pour le soutien de la fonction digestive du chien et du chat. Recommand\u00e9 en cas de d\u00e9s\u00e9quilibre de la flore intestinale alt\u00e9r\u00e9e par des traitements m\u00e9dicaux, du stress, des r\u00e9gimes d\u00e9s\u00e9quilibr\u00e9s.","robots":{"index":"noindex","follow":"nofollow"},"og_locale":"fr_FR","og_type":"article","og_title":"ENTEROMICRO COMPLEX Mp Labo - V\u00e9torino","og_description":"Enteromicro probiotique pour le soutien de la fonction digestive du chien et du chat. Recommand\u00e9 en cas de d\u00e9s\u00e9quilibre de la flore intestinale alt\u00e9r\u00e9e par des traitements m\u00e9dicaux, du stress, des r\u00e9gimes d\u00e9s\u00e9quilibr\u00e9s.","og_url":"https:\/\/www.vetorino.com\/veterinaire\/sucyenbrie-94370\/boutique\/product\/enteromicro-complex\/","og_site_name":"V\u00e9torino","article_publisher":"https:\/\/www.facebook.com\/Vetorino\/","article_modified_time":"2025-12-01T08:41:36+00:00","og_image":[{"width":700,"height":700,"url":"https:\/\/www.vetorino.com\/boutique\/wp-content\/uploads\/2023\/11\/enteromicro_complex_32_cps.jpg","type":"image\/jpeg"}],"twitter_card":"summary_large_image","twitter_misc":{"Prix":"34,69&euro;","Disponibilit\u00e9":"En stock"},"schema":{"@context":"https:\/\/schema.org","@graph":[{"@type":"WebPage","@id":"https:\/\/www.vetorino.com\/boutique\/product\/enteromicro-complex\/","url":"https:\/\/www.vetorino.com\/boutique\/product\/enteromicro-complex\/","name":"ENTEROMICRO COMPLEX Mp Labo - V\u00e9torino","isPartOf":{"@id":"https:\/\/www.vetorino.com\/boutique\/#website"},"primaryImageOfPage":{"@id":"https:\/\/www.vetorino.com\/boutique\/product\/enteromicro-complex\/#primaryimage"},"image":{"@id":"https:\/\/www.vetorino.com\/boutique\/product\/enteromicro-complex\/#primaryimage"},"thumbnailUrl":"https:\/\/www.vetorino.com\/boutique\/wp-content\/uploads\/2023\/11\/enteromicro_complex_32_cps.jpg","datePublished":"2023-11-13T10:16:25+00:00","dateModified":"2025-12-01T08:41:36+00:00","description":"Enteromicro probiotique pour le soutien de la fonction digestive du chien et du chat. Recommand\u00e9 en cas de d\u00e9s\u00e9quilibre de la flore intestinale alt\u00e9r\u00e9e par des traitements m\u00e9dicaux, du stress, des r\u00e9gimes d\u00e9s\u00e9quilibr\u00e9s.","breadcrumb":{"@id":"https:\/\/www.vetorino.com\/boutique\/product\/enteromicro-complex\/#breadcrumb"},"inLanguage":"fr-FR","potentialAction":[{"@type":"ReadAction","target":["https:\/\/www.vetorino.com\/boutique\/product\/enteromicro-complex\/"]}]},{"@type":"ImageObject","inLanguage":"fr-FR","@id":"https:\/\/www.vetorino.com\/boutique\/product\/enteromicro-complex\/#primaryimage","url":"https:\/\/www.vetorino.com\/boutique\/wp-content\/uploads\/2023\/11\/enteromicro_complex_32_cps.jpg","contentUrl":"https:\/\/www.vetorino.com\/boutique\/wp-content\/uploads\/2023\/11\/enteromicro_complex_32_cps.jpg","width":700,"height":700},{"@type":"BreadcrumbList","@id":"https:\/\/www.vetorino.com\/boutique\/product\/enteromicro-complex\/#breadcrumb","itemListElement":[{"@type":"ListItem","position":1,"name":"Accueil","item":"https:\/\/www.vetorino.com\/boutique\/"},{"@type":"ListItem","position":2,"name":"Produits","item":"https:\/\/www.vetorino.com\/boutique\/"},{"@type":"ListItem","position":3,"name":"ENTEROMICRO COMPLEX"}]},{"@type":"WebSite","@id":"https:\/\/www.vetorino.com\/boutique\/#website","url":"https:\/\/www.vetorino.com\/boutique\/","name":"V\u00e9torino","description":"","publisher":{"@id":"https:\/\/www.vetorino.com\/boutique\/#organization"},"potentialAction":[{"@type":"SearchAction","target":{"@type":"EntryPoint","urlTemplate":"https:\/\/www.vetorino.com\/boutique\/?s={search_term_string}"},"query-input":{"@type":"PropertyValueSpecification","valueRequired":true,"valueName":"search_term_string"}}],"inLanguage":"fr-FR"},{"@type":"Organization","@id":"https:\/\/www.vetorino.com\/boutique\/#organization","name":"V\u00e9torino","url":"https:\/\/www.vetorino.com\/boutique\/","logo":{"@type":"ImageObject","inLanguage":"fr-FR","@id":"https:\/\/www.vetorino.com\/boutique\/#\/schema\/logo\/image\/","url":"https:\/\/www.vetorino.com\/boutique\/wp-content\/uploads\/2024\/10\/logo.jpg","contentUrl":"https:\/\/www.vetorino.com\/boutique\/wp-content\/uploads\/2024\/10\/logo.jpg","width":1200,"height":610,"caption":"V\u00e9torino"},"image":{"@id":"https:\/\/www.vetorino.com\/boutique\/#\/schema\/logo\/image\/"},"sameAs":["https:\/\/www.facebook.com\/Vetorino\/","https:\/\/www.instagram.com\/vetorino_off\/","https:\/\/www.linkedin.com\/company\/vtorino\/"]}]},"product_brand":"Mp Labo","product_price_amount":"34.69","product_price_currency":"EUR","og_availability":"instock","product_availability":"instock","product_retailer_item_id":"C-ENT020","product_condition":"new"},"_links":{"self":[{"href":"https:\/\/www.vetorino.com\/veterinaire\/sucyenbrie-94370\/boutique\/wp-json\/wp\/v2\/product\/741984","targetHints":{"allow":["GET"]}}],"collection":[{"href":"https:\/\/www.vetorino.com\/veterinaire\/sucyenbrie-94370\/boutique\/wp-json\/wp\/v2\/product"}],"about":[{"href":"https:\/\/www.vetorino.com\/veterinaire\/sucyenbrie-94370\/boutique\/wp-json\/wp\/v2\/types\/product"}],"wp:featuredmedia":[{"embeddable":true,"href":"https:\/\/www.vetorino.com\/veterinaire\/sucyenbrie-94370\/boutique\/wp-json\/wp\/v2\/media\/742003"}],"wp:attachment":[{"href":"https:\/\/www.vetorino.com\/veterinaire\/sucyenbrie-94370\/boutique\/wp-json\/wp\/v2\/media?parent=741984"}],"wp:term":[{"taxonomy":"product_cat","embeddable":true,"href":"https:\/\/www.vetorino.com\/veterinaire\/sucyenbrie-94370\/boutique\/wp-json\/wp\/v2\/product_cat?post=741984"},{"taxonomy":"product_tag","embeddable":true,"href":"https:\/\/www.vetorino.com\/veterinaire\/sucyenbrie-94370\/boutique\/wp-json\/wp\/v2\/product_tag?post=741984"}],"curies":[{"name":"wp","href":"https:\/\/api.w.org\/{rel}","templated":true}]}}