{"id":97761,"date":"2020-06-29T22:19:25","date_gmt":"2020-06-29T20:19:25","guid":{"rendered":"https:\/\/www.vetorino.com\/boutique\/product\/herbe-a-chat-en-barquette\/"},"modified":"2026-02-28T22:06:27","modified_gmt":"2026-02-28T21:06:27","slug":"herbe-a-chat-en-barquette","status":"publish","type":"product","link":"https:\/\/www.vetorino.com\/veterinaire\/sucyenbrie-94370\/boutique\/product\/herbe-a-chat-en-barquette\/","title":{"rendered":"Herbe \u00e0 chat &#8211; barquette"},"content":{"rendered":"<div class=\"hidden\">\n<p>La Zolux Herbe \u00e0 Chat d\u00e9purative naturelle est un <strong>compl\u00e9ment alimentaire id\u00e9al pour favoriser le bien-\u00eatre digestif de votre chat<\/strong>.<\/p>\n<p>Riche en fibres naturelles, elle<strong> aide \u00e0 nettoyer son estomac,<\/strong> <strong>facilite la digestion<\/strong> et <strong>favorise l\u2019\u00e9limination des poils<\/strong> ing\u00e9r\u00e9s lors de la toilette,<strong> r\u00e9duisant ainsi la formation de boules de poils. <\/strong><\/p>\n<p>Facile \u00e0 utiliser, il suffit d\u2019arroser et de laisser pousser : en 5 \u00e0 6 jours, votre chat peut profiter de cette herbe fra\u00eeche et b\u00e9n\u00e9fique pour sa sant\u00e9.<\/p>\n<p><strong>Caract\u00e9ristiques :<\/strong><\/p>\n<p>&#8211; Nettoie l\u2019estomac et facilite la digestion.<br \/>\n&#8211; Favorise l\u2019\u00e9vacuation des poils absorb\u00e9s.<br \/>\n&#8211; Produit pr\u00eat \u00e0 l\u2019emploi, pousse en 5 \u00e0 6 jours.<br \/>\n&#8211; Dimensions : 18 x 10 x 5,5 cm.<\/p>\n<\/div>\n","protected":false},"excerpt":{"rendered":"<p>La Zolux Herbe \u00e0 Chat d\u00e9purative naturelle est un <strong>compl\u00e9ment alimentaire id\u00e9al pour favoriser le bien-\u00eatre digestif de votre chat<\/strong>.<\/p>\n<p>Riche en fibres naturelles, elle<strong> aide \u00e0 nettoyer son estomac,<\/strong> <strong>facilite la digestion<\/strong> et <strong>favorise l\u2019\u00e9limination des poils<\/strong> ing\u00e9r\u00e9s lors de la toilette,<strong> r\u00e9duisant ainsi la formation de boules de poils. <\/strong><\/p>\n<p>Facile \u00e0 utiliser, il suffit d\u2019arroser et de laisser pousser : en 5 \u00e0 6 jours, votre chat peut profiter de cette herbe fra\u00eeche et b\u00e9n\u00e9fique pour sa sant\u00e9.<\/p>\n<p>&nbsp;<\/p>\n","protected":false},"featured_media":1431119,"template":"","meta":[],"product_cat":[12548,2697,12595],"product_tag":[],"class_list":{"0":"post-97761","1":"product","2":"type-product","3":"status-publish","4":"has-post-thumbnail","6":"product_cat-accessoire-du-chat","7":"product_cat-chat","8":"product_cat-confort-du-chat","9":"pa_marque-zolux","11":"first","12":"instock","13":"taxable","14":"shipping-taxable","15":"purchasable","16":"product-type-simple"},"yoast_head":"<!-- This site is optimized with the Yoast SEO plugin v27.3 - https:\/\/yoast.com\/product\/yoast-seo-wordpress\/ -->\n<title>Herbe \u00e0 chat - barquette Zolux - V\u00e9torino<\/title>\n<meta name=\"description\" content=\"La Zolux Herbe \u00e0 Chat d\u00e9purative naturelle est un compl\u00e9ment alimentaire id\u00e9al pour favoriser le bien-\u00eatre digestif de votre chat.  Riche en fibres naturelles, elle aide \u00e0 nettoyer son estomac, facilite la digestion et favorise l\u2019\u00e9limination des poils ing\u00e9r\u00e9s lors de la toilette, r\u00e9duisant ainsi la formation de boules de poils.   Facile \u00e0 utiliser, il suffit d\u2019arroser et de laisser pousser : en 5 \u00e0 6 jours, votre chat peut profiter de cette herbe fra\u00eeche et b\u00e9n\u00e9fique pour sa sant\u00e9.  &nbsp;\" \/>\n<meta name=\"robots\" content=\"noindex, nofollow\" \/>\n<meta property=\"og:locale\" content=\"fr_FR\" \/>\n<meta property=\"og:type\" content=\"article\" \/>\n<meta property=\"og:title\" content=\"Herbe \u00e0 chat - barquette Zolux - V\u00e9torino\" \/>\n<meta property=\"og:description\" content=\"La Zolux Herbe \u00e0 Chat d\u00e9purative naturelle est un compl\u00e9ment alimentaire id\u00e9al pour favoriser le bien-\u00eatre digestif de votre chat.  Riche en fibres naturelles, elle aide \u00e0 nettoyer son estomac, facilite la digestion et favorise l\u2019\u00e9limination des poils ing\u00e9r\u00e9s lors de la toilette, r\u00e9duisant ainsi la formation de boules de poils.   Facile \u00e0 utiliser, il suffit d\u2019arroser et de laisser pousser : en 5 \u00e0 6 jours, votre chat peut profiter de cette herbe fra\u00eeche et b\u00e9n\u00e9fique pour sa sant\u00e9.  &nbsp;\" \/>\n<meta property=\"og:url\" content=\"https:\/\/www.vetorino.com\/veterinaire\/sucyenbrie-94370\/boutique\/product\/herbe-a-chat-en-barquette\/\" \/>\n<meta property=\"og:site_name\" content=\"V\u00e9torino\" \/>\n<meta property=\"article:publisher\" content=\"https:\/\/www.facebook.com\/Vetorino\/\" \/>\n<meta property=\"article:modified_time\" content=\"2026-02-28T21:06:27+00:00\" \/>\n<meta property=\"og:image\" content=\"https:\/\/www.vetorino.com\/boutique\/wp-content\/uploads\/2020\/06\/herbe-a-chat-en-barquette.jpg\" \/>\n\t<meta property=\"og:image:width\" content=\"555\" \/>\n\t<meta property=\"og:image:height\" content=\"555\" \/>\n\t<meta property=\"og:image:type\" content=\"image\/jpeg\" \/>\n<meta name=\"twitter:card\" content=\"summary_large_image\" \/>\n<meta name=\"twitter:label1\" content=\"Prix\" \/>\n\t<meta name=\"twitter:data1\" content=\"3,82&euro;\" \/>\n\t<meta name=\"twitter:label2\" content=\"Disponibilit\u00e9\" \/>\n\t<meta name=\"twitter:data2\" content=\"En stock\" \/>\n<script type=\"application\/ld+json\" class=\"yoast-schema-graph\">{\"@context\":\"https:\\\/\\\/schema.org\",\"@graph\":[{\"@type\":\"WebPage\",\"@id\":\"https:\\\/\\\/www.vetorino.com\\\/boutique\\\/product\\\/herbe-a-chat-en-barquette\\\/\",\"url\":\"https:\\\/\\\/www.vetorino.com\\\/boutique\\\/product\\\/herbe-a-chat-en-barquette\\\/\",\"name\":\"Herbe \u00e0 chat - barquette Zolux - V\u00e9torino\",\"isPartOf\":{\"@id\":\"https:\\\/\\\/www.vetorino.com\\\/boutique\\\/#website\"},\"primaryImageOfPage\":{\"@id\":\"https:\\\/\\\/www.vetorino.com\\\/boutique\\\/product\\\/herbe-a-chat-en-barquette\\\/#primaryimage\"},\"image\":{\"@id\":\"https:\\\/\\\/www.vetorino.com\\\/boutique\\\/product\\\/herbe-a-chat-en-barquette\\\/#primaryimage\"},\"thumbnailUrl\":\"https:\\\/\\\/www.vetorino.com\\\/boutique\\\/wp-content\\\/uploads\\\/2020\\\/06\\\/herbe-a-chat-en-barquette.jpg\",\"datePublished\":\"2020-06-29T20:19:25+00:00\",\"dateModified\":\"2026-02-28T21:06:27+00:00\",\"description\":\"La Zolux Herbe \u00e0 Chat d\u00e9purative naturelle est un compl\u00e9ment alimentaire id\u00e9al pour favoriser le bien-\u00eatre digestif de votre chat. Riche en fibres naturelles, elle aide \u00e0 nettoyer son estomac, facilite la digestion et favorise l\u2019\u00e9limination des poils ing\u00e9r\u00e9s lors de la toilette, r\u00e9duisant ainsi la formation de boules de poils. Facile \u00e0 utiliser, il suffit d\u2019arroser et de laisser pousser : en 5 \u00e0 6 jours, votre chat peut profiter de cette herbe fra\u00eeche et b\u00e9n\u00e9fique pour sa sant\u00e9. &nbsp;\",\"breadcrumb\":{\"@id\":\"https:\\\/\\\/www.vetorino.com\\\/boutique\\\/product\\\/herbe-a-chat-en-barquette\\\/#breadcrumb\"},\"inLanguage\":\"fr-FR\",\"potentialAction\":[{\"@type\":\"ReadAction\",\"target\":[\"https:\\\/\\\/www.vetorino.com\\\/boutique\\\/product\\\/herbe-a-chat-en-barquette\\\/\"]}]},{\"@type\":\"ImageObject\",\"inLanguage\":\"fr-FR\",\"@id\":\"https:\\\/\\\/www.vetorino.com\\\/boutique\\\/product\\\/herbe-a-chat-en-barquette\\\/#primaryimage\",\"url\":\"https:\\\/\\\/www.vetorino.com\\\/boutique\\\/wp-content\\\/uploads\\\/2020\\\/06\\\/herbe-a-chat-en-barquette.jpg\",\"contentUrl\":\"https:\\\/\\\/www.vetorino.com\\\/boutique\\\/wp-content\\\/uploads\\\/2020\\\/06\\\/herbe-a-chat-en-barquette.jpg\",\"width\":555,\"height\":555},{\"@type\":\"BreadcrumbList\",\"@id\":\"https:\\\/\\\/www.vetorino.com\\\/boutique\\\/product\\\/herbe-a-chat-en-barquette\\\/#breadcrumb\",\"itemListElement\":[{\"@type\":\"ListItem\",\"position\":1,\"name\":\"Accueil\",\"item\":\"https:\\\/\\\/www.vetorino.com\\\/boutique\\\/\"},{\"@type\":\"ListItem\",\"position\":2,\"name\":\"Produits\",\"item\":\"https:\\\/\\\/www.vetorino.com\\\/boutique\\\/\"},{\"@type\":\"ListItem\",\"position\":3,\"name\":\"Herbe \u00e0 chat &#8211; barquette\"}]},{\"@type\":\"WebSite\",\"@id\":\"https:\\\/\\\/www.vetorino.com\\\/boutique\\\/#website\",\"url\":\"https:\\\/\\\/www.vetorino.com\\\/boutique\\\/\",\"name\":\"V\u00e9torino\",\"description\":\"\",\"publisher\":{\"@id\":\"https:\\\/\\\/www.vetorino.com\\\/boutique\\\/#organization\"},\"potentialAction\":[{\"@type\":\"SearchAction\",\"target\":{\"@type\":\"EntryPoint\",\"urlTemplate\":\"https:\\\/\\\/www.vetorino.com\\\/boutique\\\/?s={search_term_string}\"},\"query-input\":{\"@type\":\"PropertyValueSpecification\",\"valueRequired\":true,\"valueName\":\"search_term_string\"}}],\"inLanguage\":\"fr-FR\"},{\"@type\":\"Organization\",\"@id\":\"https:\\\/\\\/www.vetorino.com\\\/boutique\\\/#organization\",\"name\":\"V\u00e9torino\",\"url\":\"https:\\\/\\\/www.vetorino.com\\\/boutique\\\/\",\"logo\":{\"@type\":\"ImageObject\",\"inLanguage\":\"fr-FR\",\"@id\":\"https:\\\/\\\/www.vetorino.com\\\/boutique\\\/#\\\/schema\\\/logo\\\/image\\\/\",\"url\":\"https:\\\/\\\/www.vetorino.com\\\/boutique\\\/wp-content\\\/uploads\\\/2024\\\/10\\\/logo.jpg\",\"contentUrl\":\"https:\\\/\\\/www.vetorino.com\\\/boutique\\\/wp-content\\\/uploads\\\/2024\\\/10\\\/logo.jpg\",\"width\":1200,\"height\":610,\"caption\":\"V\u00e9torino\"},\"image\":{\"@id\":\"https:\\\/\\\/www.vetorino.com\\\/boutique\\\/#\\\/schema\\\/logo\\\/image\\\/\"},\"sameAs\":[\"https:\\\/\\\/www.facebook.com\\\/Vetorino\\\/\",\"https:\\\/\\\/www.instagram.com\\\/vetorino_off\\\/\",\"https:\\\/\\\/www.linkedin.com\\\/company\\\/vtorino\\\/\"]}]}<\/script>\n<meta property=\"product:brand\" content=\"Zolux\" \/>\n<meta property=\"product:price:amount\" content=\"3.82\" \/>\n<meta property=\"product:price:currency\" content=\"EUR\" \/>\n<meta property=\"og:availability\" content=\"instock\" \/>\n<meta property=\"product:availability\" content=\"instock\" \/>\n<meta property=\"product:retailer_item_id\" content=\"C-HER400\" \/>\n<meta property=\"product:condition\" content=\"new\" \/>\n<!-- \/ Yoast SEO plugin. -->","yoast_head_json":{"title":"Herbe \u00e0 chat - barquette Zolux - V\u00e9torino","description":"La Zolux Herbe \u00e0 Chat d\u00e9purative naturelle est un compl\u00e9ment alimentaire id\u00e9al pour favoriser le bien-\u00eatre digestif de votre chat.  Riche en fibres naturelles, elle aide \u00e0 nettoyer son estomac, facilite la digestion et favorise l\u2019\u00e9limination des poils ing\u00e9r\u00e9s lors de la toilette, r\u00e9duisant ainsi la formation de boules de poils.   Facile \u00e0 utiliser, il suffit d\u2019arroser et de laisser pousser : en 5 \u00e0 6 jours, votre chat peut profiter de cette herbe fra\u00eeche et b\u00e9n\u00e9fique pour sa sant\u00e9.  &nbsp;","robots":{"index":"noindex","follow":"nofollow"},"og_locale":"fr_FR","og_type":"article","og_title":"Herbe \u00e0 chat - barquette Zolux - V\u00e9torino","og_description":"La Zolux Herbe \u00e0 Chat d\u00e9purative naturelle est un compl\u00e9ment alimentaire id\u00e9al pour favoriser le bien-\u00eatre digestif de votre chat.  Riche en fibres naturelles, elle aide \u00e0 nettoyer son estomac, facilite la digestion et favorise l\u2019\u00e9limination des poils ing\u00e9r\u00e9s lors de la toilette, r\u00e9duisant ainsi la formation de boules de poils.   Facile \u00e0 utiliser, il suffit d\u2019arroser et de laisser pousser : en 5 \u00e0 6 jours, votre chat peut profiter de cette herbe fra\u00eeche et b\u00e9n\u00e9fique pour sa sant\u00e9.  &nbsp;","og_url":"https:\/\/www.vetorino.com\/veterinaire\/sucyenbrie-94370\/boutique\/product\/herbe-a-chat-en-barquette\/","og_site_name":"V\u00e9torino","article_publisher":"https:\/\/www.facebook.com\/Vetorino\/","article_modified_time":"2026-02-28T21:06:27+00:00","og_image":[{"width":555,"height":555,"url":"https:\/\/www.vetorino.com\/boutique\/wp-content\/uploads\/2020\/06\/herbe-a-chat-en-barquette.jpg","type":"image\/jpeg"}],"twitter_card":"summary_large_image","twitter_misc":{"Prix":"3,82&euro;","Disponibilit\u00e9":"En stock"},"schema":{"@context":"https:\/\/schema.org","@graph":[{"@type":"WebPage","@id":"https:\/\/www.vetorino.com\/boutique\/product\/herbe-a-chat-en-barquette\/","url":"https:\/\/www.vetorino.com\/boutique\/product\/herbe-a-chat-en-barquette\/","name":"Herbe \u00e0 chat - barquette Zolux - V\u00e9torino","isPartOf":{"@id":"https:\/\/www.vetorino.com\/boutique\/#website"},"primaryImageOfPage":{"@id":"https:\/\/www.vetorino.com\/boutique\/product\/herbe-a-chat-en-barquette\/#primaryimage"},"image":{"@id":"https:\/\/www.vetorino.com\/boutique\/product\/herbe-a-chat-en-barquette\/#primaryimage"},"thumbnailUrl":"https:\/\/www.vetorino.com\/boutique\/wp-content\/uploads\/2020\/06\/herbe-a-chat-en-barquette.jpg","datePublished":"2020-06-29T20:19:25+00:00","dateModified":"2026-02-28T21:06:27+00:00","description":"La Zolux Herbe \u00e0 Chat d\u00e9purative naturelle est un compl\u00e9ment alimentaire id\u00e9al pour favoriser le bien-\u00eatre digestif de votre chat. Riche en fibres naturelles, elle aide \u00e0 nettoyer son estomac, facilite la digestion et favorise l\u2019\u00e9limination des poils ing\u00e9r\u00e9s lors de la toilette, r\u00e9duisant ainsi la formation de boules de poils. Facile \u00e0 utiliser, il suffit d\u2019arroser et de laisser pousser : en 5 \u00e0 6 jours, votre chat peut profiter de cette herbe fra\u00eeche et b\u00e9n\u00e9fique pour sa sant\u00e9. &nbsp;","breadcrumb":{"@id":"https:\/\/www.vetorino.com\/boutique\/product\/herbe-a-chat-en-barquette\/#breadcrumb"},"inLanguage":"fr-FR","potentialAction":[{"@type":"ReadAction","target":["https:\/\/www.vetorino.com\/boutique\/product\/herbe-a-chat-en-barquette\/"]}]},{"@type":"ImageObject","inLanguage":"fr-FR","@id":"https:\/\/www.vetorino.com\/boutique\/product\/herbe-a-chat-en-barquette\/#primaryimage","url":"https:\/\/www.vetorino.com\/boutique\/wp-content\/uploads\/2020\/06\/herbe-a-chat-en-barquette.jpg","contentUrl":"https:\/\/www.vetorino.com\/boutique\/wp-content\/uploads\/2020\/06\/herbe-a-chat-en-barquette.jpg","width":555,"height":555},{"@type":"BreadcrumbList","@id":"https:\/\/www.vetorino.com\/boutique\/product\/herbe-a-chat-en-barquette\/#breadcrumb","itemListElement":[{"@type":"ListItem","position":1,"name":"Accueil","item":"https:\/\/www.vetorino.com\/boutique\/"},{"@type":"ListItem","position":2,"name":"Produits","item":"https:\/\/www.vetorino.com\/boutique\/"},{"@type":"ListItem","position":3,"name":"Herbe \u00e0 chat &#8211; barquette"}]},{"@type":"WebSite","@id":"https:\/\/www.vetorino.com\/boutique\/#website","url":"https:\/\/www.vetorino.com\/boutique\/","name":"V\u00e9torino","description":"","publisher":{"@id":"https:\/\/www.vetorino.com\/boutique\/#organization"},"potentialAction":[{"@type":"SearchAction","target":{"@type":"EntryPoint","urlTemplate":"https:\/\/www.vetorino.com\/boutique\/?s={search_term_string}"},"query-input":{"@type":"PropertyValueSpecification","valueRequired":true,"valueName":"search_term_string"}}],"inLanguage":"fr-FR"},{"@type":"Organization","@id":"https:\/\/www.vetorino.com\/boutique\/#organization","name":"V\u00e9torino","url":"https:\/\/www.vetorino.com\/boutique\/","logo":{"@type":"ImageObject","inLanguage":"fr-FR","@id":"https:\/\/www.vetorino.com\/boutique\/#\/schema\/logo\/image\/","url":"https:\/\/www.vetorino.com\/boutique\/wp-content\/uploads\/2024\/10\/logo.jpg","contentUrl":"https:\/\/www.vetorino.com\/boutique\/wp-content\/uploads\/2024\/10\/logo.jpg","width":1200,"height":610,"caption":"V\u00e9torino"},"image":{"@id":"https:\/\/www.vetorino.com\/boutique\/#\/schema\/logo\/image\/"},"sameAs":["https:\/\/www.facebook.com\/Vetorino\/","https:\/\/www.instagram.com\/vetorino_off\/","https:\/\/www.linkedin.com\/company\/vtorino\/"]}]},"product_brand":"Zolux","product_price_amount":"3.82","product_price_currency":"EUR","og_availability":"instock","product_availability":"instock","product_retailer_item_id":"C-HER400","product_condition":"new"},"_links":{"self":[{"href":"https:\/\/www.vetorino.com\/veterinaire\/sucyenbrie-94370\/boutique\/wp-json\/wp\/v2\/product\/97761","targetHints":{"allow":["GET"]}}],"collection":[{"href":"https:\/\/www.vetorino.com\/veterinaire\/sucyenbrie-94370\/boutique\/wp-json\/wp\/v2\/product"}],"about":[{"href":"https:\/\/www.vetorino.com\/veterinaire\/sucyenbrie-94370\/boutique\/wp-json\/wp\/v2\/types\/product"}],"wp:featuredmedia":[{"embeddable":true,"href":"https:\/\/www.vetorino.com\/veterinaire\/sucyenbrie-94370\/boutique\/wp-json\/wp\/v2\/media\/1431119"}],"wp:attachment":[{"href":"https:\/\/www.vetorino.com\/veterinaire\/sucyenbrie-94370\/boutique\/wp-json\/wp\/v2\/media?parent=97761"}],"wp:term":[{"taxonomy":"product_cat","embeddable":true,"href":"https:\/\/www.vetorino.com\/veterinaire\/sucyenbrie-94370\/boutique\/wp-json\/wp\/v2\/product_cat?post=97761"},{"taxonomy":"product_tag","embeddable":true,"href":"https:\/\/www.vetorino.com\/veterinaire\/sucyenbrie-94370\/boutique\/wp-json\/wp\/v2\/product_tag?post=97761"}],"curies":[{"name":"wp","href":"https:\/\/api.w.org\/{rel}","templated":true}]}}