{"id":132656,"date":"2020-11-27T04:40:58","date_gmt":"2020-11-27T03:40:58","guid":{"rendered":"https:\/\/www.vetorino.com\/boutique\/product\/feline-c-d-stress-mijotes-au-poulet-boites\/"},"modified":"2025-11-04T15:59:53","modified_gmt":"2025-11-04T14:59:53","slug":"feline-c-d-stress-mijotes-au-poulet-boites","status":"publish","type":"product","link":"https:\/\/www.vetorino.com\/veterinaire\/ustaritz-64480\/boutique\/product\/feline-c-d-stress-mijotes-au-poulet-boites\/","title":{"rendered":"Chat C\/D Urinary Stress Mijot\u00e9s Poulet et L\u00e9gumes"},"content":{"rendered":"<p><strong>Mijot\u00e9 au poulet et aux l\u00e9gumes formul\u00e9 pour\u00a0soutenir la sant\u00e9 urinaire du chat et aider \u00e0 r\u00e9duire le stress, qui est un facteur de risque.<\/strong><\/p>\n<p><strong>Utilisation :<\/strong><\/p>\n<ul>\n<li>Chat sujet aux\u00a0signes les plus courants des Affections du Bas Urinaire F\u00e9lin<\/li>\n<li>Cristaux et calculs de struvite, d\u2019oxalate de calcium et de phosphate de calcium<\/li>\n<\/ul>\n<p><strong>Bienfaits essentiels :<\/strong><\/p>\n<ul>\n<li>Texture et go\u00fbt d\u00e9licieux afin d&#8217;offrir un vrai moment de plaisir lors des repas.<\/li>\n<li>Aide \u00e0\u00a0contr\u00f4ler le stress, qui est un facteur de risque connu pour la principale cause d&#8217;affections du bas appareil urinaire f\u00e9lin.<\/li>\n<li>Dissout les calculs de struvite.<\/li>\n<li>R\u00e9duit le risque de r\u00e9cidive de calculs de struvite et d&#8217;oxalate de calcium.<\/li>\n<\/ul>\n","protected":false},"excerpt":{"rendered":"<p><strong>Mijot\u00e9 au poulet et aux l\u00e9gumes formul\u00e9 pour soutenir la sant\u00e9 urinaire du chat et aider \u00e0 r\u00e9duire le stress, qui est un facteur de risque.<br \/>\n<\/strong><\/p>\n<p><strong>Utilisation :<\/strong><\/p>\n<ul>\n<li>Chat sujet aux\u00a0signes les plus courants des Affections du Bas Urinaire F\u00e9lin<\/li>\n<li>Cristaux et calculs de struvite, d\u2019oxalate de calcium et de phosphate de calcium<\/li>\n<\/ul>\n<p><strong>Cet aliment est\u00a0destin\u00e9 \u00e0 la prise en charge d&#8217;une maladie, il est conseill\u00e9 de consulter votre v\u00e9t\u00e9rinaire avant\u00a0de le donner \u00e0 votre animal.<\/strong><\/p>\n","protected":false},"featured_media":490337,"template":"","meta":[],"product_cat":[12551,12581,2697,12645],"product_tag":[],"class_list":{"0":"post-132656","1":"product","2":"type-product","3":"status-publish","4":"has-post-thumbnail","6":"product_cat-alimentation-du-chat","7":"product_cat-alimentation-medicalisee-pour-chat","8":"product_cat-chat","9":"product_cat-systeme-urinaire-du-chat","10":"pa_marque-hills-pet-nutrition","12":"first","13":"instock","14":"taxable","15":"shipping-taxable","16":"purchasable","17":"product-type-simple"},"yoast_head":"<!-- This site is optimized with the Yoast SEO plugin v27.3 - https:\/\/yoast.com\/product\/yoast-seo-wordpress\/ -->\n<title>Prescription Diet (Hill&#039;s) Chat C\/D Urinary Stress Mijot\u00e9s Poulet et L\u00e9gumes Hill&#039;s - V\u00e9torino<\/title>\n<meta name=\"description\" content=\"Mijot\u00e9 au poulet et aux l\u00e9gumes formul\u00e9 pour soutenir la sant\u00e9 urinaire du chat et aider \u00e0 r\u00e9duire le stress, qui est un facteur de risque.   Utilisation :   Chat sujet aux\u00a0signes les plus courants des Affections du Bas Urinaire F\u00e9lin  Cristaux et calculs de struvite, d\u2019oxalate de calcium et de phosphate de calcium  Cet aliment est\u00a0destin\u00e9 \u00e0 la prise en charge d&#039;une maladie, il est conseill\u00e9 de consulter votre v\u00e9t\u00e9rinaire avant\u00a0de le donner \u00e0 votre animal.\" \/>\n<meta name=\"robots\" content=\"noindex, nofollow\" \/>\n<meta property=\"og:locale\" content=\"fr_FR\" \/>\n<meta property=\"og:type\" content=\"article\" \/>\n<meta property=\"og:title\" content=\"Prescription Diet (Hill&#039;s) Chat C\/D Urinary Stress Mijot\u00e9s Poulet et L\u00e9gumes Hill&#039;s - V\u00e9torino\" \/>\n<meta property=\"og:description\" content=\"Mijot\u00e9 au poulet et aux l\u00e9gumes formul\u00e9 pour soutenir la sant\u00e9 urinaire du chat et aider \u00e0 r\u00e9duire le stress, qui est un facteur de risque.   Utilisation :   Chat sujet aux\u00a0signes les plus courants des Affections du Bas Urinaire F\u00e9lin  Cristaux et calculs de struvite, d\u2019oxalate de calcium et de phosphate de calcium  Cet aliment est\u00a0destin\u00e9 \u00e0 la prise en charge d&#039;une maladie, il est conseill\u00e9 de consulter votre v\u00e9t\u00e9rinaire avant\u00a0de le donner \u00e0 votre animal.\" \/>\n<meta property=\"og:url\" content=\"https:\/\/www.vetorino.com\/veterinaire\/ustaritz-64480\/boutique\/product\/feline-c-d-stress-mijotes-au-poulet-boites\/\" \/>\n<meta property=\"og:site_name\" content=\"V\u00e9torino\" \/>\n<meta property=\"article:publisher\" content=\"https:\/\/www.facebook.com\/Vetorino\/\" \/>\n<meta property=\"article:modified_time\" content=\"2025-11-04T14:59:53+00:00\" \/>\n<meta property=\"og:image\" content=\"https:\/\/www.vetorino.com\/boutique\/wp-content\/uploads\/2020\/11\/52742021522_1-prescription-diet-chat-c-d-urinary-stress-boite-mijote-poulet-legumes-1.jpg\" \/>\n\t<meta property=\"og:image:width\" content=\"1010\" \/>\n\t<meta property=\"og:image:height\" content=\"1010\" \/>\n\t<meta property=\"og:image:type\" content=\"image\/jpeg\" \/>\n<meta name=\"twitter:card\" content=\"summary_large_image\" \/>\n<meta name=\"twitter:label1\" content=\"Prix\" \/>\n\t<meta name=\"twitter:data1\" content=\"42,02&euro;\" \/>\n\t<meta name=\"twitter:label2\" content=\"Disponibilit\u00e9\" \/>\n\t<meta name=\"twitter:data2\" content=\"En stock\" \/>\n<script type=\"application\/ld+json\" class=\"yoast-schema-graph\">{\"@context\":\"https:\\\/\\\/schema.org\",\"@graph\":[{\"@type\":\"WebPage\",\"@id\":\"https:\\\/\\\/www.vetorino.com\\\/veterinaire\\\/briancon-05100\\\/boutique\\\/product\\\/feline-c-d-stress-mijotes-au-poulet-boites\\\/\",\"url\":\"https:\\\/\\\/www.vetorino.com\\\/veterinaire\\\/briancon-05100\\\/boutique\\\/product\\\/feline-c-d-stress-mijotes-au-poulet-boites\\\/\",\"name\":\"Prescription Diet (Hill's) Chat C\\\/D Urinary Stress Mijot\u00e9s Poulet et L\u00e9gumes Hill's - V\u00e9torino\",\"isPartOf\":{\"@id\":\"https:\\\/\\\/www.vetorino.com\\\/boutique\\\/#website\"},\"primaryImageOfPage\":{\"@id\":\"https:\\\/\\\/www.vetorino.com\\\/veterinaire\\\/briancon-05100\\\/boutique\\\/product\\\/feline-c-d-stress-mijotes-au-poulet-boites\\\/#primaryimage\"},\"image\":{\"@id\":\"https:\\\/\\\/www.vetorino.com\\\/veterinaire\\\/briancon-05100\\\/boutique\\\/product\\\/feline-c-d-stress-mijotes-au-poulet-boites\\\/#primaryimage\"},\"thumbnailUrl\":\"https:\\\/\\\/www.vetorino.com\\\/boutique\\\/wp-content\\\/uploads\\\/2020\\\/11\\\/52742021522_1-prescription-diet-chat-c-d-urinary-stress-boite-mijote-poulet-legumes-1.jpg\",\"datePublished\":\"2020-11-27T03:40:58+00:00\",\"dateModified\":\"2025-11-04T14:59:53+00:00\",\"description\":\"Mijot\u00e9 au poulet et aux l\u00e9gumes formul\u00e9 pour soutenir la sant\u00e9 urinaire du chat et aider \u00e0 r\u00e9duire le stress, qui est un facteur de risque. Utilisation : Chat sujet aux\u00a0signes les plus courants des Affections du Bas Urinaire F\u00e9lin Cristaux et calculs de struvite, d\u2019oxalate de calcium et de phosphate de calcium Cet aliment est\u00a0destin\u00e9 \u00e0 la prise en charge d'une maladie, il est conseill\u00e9 de consulter votre v\u00e9t\u00e9rinaire avant\u00a0de le donner \u00e0 votre animal.\",\"breadcrumb\":{\"@id\":\"https:\\\/\\\/www.vetorino.com\\\/veterinaire\\\/briancon-05100\\\/boutique\\\/product\\\/feline-c-d-stress-mijotes-au-poulet-boites\\\/#breadcrumb\"},\"inLanguage\":\"fr-FR\",\"potentialAction\":[{\"@type\":\"ReadAction\",\"target\":[\"https:\\\/\\\/www.vetorino.com\\\/veterinaire\\\/briancon-05100\\\/boutique\\\/product\\\/feline-c-d-stress-mijotes-au-poulet-boites\\\/\"]}]},{\"@type\":\"ImageObject\",\"inLanguage\":\"fr-FR\",\"@id\":\"https:\\\/\\\/www.vetorino.com\\\/veterinaire\\\/briancon-05100\\\/boutique\\\/product\\\/feline-c-d-stress-mijotes-au-poulet-boites\\\/#primaryimage\",\"url\":\"https:\\\/\\\/www.vetorino.com\\\/boutique\\\/wp-content\\\/uploads\\\/2020\\\/11\\\/52742021522_1-prescription-diet-chat-c-d-urinary-stress-boite-mijote-poulet-legumes-1.jpg\",\"contentUrl\":\"https:\\\/\\\/www.vetorino.com\\\/boutique\\\/wp-content\\\/uploads\\\/2020\\\/11\\\/52742021522_1-prescription-diet-chat-c-d-urinary-stress-boite-mijote-poulet-legumes-1.jpg\",\"width\":1010,\"height\":1010},{\"@type\":\"BreadcrumbList\",\"@id\":\"https:\\\/\\\/www.vetorino.com\\\/veterinaire\\\/briancon-05100\\\/boutique\\\/product\\\/feline-c-d-stress-mijotes-au-poulet-boites\\\/#breadcrumb\",\"itemListElement\":[{\"@type\":\"ListItem\",\"position\":1,\"name\":\"Accueil\",\"item\":\"https:\\\/\\\/www.vetorino.com\\\/boutique\\\/\"},{\"@type\":\"ListItem\",\"position\":2,\"name\":\"Produits\",\"item\":\"https:\\\/\\\/www.vetorino.com\\\/boutique\\\/\"},{\"@type\":\"ListItem\",\"position\":3,\"name\":\"Chat C\\\/D Urinary Stress Mijot\u00e9s Poulet et L\u00e9gumes\"}]},{\"@type\":\"WebSite\",\"@id\":\"https:\\\/\\\/www.vetorino.com\\\/boutique\\\/#website\",\"url\":\"https:\\\/\\\/www.vetorino.com\\\/boutique\\\/\",\"name\":\"V\u00e9torino\",\"description\":\"\",\"publisher\":{\"@id\":\"https:\\\/\\\/www.vetorino.com\\\/boutique\\\/#organization\"},\"potentialAction\":[{\"@type\":\"SearchAction\",\"target\":{\"@type\":\"EntryPoint\",\"urlTemplate\":\"https:\\\/\\\/www.vetorino.com\\\/boutique\\\/?s={search_term_string}\"},\"query-input\":{\"@type\":\"PropertyValueSpecification\",\"valueRequired\":true,\"valueName\":\"search_term_string\"}}],\"inLanguage\":\"fr-FR\"},{\"@type\":\"Organization\",\"@id\":\"https:\\\/\\\/www.vetorino.com\\\/boutique\\\/#organization\",\"name\":\"V\u00e9torino\",\"url\":\"https:\\\/\\\/www.vetorino.com\\\/boutique\\\/\",\"logo\":{\"@type\":\"ImageObject\",\"inLanguage\":\"fr-FR\",\"@id\":\"https:\\\/\\\/www.vetorino.com\\\/boutique\\\/#\\\/schema\\\/logo\\\/image\\\/\",\"url\":\"https:\\\/\\\/www.vetorino.com\\\/boutique\\\/wp-content\\\/uploads\\\/2024\\\/10\\\/logo.jpg\",\"contentUrl\":\"https:\\\/\\\/www.vetorino.com\\\/boutique\\\/wp-content\\\/uploads\\\/2024\\\/10\\\/logo.jpg\",\"width\":1200,\"height\":610,\"caption\":\"V\u00e9torino\"},\"image\":{\"@id\":\"https:\\\/\\\/www.vetorino.com\\\/boutique\\\/#\\\/schema\\\/logo\\\/image\\\/\"},\"sameAs\":[\"https:\\\/\\\/www.facebook.com\\\/Vetorino\\\/\",\"https:\\\/\\\/www.instagram.com\\\/vetorino_off\\\/\",\"https:\\\/\\\/www.linkedin.com\\\/company\\\/vtorino\\\/\"]}]}<\/script>\n<meta property=\"product:brand\" content=\"Hill&#039;s\" \/>\n<meta property=\"product:price:amount\" content=\"42.02\" \/>\n<meta property=\"product:price:currency\" content=\"EUR\" \/>\n<meta property=\"og:availability\" content=\"instock\" \/>\n<meta property=\"product:availability\" content=\"instock\" \/>\n<meta property=\"product:retailer_item_id\" content=\"A-1835170\" \/>\n<meta property=\"product:condition\" content=\"new\" \/>\n<!-- \/ Yoast SEO plugin. -->","yoast_head_json":{"title":"Prescription Diet (Hill's) Chat C\/D Urinary Stress Mijot\u00e9s Poulet et L\u00e9gumes Hill's - V\u00e9torino","description":"Mijot\u00e9 au poulet et aux l\u00e9gumes formul\u00e9 pour soutenir la sant\u00e9 urinaire du chat et aider \u00e0 r\u00e9duire le stress, qui est un facteur de risque.   Utilisation :   Chat sujet aux\u00a0signes les plus courants des Affections du Bas Urinaire F\u00e9lin  Cristaux et calculs de struvite, d\u2019oxalate de calcium et de phosphate de calcium  Cet aliment est\u00a0destin\u00e9 \u00e0 la prise en charge d'une maladie, il est conseill\u00e9 de consulter votre v\u00e9t\u00e9rinaire avant\u00a0de le donner \u00e0 votre animal.","robots":{"index":"noindex","follow":"nofollow"},"og_locale":"fr_FR","og_type":"article","og_title":"Prescription Diet (Hill's) Chat C\/D Urinary Stress Mijot\u00e9s Poulet et L\u00e9gumes Hill's - V\u00e9torino","og_description":"Mijot\u00e9 au poulet et aux l\u00e9gumes formul\u00e9 pour soutenir la sant\u00e9 urinaire du chat et aider \u00e0 r\u00e9duire le stress, qui est un facteur de risque.   Utilisation :   Chat sujet aux\u00a0signes les plus courants des Affections du Bas Urinaire F\u00e9lin  Cristaux et calculs de struvite, d\u2019oxalate de calcium et de phosphate de calcium  Cet aliment est\u00a0destin\u00e9 \u00e0 la prise en charge d'une maladie, il est conseill\u00e9 de consulter votre v\u00e9t\u00e9rinaire avant\u00a0de le donner \u00e0 votre animal.","og_url":"https:\/\/www.vetorino.com\/veterinaire\/ustaritz-64480\/boutique\/product\/feline-c-d-stress-mijotes-au-poulet-boites\/","og_site_name":"V\u00e9torino","article_publisher":"https:\/\/www.facebook.com\/Vetorino\/","article_modified_time":"2025-11-04T14:59:53+00:00","og_image":[{"width":1010,"height":1010,"url":"https:\/\/www.vetorino.com\/boutique\/wp-content\/uploads\/2020\/11\/52742021522_1-prescription-diet-chat-c-d-urinary-stress-boite-mijote-poulet-legumes-1.jpg","type":"image\/jpeg"}],"twitter_card":"summary_large_image","twitter_misc":{"Prix":"42,02&euro;","Disponibilit\u00e9":"En stock"},"schema":{"@context":"https:\/\/schema.org","@graph":[{"@type":"WebPage","@id":"https:\/\/www.vetorino.com\/veterinaire\/briancon-05100\/boutique\/product\/feline-c-d-stress-mijotes-au-poulet-boites\/","url":"https:\/\/www.vetorino.com\/veterinaire\/briancon-05100\/boutique\/product\/feline-c-d-stress-mijotes-au-poulet-boites\/","name":"Prescription Diet (Hill's) Chat C\/D Urinary Stress Mijot\u00e9s Poulet et L\u00e9gumes Hill's - V\u00e9torino","isPartOf":{"@id":"https:\/\/www.vetorino.com\/boutique\/#website"},"primaryImageOfPage":{"@id":"https:\/\/www.vetorino.com\/veterinaire\/briancon-05100\/boutique\/product\/feline-c-d-stress-mijotes-au-poulet-boites\/#primaryimage"},"image":{"@id":"https:\/\/www.vetorino.com\/veterinaire\/briancon-05100\/boutique\/product\/feline-c-d-stress-mijotes-au-poulet-boites\/#primaryimage"},"thumbnailUrl":"https:\/\/www.vetorino.com\/boutique\/wp-content\/uploads\/2020\/11\/52742021522_1-prescription-diet-chat-c-d-urinary-stress-boite-mijote-poulet-legumes-1.jpg","datePublished":"2020-11-27T03:40:58+00:00","dateModified":"2025-11-04T14:59:53+00:00","description":"Mijot\u00e9 au poulet et aux l\u00e9gumes formul\u00e9 pour soutenir la sant\u00e9 urinaire du chat et aider \u00e0 r\u00e9duire le stress, qui est un facteur de risque. Utilisation : Chat sujet aux\u00a0signes les plus courants des Affections du Bas Urinaire F\u00e9lin Cristaux et calculs de struvite, d\u2019oxalate de calcium et de phosphate de calcium Cet aliment est\u00a0destin\u00e9 \u00e0 la prise en charge d'une maladie, il est conseill\u00e9 de consulter votre v\u00e9t\u00e9rinaire avant\u00a0de le donner \u00e0 votre animal.","breadcrumb":{"@id":"https:\/\/www.vetorino.com\/veterinaire\/briancon-05100\/boutique\/product\/feline-c-d-stress-mijotes-au-poulet-boites\/#breadcrumb"},"inLanguage":"fr-FR","potentialAction":[{"@type":"ReadAction","target":["https:\/\/www.vetorino.com\/veterinaire\/briancon-05100\/boutique\/product\/feline-c-d-stress-mijotes-au-poulet-boites\/"]}]},{"@type":"ImageObject","inLanguage":"fr-FR","@id":"https:\/\/www.vetorino.com\/veterinaire\/briancon-05100\/boutique\/product\/feline-c-d-stress-mijotes-au-poulet-boites\/#primaryimage","url":"https:\/\/www.vetorino.com\/boutique\/wp-content\/uploads\/2020\/11\/52742021522_1-prescription-diet-chat-c-d-urinary-stress-boite-mijote-poulet-legumes-1.jpg","contentUrl":"https:\/\/www.vetorino.com\/boutique\/wp-content\/uploads\/2020\/11\/52742021522_1-prescription-diet-chat-c-d-urinary-stress-boite-mijote-poulet-legumes-1.jpg","width":1010,"height":1010},{"@type":"BreadcrumbList","@id":"https:\/\/www.vetorino.com\/veterinaire\/briancon-05100\/boutique\/product\/feline-c-d-stress-mijotes-au-poulet-boites\/#breadcrumb","itemListElement":[{"@type":"ListItem","position":1,"name":"Accueil","item":"https:\/\/www.vetorino.com\/boutique\/"},{"@type":"ListItem","position":2,"name":"Produits","item":"https:\/\/www.vetorino.com\/boutique\/"},{"@type":"ListItem","position":3,"name":"Chat C\/D Urinary Stress Mijot\u00e9s Poulet et L\u00e9gumes"}]},{"@type":"WebSite","@id":"https:\/\/www.vetorino.com\/boutique\/#website","url":"https:\/\/www.vetorino.com\/boutique\/","name":"V\u00e9torino","description":"","publisher":{"@id":"https:\/\/www.vetorino.com\/boutique\/#organization"},"potentialAction":[{"@type":"SearchAction","target":{"@type":"EntryPoint","urlTemplate":"https:\/\/www.vetorino.com\/boutique\/?s={search_term_string}"},"query-input":{"@type":"PropertyValueSpecification","valueRequired":true,"valueName":"search_term_string"}}],"inLanguage":"fr-FR"},{"@type":"Organization","@id":"https:\/\/www.vetorino.com\/boutique\/#organization","name":"V\u00e9torino","url":"https:\/\/www.vetorino.com\/boutique\/","logo":{"@type":"ImageObject","inLanguage":"fr-FR","@id":"https:\/\/www.vetorino.com\/boutique\/#\/schema\/logo\/image\/","url":"https:\/\/www.vetorino.com\/boutique\/wp-content\/uploads\/2024\/10\/logo.jpg","contentUrl":"https:\/\/www.vetorino.com\/boutique\/wp-content\/uploads\/2024\/10\/logo.jpg","width":1200,"height":610,"caption":"V\u00e9torino"},"image":{"@id":"https:\/\/www.vetorino.com\/boutique\/#\/schema\/logo\/image\/"},"sameAs":["https:\/\/www.facebook.com\/Vetorino\/","https:\/\/www.instagram.com\/vetorino_off\/","https:\/\/www.linkedin.com\/company\/vtorino\/"]}]},"product_brand":"Hill's","product_price_amount":"42.02","product_price_currency":"EUR","og_availability":"instock","product_availability":"instock","product_retailer_item_id":"A-1835170","product_condition":"new"},"_links":{"self":[{"href":"https:\/\/www.vetorino.com\/veterinaire\/ustaritz-64480\/boutique\/wp-json\/wp\/v2\/product\/132656","targetHints":{"allow":["GET"]}}],"collection":[{"href":"https:\/\/www.vetorino.com\/veterinaire\/ustaritz-64480\/boutique\/wp-json\/wp\/v2\/product"}],"about":[{"href":"https:\/\/www.vetorino.com\/veterinaire\/ustaritz-64480\/boutique\/wp-json\/wp\/v2\/types\/product"}],"wp:featuredmedia":[{"embeddable":true,"href":"https:\/\/www.vetorino.com\/veterinaire\/ustaritz-64480\/boutique\/wp-json\/wp\/v2\/media\/490337"}],"wp:attachment":[{"href":"https:\/\/www.vetorino.com\/veterinaire\/ustaritz-64480\/boutique\/wp-json\/wp\/v2\/media?parent=132656"}],"wp:term":[{"taxonomy":"product_cat","embeddable":true,"href":"https:\/\/www.vetorino.com\/veterinaire\/ustaritz-64480\/boutique\/wp-json\/wp\/v2\/product_cat?post=132656"},{"taxonomy":"product_tag","embeddable":true,"href":"https:\/\/www.vetorino.com\/veterinaire\/ustaritz-64480\/boutique\/wp-json\/wp\/v2\/product_tag?post=132656"}],"curies":[{"name":"wp","href":"https:\/\/api.w.org\/{rel}","templated":true}]}}