{"id":33271,"date":"2020-03-04T21:55:57","date_gmt":"2020-03-04T20:55:57","guid":{"rendered":"https:\/\/www.vetorino.com\/boutique\/product\/frontline-combo-spot-on-chien-m-10-20-kg\/"},"modified":"2023-05-23T18:08:15","modified_gmt":"2023-05-23T16:08:15","slug":"frontline-combo-spot-on-chien-m-10-20-kg","status":"publish","type":"product","link":"https:\/\/www.vetorino.com\/veterinaire\/ustaritz-64480\/boutique\/product\/frontline-combo-spot-on-chien-m-10-20-kg\/","title":{"rendered":"Frontline Combo Spot-on Chien M 10-20 kg"},"content":{"rendered":"<p><a>FRONTLINE COMBO<\/a>\u00a0permet de lutter contre les parasites des chiens. Il est efficace contre les puces,\u00a0les\u00a0\u0153ufs et larves de puces gr\u00e2ce \u00e0 sa formule enrichie \u00e0 l\u2019IGR, les poux\u00a0du chien\u00a0et les\u00a0tiques.<\/p>\n<p><strong>Utilisation\u00a0<\/strong><\/p>\n<ul>\n<li>Chienne en gestation : traiter la m\u00e8re avant la naissance des petits leur assure une protection car elle est source de puces pour ses chiots<\/li>\n<li>Chien de plus de 8 semaines et de plus de 10 kg<\/li>\n<li>Chien de petite race (10 \u00e0 20 kg)<\/li>\n<\/ul>\n","protected":false},"excerpt":{"rendered":"<p><strong><a>FRONTLINE COMBO Spot-On chien<\/a> 1020kg<\/strong> permet de <strong>lutter<\/strong> <strong>contre<\/strong> les <strong>parasites<\/strong> des <strong>chiens<\/strong>. Il est efficace contre les <strong>puces<\/strong>, les <strong>\u0153ufs<\/strong> et <strong>larves<\/strong> de <strong>puces<\/strong> gr\u00e2ce \u00e0 sa formule enrichie \u00e0 l\u2019IGR, les <strong>poux<\/strong>\u00a0du <strong>chien<\/strong>\u00a0et les\u00a0<strong>tiques<\/strong>.<\/p>\n","protected":false},"featured_media":78541,"template":"","meta":[],"product_cat":[12554,2698],"product_tag":[],"class_list":{"0":"post-33271","1":"product","2":"type-product","3":"status-publish","4":"has-post-thumbnail","6":"product_cat-antiparasitaire-du-chien","7":"product_cat-chien","8":"pa_marque-boehringer","10":"first","11":"instock","12":"taxable","13":"shipping-taxable","14":"purchasable","15":"product-type-variable"},"yoast_head":"<!-- This site is optimized with the Yoast SEO plugin v27.3 - https:\/\/yoast.com\/product\/yoast-seo-wordpress\/ -->\n<title>Frontline Frontline Combo Spot-on Chien M 10-20 kg Boehringer - V\u00e9torino<\/title>\n<meta name=\"description\" content=\"FRONTLINE COMBO Spot-On chien 1020kg permet de lutter contre les parasites des chiens. Il est efficace contre les puces, les \u0153ufs et larves de puces gr\u00e2ce \u00e0 sa formule enrichie \u00e0 l\u2019IGR, les poux\u00a0du chien\u00a0et les\u00a0tiques.\" \/>\n<meta name=\"robots\" content=\"noindex, nofollow\" \/>\n<meta property=\"og:locale\" content=\"fr_FR\" \/>\n<meta property=\"og:type\" content=\"article\" \/>\n<meta property=\"og:title\" content=\"Frontline Frontline Combo Spot-on Chien M 10-20 kg Boehringer - V\u00e9torino\" \/>\n<meta property=\"og:description\" content=\"FRONTLINE COMBO Spot-On chien 1020kg permet de lutter contre les parasites des chiens. Il est efficace contre les puces, les \u0153ufs et larves de puces gr\u00e2ce \u00e0 sa formule enrichie \u00e0 l\u2019IGR, les poux\u00a0du chien\u00a0et les\u00a0tiques.\" \/>\n<meta property=\"og:url\" content=\"https:\/\/www.vetorino.com\/veterinaire\/ustaritz-64480\/boutique\/product\/frontline-combo-spot-on-chien-m-10-20-kg\/\" \/>\n<meta property=\"og:site_name\" content=\"V\u00e9torino\" \/>\n<meta property=\"article:publisher\" content=\"https:\/\/www.facebook.com\/Vetorino\/\" \/>\n<meta property=\"article:modified_time\" content=\"2023-05-23T16:08:15+00:00\" \/>\n<meta property=\"og:image\" content=\"https:\/\/www.vetorino.com\/boutique\/wp-content\/uploads\/2020\/03\/frontline-combo-chien-m-spot-on-6-pipettes-12.jpg\" \/>\n\t<meta property=\"og:image:width\" content=\"800\" \/>\n\t<meta property=\"og:image:height\" content=\"800\" \/>\n\t<meta property=\"og:image:type\" content=\"image\/jpeg\" \/>\n<meta name=\"twitter:card\" content=\"summary_large_image\" \/>\n<meta name=\"twitter:label1\" content=\"Disponibilit\u00e9\" \/>\n\t<meta name=\"twitter:data1\" content=\"En stock\" \/>\n<script type=\"application\/ld+json\" class=\"yoast-schema-graph\">{\"@context\":\"https:\\\/\\\/schema.org\",\"@graph\":[{\"@type\":\"WebPage\",\"@id\":\"https:\\\/\\\/www.vetorino.com\\\/boutique\\\/product\\\/frontline-combo-spot-on-chien-m-10-20-kg\\\/\",\"url\":\"https:\\\/\\\/www.vetorino.com\\\/boutique\\\/product\\\/frontline-combo-spot-on-chien-m-10-20-kg\\\/\",\"name\":\"Frontline Frontline Combo Spot-on Chien M 10-20 kg Boehringer - V\u00e9torino\",\"isPartOf\":{\"@id\":\"https:\\\/\\\/www.vetorino.com\\\/boutique\\\/#website\"},\"primaryImageOfPage\":{\"@id\":\"https:\\\/\\\/www.vetorino.com\\\/boutique\\\/product\\\/frontline-combo-spot-on-chien-m-10-20-kg\\\/#primaryimage\"},\"image\":{\"@id\":\"https:\\\/\\\/www.vetorino.com\\\/boutique\\\/product\\\/frontline-combo-spot-on-chien-m-10-20-kg\\\/#primaryimage\"},\"thumbnailUrl\":\"https:\\\/\\\/www.vetorino.com\\\/boutique\\\/wp-content\\\/uploads\\\/2020\\\/03\\\/frontline-combo-chien-m-spot-on-6-pipettes-12.jpg\",\"datePublished\":\"2020-03-04T20:55:57+00:00\",\"dateModified\":\"2023-05-23T16:08:15+00:00\",\"description\":\"FRONTLINE COMBO Spot-On chien 1020kg permet de lutter contre les parasites des chiens. Il est efficace contre les puces, les \u0153ufs et larves de puces gr\u00e2ce \u00e0 sa formule enrichie \u00e0 l\u2019IGR, les poux\u00a0du chien\u00a0et les\u00a0tiques.\",\"breadcrumb\":{\"@id\":\"https:\\\/\\\/www.vetorino.com\\\/boutique\\\/product\\\/frontline-combo-spot-on-chien-m-10-20-kg\\\/#breadcrumb\"},\"inLanguage\":\"fr-FR\",\"potentialAction\":[{\"@type\":\"ReadAction\",\"target\":[\"https:\\\/\\\/www.vetorino.com\\\/boutique\\\/product\\\/frontline-combo-spot-on-chien-m-10-20-kg\\\/\"]}]},{\"@type\":\"ImageObject\",\"inLanguage\":\"fr-FR\",\"@id\":\"https:\\\/\\\/www.vetorino.com\\\/boutique\\\/product\\\/frontline-combo-spot-on-chien-m-10-20-kg\\\/#primaryimage\",\"url\":\"https:\\\/\\\/www.vetorino.com\\\/boutique\\\/wp-content\\\/uploads\\\/2020\\\/03\\\/frontline-combo-chien-m-spot-on-6-pipettes-12.jpg\",\"contentUrl\":\"https:\\\/\\\/www.vetorino.com\\\/boutique\\\/wp-content\\\/uploads\\\/2020\\\/03\\\/frontline-combo-chien-m-spot-on-6-pipettes-12.jpg\",\"width\":800,\"height\":800},{\"@type\":\"BreadcrumbList\",\"@id\":\"https:\\\/\\\/www.vetorino.com\\\/boutique\\\/product\\\/frontline-combo-spot-on-chien-m-10-20-kg\\\/#breadcrumb\",\"itemListElement\":[{\"@type\":\"ListItem\",\"position\":1,\"name\":\"Accueil\",\"item\":\"https:\\\/\\\/www.vetorino.com\\\/boutique\\\/\"},{\"@type\":\"ListItem\",\"position\":2,\"name\":\"Produits\",\"item\":\"https:\\\/\\\/www.vetorino.com\\\/boutique\\\/\"},{\"@type\":\"ListItem\",\"position\":3,\"name\":\"Frontline Combo Spot-on Chien M 10-20 kg\"}]},{\"@type\":\"WebSite\",\"@id\":\"https:\\\/\\\/www.vetorino.com\\\/boutique\\\/#website\",\"url\":\"https:\\\/\\\/www.vetorino.com\\\/boutique\\\/\",\"name\":\"V\u00e9torino\",\"description\":\"\",\"publisher\":{\"@id\":\"https:\\\/\\\/www.vetorino.com\\\/boutique\\\/#organization\"},\"potentialAction\":[{\"@type\":\"SearchAction\",\"target\":{\"@type\":\"EntryPoint\",\"urlTemplate\":\"https:\\\/\\\/www.vetorino.com\\\/boutique\\\/?s={search_term_string}\"},\"query-input\":{\"@type\":\"PropertyValueSpecification\",\"valueRequired\":true,\"valueName\":\"search_term_string\"}}],\"inLanguage\":\"fr-FR\"},{\"@type\":\"Organization\",\"@id\":\"https:\\\/\\\/www.vetorino.com\\\/boutique\\\/#organization\",\"name\":\"V\u00e9torino\",\"url\":\"https:\\\/\\\/www.vetorino.com\\\/boutique\\\/\",\"logo\":{\"@type\":\"ImageObject\",\"inLanguage\":\"fr-FR\",\"@id\":\"https:\\\/\\\/www.vetorino.com\\\/boutique\\\/#\\\/schema\\\/logo\\\/image\\\/\",\"url\":\"https:\\\/\\\/www.vetorino.com\\\/boutique\\\/wp-content\\\/uploads\\\/2024\\\/10\\\/logo.jpg\",\"contentUrl\":\"https:\\\/\\\/www.vetorino.com\\\/boutique\\\/wp-content\\\/uploads\\\/2024\\\/10\\\/logo.jpg\",\"width\":1200,\"height\":610,\"caption\":\"V\u00e9torino\"},\"image\":{\"@id\":\"https:\\\/\\\/www.vetorino.com\\\/boutique\\\/#\\\/schema\\\/logo\\\/image\\\/\"},\"sameAs\":[\"https:\\\/\\\/www.facebook.com\\\/Vetorino\\\/\",\"https:\\\/\\\/www.instagram.com\\\/vetorino_off\\\/\",\"https:\\\/\\\/www.linkedin.com\\\/company\\\/vtorino\\\/\"]}]}<\/script>\n<meta property=\"product:brand\" content=\"Boehringer\" \/>\n<meta property=\"og:availability\" content=\"instock\" \/>\n<meta property=\"product:availability\" content=\"instock\" \/>\n<meta property=\"product:condition\" content=\"new\" \/>\n<!-- \/ Yoast SEO plugin. -->","yoast_head_json":{"title":"Frontline Frontline Combo Spot-on Chien M 10-20 kg Boehringer - V\u00e9torino","description":"FRONTLINE COMBO Spot-On chien 1020kg permet de lutter contre les parasites des chiens. Il est efficace contre les puces, les \u0153ufs et larves de puces gr\u00e2ce \u00e0 sa formule enrichie \u00e0 l\u2019IGR, les poux\u00a0du chien\u00a0et les\u00a0tiques.","robots":{"index":"noindex","follow":"nofollow"},"og_locale":"fr_FR","og_type":"article","og_title":"Frontline Frontline Combo Spot-on Chien M 10-20 kg Boehringer - V\u00e9torino","og_description":"FRONTLINE COMBO Spot-On chien 1020kg permet de lutter contre les parasites des chiens. Il est efficace contre les puces, les \u0153ufs et larves de puces gr\u00e2ce \u00e0 sa formule enrichie \u00e0 l\u2019IGR, les poux\u00a0du chien\u00a0et les\u00a0tiques.","og_url":"https:\/\/www.vetorino.com\/veterinaire\/ustaritz-64480\/boutique\/product\/frontline-combo-spot-on-chien-m-10-20-kg\/","og_site_name":"V\u00e9torino","article_publisher":"https:\/\/www.facebook.com\/Vetorino\/","article_modified_time":"2023-05-23T16:08:15+00:00","og_image":[{"width":800,"height":800,"url":"https:\/\/www.vetorino.com\/boutique\/wp-content\/uploads\/2020\/03\/frontline-combo-chien-m-spot-on-6-pipettes-12.jpg","type":"image\/jpeg"}],"twitter_card":"summary_large_image","twitter_misc":{"Disponibilit\u00e9":"En stock"},"schema":{"@context":"https:\/\/schema.org","@graph":[{"@type":"WebPage","@id":"https:\/\/www.vetorino.com\/boutique\/product\/frontline-combo-spot-on-chien-m-10-20-kg\/","url":"https:\/\/www.vetorino.com\/boutique\/product\/frontline-combo-spot-on-chien-m-10-20-kg\/","name":"Frontline Frontline Combo Spot-on Chien M 10-20 kg Boehringer - V\u00e9torino","isPartOf":{"@id":"https:\/\/www.vetorino.com\/boutique\/#website"},"primaryImageOfPage":{"@id":"https:\/\/www.vetorino.com\/boutique\/product\/frontline-combo-spot-on-chien-m-10-20-kg\/#primaryimage"},"image":{"@id":"https:\/\/www.vetorino.com\/boutique\/product\/frontline-combo-spot-on-chien-m-10-20-kg\/#primaryimage"},"thumbnailUrl":"https:\/\/www.vetorino.com\/boutique\/wp-content\/uploads\/2020\/03\/frontline-combo-chien-m-spot-on-6-pipettes-12.jpg","datePublished":"2020-03-04T20:55:57+00:00","dateModified":"2023-05-23T16:08:15+00:00","description":"FRONTLINE COMBO Spot-On chien 1020kg permet de lutter contre les parasites des chiens. Il est efficace contre les puces, les \u0153ufs et larves de puces gr\u00e2ce \u00e0 sa formule enrichie \u00e0 l\u2019IGR, les poux\u00a0du chien\u00a0et les\u00a0tiques.","breadcrumb":{"@id":"https:\/\/www.vetorino.com\/boutique\/product\/frontline-combo-spot-on-chien-m-10-20-kg\/#breadcrumb"},"inLanguage":"fr-FR","potentialAction":[{"@type":"ReadAction","target":["https:\/\/www.vetorino.com\/boutique\/product\/frontline-combo-spot-on-chien-m-10-20-kg\/"]}]},{"@type":"ImageObject","inLanguage":"fr-FR","@id":"https:\/\/www.vetorino.com\/boutique\/product\/frontline-combo-spot-on-chien-m-10-20-kg\/#primaryimage","url":"https:\/\/www.vetorino.com\/boutique\/wp-content\/uploads\/2020\/03\/frontline-combo-chien-m-spot-on-6-pipettes-12.jpg","contentUrl":"https:\/\/www.vetorino.com\/boutique\/wp-content\/uploads\/2020\/03\/frontline-combo-chien-m-spot-on-6-pipettes-12.jpg","width":800,"height":800},{"@type":"BreadcrumbList","@id":"https:\/\/www.vetorino.com\/boutique\/product\/frontline-combo-spot-on-chien-m-10-20-kg\/#breadcrumb","itemListElement":[{"@type":"ListItem","position":1,"name":"Accueil","item":"https:\/\/www.vetorino.com\/boutique\/"},{"@type":"ListItem","position":2,"name":"Produits","item":"https:\/\/www.vetorino.com\/boutique\/"},{"@type":"ListItem","position":3,"name":"Frontline Combo Spot-on Chien M 10-20 kg"}]},{"@type":"WebSite","@id":"https:\/\/www.vetorino.com\/boutique\/#website","url":"https:\/\/www.vetorino.com\/boutique\/","name":"V\u00e9torino","description":"","publisher":{"@id":"https:\/\/www.vetorino.com\/boutique\/#organization"},"potentialAction":[{"@type":"SearchAction","target":{"@type":"EntryPoint","urlTemplate":"https:\/\/www.vetorino.com\/boutique\/?s={search_term_string}"},"query-input":{"@type":"PropertyValueSpecification","valueRequired":true,"valueName":"search_term_string"}}],"inLanguage":"fr-FR"},{"@type":"Organization","@id":"https:\/\/www.vetorino.com\/boutique\/#organization","name":"V\u00e9torino","url":"https:\/\/www.vetorino.com\/boutique\/","logo":{"@type":"ImageObject","inLanguage":"fr-FR","@id":"https:\/\/www.vetorino.com\/boutique\/#\/schema\/logo\/image\/","url":"https:\/\/www.vetorino.com\/boutique\/wp-content\/uploads\/2024\/10\/logo.jpg","contentUrl":"https:\/\/www.vetorino.com\/boutique\/wp-content\/uploads\/2024\/10\/logo.jpg","width":1200,"height":610,"caption":"V\u00e9torino"},"image":{"@id":"https:\/\/www.vetorino.com\/boutique\/#\/schema\/logo\/image\/"},"sameAs":["https:\/\/www.facebook.com\/Vetorino\/","https:\/\/www.instagram.com\/vetorino_off\/","https:\/\/www.linkedin.com\/company\/vtorino\/"]}]},"product_brand":"Boehringer","og_availability":"instock","product_availability":"instock","product_condition":"new"},"_links":{"self":[{"href":"https:\/\/www.vetorino.com\/veterinaire\/ustaritz-64480\/boutique\/wp-json\/wp\/v2\/product\/33271","targetHints":{"allow":["GET"]}}],"collection":[{"href":"https:\/\/www.vetorino.com\/veterinaire\/ustaritz-64480\/boutique\/wp-json\/wp\/v2\/product"}],"about":[{"href":"https:\/\/www.vetorino.com\/veterinaire\/ustaritz-64480\/boutique\/wp-json\/wp\/v2\/types\/product"}],"wp:featuredmedia":[{"embeddable":true,"href":"https:\/\/www.vetorino.com\/veterinaire\/ustaritz-64480\/boutique\/wp-json\/wp\/v2\/media\/78541"}],"wp:attachment":[{"href":"https:\/\/www.vetorino.com\/veterinaire\/ustaritz-64480\/boutique\/wp-json\/wp\/v2\/media?parent=33271"}],"wp:term":[{"taxonomy":"product_cat","embeddable":true,"href":"https:\/\/www.vetorino.com\/veterinaire\/ustaritz-64480\/boutique\/wp-json\/wp\/v2\/product_cat?post=33271"},{"taxonomy":"product_tag","embeddable":true,"href":"https:\/\/www.vetorino.com\/veterinaire\/ustaritz-64480\/boutique\/wp-json\/wp\/v2\/product_tag?post=33271"}],"curies":[{"name":"wp","href":"https:\/\/api.w.org\/{rel}","templated":true}]}}