{"id":35209,"date":"2020-03-04T22:54:29","date_gmt":"2020-03-04T21:54:29","guid":{"rendered":"https:\/\/www.vetorino.com\/boutique\/product\/megaderm-monodose-chats-et-petit-chiens\/"},"modified":"2022-03-11T15:28:26","modified_gmt":"2022-03-11T14:28:26","slug":"megaderm-monodose-chats-et-petit-chiens","status":"publish","type":"product","link":"https:\/\/www.vetorino.com\/veterinaire\/ustaritz-64480\/boutique\/product\/megaderm-monodose-chats-et-petit-chiens\/","title":{"rendered":"Compl\u00e9ment MEGADERM Chien et Chat"},"content":{"rendered":"<p><strong>MEGADERM <\/strong>est \u00e0 utiliser\u00a0en soutien de la fonction dermique en cas de dermatose et de d\u00e9pilation.\u00a0L&#8217;aliment compl\u00e9mentaire di\u00e9t\u00e9tique peut aussi vous aider \u00e0\u00a0prendre soin de la peau et du pelage de votre animal.<\/p>\n<p><strong>Utilisation :<\/strong><\/p>\n<ul>\n<li>En cas de dermatose ou de d\u00e9pilation<\/li>\n<li>Pour chat ou petit chien de moins de 10 kg<\/li>\n<\/ul>\n<p><strong>B\u00e9n\u00e9fices :<\/strong><\/p>\n<ul>\n<li>L&#8217;aliment compl\u00e9mentaire MEGADERM\u00ae\u00a0contient\u00a0des\u00a0acides gras essentiels (AGE) de la famille des omega-3 (\u03c93) et omega-6 (\u03c96), en quantit\u00e9s et proportions optimales.<\/li>\n<li>Aide \u00e0 la restauration de l\u2019int\u00e9grit\u00e9 de la peau.<\/li>\n<li>Contribue \u00e0 r\u00e9duire les rougeurs et les d\u00e9mangeaisons.<\/li>\n<li>MEGADERM\u00ae\u00a0est app\u00e9tent pour les chats et les chiens.<\/li>\n<\/ul>\n","protected":false},"excerpt":{"rendered":"<p>Megaderm 28 x 4 ml chats chiens &#8211; 10 kg de Virbac est une \u00e9mulsion buvable adapt\u00e9e aux \u00e9tats d\u2019allergies cutan\u00e9es pour chats et chiens de moins de 10 kg. Les acides gras essentiels agissent contenus dans Megaderm aident \u00e0 la restauration de l\u2019int\u00e9grit\u00e9 de la peau et contribuent \u00e0 r\u00e9duire les rougeurs et les d\u00e9mangeaisons.<\/p>\n","protected":false},"featured_media":270683,"template":"","meta":[],"product_cat":[2730,2738,2697,2698,12611,12612,12560,12561],"product_tag":[],"class_list":{"0":"post-35209","1":"product","2":"type-product","3":"status-publish","4":"has-post-thumbnail","6":"product_cat-aliments-complementaires-pour-chat","7":"product_cat-aliments-complementaires-pour-chien","8":"product_cat-chat","9":"product_cat-chien","10":"product_cat-hygiene-de-la-peau-et-du-pelage-du-chat","11":"product_cat-hygiene-de-la-peau-et-du-pelage-du-chien","12":"product_cat-hygiene-du-chat","13":"product_cat-hygiene-du-chien","14":"pa_marque-virbac","16":"first","17":"instock","18":"taxable","19":"shipping-taxable","20":"purchasable","21":"product-type-simple"},"yoast_head":"<!-- This site is optimized with the Yoast SEO plugin v27.3 - https:\/\/yoast.com\/product\/yoast-seo-wordpress\/ -->\n<title>Compl\u00e9ment MEGADERM Chien et Chat Virbac - V\u00e9torino<\/title>\n<meta name=\"description\" content=\"Megaderm 28 x 4 ml chats chiens - 10 kg de Virbac est une \u00e9mulsion buvable adapt\u00e9e aux \u00e9tats d\u2019allergies cutan\u00e9es pour chats et chiens de moins de 10 kg. Les acides gras essentiels agissent contenus dans Megaderm aident \u00e0 la restauration de l\u2019int\u00e9grit\u00e9 de la peau et contribuent \u00e0 r\u00e9duire les rougeurs et les d\u00e9mangeaisons.\" \/>\n<meta name=\"robots\" content=\"noindex, nofollow\" \/>\n<meta property=\"og:locale\" content=\"fr_FR\" \/>\n<meta property=\"og:type\" content=\"article\" \/>\n<meta property=\"og:title\" content=\"Compl\u00e9ment MEGADERM Chien et Chat Virbac - V\u00e9torino\" \/>\n<meta property=\"og:description\" content=\"Megaderm 28 x 4 ml chats chiens - 10 kg de Virbac est une \u00e9mulsion buvable adapt\u00e9e aux \u00e9tats d\u2019allergies cutan\u00e9es pour chats et chiens de moins de 10 kg. Les acides gras essentiels agissent contenus dans Megaderm aident \u00e0 la restauration de l\u2019int\u00e9grit\u00e9 de la peau et contribuent \u00e0 r\u00e9duire les rougeurs et les d\u00e9mangeaisons.\" \/>\n<meta property=\"og:url\" content=\"https:\/\/www.vetorino.com\/veterinaire\/ustaritz-64480\/boutique\/product\/megaderm-monodose-chats-et-petit-chiens\/\" \/>\n<meta property=\"og:site_name\" content=\"V\u00e9torino\" \/>\n<meta property=\"article:publisher\" content=\"https:\/\/www.facebook.com\/Vetorino\/\" \/>\n<meta property=\"article:modified_time\" content=\"2022-03-11T14:28:26+00:00\" \/>\n<meta property=\"og:image\" content=\"https:\/\/www.vetorino.com\/boutique\/wp-content\/uploads\/2020\/03\/megaderm-mono-chat-et-petit-chien.jpg\" \/>\n\t<meta property=\"og:image:width\" content=\"800\" \/>\n\t<meta property=\"og:image:height\" content=\"800\" \/>\n\t<meta property=\"og:image:type\" content=\"image\/jpeg\" \/>\n<meta name=\"twitter:card\" content=\"summary_large_image\" \/>\n<meta name=\"twitter:label1\" content=\"Prix\" \/>\n\t<meta name=\"twitter:data1\" content=\"17,08&euro;\" \/>\n\t<meta name=\"twitter:label2\" content=\"Disponibilit\u00e9\" \/>\n\t<meta name=\"twitter:data2\" content=\"En stock\" \/>\n<script type=\"application\/ld+json\" class=\"yoast-schema-graph\">{\"@context\":\"https:\\\/\\\/schema.org\",\"@graph\":[{\"@type\":\"WebPage\",\"@id\":\"https:\\\/\\\/www.vetorino.com\\\/veterinaire\\\/pontarlier-25300\\\/boutique\\\/product\\\/megaderm-monodose-chats-et-petit-chiens\\\/\",\"url\":\"https:\\\/\\\/www.vetorino.com\\\/veterinaire\\\/pontarlier-25300\\\/boutique\\\/product\\\/megaderm-monodose-chats-et-petit-chiens\\\/\",\"name\":\"Compl\u00e9ment MEGADERM Chien et Chat Virbac - V\u00e9torino\",\"isPartOf\":{\"@id\":\"https:\\\/\\\/www.vetorino.com\\\/boutique\\\/#website\"},\"primaryImageOfPage\":{\"@id\":\"https:\\\/\\\/www.vetorino.com\\\/veterinaire\\\/pontarlier-25300\\\/boutique\\\/product\\\/megaderm-monodose-chats-et-petit-chiens\\\/#primaryimage\"},\"image\":{\"@id\":\"https:\\\/\\\/www.vetorino.com\\\/veterinaire\\\/pontarlier-25300\\\/boutique\\\/product\\\/megaderm-monodose-chats-et-petit-chiens\\\/#primaryimage\"},\"thumbnailUrl\":\"https:\\\/\\\/www.vetorino.com\\\/boutique\\\/wp-content\\\/uploads\\\/2020\\\/03\\\/megaderm-mono-chat-et-petit-chien.jpg\",\"datePublished\":\"2020-03-04T21:54:29+00:00\",\"dateModified\":\"2022-03-11T14:28:26+00:00\",\"description\":\"Megaderm 28 x 4 ml chats chiens - 10 kg de Virbac est une \u00e9mulsion buvable adapt\u00e9e aux \u00e9tats d\u2019allergies cutan\u00e9es pour chats et chiens de moins de 10 kg. Les acides gras essentiels agissent contenus dans Megaderm aident \u00e0 la restauration de l\u2019int\u00e9grit\u00e9 de la peau et contribuent \u00e0 r\u00e9duire les rougeurs et les d\u00e9mangeaisons.\",\"breadcrumb\":{\"@id\":\"https:\\\/\\\/www.vetorino.com\\\/veterinaire\\\/pontarlier-25300\\\/boutique\\\/product\\\/megaderm-monodose-chats-et-petit-chiens\\\/#breadcrumb\"},\"inLanguage\":\"fr-FR\",\"potentialAction\":[{\"@type\":\"ReadAction\",\"target\":[\"https:\\\/\\\/www.vetorino.com\\\/veterinaire\\\/pontarlier-25300\\\/boutique\\\/product\\\/megaderm-monodose-chats-et-petit-chiens\\\/\"]}]},{\"@type\":\"ImageObject\",\"inLanguage\":\"fr-FR\",\"@id\":\"https:\\\/\\\/www.vetorino.com\\\/veterinaire\\\/pontarlier-25300\\\/boutique\\\/product\\\/megaderm-monodose-chats-et-petit-chiens\\\/#primaryimage\",\"url\":\"https:\\\/\\\/www.vetorino.com\\\/boutique\\\/wp-content\\\/uploads\\\/2020\\\/03\\\/megaderm-mono-chat-et-petit-chien.jpg\",\"contentUrl\":\"https:\\\/\\\/www.vetorino.com\\\/boutique\\\/wp-content\\\/uploads\\\/2020\\\/03\\\/megaderm-mono-chat-et-petit-chien.jpg\",\"width\":800,\"height\":800,\"caption\":\"VIRBAC Megaderm Mono Chat et Petit Chien\"},{\"@type\":\"BreadcrumbList\",\"@id\":\"https:\\\/\\\/www.vetorino.com\\\/veterinaire\\\/pontarlier-25300\\\/boutique\\\/product\\\/megaderm-monodose-chats-et-petit-chiens\\\/#breadcrumb\",\"itemListElement\":[{\"@type\":\"ListItem\",\"position\":1,\"name\":\"Accueil\",\"item\":\"https:\\\/\\\/www.vetorino.com\\\/boutique\\\/\"},{\"@type\":\"ListItem\",\"position\":2,\"name\":\"Produits\",\"item\":\"https:\\\/\\\/www.vetorino.com\\\/boutique\\\/\"},{\"@type\":\"ListItem\",\"position\":3,\"name\":\"Compl\u00e9ment MEGADERM Chien et Chat\"}]},{\"@type\":\"WebSite\",\"@id\":\"https:\\\/\\\/www.vetorino.com\\\/boutique\\\/#website\",\"url\":\"https:\\\/\\\/www.vetorino.com\\\/boutique\\\/\",\"name\":\"V\u00e9torino\",\"description\":\"\",\"publisher\":{\"@id\":\"https:\\\/\\\/www.vetorino.com\\\/boutique\\\/#organization\"},\"potentialAction\":[{\"@type\":\"SearchAction\",\"target\":{\"@type\":\"EntryPoint\",\"urlTemplate\":\"https:\\\/\\\/www.vetorino.com\\\/boutique\\\/?s={search_term_string}\"},\"query-input\":{\"@type\":\"PropertyValueSpecification\",\"valueRequired\":true,\"valueName\":\"search_term_string\"}}],\"inLanguage\":\"fr-FR\"},{\"@type\":\"Organization\",\"@id\":\"https:\\\/\\\/www.vetorino.com\\\/boutique\\\/#organization\",\"name\":\"V\u00e9torino\",\"url\":\"https:\\\/\\\/www.vetorino.com\\\/boutique\\\/\",\"logo\":{\"@type\":\"ImageObject\",\"inLanguage\":\"fr-FR\",\"@id\":\"https:\\\/\\\/www.vetorino.com\\\/boutique\\\/#\\\/schema\\\/logo\\\/image\\\/\",\"url\":\"https:\\\/\\\/www.vetorino.com\\\/boutique\\\/wp-content\\\/uploads\\\/2024\\\/10\\\/logo.jpg\",\"contentUrl\":\"https:\\\/\\\/www.vetorino.com\\\/boutique\\\/wp-content\\\/uploads\\\/2024\\\/10\\\/logo.jpg\",\"width\":1200,\"height\":610,\"caption\":\"V\u00e9torino\"},\"image\":{\"@id\":\"https:\\\/\\\/www.vetorino.com\\\/boutique\\\/#\\\/schema\\\/logo\\\/image\\\/\"},\"sameAs\":[\"https:\\\/\\\/www.facebook.com\\\/Vetorino\\\/\",\"https:\\\/\\\/www.instagram.com\\\/vetorino_off\\\/\",\"https:\\\/\\\/www.linkedin.com\\\/company\\\/vtorino\\\/\"]}]}<\/script>\n<meta property=\"product:brand\" content=\"Virbac\" \/>\n<meta property=\"product:price:amount\" content=\"17.08\" \/>\n<meta property=\"product:price:currency\" content=\"EUR\" \/>\n<meta property=\"og:availability\" content=\"instock\" \/>\n<meta property=\"product:availability\" content=\"instock\" \/>\n<meta property=\"product:retailer_item_id\" content=\"A-1827570\" \/>\n<meta property=\"product:condition\" content=\"new\" \/>\n<!-- \/ Yoast SEO plugin. -->","yoast_head_json":{"title":"Compl\u00e9ment MEGADERM Chien et Chat Virbac - V\u00e9torino","description":"Megaderm 28 x 4 ml chats chiens - 10 kg de Virbac est une \u00e9mulsion buvable adapt\u00e9e aux \u00e9tats d\u2019allergies cutan\u00e9es pour chats et chiens de moins de 10 kg. Les acides gras essentiels agissent contenus dans Megaderm aident \u00e0 la restauration de l\u2019int\u00e9grit\u00e9 de la peau et contribuent \u00e0 r\u00e9duire les rougeurs et les d\u00e9mangeaisons.","robots":{"index":"noindex","follow":"nofollow"},"og_locale":"fr_FR","og_type":"article","og_title":"Compl\u00e9ment MEGADERM Chien et Chat Virbac - V\u00e9torino","og_description":"Megaderm 28 x 4 ml chats chiens - 10 kg de Virbac est une \u00e9mulsion buvable adapt\u00e9e aux \u00e9tats d\u2019allergies cutan\u00e9es pour chats et chiens de moins de 10 kg. Les acides gras essentiels agissent contenus dans Megaderm aident \u00e0 la restauration de l\u2019int\u00e9grit\u00e9 de la peau et contribuent \u00e0 r\u00e9duire les rougeurs et les d\u00e9mangeaisons.","og_url":"https:\/\/www.vetorino.com\/veterinaire\/ustaritz-64480\/boutique\/product\/megaderm-monodose-chats-et-petit-chiens\/","og_site_name":"V\u00e9torino","article_publisher":"https:\/\/www.facebook.com\/Vetorino\/","article_modified_time":"2022-03-11T14:28:26+00:00","og_image":[{"width":800,"height":800,"url":"https:\/\/www.vetorino.com\/boutique\/wp-content\/uploads\/2020\/03\/megaderm-mono-chat-et-petit-chien.jpg","type":"image\/jpeg"}],"twitter_card":"summary_large_image","twitter_misc":{"Prix":"17,08&euro;","Disponibilit\u00e9":"En stock"},"schema":{"@context":"https:\/\/schema.org","@graph":[{"@type":"WebPage","@id":"https:\/\/www.vetorino.com\/veterinaire\/pontarlier-25300\/boutique\/product\/megaderm-monodose-chats-et-petit-chiens\/","url":"https:\/\/www.vetorino.com\/veterinaire\/pontarlier-25300\/boutique\/product\/megaderm-monodose-chats-et-petit-chiens\/","name":"Compl\u00e9ment MEGADERM Chien et Chat Virbac - V\u00e9torino","isPartOf":{"@id":"https:\/\/www.vetorino.com\/boutique\/#website"},"primaryImageOfPage":{"@id":"https:\/\/www.vetorino.com\/veterinaire\/pontarlier-25300\/boutique\/product\/megaderm-monodose-chats-et-petit-chiens\/#primaryimage"},"image":{"@id":"https:\/\/www.vetorino.com\/veterinaire\/pontarlier-25300\/boutique\/product\/megaderm-monodose-chats-et-petit-chiens\/#primaryimage"},"thumbnailUrl":"https:\/\/www.vetorino.com\/boutique\/wp-content\/uploads\/2020\/03\/megaderm-mono-chat-et-petit-chien.jpg","datePublished":"2020-03-04T21:54:29+00:00","dateModified":"2022-03-11T14:28:26+00:00","description":"Megaderm 28 x 4 ml chats chiens - 10 kg de Virbac est une \u00e9mulsion buvable adapt\u00e9e aux \u00e9tats d\u2019allergies cutan\u00e9es pour chats et chiens de moins de 10 kg. Les acides gras essentiels agissent contenus dans Megaderm aident \u00e0 la restauration de l\u2019int\u00e9grit\u00e9 de la peau et contribuent \u00e0 r\u00e9duire les rougeurs et les d\u00e9mangeaisons.","breadcrumb":{"@id":"https:\/\/www.vetorino.com\/veterinaire\/pontarlier-25300\/boutique\/product\/megaderm-monodose-chats-et-petit-chiens\/#breadcrumb"},"inLanguage":"fr-FR","potentialAction":[{"@type":"ReadAction","target":["https:\/\/www.vetorino.com\/veterinaire\/pontarlier-25300\/boutique\/product\/megaderm-monodose-chats-et-petit-chiens\/"]}]},{"@type":"ImageObject","inLanguage":"fr-FR","@id":"https:\/\/www.vetorino.com\/veterinaire\/pontarlier-25300\/boutique\/product\/megaderm-monodose-chats-et-petit-chiens\/#primaryimage","url":"https:\/\/www.vetorino.com\/boutique\/wp-content\/uploads\/2020\/03\/megaderm-mono-chat-et-petit-chien.jpg","contentUrl":"https:\/\/www.vetorino.com\/boutique\/wp-content\/uploads\/2020\/03\/megaderm-mono-chat-et-petit-chien.jpg","width":800,"height":800,"caption":"VIRBAC Megaderm Mono Chat et Petit Chien"},{"@type":"BreadcrumbList","@id":"https:\/\/www.vetorino.com\/veterinaire\/pontarlier-25300\/boutique\/product\/megaderm-monodose-chats-et-petit-chiens\/#breadcrumb","itemListElement":[{"@type":"ListItem","position":1,"name":"Accueil","item":"https:\/\/www.vetorino.com\/boutique\/"},{"@type":"ListItem","position":2,"name":"Produits","item":"https:\/\/www.vetorino.com\/boutique\/"},{"@type":"ListItem","position":3,"name":"Compl\u00e9ment MEGADERM Chien et Chat"}]},{"@type":"WebSite","@id":"https:\/\/www.vetorino.com\/boutique\/#website","url":"https:\/\/www.vetorino.com\/boutique\/","name":"V\u00e9torino","description":"","publisher":{"@id":"https:\/\/www.vetorino.com\/boutique\/#organization"},"potentialAction":[{"@type":"SearchAction","target":{"@type":"EntryPoint","urlTemplate":"https:\/\/www.vetorino.com\/boutique\/?s={search_term_string}"},"query-input":{"@type":"PropertyValueSpecification","valueRequired":true,"valueName":"search_term_string"}}],"inLanguage":"fr-FR"},{"@type":"Organization","@id":"https:\/\/www.vetorino.com\/boutique\/#organization","name":"V\u00e9torino","url":"https:\/\/www.vetorino.com\/boutique\/","logo":{"@type":"ImageObject","inLanguage":"fr-FR","@id":"https:\/\/www.vetorino.com\/boutique\/#\/schema\/logo\/image\/","url":"https:\/\/www.vetorino.com\/boutique\/wp-content\/uploads\/2024\/10\/logo.jpg","contentUrl":"https:\/\/www.vetorino.com\/boutique\/wp-content\/uploads\/2024\/10\/logo.jpg","width":1200,"height":610,"caption":"V\u00e9torino"},"image":{"@id":"https:\/\/www.vetorino.com\/boutique\/#\/schema\/logo\/image\/"},"sameAs":["https:\/\/www.facebook.com\/Vetorino\/","https:\/\/www.instagram.com\/vetorino_off\/","https:\/\/www.linkedin.com\/company\/vtorino\/"]}]},"product_brand":"Virbac","product_price_amount":"17.08","product_price_currency":"EUR","og_availability":"instock","product_availability":"instock","product_retailer_item_id":"A-1827570","product_condition":"new"},"_links":{"self":[{"href":"https:\/\/www.vetorino.com\/veterinaire\/ustaritz-64480\/boutique\/wp-json\/wp\/v2\/product\/35209","targetHints":{"allow":["GET"]}}],"collection":[{"href":"https:\/\/www.vetorino.com\/veterinaire\/ustaritz-64480\/boutique\/wp-json\/wp\/v2\/product"}],"about":[{"href":"https:\/\/www.vetorino.com\/veterinaire\/ustaritz-64480\/boutique\/wp-json\/wp\/v2\/types\/product"}],"wp:featuredmedia":[{"embeddable":true,"href":"https:\/\/www.vetorino.com\/veterinaire\/ustaritz-64480\/boutique\/wp-json\/wp\/v2\/media\/270683"}],"wp:attachment":[{"href":"https:\/\/www.vetorino.com\/veterinaire\/ustaritz-64480\/boutique\/wp-json\/wp\/v2\/media?parent=35209"}],"wp:term":[{"taxonomy":"product_cat","embeddable":true,"href":"https:\/\/www.vetorino.com\/veterinaire\/ustaritz-64480\/boutique\/wp-json\/wp\/v2\/product_cat?post=35209"},{"taxonomy":"product_tag","embeddable":true,"href":"https:\/\/www.vetorino.com\/veterinaire\/ustaritz-64480\/boutique\/wp-json\/wp\/v2\/product_tag?post=35209"}],"curies":[{"name":"wp","href":"https:\/\/api.w.org\/{rel}","templated":true}]}}