{"id":35642,"date":"2020-03-04T22:56:51","date_gmt":"2020-03-04T21:56:51","guid":{"rendered":"https:\/\/www.vetorino.com\/boutique\/product\/raincoat\/"},"modified":"2024-07-16T10:51:36","modified_gmt":"2024-07-16T08:51:36","slug":"raincoat","status":"publish","type":"product","link":"https:\/\/www.vetorino.com\/veterinaire\/ustaritz-64480\/boutique\/product\/raincoat\/","title":{"rendered":"Manteau pour chien Raincoat"},"content":{"rendered":"<p>Facile \u00e0 enfiler, le manteau imperm\u00e9able <strong>\u201cRaincoat\u201d BUSTER<\/strong> prot\u00e8ge efficacement le chien de la pluie et du vent gr\u00e2ce \u00e0 son <strong>rev\u00eatement technique waterproof<\/strong>.<br \/>\nLe tour de poitrine ainsi que le tour de cou sont ajustables et permet de ne pas oppresser l\u2019animal tout en le prot\u00e9geant au mieux.<br \/>\nLes emmanchures largement \u00e9chancr\u00e9es n\u2019entravent pas les mouvements\u00a0 du chien et lui permettent de marcher, courir et de jouer sans aucune g\u00eane.<\/p>\n<p><u><strong>Caract\u00e9ristiques :<\/strong><\/u><br \/>\n&#8211; Imperm\u00e9able<br \/>\n&#8211; Prot\u00e8ge du vent<br \/>\n&#8211; Facile \u00e0 mettre et \u00e0 enlever<br \/>\n&#8211; Tour de cou et de poitrail ajustables<br \/>\n&#8211; Double Zip permettant un acc\u00e8s facile \u00e0 la laisse que le chien porte un collier ou un harnais<br \/>\n&#8211; Convient aux m\u00e2les et aux femelles<\/p>\n<p>Disponible en noir et en orange corail<\/p>\n<p><u><strong>Guide des Tailles :<\/strong><\/u><\/p>\n<p><strong>XXSmall<\/strong><br \/>\nTour de cou : 23-28 cm<br \/>\nTour de poitrail : 28-34 cm<br \/>\nLongueur de dos : 20 cm<\/p>\n<p><strong>XSmall\u00a0<\/strong><br \/>\nTour de cou : 26-32 cm<br \/>\nTour de poitrail : 34-40 cm<br \/>\nLongueur de dos : 26 cm<\/p>\n<p><strong>Small\u00a0<\/strong><br \/>\nTour de cou : 30-36 cm<br \/>\nTour de poitrail : 40-46 cm<br \/>\nLongueur de dos : 32 cm<\/p>\n<p><strong>Medium<\/strong><br \/>\nTour de cou : 38-44 cm<br \/>\nTour de poitrail : 52-58 cm<br \/>\nLongueur de dos : 40 cm<\/p>\n<p><strong>Large<\/strong><br \/>\nTour de cou : 46-52 cm<br \/>\nTour de poitrail : 64-70 cm<br \/>\nLongueur de dos : 48 cm<\/p>\n<p><strong>XLarge<\/strong><br \/>\nTour de cou : 50-56 cm<br \/>\nTour de poitrail : 72-78 cm<br \/>\nLongueur de dos : 54 cm<\/p>\n<p><strong>XXLarge\u00a0<\/strong><br \/>\nTour de cou : 54-60 cm<br \/>\nTour de poitrail : 78-86 cm<br \/>\nLongueur de dos : 60 cm<\/p>\n","protected":false},"excerpt":{"rendered":"<p>Facile \u00e0 enfiler, le manteau imperm\u00e9able <strong>\u201cRaincoat\u201d BUSTER<\/strong> prot\u00e8ge efficacement le chien de la pluie et du vent gr\u00e2ce \u00e0 son <strong>rev\u00eatement technique waterproof<\/strong>.<\/p>\n","protected":false},"featured_media":974721,"template":"","meta":[],"product_cat":[12550,2775,2698,12596],"product_tag":[],"class_list":{"0":"post-35642","1":"product","2":"type-product","3":"status-publish","4":"has-post-thumbnail","6":"product_cat-accessoires-du-chien","7":"product_cat-aliments-medicalises-pour-chien","8":"product_cat-chien","9":"product_cat-confort-du-chien","10":"pa_marque-buster","12":"first","13":"instock","14":"taxable","15":"shipping-taxable","16":"purchasable","17":"product-type-variable"},"yoast_head":"<!-- This site is optimized with the Yoast SEO plugin v27.3 - https:\/\/yoast.com\/product\/yoast-seo-wordpress\/ -->\n<title>Manteau pour chien Raincoat Buster - V\u00e9torino<\/title>\n<meta name=\"description\" content=\"Facile \u00e0 enfiler, le manteau imperm\u00e9able \u201cRaincoat\u201d BUSTER prot\u00e8ge efficacement le chien de la pluie et du vent gr\u00e2ce \u00e0 son rev\u00eatement technique waterproof.\" \/>\n<meta name=\"robots\" content=\"noindex, nofollow\" \/>\n<meta property=\"og:locale\" content=\"fr_FR\" \/>\n<meta property=\"og:type\" content=\"article\" \/>\n<meta property=\"og:title\" content=\"Manteau pour chien Raincoat Buster - V\u00e9torino\" \/>\n<meta property=\"og:description\" content=\"Facile \u00e0 enfiler, le manteau imperm\u00e9able \u201cRaincoat\u201d BUSTER prot\u00e8ge efficacement le chien de la pluie et du vent gr\u00e2ce \u00e0 son rev\u00eatement technique waterproof.\" \/>\n<meta property=\"og:url\" content=\"https:\/\/www.vetorino.com\/veterinaire\/ustaritz-64480\/boutique\/product\/raincoat\/\" \/>\n<meta property=\"og:site_name\" content=\"V\u00e9torino\" \/>\n<meta property=\"article:publisher\" content=\"https:\/\/www.facebook.com\/Vetorino\/\" \/>\n<meta property=\"article:modified_time\" content=\"2024-07-16T08:51:36+00:00\" \/>\n<meta property=\"og:image\" content=\"https:\/\/www.vetorino.com\/boutique\/wp-content\/uploads\/2020\/03\/Screenshot-2024-07-16-at-10-47-03-Buster-Manteau-Raincoat-Orange-Taille-M.png\" \/>\n\t<meta property=\"og:image:width\" content=\"700\" \/>\n\t<meta property=\"og:image:height\" content=\"700\" \/>\n\t<meta property=\"og:image:type\" content=\"image\/png\" \/>\n<meta name=\"twitter:card\" content=\"summary_large_image\" \/>\n<meta name=\"twitter:label1\" content=\"Disponibilit\u00e9\" \/>\n\t<meta name=\"twitter:data1\" content=\"En stock\" \/>\n<script type=\"application\/ld+json\" class=\"yoast-schema-graph\">{\"@context\":\"https:\\\/\\\/schema.org\",\"@graph\":[{\"@type\":\"WebPage\",\"@id\":\"https:\\\/\\\/www.vetorino.com\\\/boutique\\\/product\\\/raincoat\\\/\",\"url\":\"https:\\\/\\\/www.vetorino.com\\\/boutique\\\/product\\\/raincoat\\\/\",\"name\":\"Manteau pour chien Raincoat Buster - V\u00e9torino\",\"isPartOf\":{\"@id\":\"https:\\\/\\\/www.vetorino.com\\\/boutique\\\/#website\"},\"primaryImageOfPage\":{\"@id\":\"https:\\\/\\\/www.vetorino.com\\\/boutique\\\/product\\\/raincoat\\\/#primaryimage\"},\"image\":{\"@id\":\"https:\\\/\\\/www.vetorino.com\\\/boutique\\\/product\\\/raincoat\\\/#primaryimage\"},\"thumbnailUrl\":\"https:\\\/\\\/www.vetorino.com\\\/boutique\\\/wp-content\\\/uploads\\\/2020\\\/03\\\/Screenshot-2024-07-16-at-10-47-03-Buster-Manteau-Raincoat-Orange-Taille-M.png\",\"datePublished\":\"2020-03-04T21:56:51+00:00\",\"dateModified\":\"2024-07-16T08:51:36+00:00\",\"description\":\"Facile \u00e0 enfiler, le manteau imperm\u00e9able \u201cRaincoat\u201d BUSTER prot\u00e8ge efficacement le chien de la pluie et du vent gr\u00e2ce \u00e0 son rev\u00eatement technique waterproof.\",\"breadcrumb\":{\"@id\":\"https:\\\/\\\/www.vetorino.com\\\/boutique\\\/product\\\/raincoat\\\/#breadcrumb\"},\"inLanguage\":\"fr-FR\",\"potentialAction\":[{\"@type\":\"ReadAction\",\"target\":[\"https:\\\/\\\/www.vetorino.com\\\/boutique\\\/product\\\/raincoat\\\/\"]}]},{\"@type\":\"ImageObject\",\"inLanguage\":\"fr-FR\",\"@id\":\"https:\\\/\\\/www.vetorino.com\\\/boutique\\\/product\\\/raincoat\\\/#primaryimage\",\"url\":\"https:\\\/\\\/www.vetorino.com\\\/boutique\\\/wp-content\\\/uploads\\\/2020\\\/03\\\/Screenshot-2024-07-16-at-10-47-03-Buster-Manteau-Raincoat-Orange-Taille-M.png\",\"contentUrl\":\"https:\\\/\\\/www.vetorino.com\\\/boutique\\\/wp-content\\\/uploads\\\/2020\\\/03\\\/Screenshot-2024-07-16-at-10-47-03-Buster-Manteau-Raincoat-Orange-Taille-M.png\",\"width\":700,\"height\":700},{\"@type\":\"BreadcrumbList\",\"@id\":\"https:\\\/\\\/www.vetorino.com\\\/boutique\\\/product\\\/raincoat\\\/#breadcrumb\",\"itemListElement\":[{\"@type\":\"ListItem\",\"position\":1,\"name\":\"Accueil\",\"item\":\"https:\\\/\\\/www.vetorino.com\\\/boutique\\\/\"},{\"@type\":\"ListItem\",\"position\":2,\"name\":\"Produits\",\"item\":\"https:\\\/\\\/www.vetorino.com\\\/boutique\\\/\"},{\"@type\":\"ListItem\",\"position\":3,\"name\":\"Manteau pour chien Raincoat\"}]},{\"@type\":\"WebSite\",\"@id\":\"https:\\\/\\\/www.vetorino.com\\\/boutique\\\/#website\",\"url\":\"https:\\\/\\\/www.vetorino.com\\\/boutique\\\/\",\"name\":\"V\u00e9torino\",\"description\":\"\",\"publisher\":{\"@id\":\"https:\\\/\\\/www.vetorino.com\\\/boutique\\\/#organization\"},\"potentialAction\":[{\"@type\":\"SearchAction\",\"target\":{\"@type\":\"EntryPoint\",\"urlTemplate\":\"https:\\\/\\\/www.vetorino.com\\\/boutique\\\/?s={search_term_string}\"},\"query-input\":{\"@type\":\"PropertyValueSpecification\",\"valueRequired\":true,\"valueName\":\"search_term_string\"}}],\"inLanguage\":\"fr-FR\"},{\"@type\":\"Organization\",\"@id\":\"https:\\\/\\\/www.vetorino.com\\\/boutique\\\/#organization\",\"name\":\"V\u00e9torino\",\"url\":\"https:\\\/\\\/www.vetorino.com\\\/boutique\\\/\",\"logo\":{\"@type\":\"ImageObject\",\"inLanguage\":\"fr-FR\",\"@id\":\"https:\\\/\\\/www.vetorino.com\\\/boutique\\\/#\\\/schema\\\/logo\\\/image\\\/\",\"url\":\"https:\\\/\\\/www.vetorino.com\\\/boutique\\\/wp-content\\\/uploads\\\/2024\\\/10\\\/logo.jpg\",\"contentUrl\":\"https:\\\/\\\/www.vetorino.com\\\/boutique\\\/wp-content\\\/uploads\\\/2024\\\/10\\\/logo.jpg\",\"width\":1200,\"height\":610,\"caption\":\"V\u00e9torino\"},\"image\":{\"@id\":\"https:\\\/\\\/www.vetorino.com\\\/boutique\\\/#\\\/schema\\\/logo\\\/image\\\/\"},\"sameAs\":[\"https:\\\/\\\/www.facebook.com\\\/Vetorino\\\/\",\"https:\\\/\\\/www.instagram.com\\\/vetorino_off\\\/\",\"https:\\\/\\\/www.linkedin.com\\\/company\\\/vtorino\\\/\"]}]}<\/script>\n<meta property=\"product:brand\" content=\"Buster\" \/>\n<meta property=\"og:availability\" content=\"instock\" \/>\n<meta property=\"product:availability\" content=\"instock\" \/>\n<meta property=\"product:condition\" content=\"new\" \/>\n<!-- \/ Yoast SEO plugin. -->","yoast_head_json":{"title":"Manteau pour chien Raincoat Buster - V\u00e9torino","description":"Facile \u00e0 enfiler, le manteau imperm\u00e9able \u201cRaincoat\u201d BUSTER prot\u00e8ge efficacement le chien de la pluie et du vent gr\u00e2ce \u00e0 son rev\u00eatement technique waterproof.","robots":{"index":"noindex","follow":"nofollow"},"og_locale":"fr_FR","og_type":"article","og_title":"Manteau pour chien Raincoat Buster - V\u00e9torino","og_description":"Facile \u00e0 enfiler, le manteau imperm\u00e9able \u201cRaincoat\u201d BUSTER prot\u00e8ge efficacement le chien de la pluie et du vent gr\u00e2ce \u00e0 son rev\u00eatement technique waterproof.","og_url":"https:\/\/www.vetorino.com\/veterinaire\/ustaritz-64480\/boutique\/product\/raincoat\/","og_site_name":"V\u00e9torino","article_publisher":"https:\/\/www.facebook.com\/Vetorino\/","article_modified_time":"2024-07-16T08:51:36+00:00","og_image":[{"width":700,"height":700,"url":"https:\/\/www.vetorino.com\/boutique\/wp-content\/uploads\/2020\/03\/Screenshot-2024-07-16-at-10-47-03-Buster-Manteau-Raincoat-Orange-Taille-M.png","type":"image\/png"}],"twitter_card":"summary_large_image","twitter_misc":{"Disponibilit\u00e9":"En stock"},"schema":{"@context":"https:\/\/schema.org","@graph":[{"@type":"WebPage","@id":"https:\/\/www.vetorino.com\/boutique\/product\/raincoat\/","url":"https:\/\/www.vetorino.com\/boutique\/product\/raincoat\/","name":"Manteau pour chien Raincoat Buster - V\u00e9torino","isPartOf":{"@id":"https:\/\/www.vetorino.com\/boutique\/#website"},"primaryImageOfPage":{"@id":"https:\/\/www.vetorino.com\/boutique\/product\/raincoat\/#primaryimage"},"image":{"@id":"https:\/\/www.vetorino.com\/boutique\/product\/raincoat\/#primaryimage"},"thumbnailUrl":"https:\/\/www.vetorino.com\/boutique\/wp-content\/uploads\/2020\/03\/Screenshot-2024-07-16-at-10-47-03-Buster-Manteau-Raincoat-Orange-Taille-M.png","datePublished":"2020-03-04T21:56:51+00:00","dateModified":"2024-07-16T08:51:36+00:00","description":"Facile \u00e0 enfiler, le manteau imperm\u00e9able \u201cRaincoat\u201d BUSTER prot\u00e8ge efficacement le chien de la pluie et du vent gr\u00e2ce \u00e0 son rev\u00eatement technique waterproof.","breadcrumb":{"@id":"https:\/\/www.vetorino.com\/boutique\/product\/raincoat\/#breadcrumb"},"inLanguage":"fr-FR","potentialAction":[{"@type":"ReadAction","target":["https:\/\/www.vetorino.com\/boutique\/product\/raincoat\/"]}]},{"@type":"ImageObject","inLanguage":"fr-FR","@id":"https:\/\/www.vetorino.com\/boutique\/product\/raincoat\/#primaryimage","url":"https:\/\/www.vetorino.com\/boutique\/wp-content\/uploads\/2020\/03\/Screenshot-2024-07-16-at-10-47-03-Buster-Manteau-Raincoat-Orange-Taille-M.png","contentUrl":"https:\/\/www.vetorino.com\/boutique\/wp-content\/uploads\/2020\/03\/Screenshot-2024-07-16-at-10-47-03-Buster-Manteau-Raincoat-Orange-Taille-M.png","width":700,"height":700},{"@type":"BreadcrumbList","@id":"https:\/\/www.vetorino.com\/boutique\/product\/raincoat\/#breadcrumb","itemListElement":[{"@type":"ListItem","position":1,"name":"Accueil","item":"https:\/\/www.vetorino.com\/boutique\/"},{"@type":"ListItem","position":2,"name":"Produits","item":"https:\/\/www.vetorino.com\/boutique\/"},{"@type":"ListItem","position":3,"name":"Manteau pour chien Raincoat"}]},{"@type":"WebSite","@id":"https:\/\/www.vetorino.com\/boutique\/#website","url":"https:\/\/www.vetorino.com\/boutique\/","name":"V\u00e9torino","description":"","publisher":{"@id":"https:\/\/www.vetorino.com\/boutique\/#organization"},"potentialAction":[{"@type":"SearchAction","target":{"@type":"EntryPoint","urlTemplate":"https:\/\/www.vetorino.com\/boutique\/?s={search_term_string}"},"query-input":{"@type":"PropertyValueSpecification","valueRequired":true,"valueName":"search_term_string"}}],"inLanguage":"fr-FR"},{"@type":"Organization","@id":"https:\/\/www.vetorino.com\/boutique\/#organization","name":"V\u00e9torino","url":"https:\/\/www.vetorino.com\/boutique\/","logo":{"@type":"ImageObject","inLanguage":"fr-FR","@id":"https:\/\/www.vetorino.com\/boutique\/#\/schema\/logo\/image\/","url":"https:\/\/www.vetorino.com\/boutique\/wp-content\/uploads\/2024\/10\/logo.jpg","contentUrl":"https:\/\/www.vetorino.com\/boutique\/wp-content\/uploads\/2024\/10\/logo.jpg","width":1200,"height":610,"caption":"V\u00e9torino"},"image":{"@id":"https:\/\/www.vetorino.com\/boutique\/#\/schema\/logo\/image\/"},"sameAs":["https:\/\/www.facebook.com\/Vetorino\/","https:\/\/www.instagram.com\/vetorino_off\/","https:\/\/www.linkedin.com\/company\/vtorino\/"]}]},"product_brand":"Buster","og_availability":"instock","product_availability":"instock","product_condition":"new"},"_links":{"self":[{"href":"https:\/\/www.vetorino.com\/veterinaire\/ustaritz-64480\/boutique\/wp-json\/wp\/v2\/product\/35642","targetHints":{"allow":["GET"]}}],"collection":[{"href":"https:\/\/www.vetorino.com\/veterinaire\/ustaritz-64480\/boutique\/wp-json\/wp\/v2\/product"}],"about":[{"href":"https:\/\/www.vetorino.com\/veterinaire\/ustaritz-64480\/boutique\/wp-json\/wp\/v2\/types\/product"}],"wp:featuredmedia":[{"embeddable":true,"href":"https:\/\/www.vetorino.com\/veterinaire\/ustaritz-64480\/boutique\/wp-json\/wp\/v2\/media\/974721"}],"wp:attachment":[{"href":"https:\/\/www.vetorino.com\/veterinaire\/ustaritz-64480\/boutique\/wp-json\/wp\/v2\/media?parent=35642"}],"wp:term":[{"taxonomy":"product_cat","embeddable":true,"href":"https:\/\/www.vetorino.com\/veterinaire\/ustaritz-64480\/boutique\/wp-json\/wp\/v2\/product_cat?post=35642"},{"taxonomy":"product_tag","embeddable":true,"href":"https:\/\/www.vetorino.com\/veterinaire\/ustaritz-64480\/boutique\/wp-json\/wp\/v2\/product_tag?post=35642"}],"curies":[{"name":"wp","href":"https:\/\/api.w.org\/{rel}","templated":true}]}}