{"id":36262,"date":"2020-03-04T23:02:41","date_gmt":"2020-03-04T22:02:41","guid":{"rendered":"https:\/\/www.vetorino.com\/boutique\/product\/jouet-kong-wobbler\/"},"modified":"2024-02-09T17:46:30","modified_gmt":"2024-02-09T16:46:30","slug":"jouet-kong-wobbler","status":"publish","type":"product","link":"https:\/\/www.vetorino.com\/veterinaire\/ustaritz-64480\/boutique\/product\/jouet-kong-wobbler\/","title":{"rendered":"Balle \u00e0 friandises KONG Wobbler pour chien"},"content":{"rendered":"<p>La balle \u00e0 friandises KONG Wobbler repr\u00e9sente un jouet pour chien tr\u00e8s original. Vous pouvez l&#8217;utiliser comme distributeur de nourriture pour remplacer la gamelle de votre chien, comme balle d&#8217;entra\u00eenement ou comme jouet pour le divertir pendant des heures et chasser l&#8217;ennui.<\/p>\n<p>Ce jouet en forme de poire reste en position verticale jusqu&#8217;\u00e0 ce que votre chien le pousse avec son museau ou sa patte, ce qui arrive g\u00e9n\u00e9ralement tr\u00e8s vite. Pour susciter l\u2019int\u00e9r\u00eat de votre chien, vous devez donc <b>remplir la balle de friandises<\/b>. Gr\u00e2ce \u00e0 sa mati\u00e8re sp\u00e9cifique, la balle \u00e0 friandises KONG Wobbler <b>roule et se retourne sur le sol de mani\u00e8re impr\u00e9visible<\/b> et incite les chiens, m\u00eame les plus paresseux, \u00e0 jouer avec. Il suffit de <b>d\u00e9visser<\/b> le jouet KONG pour l\u2019ouvrir ; la ration journali\u00e8re de nourriture peut ainsi \u00eatre donn\u00e9e gr\u00e2ce \u00e0 la balle \u00e0 friandises.<\/p>\n<p>Lorsque le chien pousse la balle, celle-ci se retourne sur le sol en r\u00e9pandant la nourriture \u00e0 travers un trou de 2 cm environ. La balle \u00e0 friandises KONG Wobbler peut aussi tr\u00e8s bien \u00eatre utilis\u00e9e comme <b>balle d\u2019entra\u00eenement<\/b> pour r\u00e9compenser votre chien ou pour remplacer sa gamelle si vous voulez que votre petit compagnon <b>mange moins vite<\/b>.<\/p>\n<p>La balle \u00e0 friandises KONG Wobbler est fabriqu\u00e9e en polym\u00e8re alimentaire tr\u00e8s r\u00e9sistant pour offrir de longues heures de jeu \u00e0 votre chien. De couleur rouge, elle existe en plusieurs tailles.<\/p>\n<p><strong>Caract\u00e9ristiques de la balle \u00e0 friandises KONG Wobbler pour chien <\/strong>:<\/p>\n<ul>\n<li><strong>jouet en forme de poire pour chien<\/strong> \u00e0 remplir de croquettes ou de friandises<\/li>\n<li><strong>ouverture de 2 cm environ, <\/strong> \u00e0 travers laquelle les friandises se r\u00e9pandent au sol pendant le jeu<\/li>\n<li><strong>se d\u00e9visse pour un remplissage facile<\/strong>s<\/li>\n<li>id\u00e9ale comme balle d&#8217;entra\u00eenement ou pour remplacer la gamelle (incite le chien \u00e0 manger plus lentement et \u00e0 se d\u00e9penser)<\/li>\n<li><strong>roule et se retourne sur le sol de mani\u00e8re impr\u00e9visible <\/strong><\/li>\n<li><strong>solide et facile d&#8217;entretien (passe au lave-vaisselle)<\/strong><\/li>\n<li><strong>coloris <\/strong>: rouge<\/li>\n<li><strong>mat\u00e9riau :<\/strong> polym\u00e8re alimentaire<\/li>\n<\/ul>\n<p><b>Attention :<\/b><br \/>\nsi vous devez laisser votre chien seul avec la balle KONG Wobbler, veuillez le surveiller les premi\u00e8res fois o\u00f9 vous la lui donnez. Vous devez d&#8217;abord habituer votre animal \u00e0 son nouveau jouet et lui montrer comment la nourriture sort du trou. D&#8217;autre part, il arrive que certains tr\u00e8s gros chiens mordillent la balle. Dans ce cas, il faut retirer le jouet aussit\u00f4t.<\/p>\n","protected":false},"excerpt":{"rendered":"<p>Balle \u00e0 friandises pour chien, <b>roule et se retourne sur le sol de mani\u00e8re impr\u00e9visible<\/b>, convient pour l&#8217;entra\u00eenement ou pour occuper votre chien, <b>ouverture de 2 cm environ<\/b>, solide et durable, en plastique alimentaire.<\/p>\n","protected":false},"featured_media":833007,"template":"","meta":[],"product_cat":[12550,2698,2802,12621],"product_tag":[],"class_list":{"0":"post-36262","1":"product","2":"type-product","3":"status-publish","4":"has-post-thumbnail","6":"product_cat-accessoires-du-chien","7":"product_cat-chien","8":"product_cat-jouets-a-macher-pour-chien","9":"product_cat-jeux-educatifs-pour-chien","10":"pa_marque-kong","12":"first","13":"instock","14":"taxable","15":"shipping-taxable","16":"purchasable","17":"product-type-variable"},"yoast_head":"<!-- This site is optimized with the Yoast SEO plugin v27.3 - https:\/\/yoast.com\/product\/yoast-seo-wordpress\/ -->\n<title>Balle \u00e0 friandises KONG Wobbler pour chien Kong - V\u00e9torino<\/title>\n<meta name=\"description\" content=\"Balle \u00e0 friandises pour chien, roule et se retourne sur le sol de mani\u00e8re impr\u00e9visible, convient pour l&#039;entra\u00eenement ou pour occuper votre chien, ouverture de 2 cm environ, solide et durable, en plastique alimentaire.\" \/>\n<meta name=\"robots\" content=\"noindex, nofollow\" \/>\n<meta property=\"og:locale\" content=\"fr_FR\" \/>\n<meta property=\"og:type\" content=\"article\" \/>\n<meta property=\"og:title\" content=\"Balle \u00e0 friandises KONG Wobbler pour chien Kong - V\u00e9torino\" \/>\n<meta property=\"og:description\" content=\"Balle \u00e0 friandises pour chien, roule et se retourne sur le sol de mani\u00e8re impr\u00e9visible, convient pour l&#039;entra\u00eenement ou pour occuper votre chien, ouverture de 2 cm environ, solide et durable, en plastique alimentaire.\" \/>\n<meta property=\"og:url\" content=\"https:\/\/www.vetorino.com\/veterinaire\/ustaritz-64480\/boutique\/product\/jouet-kong-wobbler\/\" \/>\n<meta property=\"og:site_name\" content=\"V\u00e9torino\" \/>\n<meta property=\"article:publisher\" content=\"https:\/\/www.facebook.com\/Vetorino\/\" \/>\n<meta property=\"article:modified_time\" content=\"2024-02-09T16:46:30+00:00\" \/>\n<meta property=\"og:image\" content=\"https:\/\/www.vetorino.com\/boutique\/wp-content\/uploads\/2020\/03\/8222651-1-6.jpg\" \/>\n\t<meta property=\"og:image:width\" content=\"420\" \/>\n\t<meta property=\"og:image:height\" content=\"588\" \/>\n\t<meta property=\"og:image:type\" content=\"image\/jpeg\" \/>\n<meta name=\"twitter:card\" content=\"summary_large_image\" \/>\n<meta name=\"twitter:label1\" content=\"Disponibilit\u00e9\" \/>\n\t<meta name=\"twitter:data1\" content=\"En stock\" \/>\n<script type=\"application\/ld+json\" class=\"yoast-schema-graph\">{\"@context\":\"https:\\\/\\\/schema.org\",\"@graph\":[{\"@type\":\"WebPage\",\"@id\":\"https:\\\/\\\/www.vetorino.com\\\/boutique\\\/product\\\/jouet-kong-wobbler\\\/\",\"url\":\"https:\\\/\\\/www.vetorino.com\\\/boutique\\\/product\\\/jouet-kong-wobbler\\\/\",\"name\":\"Balle \u00e0 friandises KONG Wobbler pour chien Kong - V\u00e9torino\",\"isPartOf\":{\"@id\":\"https:\\\/\\\/www.vetorino.com\\\/boutique\\\/#website\"},\"primaryImageOfPage\":{\"@id\":\"https:\\\/\\\/www.vetorino.com\\\/boutique\\\/product\\\/jouet-kong-wobbler\\\/#primaryimage\"},\"image\":{\"@id\":\"https:\\\/\\\/www.vetorino.com\\\/boutique\\\/product\\\/jouet-kong-wobbler\\\/#primaryimage\"},\"thumbnailUrl\":\"https:\\\/\\\/www.vetorino.com\\\/boutique\\\/wp-content\\\/uploads\\\/2020\\\/03\\\/8222651-1-6.jpg\",\"datePublished\":\"2020-03-04T22:02:41+00:00\",\"dateModified\":\"2024-02-09T16:46:30+00:00\",\"description\":\"Balle \u00e0 friandises pour chien, roule et se retourne sur le sol de mani\u00e8re impr\u00e9visible, convient pour l'entra\u00eenement ou pour occuper votre chien, ouverture de 2 cm environ, solide et durable, en plastique alimentaire.\",\"breadcrumb\":{\"@id\":\"https:\\\/\\\/www.vetorino.com\\\/boutique\\\/product\\\/jouet-kong-wobbler\\\/#breadcrumb\"},\"inLanguage\":\"fr-FR\",\"potentialAction\":[{\"@type\":\"ReadAction\",\"target\":[\"https:\\\/\\\/www.vetorino.com\\\/boutique\\\/product\\\/jouet-kong-wobbler\\\/\"]}]},{\"@type\":\"ImageObject\",\"inLanguage\":\"fr-FR\",\"@id\":\"https:\\\/\\\/www.vetorino.com\\\/boutique\\\/product\\\/jouet-kong-wobbler\\\/#primaryimage\",\"url\":\"https:\\\/\\\/www.vetorino.com\\\/boutique\\\/wp-content\\\/uploads\\\/2020\\\/03\\\/8222651-1-6.jpg\",\"contentUrl\":\"https:\\\/\\\/www.vetorino.com\\\/boutique\\\/wp-content\\\/uploads\\\/2020\\\/03\\\/8222651-1-6.jpg\",\"width\":420,\"height\":588},{\"@type\":\"BreadcrumbList\",\"@id\":\"https:\\\/\\\/www.vetorino.com\\\/boutique\\\/product\\\/jouet-kong-wobbler\\\/#breadcrumb\",\"itemListElement\":[{\"@type\":\"ListItem\",\"position\":1,\"name\":\"Accueil\",\"item\":\"https:\\\/\\\/www.vetorino.com\\\/boutique\\\/\"},{\"@type\":\"ListItem\",\"position\":2,\"name\":\"Produits\",\"item\":\"https:\\\/\\\/www.vetorino.com\\\/boutique\\\/\"},{\"@type\":\"ListItem\",\"position\":3,\"name\":\"Balle \u00e0 friandises KONG Wobbler pour chien\"}]},{\"@type\":\"WebSite\",\"@id\":\"https:\\\/\\\/www.vetorino.com\\\/boutique\\\/#website\",\"url\":\"https:\\\/\\\/www.vetorino.com\\\/boutique\\\/\",\"name\":\"V\u00e9torino\",\"description\":\"\",\"publisher\":{\"@id\":\"https:\\\/\\\/www.vetorino.com\\\/boutique\\\/#organization\"},\"potentialAction\":[{\"@type\":\"SearchAction\",\"target\":{\"@type\":\"EntryPoint\",\"urlTemplate\":\"https:\\\/\\\/www.vetorino.com\\\/boutique\\\/?s={search_term_string}\"},\"query-input\":{\"@type\":\"PropertyValueSpecification\",\"valueRequired\":true,\"valueName\":\"search_term_string\"}}],\"inLanguage\":\"fr-FR\"},{\"@type\":\"Organization\",\"@id\":\"https:\\\/\\\/www.vetorino.com\\\/boutique\\\/#organization\",\"name\":\"V\u00e9torino\",\"url\":\"https:\\\/\\\/www.vetorino.com\\\/boutique\\\/\",\"logo\":{\"@type\":\"ImageObject\",\"inLanguage\":\"fr-FR\",\"@id\":\"https:\\\/\\\/www.vetorino.com\\\/boutique\\\/#\\\/schema\\\/logo\\\/image\\\/\",\"url\":\"https:\\\/\\\/www.vetorino.com\\\/boutique\\\/wp-content\\\/uploads\\\/2024\\\/10\\\/logo.jpg\",\"contentUrl\":\"https:\\\/\\\/www.vetorino.com\\\/boutique\\\/wp-content\\\/uploads\\\/2024\\\/10\\\/logo.jpg\",\"width\":1200,\"height\":610,\"caption\":\"V\u00e9torino\"},\"image\":{\"@id\":\"https:\\\/\\\/www.vetorino.com\\\/boutique\\\/#\\\/schema\\\/logo\\\/image\\\/\"},\"sameAs\":[\"https:\\\/\\\/www.facebook.com\\\/Vetorino\\\/\",\"https:\\\/\\\/www.instagram.com\\\/vetorino_off\\\/\",\"https:\\\/\\\/www.linkedin.com\\\/company\\\/vtorino\\\/\"]}]}<\/script>\n<meta property=\"product:brand\" content=\"Kong\" \/>\n<meta property=\"og:availability\" content=\"instock\" \/>\n<meta property=\"product:availability\" content=\"instock\" \/>\n<meta property=\"product:condition\" content=\"new\" \/>\n<!-- \/ Yoast SEO plugin. -->","yoast_head_json":{"title":"Balle \u00e0 friandises KONG Wobbler pour chien Kong - V\u00e9torino","description":"Balle \u00e0 friandises pour chien, roule et se retourne sur le sol de mani\u00e8re impr\u00e9visible, convient pour l'entra\u00eenement ou pour occuper votre chien, ouverture de 2 cm environ, solide et durable, en plastique alimentaire.","robots":{"index":"noindex","follow":"nofollow"},"og_locale":"fr_FR","og_type":"article","og_title":"Balle \u00e0 friandises KONG Wobbler pour chien Kong - V\u00e9torino","og_description":"Balle \u00e0 friandises pour chien, roule et se retourne sur le sol de mani\u00e8re impr\u00e9visible, convient pour l'entra\u00eenement ou pour occuper votre chien, ouverture de 2 cm environ, solide et durable, en plastique alimentaire.","og_url":"https:\/\/www.vetorino.com\/veterinaire\/ustaritz-64480\/boutique\/product\/jouet-kong-wobbler\/","og_site_name":"V\u00e9torino","article_publisher":"https:\/\/www.facebook.com\/Vetorino\/","article_modified_time":"2024-02-09T16:46:30+00:00","og_image":[{"width":420,"height":588,"url":"https:\/\/www.vetorino.com\/boutique\/wp-content\/uploads\/2020\/03\/8222651-1-6.jpg","type":"image\/jpeg"}],"twitter_card":"summary_large_image","twitter_misc":{"Disponibilit\u00e9":"En stock"},"schema":{"@context":"https:\/\/schema.org","@graph":[{"@type":"WebPage","@id":"https:\/\/www.vetorino.com\/boutique\/product\/jouet-kong-wobbler\/","url":"https:\/\/www.vetorino.com\/boutique\/product\/jouet-kong-wobbler\/","name":"Balle \u00e0 friandises KONG Wobbler pour chien Kong - V\u00e9torino","isPartOf":{"@id":"https:\/\/www.vetorino.com\/boutique\/#website"},"primaryImageOfPage":{"@id":"https:\/\/www.vetorino.com\/boutique\/product\/jouet-kong-wobbler\/#primaryimage"},"image":{"@id":"https:\/\/www.vetorino.com\/boutique\/product\/jouet-kong-wobbler\/#primaryimage"},"thumbnailUrl":"https:\/\/www.vetorino.com\/boutique\/wp-content\/uploads\/2020\/03\/8222651-1-6.jpg","datePublished":"2020-03-04T22:02:41+00:00","dateModified":"2024-02-09T16:46:30+00:00","description":"Balle \u00e0 friandises pour chien, roule et se retourne sur le sol de mani\u00e8re impr\u00e9visible, convient pour l'entra\u00eenement ou pour occuper votre chien, ouverture de 2 cm environ, solide et durable, en plastique alimentaire.","breadcrumb":{"@id":"https:\/\/www.vetorino.com\/boutique\/product\/jouet-kong-wobbler\/#breadcrumb"},"inLanguage":"fr-FR","potentialAction":[{"@type":"ReadAction","target":["https:\/\/www.vetorino.com\/boutique\/product\/jouet-kong-wobbler\/"]}]},{"@type":"ImageObject","inLanguage":"fr-FR","@id":"https:\/\/www.vetorino.com\/boutique\/product\/jouet-kong-wobbler\/#primaryimage","url":"https:\/\/www.vetorino.com\/boutique\/wp-content\/uploads\/2020\/03\/8222651-1-6.jpg","contentUrl":"https:\/\/www.vetorino.com\/boutique\/wp-content\/uploads\/2020\/03\/8222651-1-6.jpg","width":420,"height":588},{"@type":"BreadcrumbList","@id":"https:\/\/www.vetorino.com\/boutique\/product\/jouet-kong-wobbler\/#breadcrumb","itemListElement":[{"@type":"ListItem","position":1,"name":"Accueil","item":"https:\/\/www.vetorino.com\/boutique\/"},{"@type":"ListItem","position":2,"name":"Produits","item":"https:\/\/www.vetorino.com\/boutique\/"},{"@type":"ListItem","position":3,"name":"Balle \u00e0 friandises KONG Wobbler pour chien"}]},{"@type":"WebSite","@id":"https:\/\/www.vetorino.com\/boutique\/#website","url":"https:\/\/www.vetorino.com\/boutique\/","name":"V\u00e9torino","description":"","publisher":{"@id":"https:\/\/www.vetorino.com\/boutique\/#organization"},"potentialAction":[{"@type":"SearchAction","target":{"@type":"EntryPoint","urlTemplate":"https:\/\/www.vetorino.com\/boutique\/?s={search_term_string}"},"query-input":{"@type":"PropertyValueSpecification","valueRequired":true,"valueName":"search_term_string"}}],"inLanguage":"fr-FR"},{"@type":"Organization","@id":"https:\/\/www.vetorino.com\/boutique\/#organization","name":"V\u00e9torino","url":"https:\/\/www.vetorino.com\/boutique\/","logo":{"@type":"ImageObject","inLanguage":"fr-FR","@id":"https:\/\/www.vetorino.com\/boutique\/#\/schema\/logo\/image\/","url":"https:\/\/www.vetorino.com\/boutique\/wp-content\/uploads\/2024\/10\/logo.jpg","contentUrl":"https:\/\/www.vetorino.com\/boutique\/wp-content\/uploads\/2024\/10\/logo.jpg","width":1200,"height":610,"caption":"V\u00e9torino"},"image":{"@id":"https:\/\/www.vetorino.com\/boutique\/#\/schema\/logo\/image\/"},"sameAs":["https:\/\/www.facebook.com\/Vetorino\/","https:\/\/www.instagram.com\/vetorino_off\/","https:\/\/www.linkedin.com\/company\/vtorino\/"]}]},"product_brand":"Kong","og_availability":"instock","product_availability":"instock","product_condition":"new"},"_links":{"self":[{"href":"https:\/\/www.vetorino.com\/veterinaire\/ustaritz-64480\/boutique\/wp-json\/wp\/v2\/product\/36262","targetHints":{"allow":["GET"]}}],"collection":[{"href":"https:\/\/www.vetorino.com\/veterinaire\/ustaritz-64480\/boutique\/wp-json\/wp\/v2\/product"}],"about":[{"href":"https:\/\/www.vetorino.com\/veterinaire\/ustaritz-64480\/boutique\/wp-json\/wp\/v2\/types\/product"}],"wp:featuredmedia":[{"embeddable":true,"href":"https:\/\/www.vetorino.com\/veterinaire\/ustaritz-64480\/boutique\/wp-json\/wp\/v2\/media\/833007"}],"wp:attachment":[{"href":"https:\/\/www.vetorino.com\/veterinaire\/ustaritz-64480\/boutique\/wp-json\/wp\/v2\/media?parent=36262"}],"wp:term":[{"taxonomy":"product_cat","embeddable":true,"href":"https:\/\/www.vetorino.com\/veterinaire\/ustaritz-64480\/boutique\/wp-json\/wp\/v2\/product_cat?post=36262"},{"taxonomy":"product_tag","embeddable":true,"href":"https:\/\/www.vetorino.com\/veterinaire\/ustaritz-64480\/boutique\/wp-json\/wp\/v2\/product_tag?post=36262"}],"curies":[{"name":"wp","href":"https:\/\/api.w.org\/{rel}","templated":true}]}}