{"id":508833,"date":"2022-11-18T20:34:20","date_gmt":"2022-11-18T19:34:20","guid":{"rendered":"https:\/\/www.vetorino.com\/boutique\/product\/bonutron-senior-17-plus\/"},"modified":"2025-02-19T17:09:21","modified_gmt":"2025-02-19T16:09:21","slug":"bonutron-senior-17-plus","status":"publish","type":"product","link":"https:\/\/www.vetorino.com\/veterinaire\/ustaritz-64480\/boutique\/product\/bonutron-senior-17-plus\/","title":{"rendered":"Bonutron Senior 17+"},"content":{"rendered":"<p><strong>BONUTRON SENIOR 17+ est un apport nutritionnel compl\u00e9mentaire adapt\u00e9 aux besoins des chevaux qui prennent de l&#8217;\u00e2ge.<\/strong><\/p>\n<p><span style=\"color: #808080\">Pour les chevaux et poneys qui ont conserv\u00e9 un niveau de travail \u00e9l\u00e9v\u00e9, pr\u00e9f\u00e9rez BONUTRON SPORT PRO.<\/span><\/p>\n<p><strong>Utilisation :<\/strong><\/p>\n<ul>\n<li>Chevaux et poneys vieillissants.<\/li>\n<li>Activit\u00e9 mod\u00e9r\u00e9e \u00e0 nulle.<\/li>\n<li>En compl\u00e9ment de l&#8217;alimentation quotidienne.<\/li>\n<\/ul>\n<p><strong>Avantages :<\/strong><\/p>\n<ul>\n<li>Formule<strong>\u00a0adapt\u00e9e aux chevaux et poneys\u00a0qui prennent de l&#8217;\u00e2ge<\/strong>\u00a0et qui ont une activit\u00e9 mod\u00e9r\u00e9e \u00e0 nulle : Apporte les \u00e9l\u00e9ments se trouvant en quantit\u00e9 insuffisante dans l&#8217;alimentation quotidienne : Min\u00e9raux + 9 vitamines + 4 oligo-\u00e9l\u00e9ments + 3 acides amin\u00e9s + 8 \u00e9l\u00e9ments &#8220;bonus&#8221;<\/li>\n<li>Sp\u00e9cialement d\u00e9velopp\u00e9e pour les rations riches en fourrage et\u00a0<strong>con\u00e7ue pour s&#8217;adapter \u00e0 un affaiblissement<\/strong>\u00a0de la performance digestive.<\/li>\n<li><strong>S\u00e9curisation de la ration<\/strong>\u00a0: contient un capteur de mycotoxines.<\/li>\n<li>Une cible\u00a0: la\u00a0<strong>forme<\/strong>\u00a0et le\u00a0<strong>bien-\u00eatre<\/strong>\u00a0!<\/li>\n<\/ul>\n","protected":false},"excerpt":{"rendered":"<p><strong>BONUTRON SENIOR 17+ est un apport nutritionnel compl\u00e9mentaire adapt\u00e9 aux besoins des chevaux qui prennent de l&#8217;\u00e2ge.<\/strong><\/p>\n<p><span style=\"color: #808080\">Pour les chevaux et poneys qui ont conserv\u00e9 un niveau de travail \u00e9l\u00e9v\u00e9, pr\u00e9f\u00e9rez BONUTRON SPORT PRO.<\/span><\/p>\n<p><strong>Utilisation :<\/strong><\/p>\n<ul>\n<li>Chevaux et poneys vieillissants.<\/li>\n<li>Activit\u00e9 mod\u00e9r\u00e9e \u00e0 nulle.<\/li>\n<li>En compl\u00e9ment de l&#8217;alimentation quotidienne.<\/li>\n<\/ul>\n","protected":false},"featured_media":1219725,"template":"","meta":[],"product_cat":[12547,14072],"product_tag":[],"class_list":{"0":"post-508833","1":"product","2":"type-product","3":"status-publish","4":"has-post-thumbnail","6":"product_cat-cheval","7":"product_cat-dietetique-et-complements-alimentaires-du-cheval","8":"pa_marque-audevard","10":"first","11":"instock","12":"taxable","13":"shipping-taxable","14":"product-type-variable"},"yoast_head":"<!-- This site is optimized with the Yoast SEO plugin v27.3 - https:\/\/yoast.com\/product\/yoast-seo-wordpress\/ -->\n<title>Bonutron Senior 17+ Audevard - V\u00e9torino<\/title>\n<meta name=\"description\" content=\"BONUTRON SENIOR 17+ est un apport nutritionnel compl\u00e9mentaire adapt\u00e9 aux besoins des chevaux qui prennent de l&#039;\u00e2ge.  Pour les chevaux et poneys qui ont conserv\u00e9 un niveau de travail \u00e9l\u00e9v\u00e9, pr\u00e9f\u00e9rez BONUTRON SPORT PRO.  Utilisation :   Chevaux et poneys vieillissants.  Activit\u00e9 mod\u00e9r\u00e9e \u00e0 nulle.  En compl\u00e9ment de l&#039;alimentation quotidienne.\" \/>\n<meta name=\"robots\" content=\"noindex, nofollow\" \/>\n<meta property=\"og:locale\" content=\"fr_FR\" \/>\n<meta property=\"og:type\" content=\"article\" \/>\n<meta property=\"og:title\" content=\"Bonutron Senior 17+ Audevard - V\u00e9torino\" \/>\n<meta property=\"og:description\" content=\"BONUTRON SENIOR 17+ est un apport nutritionnel compl\u00e9mentaire adapt\u00e9 aux besoins des chevaux qui prennent de l&#039;\u00e2ge.  Pour les chevaux et poneys qui ont conserv\u00e9 un niveau de travail \u00e9l\u00e9v\u00e9, pr\u00e9f\u00e9rez BONUTRON SPORT PRO.  Utilisation :   Chevaux et poneys vieillissants.  Activit\u00e9 mod\u00e9r\u00e9e \u00e0 nulle.  En compl\u00e9ment de l&#039;alimentation quotidienne.\" \/>\n<meta property=\"og:url\" content=\"https:\/\/www.vetorino.com\/veterinaire\/ustaritz-64480\/boutique\/product\/bonutron-senior-17-plus\/\" \/>\n<meta property=\"og:site_name\" content=\"V\u00e9torino\" \/>\n<meta property=\"article:publisher\" content=\"https:\/\/www.facebook.com\/Vetorino\/\" \/>\n<meta property=\"article:modified_time\" content=\"2025-02-19T16:09:21+00:00\" \/>\n<meta property=\"og:image\" content=\"https:\/\/www.vetorino.com\/boutique\/wp-content\/uploads\/2022\/11\/bonutron-senior-17.webp\" \/>\n\t<meta property=\"og:image:width\" content=\"458\" \/>\n\t<meta property=\"og:image:height\" content=\"458\" \/>\n\t<meta property=\"og:image:type\" content=\"image\/webp\" \/>\n<meta name=\"twitter:card\" content=\"summary_large_image\" \/>\n<meta name=\"twitter:label1\" content=\"Disponibilit\u00e9\" \/>\n\t<meta name=\"twitter:data1\" content=\"En stock\" \/>\n<script type=\"application\/ld+json\" class=\"yoast-schema-graph\">{\"@context\":\"https:\\\/\\\/schema.org\",\"@graph\":[{\"@type\":\"WebPage\",\"@id\":\"https:\\\/\\\/www.vetorino.com\\\/boutique\\\/product\\\/bonutron-senior-17-plus\\\/\",\"url\":\"https:\\\/\\\/www.vetorino.com\\\/boutique\\\/product\\\/bonutron-senior-17-plus\\\/\",\"name\":\"Bonutron Senior 17+ Audevard - V\u00e9torino\",\"isPartOf\":{\"@id\":\"https:\\\/\\\/www.vetorino.com\\\/boutique\\\/#website\"},\"primaryImageOfPage\":{\"@id\":\"https:\\\/\\\/www.vetorino.com\\\/boutique\\\/product\\\/bonutron-senior-17-plus\\\/#primaryimage\"},\"image\":{\"@id\":\"https:\\\/\\\/www.vetorino.com\\\/boutique\\\/product\\\/bonutron-senior-17-plus\\\/#primaryimage\"},\"thumbnailUrl\":\"https:\\\/\\\/www.vetorino.com\\\/boutique\\\/wp-content\\\/uploads\\\/2022\\\/11\\\/bonutron-senior-17.webp\",\"datePublished\":\"2022-11-18T19:34:20+00:00\",\"dateModified\":\"2025-02-19T16:09:21+00:00\",\"description\":\"BONUTRON SENIOR 17+ est un apport nutritionnel compl\u00e9mentaire adapt\u00e9 aux besoins des chevaux qui prennent de l'\u00e2ge. Pour les chevaux et poneys qui ont conserv\u00e9 un niveau de travail \u00e9l\u00e9v\u00e9, pr\u00e9f\u00e9rez BONUTRON SPORT PRO. Utilisation : Chevaux et poneys vieillissants. Activit\u00e9 mod\u00e9r\u00e9e \u00e0 nulle. En compl\u00e9ment de l'alimentation quotidienne.\",\"breadcrumb\":{\"@id\":\"https:\\\/\\\/www.vetorino.com\\\/boutique\\\/product\\\/bonutron-senior-17-plus\\\/#breadcrumb\"},\"inLanguage\":\"fr-FR\",\"potentialAction\":[{\"@type\":\"ReadAction\",\"target\":[\"https:\\\/\\\/www.vetorino.com\\\/boutique\\\/product\\\/bonutron-senior-17-plus\\\/\"]}]},{\"@type\":\"ImageObject\",\"inLanguage\":\"fr-FR\",\"@id\":\"https:\\\/\\\/www.vetorino.com\\\/boutique\\\/product\\\/bonutron-senior-17-plus\\\/#primaryimage\",\"url\":\"https:\\\/\\\/www.vetorino.com\\\/boutique\\\/wp-content\\\/uploads\\\/2022\\\/11\\\/bonutron-senior-17.webp\",\"contentUrl\":\"https:\\\/\\\/www.vetorino.com\\\/boutique\\\/wp-content\\\/uploads\\\/2022\\\/11\\\/bonutron-senior-17.webp\",\"width\":458,\"height\":458},{\"@type\":\"BreadcrumbList\",\"@id\":\"https:\\\/\\\/www.vetorino.com\\\/boutique\\\/product\\\/bonutron-senior-17-plus\\\/#breadcrumb\",\"itemListElement\":[{\"@type\":\"ListItem\",\"position\":1,\"name\":\"Accueil\",\"item\":\"https:\\\/\\\/www.vetorino.com\\\/boutique\\\/\"},{\"@type\":\"ListItem\",\"position\":2,\"name\":\"Produits\",\"item\":\"https:\\\/\\\/www.vetorino.com\\\/boutique\\\/\"},{\"@type\":\"ListItem\",\"position\":3,\"name\":\"Bonutron Senior 17+\"}]},{\"@type\":\"WebSite\",\"@id\":\"https:\\\/\\\/www.vetorino.com\\\/boutique\\\/#website\",\"url\":\"https:\\\/\\\/www.vetorino.com\\\/boutique\\\/\",\"name\":\"V\u00e9torino\",\"description\":\"\",\"publisher\":{\"@id\":\"https:\\\/\\\/www.vetorino.com\\\/boutique\\\/#organization\"},\"potentialAction\":[{\"@type\":\"SearchAction\",\"target\":{\"@type\":\"EntryPoint\",\"urlTemplate\":\"https:\\\/\\\/www.vetorino.com\\\/boutique\\\/?s={search_term_string}\"},\"query-input\":{\"@type\":\"PropertyValueSpecification\",\"valueRequired\":true,\"valueName\":\"search_term_string\"}}],\"inLanguage\":\"fr-FR\"},{\"@type\":\"Organization\",\"@id\":\"https:\\\/\\\/www.vetorino.com\\\/boutique\\\/#organization\",\"name\":\"V\u00e9torino\",\"url\":\"https:\\\/\\\/www.vetorino.com\\\/boutique\\\/\",\"logo\":{\"@type\":\"ImageObject\",\"inLanguage\":\"fr-FR\",\"@id\":\"https:\\\/\\\/www.vetorino.com\\\/boutique\\\/#\\\/schema\\\/logo\\\/image\\\/\",\"url\":\"https:\\\/\\\/www.vetorino.com\\\/boutique\\\/wp-content\\\/uploads\\\/2024\\\/10\\\/logo.jpg\",\"contentUrl\":\"https:\\\/\\\/www.vetorino.com\\\/boutique\\\/wp-content\\\/uploads\\\/2024\\\/10\\\/logo.jpg\",\"width\":1200,\"height\":610,\"caption\":\"V\u00e9torino\"},\"image\":{\"@id\":\"https:\\\/\\\/www.vetorino.com\\\/boutique\\\/#\\\/schema\\\/logo\\\/image\\\/\"},\"sameAs\":[\"https:\\\/\\\/www.facebook.com\\\/Vetorino\\\/\",\"https:\\\/\\\/www.instagram.com\\\/vetorino_off\\\/\",\"https:\\\/\\\/www.linkedin.com\\\/company\\\/vtorino\\\/\"]}]}<\/script>\n<meta property=\"product:brand\" content=\"Audevard\" \/>\n<meta property=\"og:availability\" content=\"instock\" \/>\n<meta property=\"product:availability\" content=\"instock\" \/>\n<meta property=\"product:condition\" content=\"new\" \/>\n<!-- \/ Yoast SEO plugin. -->","yoast_head_json":{"title":"Bonutron Senior 17+ Audevard - V\u00e9torino","description":"BONUTRON SENIOR 17+ est un apport nutritionnel compl\u00e9mentaire adapt\u00e9 aux besoins des chevaux qui prennent de l'\u00e2ge.  Pour les chevaux et poneys qui ont conserv\u00e9 un niveau de travail \u00e9l\u00e9v\u00e9, pr\u00e9f\u00e9rez BONUTRON SPORT PRO.  Utilisation :   Chevaux et poneys vieillissants.  Activit\u00e9 mod\u00e9r\u00e9e \u00e0 nulle.  En compl\u00e9ment de l'alimentation quotidienne.","robots":{"index":"noindex","follow":"nofollow"},"og_locale":"fr_FR","og_type":"article","og_title":"Bonutron Senior 17+ Audevard - V\u00e9torino","og_description":"BONUTRON SENIOR 17+ est un apport nutritionnel compl\u00e9mentaire adapt\u00e9 aux besoins des chevaux qui prennent de l'\u00e2ge.  Pour les chevaux et poneys qui ont conserv\u00e9 un niveau de travail \u00e9l\u00e9v\u00e9, pr\u00e9f\u00e9rez BONUTRON SPORT PRO.  Utilisation :   Chevaux et poneys vieillissants.  Activit\u00e9 mod\u00e9r\u00e9e \u00e0 nulle.  En compl\u00e9ment de l'alimentation quotidienne.","og_url":"https:\/\/www.vetorino.com\/veterinaire\/ustaritz-64480\/boutique\/product\/bonutron-senior-17-plus\/","og_site_name":"V\u00e9torino","article_publisher":"https:\/\/www.facebook.com\/Vetorino\/","article_modified_time":"2025-02-19T16:09:21+00:00","og_image":[{"width":458,"height":458,"url":"https:\/\/www.vetorino.com\/boutique\/wp-content\/uploads\/2022\/11\/bonutron-senior-17.webp","type":"image\/webp"}],"twitter_card":"summary_large_image","twitter_misc":{"Disponibilit\u00e9":"En stock"},"schema":{"@context":"https:\/\/schema.org","@graph":[{"@type":"WebPage","@id":"https:\/\/www.vetorino.com\/boutique\/product\/bonutron-senior-17-plus\/","url":"https:\/\/www.vetorino.com\/boutique\/product\/bonutron-senior-17-plus\/","name":"Bonutron Senior 17+ Audevard - V\u00e9torino","isPartOf":{"@id":"https:\/\/www.vetorino.com\/boutique\/#website"},"primaryImageOfPage":{"@id":"https:\/\/www.vetorino.com\/boutique\/product\/bonutron-senior-17-plus\/#primaryimage"},"image":{"@id":"https:\/\/www.vetorino.com\/boutique\/product\/bonutron-senior-17-plus\/#primaryimage"},"thumbnailUrl":"https:\/\/www.vetorino.com\/boutique\/wp-content\/uploads\/2022\/11\/bonutron-senior-17.webp","datePublished":"2022-11-18T19:34:20+00:00","dateModified":"2025-02-19T16:09:21+00:00","description":"BONUTRON SENIOR 17+ est un apport nutritionnel compl\u00e9mentaire adapt\u00e9 aux besoins des chevaux qui prennent de l'\u00e2ge. Pour les chevaux et poneys qui ont conserv\u00e9 un niveau de travail \u00e9l\u00e9v\u00e9, pr\u00e9f\u00e9rez BONUTRON SPORT PRO. Utilisation : Chevaux et poneys vieillissants. Activit\u00e9 mod\u00e9r\u00e9e \u00e0 nulle. En compl\u00e9ment de l'alimentation quotidienne.","breadcrumb":{"@id":"https:\/\/www.vetorino.com\/boutique\/product\/bonutron-senior-17-plus\/#breadcrumb"},"inLanguage":"fr-FR","potentialAction":[{"@type":"ReadAction","target":["https:\/\/www.vetorino.com\/boutique\/product\/bonutron-senior-17-plus\/"]}]},{"@type":"ImageObject","inLanguage":"fr-FR","@id":"https:\/\/www.vetorino.com\/boutique\/product\/bonutron-senior-17-plus\/#primaryimage","url":"https:\/\/www.vetorino.com\/boutique\/wp-content\/uploads\/2022\/11\/bonutron-senior-17.webp","contentUrl":"https:\/\/www.vetorino.com\/boutique\/wp-content\/uploads\/2022\/11\/bonutron-senior-17.webp","width":458,"height":458},{"@type":"BreadcrumbList","@id":"https:\/\/www.vetorino.com\/boutique\/product\/bonutron-senior-17-plus\/#breadcrumb","itemListElement":[{"@type":"ListItem","position":1,"name":"Accueil","item":"https:\/\/www.vetorino.com\/boutique\/"},{"@type":"ListItem","position":2,"name":"Produits","item":"https:\/\/www.vetorino.com\/boutique\/"},{"@type":"ListItem","position":3,"name":"Bonutron Senior 17+"}]},{"@type":"WebSite","@id":"https:\/\/www.vetorino.com\/boutique\/#website","url":"https:\/\/www.vetorino.com\/boutique\/","name":"V\u00e9torino","description":"","publisher":{"@id":"https:\/\/www.vetorino.com\/boutique\/#organization"},"potentialAction":[{"@type":"SearchAction","target":{"@type":"EntryPoint","urlTemplate":"https:\/\/www.vetorino.com\/boutique\/?s={search_term_string}"},"query-input":{"@type":"PropertyValueSpecification","valueRequired":true,"valueName":"search_term_string"}}],"inLanguage":"fr-FR"},{"@type":"Organization","@id":"https:\/\/www.vetorino.com\/boutique\/#organization","name":"V\u00e9torino","url":"https:\/\/www.vetorino.com\/boutique\/","logo":{"@type":"ImageObject","inLanguage":"fr-FR","@id":"https:\/\/www.vetorino.com\/boutique\/#\/schema\/logo\/image\/","url":"https:\/\/www.vetorino.com\/boutique\/wp-content\/uploads\/2024\/10\/logo.jpg","contentUrl":"https:\/\/www.vetorino.com\/boutique\/wp-content\/uploads\/2024\/10\/logo.jpg","width":1200,"height":610,"caption":"V\u00e9torino"},"image":{"@id":"https:\/\/www.vetorino.com\/boutique\/#\/schema\/logo\/image\/"},"sameAs":["https:\/\/www.facebook.com\/Vetorino\/","https:\/\/www.instagram.com\/vetorino_off\/","https:\/\/www.linkedin.com\/company\/vtorino\/"]}]},"product_brand":"Audevard","og_availability":"instock","product_availability":"instock","product_condition":"new"},"_links":{"self":[{"href":"https:\/\/www.vetorino.com\/veterinaire\/ustaritz-64480\/boutique\/wp-json\/wp\/v2\/product\/508833","targetHints":{"allow":["GET"]}}],"collection":[{"href":"https:\/\/www.vetorino.com\/veterinaire\/ustaritz-64480\/boutique\/wp-json\/wp\/v2\/product"}],"about":[{"href":"https:\/\/www.vetorino.com\/veterinaire\/ustaritz-64480\/boutique\/wp-json\/wp\/v2\/types\/product"}],"wp:featuredmedia":[{"embeddable":true,"href":"https:\/\/www.vetorino.com\/veterinaire\/ustaritz-64480\/boutique\/wp-json\/wp\/v2\/media\/1219725"}],"wp:attachment":[{"href":"https:\/\/www.vetorino.com\/veterinaire\/ustaritz-64480\/boutique\/wp-json\/wp\/v2\/media?parent=508833"}],"wp:term":[{"taxonomy":"product_cat","embeddable":true,"href":"https:\/\/www.vetorino.com\/veterinaire\/ustaritz-64480\/boutique\/wp-json\/wp\/v2\/product_cat?post=508833"},{"taxonomy":"product_tag","embeddable":true,"href":"https:\/\/www.vetorino.com\/veterinaire\/ustaritz-64480\/boutique\/wp-json\/wp\/v2\/product_tag?post=508833"}],"curies":[{"name":"wp","href":"https:\/\/api.w.org\/{rel}","templated":true}]}}