{"id":630147,"date":"2023-06-07T05:35:23","date_gmt":"2023-06-07T03:35:23","guid":{"rendered":"https:\/\/www.vetorino.com\/boutique\/product\/vetessentials-canine-multi-benefit-adult-small-mini-agneaux-et-riz\/"},"modified":"2025-07-28T15:48:03","modified_gmt":"2025-07-28T13:48:03","slug":"vetessentials-canine-multi-benefit-adult-small-mini-agneaux-et-riz","status":"publish","type":"product","link":"https:\/\/www.vetorino.com\/veterinaire\/ustaritz-64480\/boutique\/product\/vetessentials-canine-multi-benefit-adult-small-mini-agneaux-et-riz\/","title":{"rendered":"Chien Multi-Benefit Adult Small &amp; Mini Agneau-Riz"},"content":{"rendered":"<p><strong>Croquettes pour Chien \u00e0 l&#8217;Agneau et Riz aux b\u00e9n\u00e9fices multiples cliniquement prouv\u00e9s pour soutenir la digestion et le bien-\u00eatre. Formul\u00e9 avec des prot\u00e9ines de haute qualit\u00e9 pour soutenir la sant\u00e9 musculaire et une teneur contr\u00f4l\u00e9e en min\u00e9raux pour la bonne sant\u00e9 des organes vitaux.<\/strong><\/p>\n<p><strong>Utilisation :<\/strong><\/p>\n<ul>\n<li>Chiens adultes ou \u00e2g\u00e9s, de moins de 10 kg<\/li>\n<\/ul>\n<p><strong>Bienfaits essentiels :<\/strong><\/p>\n<ul>\n<li>Favorise une digestion saine et le bien-\u00eatre gr\u00e2ce \u00e0 un m\u00e9lange optimal de fibres.<\/li>\n<li>Soutient la sant\u00e9 musculaire avec des prot\u00e9ines de haute qualit\u00e9.<\/li>\n<li>Favorise une peau et un pelage sains gr\u00e2ce aux acides gras Om\u00e9ga-6 et \u00e0 la vitamine E.<\/li>\n<li>Favorise un syst\u00e8me immunitaire sain avec des antioxydants cliniquement prouv\u00e9s.<\/li>\n<\/ul>\n","protected":false},"excerpt":{"rendered":"<p><strong>Croquettes pour Chien \u00e0 l&#8217;Agneau et Riz formul\u00e9es avec des prot\u00e9ines de haute qualit\u00e9 pour soutenir la sant\u00e9 musculaire et une teneur contr\u00f4l\u00e9e en min\u00e9raux pour la bonne sant\u00e9 des organes vitaux.<\/strong><\/p>\n<p><strong>Utilisation :<\/strong><\/p>\n<ul>\n<li>Chiens adultes ou \u00e2g\u00e9s, de moins de 10 kg.<\/li>\n<\/ul>\n","protected":false},"featured_media":839817,"template":"","meta":[],"product_cat":[12552,12584,2698],"product_tag":[],"class_list":{"0":"post-630147","1":"product","2":"type-product","3":"status-publish","4":"has-post-thumbnail","6":"product_cat-alimentation-du-chien","7":"product_cat-alimentation-premium-pour-chien","8":"product_cat-chien","9":"pa_marque-hills-pet-nutrition","11":"first","12":"instock","13":"taxable","14":"shipping-taxable","15":"purchasable","16":"product-type-simple"},"yoast_head":"<!-- This site is optimized with the Yoast SEO plugin v27.3 - https:\/\/yoast.com\/product\/yoast-seo-wordpress\/ -->\n<title>Vetessentials (Hill&#039;s) Chien Multi-Benefit Adult Small &amp; Mini Agneau-Riz Hill&#039;s - V\u00e9torino<\/title>\n<meta name=\"description\" content=\"Croquettes pour Chien \u00e0 l&#039;Agneau et Riz formul\u00e9es avec des prot\u00e9ines de haute qualit\u00e9 pour soutenir la sant\u00e9 musculaire et une teneur contr\u00f4l\u00e9e en min\u00e9raux pour la bonne sant\u00e9 des organes vitaux.  Utilisation :   Chiens adultes ou \u00e2g\u00e9s, de moins de 10 kg.\" \/>\n<meta name=\"robots\" content=\"noindex, nofollow\" \/>\n<meta property=\"og:locale\" content=\"fr_FR\" \/>\n<meta property=\"og:type\" content=\"article\" \/>\n<meta property=\"og:title\" content=\"Vetessentials (Hill&#039;s) Chien Multi-Benefit Adult Small &amp; Mini Agneau-Riz Hill&#039;s - V\u00e9torino\" \/>\n<meta property=\"og:description\" content=\"Croquettes pour Chien \u00e0 l&#039;Agneau et Riz formul\u00e9es avec des prot\u00e9ines de haute qualit\u00e9 pour soutenir la sant\u00e9 musculaire et une teneur contr\u00f4l\u00e9e en min\u00e9raux pour la bonne sant\u00e9 des organes vitaux.  Utilisation :   Chiens adultes ou \u00e2g\u00e9s, de moins de 10 kg.\" \/>\n<meta property=\"og:url\" content=\"https:\/\/www.vetorino.com\/veterinaire\/ustaritz-64480\/boutique\/product\/vetessentials-canine-multi-benefit-adult-small-mini-agneaux-et-riz\/\" \/>\n<meta property=\"og:site_name\" content=\"V\u00e9torino\" \/>\n<meta property=\"article:publisher\" content=\"https:\/\/www.facebook.com\/Vetorino\/\" \/>\n<meta property=\"article:modified_time\" content=\"2025-07-28T13:48:03+00:00\" \/>\n<meta property=\"og:image\" content=\"https:\/\/www.vetorino.com\/boutique\/wp-content\/uploads\/2023\/06\/chien-multi-benefit-adult-small-mini-agneau-riz.webp\" \/>\n\t<meta property=\"og:image:width\" content=\"540\" \/>\n\t<meta property=\"og:image:height\" content=\"540\" \/>\n\t<meta property=\"og:image:type\" content=\"image\/webp\" \/>\n<meta name=\"twitter:card\" content=\"summary_large_image\" \/>\n<meta name=\"twitter:label1\" content=\"Prix\" \/>\n\t<meta name=\"twitter:data1\" content=\"22,21&euro;\" \/>\n\t<meta name=\"twitter:label2\" content=\"Disponibilit\u00e9\" \/>\n\t<meta name=\"twitter:data2\" content=\"En stock\" \/>\n<script type=\"application\/ld+json\" class=\"yoast-schema-graph\">{\"@context\":\"https:\\\/\\\/schema.org\",\"@graph\":[{\"@type\":\"WebPage\",\"@id\":\"https:\\\/\\\/www.vetorino.com\\\/veterinaire\\\/briancon-05100\\\/boutique\\\/product\\\/vetessentials-canine-multi-benefit-adult-small-mini-agneaux-et-riz\\\/\",\"url\":\"https:\\\/\\\/www.vetorino.com\\\/veterinaire\\\/briancon-05100\\\/boutique\\\/product\\\/vetessentials-canine-multi-benefit-adult-small-mini-agneaux-et-riz\\\/\",\"name\":\"Vetessentials (Hill's) Chien Multi-Benefit Adult Small &amp; Mini Agneau-Riz Hill's - V\u00e9torino\",\"isPartOf\":{\"@id\":\"https:\\\/\\\/www.vetorino.com\\\/boutique\\\/#website\"},\"primaryImageOfPage\":{\"@id\":\"https:\\\/\\\/www.vetorino.com\\\/veterinaire\\\/briancon-05100\\\/boutique\\\/product\\\/vetessentials-canine-multi-benefit-adult-small-mini-agneaux-et-riz\\\/#primaryimage\"},\"image\":{\"@id\":\"https:\\\/\\\/www.vetorino.com\\\/veterinaire\\\/briancon-05100\\\/boutique\\\/product\\\/vetessentials-canine-multi-benefit-adult-small-mini-agneaux-et-riz\\\/#primaryimage\"},\"thumbnailUrl\":\"https:\\\/\\\/www.vetorino.com\\\/boutique\\\/wp-content\\\/uploads\\\/2023\\\/06\\\/chien-multi-benefit-adult-small-mini-agneau-riz.webp\",\"datePublished\":\"2023-06-07T03:35:23+00:00\",\"dateModified\":\"2025-07-28T13:48:03+00:00\",\"description\":\"Croquettes pour Chien \u00e0 l'Agneau et Riz formul\u00e9es avec des prot\u00e9ines de haute qualit\u00e9 pour soutenir la sant\u00e9 musculaire et une teneur contr\u00f4l\u00e9e en min\u00e9raux pour la bonne sant\u00e9 des organes vitaux. Utilisation : Chiens adultes ou \u00e2g\u00e9s, de moins de 10 kg.\",\"breadcrumb\":{\"@id\":\"https:\\\/\\\/www.vetorino.com\\\/veterinaire\\\/briancon-05100\\\/boutique\\\/product\\\/vetessentials-canine-multi-benefit-adult-small-mini-agneaux-et-riz\\\/#breadcrumb\"},\"inLanguage\":\"fr-FR\",\"potentialAction\":[{\"@type\":\"ReadAction\",\"target\":[\"https:\\\/\\\/www.vetorino.com\\\/veterinaire\\\/briancon-05100\\\/boutique\\\/product\\\/vetessentials-canine-multi-benefit-adult-small-mini-agneaux-et-riz\\\/\"]}]},{\"@type\":\"ImageObject\",\"inLanguage\":\"fr-FR\",\"@id\":\"https:\\\/\\\/www.vetorino.com\\\/veterinaire\\\/briancon-05100\\\/boutique\\\/product\\\/vetessentials-canine-multi-benefit-adult-small-mini-agneaux-et-riz\\\/#primaryimage\",\"url\":\"https:\\\/\\\/www.vetorino.com\\\/boutique\\\/wp-content\\\/uploads\\\/2023\\\/06\\\/chien-multi-benefit-adult-small-mini-agneau-riz.webp\",\"contentUrl\":\"https:\\\/\\\/www.vetorino.com\\\/boutique\\\/wp-content\\\/uploads\\\/2023\\\/06\\\/chien-multi-benefit-adult-small-mini-agneau-riz.webp\",\"width\":540,\"height\":540},{\"@type\":\"BreadcrumbList\",\"@id\":\"https:\\\/\\\/www.vetorino.com\\\/veterinaire\\\/briancon-05100\\\/boutique\\\/product\\\/vetessentials-canine-multi-benefit-adult-small-mini-agneaux-et-riz\\\/#breadcrumb\",\"itemListElement\":[{\"@type\":\"ListItem\",\"position\":1,\"name\":\"Accueil\",\"item\":\"https:\\\/\\\/www.vetorino.com\\\/boutique\\\/\"},{\"@type\":\"ListItem\",\"position\":2,\"name\":\"Produits\",\"item\":\"https:\\\/\\\/www.vetorino.com\\\/boutique\\\/\"},{\"@type\":\"ListItem\",\"position\":3,\"name\":\"Chien Multi-Benefit Adult Small &amp; Mini Agneau-Riz\"}]},{\"@type\":\"WebSite\",\"@id\":\"https:\\\/\\\/www.vetorino.com\\\/boutique\\\/#website\",\"url\":\"https:\\\/\\\/www.vetorino.com\\\/boutique\\\/\",\"name\":\"V\u00e9torino\",\"description\":\"\",\"publisher\":{\"@id\":\"https:\\\/\\\/www.vetorino.com\\\/boutique\\\/#organization\"},\"potentialAction\":[{\"@type\":\"SearchAction\",\"target\":{\"@type\":\"EntryPoint\",\"urlTemplate\":\"https:\\\/\\\/www.vetorino.com\\\/boutique\\\/?s={search_term_string}\"},\"query-input\":{\"@type\":\"PropertyValueSpecification\",\"valueRequired\":true,\"valueName\":\"search_term_string\"}}],\"inLanguage\":\"fr-FR\"},{\"@type\":\"Organization\",\"@id\":\"https:\\\/\\\/www.vetorino.com\\\/boutique\\\/#organization\",\"name\":\"V\u00e9torino\",\"url\":\"https:\\\/\\\/www.vetorino.com\\\/boutique\\\/\",\"logo\":{\"@type\":\"ImageObject\",\"inLanguage\":\"fr-FR\",\"@id\":\"https:\\\/\\\/www.vetorino.com\\\/boutique\\\/#\\\/schema\\\/logo\\\/image\\\/\",\"url\":\"https:\\\/\\\/www.vetorino.com\\\/boutique\\\/wp-content\\\/uploads\\\/2024\\\/10\\\/logo.jpg\",\"contentUrl\":\"https:\\\/\\\/www.vetorino.com\\\/boutique\\\/wp-content\\\/uploads\\\/2024\\\/10\\\/logo.jpg\",\"width\":1200,\"height\":610,\"caption\":\"V\u00e9torino\"},\"image\":{\"@id\":\"https:\\\/\\\/www.vetorino.com\\\/boutique\\\/#\\\/schema\\\/logo\\\/image\\\/\"},\"sameAs\":[\"https:\\\/\\\/www.facebook.com\\\/Vetorino\\\/\",\"https:\\\/\\\/www.instagram.com\\\/vetorino_off\\\/\",\"https:\\\/\\\/www.linkedin.com\\\/company\\\/vtorino\\\/\"]}]}<\/script>\n<meta property=\"product:brand\" content=\"Hill&#039;s\" \/>\n<meta property=\"product:price:amount\" content=\"22.21\" \/>\n<meta property=\"product:price:currency\" content=\"EUR\" \/>\n<meta property=\"og:availability\" content=\"instock\" \/>\n<meta property=\"product:availability\" content=\"instock\" \/>\n<meta property=\"product:retailer_item_id\" content=\"A-1875920\" \/>\n<meta property=\"product:condition\" content=\"new\" \/>\n<!-- \/ Yoast SEO plugin. -->","yoast_head_json":{"title":"Vetessentials (Hill's) Chien Multi-Benefit Adult Small &amp; Mini Agneau-Riz Hill's - V\u00e9torino","description":"Croquettes pour Chien \u00e0 l'Agneau et Riz formul\u00e9es avec des prot\u00e9ines de haute qualit\u00e9 pour soutenir la sant\u00e9 musculaire et une teneur contr\u00f4l\u00e9e en min\u00e9raux pour la bonne sant\u00e9 des organes vitaux.  Utilisation :   Chiens adultes ou \u00e2g\u00e9s, de moins de 10 kg.","robots":{"index":"noindex","follow":"nofollow"},"og_locale":"fr_FR","og_type":"article","og_title":"Vetessentials (Hill's) Chien Multi-Benefit Adult Small &amp; Mini Agneau-Riz Hill's - V\u00e9torino","og_description":"Croquettes pour Chien \u00e0 l'Agneau et Riz formul\u00e9es avec des prot\u00e9ines de haute qualit\u00e9 pour soutenir la sant\u00e9 musculaire et une teneur contr\u00f4l\u00e9e en min\u00e9raux pour la bonne sant\u00e9 des organes vitaux.  Utilisation :   Chiens adultes ou \u00e2g\u00e9s, de moins de 10 kg.","og_url":"https:\/\/www.vetorino.com\/veterinaire\/ustaritz-64480\/boutique\/product\/vetessentials-canine-multi-benefit-adult-small-mini-agneaux-et-riz\/","og_site_name":"V\u00e9torino","article_publisher":"https:\/\/www.facebook.com\/Vetorino\/","article_modified_time":"2025-07-28T13:48:03+00:00","og_image":[{"width":540,"height":540,"url":"https:\/\/www.vetorino.com\/boutique\/wp-content\/uploads\/2023\/06\/chien-multi-benefit-adult-small-mini-agneau-riz.webp","type":"image\/webp"}],"twitter_card":"summary_large_image","twitter_misc":{"Prix":"22,21&euro;","Disponibilit\u00e9":"En stock"},"schema":{"@context":"https:\/\/schema.org","@graph":[{"@type":"WebPage","@id":"https:\/\/www.vetorino.com\/veterinaire\/briancon-05100\/boutique\/product\/vetessentials-canine-multi-benefit-adult-small-mini-agneaux-et-riz\/","url":"https:\/\/www.vetorino.com\/veterinaire\/briancon-05100\/boutique\/product\/vetessentials-canine-multi-benefit-adult-small-mini-agneaux-et-riz\/","name":"Vetessentials (Hill's) Chien Multi-Benefit Adult Small &amp; Mini Agneau-Riz Hill's - V\u00e9torino","isPartOf":{"@id":"https:\/\/www.vetorino.com\/boutique\/#website"},"primaryImageOfPage":{"@id":"https:\/\/www.vetorino.com\/veterinaire\/briancon-05100\/boutique\/product\/vetessentials-canine-multi-benefit-adult-small-mini-agneaux-et-riz\/#primaryimage"},"image":{"@id":"https:\/\/www.vetorino.com\/veterinaire\/briancon-05100\/boutique\/product\/vetessentials-canine-multi-benefit-adult-small-mini-agneaux-et-riz\/#primaryimage"},"thumbnailUrl":"https:\/\/www.vetorino.com\/boutique\/wp-content\/uploads\/2023\/06\/chien-multi-benefit-adult-small-mini-agneau-riz.webp","datePublished":"2023-06-07T03:35:23+00:00","dateModified":"2025-07-28T13:48:03+00:00","description":"Croquettes pour Chien \u00e0 l'Agneau et Riz formul\u00e9es avec des prot\u00e9ines de haute qualit\u00e9 pour soutenir la sant\u00e9 musculaire et une teneur contr\u00f4l\u00e9e en min\u00e9raux pour la bonne sant\u00e9 des organes vitaux. Utilisation : Chiens adultes ou \u00e2g\u00e9s, de moins de 10 kg.","breadcrumb":{"@id":"https:\/\/www.vetorino.com\/veterinaire\/briancon-05100\/boutique\/product\/vetessentials-canine-multi-benefit-adult-small-mini-agneaux-et-riz\/#breadcrumb"},"inLanguage":"fr-FR","potentialAction":[{"@type":"ReadAction","target":["https:\/\/www.vetorino.com\/veterinaire\/briancon-05100\/boutique\/product\/vetessentials-canine-multi-benefit-adult-small-mini-agneaux-et-riz\/"]}]},{"@type":"ImageObject","inLanguage":"fr-FR","@id":"https:\/\/www.vetorino.com\/veterinaire\/briancon-05100\/boutique\/product\/vetessentials-canine-multi-benefit-adult-small-mini-agneaux-et-riz\/#primaryimage","url":"https:\/\/www.vetorino.com\/boutique\/wp-content\/uploads\/2023\/06\/chien-multi-benefit-adult-small-mini-agneau-riz.webp","contentUrl":"https:\/\/www.vetorino.com\/boutique\/wp-content\/uploads\/2023\/06\/chien-multi-benefit-adult-small-mini-agneau-riz.webp","width":540,"height":540},{"@type":"BreadcrumbList","@id":"https:\/\/www.vetorino.com\/veterinaire\/briancon-05100\/boutique\/product\/vetessentials-canine-multi-benefit-adult-small-mini-agneaux-et-riz\/#breadcrumb","itemListElement":[{"@type":"ListItem","position":1,"name":"Accueil","item":"https:\/\/www.vetorino.com\/boutique\/"},{"@type":"ListItem","position":2,"name":"Produits","item":"https:\/\/www.vetorino.com\/boutique\/"},{"@type":"ListItem","position":3,"name":"Chien Multi-Benefit Adult Small &amp; Mini Agneau-Riz"}]},{"@type":"WebSite","@id":"https:\/\/www.vetorino.com\/boutique\/#website","url":"https:\/\/www.vetorino.com\/boutique\/","name":"V\u00e9torino","description":"","publisher":{"@id":"https:\/\/www.vetorino.com\/boutique\/#organization"},"potentialAction":[{"@type":"SearchAction","target":{"@type":"EntryPoint","urlTemplate":"https:\/\/www.vetorino.com\/boutique\/?s={search_term_string}"},"query-input":{"@type":"PropertyValueSpecification","valueRequired":true,"valueName":"search_term_string"}}],"inLanguage":"fr-FR"},{"@type":"Organization","@id":"https:\/\/www.vetorino.com\/boutique\/#organization","name":"V\u00e9torino","url":"https:\/\/www.vetorino.com\/boutique\/","logo":{"@type":"ImageObject","inLanguage":"fr-FR","@id":"https:\/\/www.vetorino.com\/boutique\/#\/schema\/logo\/image\/","url":"https:\/\/www.vetorino.com\/boutique\/wp-content\/uploads\/2024\/10\/logo.jpg","contentUrl":"https:\/\/www.vetorino.com\/boutique\/wp-content\/uploads\/2024\/10\/logo.jpg","width":1200,"height":610,"caption":"V\u00e9torino"},"image":{"@id":"https:\/\/www.vetorino.com\/boutique\/#\/schema\/logo\/image\/"},"sameAs":["https:\/\/www.facebook.com\/Vetorino\/","https:\/\/www.instagram.com\/vetorino_off\/","https:\/\/www.linkedin.com\/company\/vtorino\/"]}]},"product_brand":"Hill's","product_price_amount":"22.21","product_price_currency":"EUR","og_availability":"instock","product_availability":"instock","product_retailer_item_id":"A-1875920","product_condition":"new"},"_links":{"self":[{"href":"https:\/\/www.vetorino.com\/veterinaire\/ustaritz-64480\/boutique\/wp-json\/wp\/v2\/product\/630147","targetHints":{"allow":["GET"]}}],"collection":[{"href":"https:\/\/www.vetorino.com\/veterinaire\/ustaritz-64480\/boutique\/wp-json\/wp\/v2\/product"}],"about":[{"href":"https:\/\/www.vetorino.com\/veterinaire\/ustaritz-64480\/boutique\/wp-json\/wp\/v2\/types\/product"}],"wp:featuredmedia":[{"embeddable":true,"href":"https:\/\/www.vetorino.com\/veterinaire\/ustaritz-64480\/boutique\/wp-json\/wp\/v2\/media\/839817"}],"wp:attachment":[{"href":"https:\/\/www.vetorino.com\/veterinaire\/ustaritz-64480\/boutique\/wp-json\/wp\/v2\/media?parent=630147"}],"wp:term":[{"taxonomy":"product_cat","embeddable":true,"href":"https:\/\/www.vetorino.com\/veterinaire\/ustaritz-64480\/boutique\/wp-json\/wp\/v2\/product_cat?post=630147"},{"taxonomy":"product_tag","embeddable":true,"href":"https:\/\/www.vetorino.com\/veterinaire\/ustaritz-64480\/boutique\/wp-json\/wp\/v2\/product_tag?post=630147"}],"curies":[{"name":"wp","href":"https:\/\/api.w.org\/{rel}","templated":true}]}}