{"id":984794,"date":"2024-07-29T10:32:27","date_gmt":"2024-07-29T08:32:27","guid":{"rendered":"https:\/\/www.vetorino.com\/boutique\/product\/pets-relief-allergone\/"},"modified":"2024-07-31T11:37:59","modified_gmt":"2024-07-31T09:37:59","slug":"pets-relief-allergone","status":"publish","type":"product","link":"https:\/\/www.vetorino.com\/veterinaire\/ustaritz-64480\/boutique\/product\/pets-relief-allergone\/","title":{"rendered":"Allergone"},"content":{"rendered":"<p><strong>Spray environnemental qui neutralise les allerg\u00e8nes des acariens et r\u00e9duit le niveau d\u2019allerg\u00e8nes de la poussi\u00e8re dans l\u2019environnement domestique.<\/strong><\/p>\n<p><b>Vaporisez directement sur les objets o\u00f9 la poussi\u00e8re domestique est susceptible de se trouver, tels que : Tapis et moquettes &#8211; Linge de lit &#8211; Matelas &#8211; Meubles rembourr\u00e9s &#8211; Jouets en peluche &#8211; Rideaux<\/b><\/p>\n<p><b>Utilisation :<\/b><\/p>\n<p>Retirer les housses des matelas, des couettes et des oreillers avant la pulv\u00e9risation.<br \/>\nAgiter le r\u00e9cipient avant utilisation et appuyer trois fois sur la poign\u00e9e pour activer la pulv\u00e9risation.<br \/>\nPulv\u00e9risez \u00e0 une distance de 30 cm.<br \/>\nD\u00e9placez le flacon d&#8217;avant en arri\u00e8re au-dessus de l&#8217;objet pendant la pulv\u00e9risation, et vaporisez tous les c\u00f4t\u00e9s de l&#8217;objet.<br \/>\nPour une pulv\u00e9risation continue, pompez la poign\u00e9e en suivant un rythme r\u00e9gulier.<br \/>\nLaissez s\u00e9cher pendant 1 heure et a\u00e9rez la pi\u00e8ce.<br \/>\nNe pas passer l&#8217;aspirateur pendant les 3 jours suivant l&#8217;application.<br \/>\nLe lavage des objets enl\u00e8vera le spray, il faut donc les vaporiser \u00e0 nouveau apr\u00e8s les avoir lav\u00e9s.<\/p>\n<p><strong>Avantages :<\/strong><\/p>\n<p>Le spray est \u00e0 double action :\u00a0 Il contient une suspension aqueuse de microcapsules remplies d\u2019un m\u00e9lange de substances qui modifient la structure chimique des particules allerg\u00e8nes ; il forme un film polym\u00e8re qui colle les minuscules particules de poussi\u00e8re ensemble pour former des particules plus grosses et les emp\u00eacher de flotter dans l\u2019air.<br \/>\nLes allerg\u00e8nes agr\u00e9g\u00e9s peuvent ensuite \u00eatre facilement \u00e9limin\u00e9s par un nettoyage classique.<br \/>\nIl est efficace jusqu\u2019\u00e0 5 mois apr\u00e8s application, avec une lib\u00e9ration contr\u00f4l\u00e9e de ses ingr\u00e9dients actifs gr\u00e2ce \u00e0 la technologie de lib\u00e9ration lente.\u00a0 Allergone a \u00e9t\u00e9 test\u00e9 et approuv\u00e9 dans l\u2019UE.<\/p>\n","protected":false},"excerpt":{"rendered":"<p><strong>Spray environnemental qui neutralise les allerg\u00e8nes des acariens et r\u00e9duit le niveau d\u2019allerg\u00e8nes de la poussi\u00e8re dans l\u2019environnement domestique.<\/strong><\/p>\n","protected":false},"featured_media":984796,"template":"","meta":[],"product_cat":[12553,2697,12567,12630,12648],"product_tag":[],"class_list":{"0":"post-984794","1":"product","2":"type-product","3":"status-publish","4":"has-post-thumbnail","6":"product_cat-antiparasitaire-du-chat","7":"product_cat-chat","8":"product_cat-produit-veterinaire-du-chat","9":"product_cat-protection-du-chat","10":"product_cat-traitement-de-lhabitat-du-chat","11":"pa_marque-nextmune","13":"first","14":"instock","15":"taxable","16":"shipping-taxable","17":"purchasable","18":"product-type-simple"},"yoast_head":"<!-- This site is optimized with the Yoast SEO plugin v27.3 - https:\/\/yoast.com\/product\/yoast-seo-wordpress\/ -->\n<title>Allergone NEXTMUNE - V\u00e9torino<\/title>\n<meta name=\"description\" content=\"Spray environnemental qui neutralise les allerg\u00e8nes des acariens et r\u00e9duit le niveau d\u2019allerg\u00e8nes de la poussi\u00e8re dans l\u2019environnement domestique.\" \/>\n<meta name=\"robots\" content=\"noindex, nofollow\" \/>\n<meta property=\"og:locale\" content=\"fr_FR\" \/>\n<meta property=\"og:type\" content=\"article\" \/>\n<meta property=\"og:title\" content=\"Allergone NEXTMUNE - V\u00e9torino\" \/>\n<meta property=\"og:description\" content=\"Spray environnemental qui neutralise les allerg\u00e8nes des acariens et r\u00e9duit le niveau d\u2019allerg\u00e8nes de la poussi\u00e8re dans l\u2019environnement domestique.\" \/>\n<meta property=\"og:url\" content=\"https:\/\/www.vetorino.com\/veterinaire\/ustaritz-64480\/boutique\/product\/pets-relief-allergone\/\" \/>\n<meta property=\"og:site_name\" content=\"V\u00e9torino\" \/>\n<meta property=\"article:publisher\" content=\"https:\/\/www.facebook.com\/Vetorino\/\" \/>\n<meta property=\"article:modified_time\" content=\"2024-07-31T09:37:59+00:00\" \/>\n<meta property=\"og:image\" content=\"https:\/\/www.vetorino.com\/boutique\/wp-content\/uploads\/2024\/07\/allergone.webp\" \/>\n\t<meta property=\"og:image:width\" content=\"540\" \/>\n\t<meta property=\"og:image:height\" content=\"540\" \/>\n\t<meta property=\"og:image:type\" content=\"image\/webp\" \/>\n<meta name=\"twitter:card\" content=\"summary_large_image\" \/>\n<meta name=\"twitter:label1\" content=\"Prix\" \/>\n\t<meta name=\"twitter:data1\" content=\"24,24&euro;\" \/>\n\t<meta name=\"twitter:label2\" content=\"Disponibilit\u00e9\" \/>\n\t<meta name=\"twitter:data2\" content=\"En stock\" \/>\n<script type=\"application\/ld+json\" class=\"yoast-schema-graph\">{\"@context\":\"https:\\\/\\\/schema.org\",\"@graph\":[{\"@type\":\"WebPage\",\"@id\":\"https:\\\/\\\/www.vetorino.com\\\/boutique\\\/product\\\/pets-relief-allergone\\\/\",\"url\":\"https:\\\/\\\/www.vetorino.com\\\/boutique\\\/product\\\/pets-relief-allergone\\\/\",\"name\":\"Allergone NEXTMUNE - V\u00e9torino\",\"isPartOf\":{\"@id\":\"https:\\\/\\\/www.vetorino.com\\\/boutique\\\/#website\"},\"primaryImageOfPage\":{\"@id\":\"https:\\\/\\\/www.vetorino.com\\\/boutique\\\/product\\\/pets-relief-allergone\\\/#primaryimage\"},\"image\":{\"@id\":\"https:\\\/\\\/www.vetorino.com\\\/boutique\\\/product\\\/pets-relief-allergone\\\/#primaryimage\"},\"thumbnailUrl\":\"https:\\\/\\\/www.vetorino.com\\\/boutique\\\/wp-content\\\/uploads\\\/2024\\\/07\\\/allergone.webp\",\"datePublished\":\"2024-07-29T08:32:27+00:00\",\"dateModified\":\"2024-07-31T09:37:59+00:00\",\"description\":\"Spray environnemental qui neutralise les allerg\u00e8nes des acariens et r\u00e9duit le niveau d\u2019allerg\u00e8nes de la poussi\u00e8re dans l\u2019environnement domestique.\",\"breadcrumb\":{\"@id\":\"https:\\\/\\\/www.vetorino.com\\\/boutique\\\/product\\\/pets-relief-allergone\\\/#breadcrumb\"},\"inLanguage\":\"fr-FR\",\"potentialAction\":[{\"@type\":\"ReadAction\",\"target\":[\"https:\\\/\\\/www.vetorino.com\\\/boutique\\\/product\\\/pets-relief-allergone\\\/\"]}]},{\"@type\":\"ImageObject\",\"inLanguage\":\"fr-FR\",\"@id\":\"https:\\\/\\\/www.vetorino.com\\\/boutique\\\/product\\\/pets-relief-allergone\\\/#primaryimage\",\"url\":\"https:\\\/\\\/www.vetorino.com\\\/boutique\\\/wp-content\\\/uploads\\\/2024\\\/07\\\/allergone.webp\",\"contentUrl\":\"https:\\\/\\\/www.vetorino.com\\\/boutique\\\/wp-content\\\/uploads\\\/2024\\\/07\\\/allergone.webp\",\"width\":540,\"height\":540},{\"@type\":\"BreadcrumbList\",\"@id\":\"https:\\\/\\\/www.vetorino.com\\\/boutique\\\/product\\\/pets-relief-allergone\\\/#breadcrumb\",\"itemListElement\":[{\"@type\":\"ListItem\",\"position\":1,\"name\":\"Accueil\",\"item\":\"https:\\\/\\\/www.vetorino.com\\\/boutique\\\/\"},{\"@type\":\"ListItem\",\"position\":2,\"name\":\"Produits\",\"item\":\"https:\\\/\\\/www.vetorino.com\\\/boutique\\\/\"},{\"@type\":\"ListItem\",\"position\":3,\"name\":\"Allergone\"}]},{\"@type\":\"WebSite\",\"@id\":\"https:\\\/\\\/www.vetorino.com\\\/boutique\\\/#website\",\"url\":\"https:\\\/\\\/www.vetorino.com\\\/boutique\\\/\",\"name\":\"V\u00e9torino\",\"description\":\"\",\"publisher\":{\"@id\":\"https:\\\/\\\/www.vetorino.com\\\/boutique\\\/#organization\"},\"potentialAction\":[{\"@type\":\"SearchAction\",\"target\":{\"@type\":\"EntryPoint\",\"urlTemplate\":\"https:\\\/\\\/www.vetorino.com\\\/boutique\\\/?s={search_term_string}\"},\"query-input\":{\"@type\":\"PropertyValueSpecification\",\"valueRequired\":true,\"valueName\":\"search_term_string\"}}],\"inLanguage\":\"fr-FR\"},{\"@type\":\"Organization\",\"@id\":\"https:\\\/\\\/www.vetorino.com\\\/boutique\\\/#organization\",\"name\":\"V\u00e9torino\",\"url\":\"https:\\\/\\\/www.vetorino.com\\\/boutique\\\/\",\"logo\":{\"@type\":\"ImageObject\",\"inLanguage\":\"fr-FR\",\"@id\":\"https:\\\/\\\/www.vetorino.com\\\/boutique\\\/#\\\/schema\\\/logo\\\/image\\\/\",\"url\":\"https:\\\/\\\/www.vetorino.com\\\/boutique\\\/wp-content\\\/uploads\\\/2024\\\/10\\\/logo.jpg\",\"contentUrl\":\"https:\\\/\\\/www.vetorino.com\\\/boutique\\\/wp-content\\\/uploads\\\/2024\\\/10\\\/logo.jpg\",\"width\":1200,\"height\":610,\"caption\":\"V\u00e9torino\"},\"image\":{\"@id\":\"https:\\\/\\\/www.vetorino.com\\\/boutique\\\/#\\\/schema\\\/logo\\\/image\\\/\"},\"sameAs\":[\"https:\\\/\\\/www.facebook.com\\\/Vetorino\\\/\",\"https:\\\/\\\/www.instagram.com\\\/vetorino_off\\\/\",\"https:\\\/\\\/www.linkedin.com\\\/company\\\/vtorino\\\/\"]}]}<\/script>\n<meta property=\"product:brand\" content=\"NEXTMUNE\" \/>\n<meta property=\"product:price:amount\" content=\"24.24\" \/>\n<meta property=\"product:price:currency\" content=\"EUR\" \/>\n<meta property=\"og:availability\" content=\"instock\" \/>\n<meta property=\"product:availability\" content=\"instock\" \/>\n<meta property=\"product:retailer_item_id\" content=\"A-1876070\" \/>\n<meta property=\"product:condition\" content=\"new\" \/>\n<!-- \/ Yoast SEO plugin. -->","yoast_head_json":{"title":"Allergone NEXTMUNE - V\u00e9torino","description":"Spray environnemental qui neutralise les allerg\u00e8nes des acariens et r\u00e9duit le niveau d\u2019allerg\u00e8nes de la poussi\u00e8re dans l\u2019environnement domestique.","robots":{"index":"noindex","follow":"nofollow"},"og_locale":"fr_FR","og_type":"article","og_title":"Allergone NEXTMUNE - V\u00e9torino","og_description":"Spray environnemental qui neutralise les allerg\u00e8nes des acariens et r\u00e9duit le niveau d\u2019allerg\u00e8nes de la poussi\u00e8re dans l\u2019environnement domestique.","og_url":"https:\/\/www.vetorino.com\/veterinaire\/ustaritz-64480\/boutique\/product\/pets-relief-allergone\/","og_site_name":"V\u00e9torino","article_publisher":"https:\/\/www.facebook.com\/Vetorino\/","article_modified_time":"2024-07-31T09:37:59+00:00","og_image":[{"width":540,"height":540,"url":"https:\/\/www.vetorino.com\/boutique\/wp-content\/uploads\/2024\/07\/allergone.webp","type":"image\/webp"}],"twitter_card":"summary_large_image","twitter_misc":{"Prix":"24,24&euro;","Disponibilit\u00e9":"En stock"},"schema":{"@context":"https:\/\/schema.org","@graph":[{"@type":"WebPage","@id":"https:\/\/www.vetorino.com\/boutique\/product\/pets-relief-allergone\/","url":"https:\/\/www.vetorino.com\/boutique\/product\/pets-relief-allergone\/","name":"Allergone NEXTMUNE - V\u00e9torino","isPartOf":{"@id":"https:\/\/www.vetorino.com\/boutique\/#website"},"primaryImageOfPage":{"@id":"https:\/\/www.vetorino.com\/boutique\/product\/pets-relief-allergone\/#primaryimage"},"image":{"@id":"https:\/\/www.vetorino.com\/boutique\/product\/pets-relief-allergone\/#primaryimage"},"thumbnailUrl":"https:\/\/www.vetorino.com\/boutique\/wp-content\/uploads\/2024\/07\/allergone.webp","datePublished":"2024-07-29T08:32:27+00:00","dateModified":"2024-07-31T09:37:59+00:00","description":"Spray environnemental qui neutralise les allerg\u00e8nes des acariens et r\u00e9duit le niveau d\u2019allerg\u00e8nes de la poussi\u00e8re dans l\u2019environnement domestique.","breadcrumb":{"@id":"https:\/\/www.vetorino.com\/boutique\/product\/pets-relief-allergone\/#breadcrumb"},"inLanguage":"fr-FR","potentialAction":[{"@type":"ReadAction","target":["https:\/\/www.vetorino.com\/boutique\/product\/pets-relief-allergone\/"]}]},{"@type":"ImageObject","inLanguage":"fr-FR","@id":"https:\/\/www.vetorino.com\/boutique\/product\/pets-relief-allergone\/#primaryimage","url":"https:\/\/www.vetorino.com\/boutique\/wp-content\/uploads\/2024\/07\/allergone.webp","contentUrl":"https:\/\/www.vetorino.com\/boutique\/wp-content\/uploads\/2024\/07\/allergone.webp","width":540,"height":540},{"@type":"BreadcrumbList","@id":"https:\/\/www.vetorino.com\/boutique\/product\/pets-relief-allergone\/#breadcrumb","itemListElement":[{"@type":"ListItem","position":1,"name":"Accueil","item":"https:\/\/www.vetorino.com\/boutique\/"},{"@type":"ListItem","position":2,"name":"Produits","item":"https:\/\/www.vetorino.com\/boutique\/"},{"@type":"ListItem","position":3,"name":"Allergone"}]},{"@type":"WebSite","@id":"https:\/\/www.vetorino.com\/boutique\/#website","url":"https:\/\/www.vetorino.com\/boutique\/","name":"V\u00e9torino","description":"","publisher":{"@id":"https:\/\/www.vetorino.com\/boutique\/#organization"},"potentialAction":[{"@type":"SearchAction","target":{"@type":"EntryPoint","urlTemplate":"https:\/\/www.vetorino.com\/boutique\/?s={search_term_string}"},"query-input":{"@type":"PropertyValueSpecification","valueRequired":true,"valueName":"search_term_string"}}],"inLanguage":"fr-FR"},{"@type":"Organization","@id":"https:\/\/www.vetorino.com\/boutique\/#organization","name":"V\u00e9torino","url":"https:\/\/www.vetorino.com\/boutique\/","logo":{"@type":"ImageObject","inLanguage":"fr-FR","@id":"https:\/\/www.vetorino.com\/boutique\/#\/schema\/logo\/image\/","url":"https:\/\/www.vetorino.com\/boutique\/wp-content\/uploads\/2024\/10\/logo.jpg","contentUrl":"https:\/\/www.vetorino.com\/boutique\/wp-content\/uploads\/2024\/10\/logo.jpg","width":1200,"height":610,"caption":"V\u00e9torino"},"image":{"@id":"https:\/\/www.vetorino.com\/boutique\/#\/schema\/logo\/image\/"},"sameAs":["https:\/\/www.facebook.com\/Vetorino\/","https:\/\/www.instagram.com\/vetorino_off\/","https:\/\/www.linkedin.com\/company\/vtorino\/"]}]},"product_brand":"NEXTMUNE","product_price_amount":"24.24","product_price_currency":"EUR","og_availability":"instock","product_availability":"instock","product_retailer_item_id":"A-1876070","product_condition":"new"},"_links":{"self":[{"href":"https:\/\/www.vetorino.com\/veterinaire\/ustaritz-64480\/boutique\/wp-json\/wp\/v2\/product\/984794","targetHints":{"allow":["GET"]}}],"collection":[{"href":"https:\/\/www.vetorino.com\/veterinaire\/ustaritz-64480\/boutique\/wp-json\/wp\/v2\/product"}],"about":[{"href":"https:\/\/www.vetorino.com\/veterinaire\/ustaritz-64480\/boutique\/wp-json\/wp\/v2\/types\/product"}],"wp:featuredmedia":[{"embeddable":true,"href":"https:\/\/www.vetorino.com\/veterinaire\/ustaritz-64480\/boutique\/wp-json\/wp\/v2\/media\/984796"}],"wp:attachment":[{"href":"https:\/\/www.vetorino.com\/veterinaire\/ustaritz-64480\/boutique\/wp-json\/wp\/v2\/media?parent=984794"}],"wp:term":[{"taxonomy":"product_cat","embeddable":true,"href":"https:\/\/www.vetorino.com\/veterinaire\/ustaritz-64480\/boutique\/wp-json\/wp\/v2\/product_cat?post=984794"},{"taxonomy":"product_tag","embeddable":true,"href":"https:\/\/www.vetorino.com\/veterinaire\/ustaritz-64480\/boutique\/wp-json\/wp\/v2\/product_tag?post=984794"}],"curies":[{"name":"wp","href":"https:\/\/api.w.org\/{rel}","templated":true}]}}