{"id":350762,"date":"2022-07-20T02:41:33","date_gmt":"2022-07-20T00:41:33","guid":{"rendered":"https:\/\/www.vetorino.com\/boutique\/?post_type=product&#038;p=350762"},"modified":"2024-07-17T15:15:16","modified_gmt":"2024-07-17T13:15:16","slug":"coton-gaze-hm-pro-rouleau-pansement-americain-uu-2","status":"publish","type":"product","link":"https:\/\/www.vetorino.com\/veterinaire\/villenavedornon-33140-1\/boutique\/product\/coton-gaze-hm-pro-rouleau-pansement-americain-uu-2\/","title":{"rendered":"COTON GAZE HM PRO ROULEAU"},"content":{"rendered":"<p>Rouleau de coton gaze \u00e0 couper aux dimensions d\u00e9sir\u00e9es.<br \/>\nPansement compos\u00e9 d&#8217;une \u00e9paisse couche de coton chirurgical, contenue dans une gaine de gaze tubulaire st\u00e9rilisable.<br \/>\nAucune mati\u00e8re synth\u00e9tique ne rentre dans la composition de ce produit.<\/p>\n<ul>\n<li>Rouleau de coton gaze \u00e0 couper aux dimensions d\u00e9sir\u00e9es.<\/li>\n<li>Pansement compos\u00e9 d&#8217;une \u00e9paisse couche de coton chirurgical, contenue dans une gaine de gaze tubulaire st\u00e9rilisable.<\/li>\n<li>Aucune mati\u00e8re synth\u00e9tique ne rentre dans la composition de ce produit.<\/li>\n<li>Il absorbe la transpiration, les fluides et maintient la peau au sec.<\/li>\n<\/ul>\n","protected":false},"excerpt":{"rendered":"<p>V\u00e9ritable nappe de coton enti\u00e8rement entour\u00e9e par un voile de gaze de coton hydrophile. <strong>COTON GAZE HM PRO<\/strong> absorbe la transpiration et maintient la peau au sec. Il \u00e9vite une tension trop forte du pansement sur le membre et r\u00e9partit uniform\u00e9ment la pression. <strong>COTON GAZE HM PRO<\/strong> est un excellent pansement isolant qui peut-\u00eatre d\u00e9coup\u00e9 \u00e0 la taille d\u00e9sir\u00e9e.<\/p>\n","protected":false},"featured_media":976000,"template":"","meta":[],"product_cat":[12547,2698,12754],"product_tag":[],"class_list":{"0":"post-350762","1":"product","2":"type-product","3":"status-publish","4":"has-post-thumbnail","6":"product_cat-cheval","7":"product_cat-chien","8":"product_cat-soins-au-quotidien-du-cheval","9":"pa_marque-horse-master","11":"first","12":"instock","13":"taxable","14":"shipping-taxable","15":"purchasable","16":"product-type-variable"},"yoast_head":"<!-- This site is optimized with the Yoast SEO plugin v27.3 - https:\/\/yoast.com\/product\/yoast-seo-wordpress\/ -->\n<title>COTON GAZE HM PRO ROULEAU HORSE MASTER - V\u00e9torino<\/title>\n<meta name=\"description\" content=\"V\u00e9ritable nappe de coton enti\u00e8rement entour\u00e9e par un voile de gaze de coton hydrophile. COTON GAZE HM PRO absorbe la transpiration et maintient la peau au sec. Il \u00e9vite une tension trop forte du pansement sur le membre et r\u00e9partit uniform\u00e9ment la pression. COTON GAZE HM PRO est un excellent pansement isolant qui peut-\u00eatre d\u00e9coup\u00e9 \u00e0 la taille d\u00e9sir\u00e9e.\" \/>\n<meta name=\"robots\" content=\"noindex, nofollow\" \/>\n<meta property=\"og:locale\" content=\"fr_FR\" \/>\n<meta property=\"og:type\" content=\"article\" \/>\n<meta property=\"og:title\" content=\"COTON GAZE HM PRO ROULEAU HORSE MASTER - V\u00e9torino\" \/>\n<meta property=\"og:description\" content=\"V\u00e9ritable nappe de coton enti\u00e8rement entour\u00e9e par un voile de gaze de coton hydrophile. COTON GAZE HM PRO absorbe la transpiration et maintient la peau au sec. Il \u00e9vite une tension trop forte du pansement sur le membre et r\u00e9partit uniform\u00e9ment la pression. COTON GAZE HM PRO est un excellent pansement isolant qui peut-\u00eatre d\u00e9coup\u00e9 \u00e0 la taille d\u00e9sir\u00e9e.\" \/>\n<meta property=\"og:url\" content=\"https:\/\/www.vetorino.com\/veterinaire\/villenavedornon-33140-1\/boutique\/product\/coton-gaze-hm-pro-rouleau-pansement-americain-uu-2\/\" \/>\n<meta property=\"og:site_name\" content=\"V\u00e9torino\" \/>\n<meta property=\"article:publisher\" content=\"https:\/\/www.facebook.com\/Vetorino\/\" \/>\n<meta property=\"article:modified_time\" content=\"2024-07-17T13:15:16+00:00\" \/>\n<meta property=\"og:image\" content=\"https:\/\/www.vetorino.com\/boutique\/wp-content\/uploads\/2022\/07\/6026c694f1ba2.jpg\" \/>\n\t<meta property=\"og:image:width\" content=\"555\" \/>\n\t<meta property=\"og:image:height\" content=\"555\" \/>\n\t<meta property=\"og:image:type\" content=\"image\/jpeg\" \/>\n<meta name=\"twitter:card\" content=\"summary_large_image\" \/>\n<meta name=\"twitter:label1\" content=\"Disponibilit\u00e9\" \/>\n\t<meta name=\"twitter:data1\" content=\"En stock\" \/>\n<script type=\"application\/ld+json\" class=\"yoast-schema-graph\">{\"@context\":\"https:\\\/\\\/schema.org\",\"@graph\":[{\"@type\":\"WebPage\",\"@id\":\"https:\\\/\\\/www.vetorino.com\\\/veterinaire\\\/vincennes-loup-94300\\\/boutique\\\/product\\\/coton-gaze-hm-pro-rouleau-pansement-americain-uu-2\\\/\",\"url\":\"https:\\\/\\\/www.vetorino.com\\\/veterinaire\\\/vincennes-loup-94300\\\/boutique\\\/product\\\/coton-gaze-hm-pro-rouleau-pansement-americain-uu-2\\\/\",\"name\":\"COTON GAZE HM PRO ROULEAU HORSE MASTER - V\u00e9torino\",\"isPartOf\":{\"@id\":\"https:\\\/\\\/www.vetorino.com\\\/boutique\\\/#website\"},\"primaryImageOfPage\":{\"@id\":\"https:\\\/\\\/www.vetorino.com\\\/veterinaire\\\/vincennes-loup-94300\\\/boutique\\\/product\\\/coton-gaze-hm-pro-rouleau-pansement-americain-uu-2\\\/#primaryimage\"},\"image\":{\"@id\":\"https:\\\/\\\/www.vetorino.com\\\/veterinaire\\\/vincennes-loup-94300\\\/boutique\\\/product\\\/coton-gaze-hm-pro-rouleau-pansement-americain-uu-2\\\/#primaryimage\"},\"thumbnailUrl\":\"https:\\\/\\\/www.vetorino.com\\\/boutique\\\/wp-content\\\/uploads\\\/2022\\\/07\\\/6026c694f1ba2.jpg\",\"datePublished\":\"2022-07-20T00:41:33+00:00\",\"dateModified\":\"2024-07-17T13:15:16+00:00\",\"description\":\"V\u00e9ritable nappe de coton enti\u00e8rement entour\u00e9e par un voile de gaze de coton hydrophile. COTON GAZE HM PRO absorbe la transpiration et maintient la peau au sec. Il \u00e9vite une tension trop forte du pansement sur le membre et r\u00e9partit uniform\u00e9ment la pression. COTON GAZE HM PRO est un excellent pansement isolant qui peut-\u00eatre d\u00e9coup\u00e9 \u00e0 la taille d\u00e9sir\u00e9e.\",\"breadcrumb\":{\"@id\":\"https:\\\/\\\/www.vetorino.com\\\/veterinaire\\\/vincennes-loup-94300\\\/boutique\\\/product\\\/coton-gaze-hm-pro-rouleau-pansement-americain-uu-2\\\/#breadcrumb\"},\"inLanguage\":\"fr-FR\",\"potentialAction\":[{\"@type\":\"ReadAction\",\"target\":[\"https:\\\/\\\/www.vetorino.com\\\/veterinaire\\\/vincennes-loup-94300\\\/boutique\\\/product\\\/coton-gaze-hm-pro-rouleau-pansement-americain-uu-2\\\/\"]}]},{\"@type\":\"ImageObject\",\"inLanguage\":\"fr-FR\",\"@id\":\"https:\\\/\\\/www.vetorino.com\\\/veterinaire\\\/vincennes-loup-94300\\\/boutique\\\/product\\\/coton-gaze-hm-pro-rouleau-pansement-americain-uu-2\\\/#primaryimage\",\"url\":\"https:\\\/\\\/www.vetorino.com\\\/boutique\\\/wp-content\\\/uploads\\\/2022\\\/07\\\/6026c694f1ba2.jpg\",\"contentUrl\":\"https:\\\/\\\/www.vetorino.com\\\/boutique\\\/wp-content\\\/uploads\\\/2022\\\/07\\\/6026c694f1ba2.jpg\",\"width\":555,\"height\":555},{\"@type\":\"BreadcrumbList\",\"@id\":\"https:\\\/\\\/www.vetorino.com\\\/veterinaire\\\/vincennes-loup-94300\\\/boutique\\\/product\\\/coton-gaze-hm-pro-rouleau-pansement-americain-uu-2\\\/#breadcrumb\",\"itemListElement\":[{\"@type\":\"ListItem\",\"position\":1,\"name\":\"Accueil\",\"item\":\"https:\\\/\\\/www.vetorino.com\\\/boutique\\\/\"},{\"@type\":\"ListItem\",\"position\":2,\"name\":\"Produits\",\"item\":\"https:\\\/\\\/www.vetorino.com\\\/boutique\\\/\"},{\"@type\":\"ListItem\",\"position\":3,\"name\":\"COTON GAZE HM PRO ROULEAU\"}]},{\"@type\":\"WebSite\",\"@id\":\"https:\\\/\\\/www.vetorino.com\\\/boutique\\\/#website\",\"url\":\"https:\\\/\\\/www.vetorino.com\\\/boutique\\\/\",\"name\":\"V\u00e9torino\",\"description\":\"\",\"publisher\":{\"@id\":\"https:\\\/\\\/www.vetorino.com\\\/boutique\\\/#organization\"},\"potentialAction\":[{\"@type\":\"SearchAction\",\"target\":{\"@type\":\"EntryPoint\",\"urlTemplate\":\"https:\\\/\\\/www.vetorino.com\\\/boutique\\\/?s={search_term_string}\"},\"query-input\":{\"@type\":\"PropertyValueSpecification\",\"valueRequired\":true,\"valueName\":\"search_term_string\"}}],\"inLanguage\":\"fr-FR\"},{\"@type\":\"Organization\",\"@id\":\"https:\\\/\\\/www.vetorino.com\\\/boutique\\\/#organization\",\"name\":\"V\u00e9torino\",\"url\":\"https:\\\/\\\/www.vetorino.com\\\/boutique\\\/\",\"logo\":{\"@type\":\"ImageObject\",\"inLanguage\":\"fr-FR\",\"@id\":\"https:\\\/\\\/www.vetorino.com\\\/boutique\\\/#\\\/schema\\\/logo\\\/image\\\/\",\"url\":\"https:\\\/\\\/www.vetorino.com\\\/boutique\\\/wp-content\\\/uploads\\\/2024\\\/10\\\/logo.jpg\",\"contentUrl\":\"https:\\\/\\\/www.vetorino.com\\\/boutique\\\/wp-content\\\/uploads\\\/2024\\\/10\\\/logo.jpg\",\"width\":1200,\"height\":610,\"caption\":\"V\u00e9torino\"},\"image\":{\"@id\":\"https:\\\/\\\/www.vetorino.com\\\/boutique\\\/#\\\/schema\\\/logo\\\/image\\\/\"},\"sameAs\":[\"https:\\\/\\\/www.facebook.com\\\/Vetorino\\\/\",\"https:\\\/\\\/www.instagram.com\\\/vetorino_off\\\/\",\"https:\\\/\\\/www.linkedin.com\\\/company\\\/vtorino\\\/\"]}]}<\/script>\n<meta property=\"product:brand\" content=\"HORSE MASTER\" \/>\n<meta property=\"og:availability\" content=\"instock\" \/>\n<meta property=\"product:availability\" content=\"instock\" \/>\n<meta property=\"product:condition\" content=\"new\" \/>\n<!-- \/ Yoast SEO plugin. -->","yoast_head_json":{"title":"COTON GAZE HM PRO ROULEAU HORSE MASTER - V\u00e9torino","description":"V\u00e9ritable nappe de coton enti\u00e8rement entour\u00e9e par un voile de gaze de coton hydrophile. COTON GAZE HM PRO absorbe la transpiration et maintient la peau au sec. Il \u00e9vite une tension trop forte du pansement sur le membre et r\u00e9partit uniform\u00e9ment la pression. COTON GAZE HM PRO est un excellent pansement isolant qui peut-\u00eatre d\u00e9coup\u00e9 \u00e0 la taille d\u00e9sir\u00e9e.","robots":{"index":"noindex","follow":"nofollow"},"og_locale":"fr_FR","og_type":"article","og_title":"COTON GAZE HM PRO ROULEAU HORSE MASTER - V\u00e9torino","og_description":"V\u00e9ritable nappe de coton enti\u00e8rement entour\u00e9e par un voile de gaze de coton hydrophile. COTON GAZE HM PRO absorbe la transpiration et maintient la peau au sec. Il \u00e9vite une tension trop forte du pansement sur le membre et r\u00e9partit uniform\u00e9ment la pression. COTON GAZE HM PRO est un excellent pansement isolant qui peut-\u00eatre d\u00e9coup\u00e9 \u00e0 la taille d\u00e9sir\u00e9e.","og_url":"https:\/\/www.vetorino.com\/veterinaire\/villenavedornon-33140-1\/boutique\/product\/coton-gaze-hm-pro-rouleau-pansement-americain-uu-2\/","og_site_name":"V\u00e9torino","article_publisher":"https:\/\/www.facebook.com\/Vetorino\/","article_modified_time":"2024-07-17T13:15:16+00:00","og_image":[{"width":555,"height":555,"url":"https:\/\/www.vetorino.com\/boutique\/wp-content\/uploads\/2022\/07\/6026c694f1ba2.jpg","type":"image\/jpeg"}],"twitter_card":"summary_large_image","twitter_misc":{"Disponibilit\u00e9":"En stock"},"schema":{"@context":"https:\/\/schema.org","@graph":[{"@type":"WebPage","@id":"https:\/\/www.vetorino.com\/veterinaire\/vincennes-loup-94300\/boutique\/product\/coton-gaze-hm-pro-rouleau-pansement-americain-uu-2\/","url":"https:\/\/www.vetorino.com\/veterinaire\/vincennes-loup-94300\/boutique\/product\/coton-gaze-hm-pro-rouleau-pansement-americain-uu-2\/","name":"COTON GAZE HM PRO ROULEAU HORSE MASTER - V\u00e9torino","isPartOf":{"@id":"https:\/\/www.vetorino.com\/boutique\/#website"},"primaryImageOfPage":{"@id":"https:\/\/www.vetorino.com\/veterinaire\/vincennes-loup-94300\/boutique\/product\/coton-gaze-hm-pro-rouleau-pansement-americain-uu-2\/#primaryimage"},"image":{"@id":"https:\/\/www.vetorino.com\/veterinaire\/vincennes-loup-94300\/boutique\/product\/coton-gaze-hm-pro-rouleau-pansement-americain-uu-2\/#primaryimage"},"thumbnailUrl":"https:\/\/www.vetorino.com\/boutique\/wp-content\/uploads\/2022\/07\/6026c694f1ba2.jpg","datePublished":"2022-07-20T00:41:33+00:00","dateModified":"2024-07-17T13:15:16+00:00","description":"V\u00e9ritable nappe de coton enti\u00e8rement entour\u00e9e par un voile de gaze de coton hydrophile. COTON GAZE HM PRO absorbe la transpiration et maintient la peau au sec. Il \u00e9vite une tension trop forte du pansement sur le membre et r\u00e9partit uniform\u00e9ment la pression. COTON GAZE HM PRO est un excellent pansement isolant qui peut-\u00eatre d\u00e9coup\u00e9 \u00e0 la taille d\u00e9sir\u00e9e.","breadcrumb":{"@id":"https:\/\/www.vetorino.com\/veterinaire\/vincennes-loup-94300\/boutique\/product\/coton-gaze-hm-pro-rouleau-pansement-americain-uu-2\/#breadcrumb"},"inLanguage":"fr-FR","potentialAction":[{"@type":"ReadAction","target":["https:\/\/www.vetorino.com\/veterinaire\/vincennes-loup-94300\/boutique\/product\/coton-gaze-hm-pro-rouleau-pansement-americain-uu-2\/"]}]},{"@type":"ImageObject","inLanguage":"fr-FR","@id":"https:\/\/www.vetorino.com\/veterinaire\/vincennes-loup-94300\/boutique\/product\/coton-gaze-hm-pro-rouleau-pansement-americain-uu-2\/#primaryimage","url":"https:\/\/www.vetorino.com\/boutique\/wp-content\/uploads\/2022\/07\/6026c694f1ba2.jpg","contentUrl":"https:\/\/www.vetorino.com\/boutique\/wp-content\/uploads\/2022\/07\/6026c694f1ba2.jpg","width":555,"height":555},{"@type":"BreadcrumbList","@id":"https:\/\/www.vetorino.com\/veterinaire\/vincennes-loup-94300\/boutique\/product\/coton-gaze-hm-pro-rouleau-pansement-americain-uu-2\/#breadcrumb","itemListElement":[{"@type":"ListItem","position":1,"name":"Accueil","item":"https:\/\/www.vetorino.com\/boutique\/"},{"@type":"ListItem","position":2,"name":"Produits","item":"https:\/\/www.vetorino.com\/boutique\/"},{"@type":"ListItem","position":3,"name":"COTON GAZE HM PRO ROULEAU"}]},{"@type":"WebSite","@id":"https:\/\/www.vetorino.com\/boutique\/#website","url":"https:\/\/www.vetorino.com\/boutique\/","name":"V\u00e9torino","description":"","publisher":{"@id":"https:\/\/www.vetorino.com\/boutique\/#organization"},"potentialAction":[{"@type":"SearchAction","target":{"@type":"EntryPoint","urlTemplate":"https:\/\/www.vetorino.com\/boutique\/?s={search_term_string}"},"query-input":{"@type":"PropertyValueSpecification","valueRequired":true,"valueName":"search_term_string"}}],"inLanguage":"fr-FR"},{"@type":"Organization","@id":"https:\/\/www.vetorino.com\/boutique\/#organization","name":"V\u00e9torino","url":"https:\/\/www.vetorino.com\/boutique\/","logo":{"@type":"ImageObject","inLanguage":"fr-FR","@id":"https:\/\/www.vetorino.com\/boutique\/#\/schema\/logo\/image\/","url":"https:\/\/www.vetorino.com\/boutique\/wp-content\/uploads\/2024\/10\/logo.jpg","contentUrl":"https:\/\/www.vetorino.com\/boutique\/wp-content\/uploads\/2024\/10\/logo.jpg","width":1200,"height":610,"caption":"V\u00e9torino"},"image":{"@id":"https:\/\/www.vetorino.com\/boutique\/#\/schema\/logo\/image\/"},"sameAs":["https:\/\/www.facebook.com\/Vetorino\/","https:\/\/www.instagram.com\/vetorino_off\/","https:\/\/www.linkedin.com\/company\/vtorino\/"]}]},"product_brand":"HORSE MASTER","og_availability":"instock","product_availability":"instock","product_condition":"new"},"_links":{"self":[{"href":"https:\/\/www.vetorino.com\/veterinaire\/villenavedornon-33140-1\/boutique\/wp-json\/wp\/v2\/product\/350762","targetHints":{"allow":["GET"]}}],"collection":[{"href":"https:\/\/www.vetorino.com\/veterinaire\/villenavedornon-33140-1\/boutique\/wp-json\/wp\/v2\/product"}],"about":[{"href":"https:\/\/www.vetorino.com\/veterinaire\/villenavedornon-33140-1\/boutique\/wp-json\/wp\/v2\/types\/product"}],"wp:featuredmedia":[{"embeddable":true,"href":"https:\/\/www.vetorino.com\/veterinaire\/villenavedornon-33140-1\/boutique\/wp-json\/wp\/v2\/media\/976000"}],"wp:attachment":[{"href":"https:\/\/www.vetorino.com\/veterinaire\/villenavedornon-33140-1\/boutique\/wp-json\/wp\/v2\/media?parent=350762"}],"wp:term":[{"taxonomy":"product_cat","embeddable":true,"href":"https:\/\/www.vetorino.com\/veterinaire\/villenavedornon-33140-1\/boutique\/wp-json\/wp\/v2\/product_cat?post=350762"},{"taxonomy":"product_tag","embeddable":true,"href":"https:\/\/www.vetorino.com\/veterinaire\/villenavedornon-33140-1\/boutique\/wp-json\/wp\/v2\/product_tag?post=350762"}],"curies":[{"name":"wp","href":"https:\/\/api.w.org\/{rel}","templated":true}]}}