{"id":503749,"date":"2022-11-09T17:48:07","date_gmt":"2022-11-09T16:48:07","guid":{"rendered":"https:\/\/www.vetorino.com\/boutique\/product\/litiere-eazzy-fine\/"},"modified":"2025-01-23T17:50:13","modified_gmt":"2025-01-23T16:50:13","slug":"litiere-eazzy-fine","status":"publish","type":"product","link":"https:\/\/www.vetorino.com\/veterinaire\/villenavedornon-33140-1\/boutique\/product\/litiere-eazzy-fine\/","title":{"rendered":"Liti\u00e8re EAZZY Fine"},"content":{"rendered":"<p><strong>Liti\u00e8re 100% naturelle et respectueuse de l&#8217;environnement, avec des granul\u00e9s de 1 mm \u00e0 5 mm ou 1 \u00e0 2,5 mm.<\/strong><\/p>\n<p>Cette liti\u00e8re hypoallerg\u00e9nique r\u00e9pond aux exigences les plus particuli\u00e8res pour le confort des animaux de compagnie et des propri\u00e9taires. Elle absorbe l&#8217;humidit\u00e9 et les odeurs rapidement et efficacement. Sa formule agglom\u00e9rante et sans poussi\u00e8re permet un entretien facile et pratique du bac \u00e0 liti\u00e8re.<\/p>\n<p><strong>Avantages :<\/strong><\/p>\n<ul>\n<li class=\"benefit\">Ultra agglom\u00e9rante<\/li>\n<li class=\"benefit\"><i class=\"aria-hidden=&quot;true&quot;\"><\/i>Absorption rapide<\/li>\n<li class=\"benefit\"><i class=\"aria-hidden=&quot;true&quot;\"><\/i>Contr\u00f4le des odeurs<\/li>\n<li class=\"benefit\"><i class=\"aria-hidden=&quot;true&quot;\"><\/i>Sans poussi\u00e8re<\/li>\n<li class=\"benefit\"><i class=\"aria-hidden=&quot;true&quot;\"><\/i>Argile de Bentonite 100% naturelle<\/li>\n<li class=\"benefit\"><i class=\"aria-hidden=&quot;true&quot;\"><\/i>Environmentally friendly<\/li>\n<li class=\"benefit\"><i class=\"aria-hidden=&quot;true&quot;\"><\/i>Respectueuse de l&#8217;environnement<\/li>\n<\/ul>\n<p><strong>Mode d&#8217;emploi :<\/strong>\u00a0disposez d&#8217;un bac \u00e0 liti\u00e8re suffisamment grand et placez-le id\u00e9alement dans un endroit calme qui conviendra \u00e0 votre chat. Etalez une couche de liti\u00e8re de 6-8 cm d&#8217;\u00e9paisseur au fond du bac. Pour maintenir la propret\u00e9, retirez les d\u00e9jections et agglom\u00e9rats d&#8217;urine quotidiennement. Remplissez r\u00e9guli\u00e8rement &#8211; nous vous recommandons de secouer occasionnellement le bac pour m\u00e9langer l&#8217;ancienne et la nouvelle liti\u00e8re. Si n\u00e9cessaire, lavez le bac \u00e0 liti\u00e8re et remplacez compl\u00e8tement la liti\u00e8re.<\/p>\n<p><strong>Astuce :<\/strong>\u00a0gr\u00e2ce aux excellentes propri\u00e9t\u00e9s d&#8217;absorption de la liti\u00e8re, elle peut \u00eatre utilis\u00e9e comme absorbeur d&#8217;odeur efficace dans le r\u00e9frig\u00e9rateur, la poubelle, etc. Mettez-en simplement dans un petit bol et placez le dans le r\u00e9frig\u00e9rateur ou dispersez-en au fond de la poubelle.<\/p>\n","protected":false},"excerpt":{"rendered":"<p><strong>Liti\u00e8re 100% naturelle et respectueuse de l&#8217;environnement, avec des granul\u00e9s de 1 mm \u00e0 5 mm ou 1 \u00e0 2,5 mm.<\/strong><\/p>\n<p>Cette liti\u00e8re hypoallerg\u00e9nique r\u00e9pond aux exigences les plus particuli\u00e8res pour le confort des animaux de compagnie et des propri\u00e9taires. Elle absorbe l&#8217;humidit\u00e9 et les odeurs rapidement et efficacement. Sa formule agglom\u00e9rante et sans poussi\u00e8re permet un entretien facile et pratique du bac \u00e0 liti\u00e8re.<\/p>\n<p>&nbsp;<\/p>\n","protected":false},"featured_media":1184579,"template":"","meta":[],"product_cat":[2697,12560,12628],"product_tag":[],"class_list":{"0":"post-503749","1":"product","2":"type-product","3":"status-publish","4":"has-post-thumbnail","6":"product_cat-chat","7":"product_cat-hygiene-du-chat","8":"product_cat-litieres-du-chat","9":"pa_marque-calibra","11":"first","12":"instock","13":"taxable","14":"shipping-taxable","15":"purchasable","16":"product-type-variable"},"yoast_head":"<!-- This site is optimized with the Yoast SEO plugin v27.3 - https:\/\/yoast.com\/product\/yoast-seo-wordpress\/ -->\n<title>Liti\u00e8re EAZZY Fine Calibra - V\u00e9torino<\/title>\n<meta name=\"description\" content=\"Liti\u00e8re 100% naturelle et respectueuse de l&#039;environnement, avec des granul\u00e9s de 1 mm \u00e0 5 mm ou 1 \u00e0 2,5 mm.  Cette liti\u00e8re hypoallerg\u00e9nique r\u00e9pond aux exigences les plus particuli\u00e8res pour le confort des animaux de compagnie et des propri\u00e9taires. Elle absorbe l&#039;humidit\u00e9 et les odeurs rapidement et efficacement. Sa formule agglom\u00e9rante et sans poussi\u00e8re permet un entretien facile et pratique du bac \u00e0 liti\u00e8re.  &nbsp;\" \/>\n<meta name=\"robots\" content=\"noindex, nofollow\" \/>\n<meta property=\"og:locale\" content=\"fr_FR\" \/>\n<meta property=\"og:type\" content=\"article\" \/>\n<meta property=\"og:title\" content=\"Liti\u00e8re EAZZY Fine Calibra - V\u00e9torino\" \/>\n<meta property=\"og:description\" content=\"Liti\u00e8re 100% naturelle et respectueuse de l&#039;environnement, avec des granul\u00e9s de 1 mm \u00e0 5 mm ou 1 \u00e0 2,5 mm.  Cette liti\u00e8re hypoallerg\u00e9nique r\u00e9pond aux exigences les plus particuli\u00e8res pour le confort des animaux de compagnie et des propri\u00e9taires. Elle absorbe l&#039;humidit\u00e9 et les odeurs rapidement et efficacement. Sa formule agglom\u00e9rante et sans poussi\u00e8re permet un entretien facile et pratique du bac \u00e0 liti\u00e8re.  &nbsp;\" \/>\n<meta property=\"og:url\" content=\"https:\/\/www.vetorino.com\/veterinaire\/villenavedornon-33140-1\/boutique\/product\/litiere-eazzy-fine\/\" \/>\n<meta property=\"og:site_name\" content=\"V\u00e9torino\" \/>\n<meta property=\"article:publisher\" content=\"https:\/\/www.facebook.com\/Vetorino\/\" \/>\n<meta property=\"article:modified_time\" content=\"2025-01-23T16:50:13+00:00\" \/>\n<meta property=\"og:image\" content=\"https:\/\/www.vetorino.com\/boutique\/wp-content\/uploads\/2022\/11\/calibra_litiere_eazzy_fine_1.jpg\" \/>\n\t<meta property=\"og:image:width\" content=\"1200\" \/>\n\t<meta property=\"og:image:height\" content=\"1200\" \/>\n\t<meta property=\"og:image:type\" content=\"image\/jpeg\" \/>\n<meta name=\"twitter:card\" content=\"summary_large_image\" \/>\n<meta name=\"twitter:label1\" content=\"Disponibilit\u00e9\" \/>\n\t<meta name=\"twitter:data1\" content=\"En stock\" \/>\n<script type=\"application\/ld+json\" class=\"yoast-schema-graph\">{\"@context\":\"https:\\\/\\\/schema.org\",\"@graph\":[{\"@type\":\"WebPage\",\"@id\":\"https:\\\/\\\/www.vetorino.com\\\/veterinaire\\\/vincennes-loup-94300\\\/boutique\\\/product\\\/litiere-eazzy-fine\\\/\",\"url\":\"https:\\\/\\\/www.vetorino.com\\\/veterinaire\\\/vincennes-loup-94300\\\/boutique\\\/product\\\/litiere-eazzy-fine\\\/\",\"name\":\"Liti\u00e8re EAZZY Fine Calibra - V\u00e9torino\",\"isPartOf\":{\"@id\":\"https:\\\/\\\/www.vetorino.com\\\/boutique\\\/#website\"},\"primaryImageOfPage\":{\"@id\":\"https:\\\/\\\/www.vetorino.com\\\/veterinaire\\\/vincennes-loup-94300\\\/boutique\\\/product\\\/litiere-eazzy-fine\\\/#primaryimage\"},\"image\":{\"@id\":\"https:\\\/\\\/www.vetorino.com\\\/veterinaire\\\/vincennes-loup-94300\\\/boutique\\\/product\\\/litiere-eazzy-fine\\\/#primaryimage\"},\"thumbnailUrl\":\"https:\\\/\\\/www.vetorino.com\\\/boutique\\\/wp-content\\\/uploads\\\/2022\\\/11\\\/calibra_litiere_eazzy_fine_1.jpg\",\"datePublished\":\"2022-11-09T16:48:07+00:00\",\"dateModified\":\"2025-01-23T16:50:13+00:00\",\"description\":\"Liti\u00e8re 100% naturelle et respectueuse de l'environnement, avec des granul\u00e9s de 1 mm \u00e0 5 mm ou 1 \u00e0 2,5 mm. Cette liti\u00e8re hypoallerg\u00e9nique r\u00e9pond aux exigences les plus particuli\u00e8res pour le confort des animaux de compagnie et des propri\u00e9taires. Elle absorbe l'humidit\u00e9 et les odeurs rapidement et efficacement. Sa formule agglom\u00e9rante et sans poussi\u00e8re permet un entretien facile et pratique du bac \u00e0 liti\u00e8re. &nbsp;\",\"breadcrumb\":{\"@id\":\"https:\\\/\\\/www.vetorino.com\\\/veterinaire\\\/vincennes-loup-94300\\\/boutique\\\/product\\\/litiere-eazzy-fine\\\/#breadcrumb\"},\"inLanguage\":\"fr-FR\",\"potentialAction\":[{\"@type\":\"ReadAction\",\"target\":[\"https:\\\/\\\/www.vetorino.com\\\/veterinaire\\\/vincennes-loup-94300\\\/boutique\\\/product\\\/litiere-eazzy-fine\\\/\"]}]},{\"@type\":\"ImageObject\",\"inLanguage\":\"fr-FR\",\"@id\":\"https:\\\/\\\/www.vetorino.com\\\/veterinaire\\\/vincennes-loup-94300\\\/boutique\\\/product\\\/litiere-eazzy-fine\\\/#primaryimage\",\"url\":\"https:\\\/\\\/www.vetorino.com\\\/boutique\\\/wp-content\\\/uploads\\\/2022\\\/11\\\/calibra_litiere_eazzy_fine_1.jpg\",\"contentUrl\":\"https:\\\/\\\/www.vetorino.com\\\/boutique\\\/wp-content\\\/uploads\\\/2022\\\/11\\\/calibra_litiere_eazzy_fine_1.jpg\",\"width\":1200,\"height\":1200},{\"@type\":\"BreadcrumbList\",\"@id\":\"https:\\\/\\\/www.vetorino.com\\\/veterinaire\\\/vincennes-loup-94300\\\/boutique\\\/product\\\/litiere-eazzy-fine\\\/#breadcrumb\",\"itemListElement\":[{\"@type\":\"ListItem\",\"position\":1,\"name\":\"Accueil\",\"item\":\"https:\\\/\\\/www.vetorino.com\\\/boutique\\\/\"},{\"@type\":\"ListItem\",\"position\":2,\"name\":\"Produits\",\"item\":\"https:\\\/\\\/www.vetorino.com\\\/boutique\\\/\"},{\"@type\":\"ListItem\",\"position\":3,\"name\":\"Liti\u00e8re EAZZY Fine\"}]},{\"@type\":\"WebSite\",\"@id\":\"https:\\\/\\\/www.vetorino.com\\\/boutique\\\/#website\",\"url\":\"https:\\\/\\\/www.vetorino.com\\\/boutique\\\/\",\"name\":\"V\u00e9torino\",\"description\":\"\",\"publisher\":{\"@id\":\"https:\\\/\\\/www.vetorino.com\\\/boutique\\\/#organization\"},\"potentialAction\":[{\"@type\":\"SearchAction\",\"target\":{\"@type\":\"EntryPoint\",\"urlTemplate\":\"https:\\\/\\\/www.vetorino.com\\\/boutique\\\/?s={search_term_string}\"},\"query-input\":{\"@type\":\"PropertyValueSpecification\",\"valueRequired\":true,\"valueName\":\"search_term_string\"}}],\"inLanguage\":\"fr-FR\"},{\"@type\":\"Organization\",\"@id\":\"https:\\\/\\\/www.vetorino.com\\\/boutique\\\/#organization\",\"name\":\"V\u00e9torino\",\"url\":\"https:\\\/\\\/www.vetorino.com\\\/boutique\\\/\",\"logo\":{\"@type\":\"ImageObject\",\"inLanguage\":\"fr-FR\",\"@id\":\"https:\\\/\\\/www.vetorino.com\\\/boutique\\\/#\\\/schema\\\/logo\\\/image\\\/\",\"url\":\"https:\\\/\\\/www.vetorino.com\\\/boutique\\\/wp-content\\\/uploads\\\/2024\\\/10\\\/logo.jpg\",\"contentUrl\":\"https:\\\/\\\/www.vetorino.com\\\/boutique\\\/wp-content\\\/uploads\\\/2024\\\/10\\\/logo.jpg\",\"width\":1200,\"height\":610,\"caption\":\"V\u00e9torino\"},\"image\":{\"@id\":\"https:\\\/\\\/www.vetorino.com\\\/boutique\\\/#\\\/schema\\\/logo\\\/image\\\/\"},\"sameAs\":[\"https:\\\/\\\/www.facebook.com\\\/Vetorino\\\/\",\"https:\\\/\\\/www.instagram.com\\\/vetorino_off\\\/\",\"https:\\\/\\\/www.linkedin.com\\\/company\\\/vtorino\\\/\"]}]}<\/script>\n<meta property=\"product:brand\" content=\"Calibra\" \/>\n<meta property=\"og:availability\" content=\"instock\" \/>\n<meta property=\"product:availability\" content=\"instock\" \/>\n<meta property=\"product:condition\" content=\"new\" \/>\n<!-- \/ Yoast SEO plugin. -->","yoast_head_json":{"title":"Liti\u00e8re EAZZY Fine Calibra - V\u00e9torino","description":"Liti\u00e8re 100% naturelle et respectueuse de l'environnement, avec des granul\u00e9s de 1 mm \u00e0 5 mm ou 1 \u00e0 2,5 mm.  Cette liti\u00e8re hypoallerg\u00e9nique r\u00e9pond aux exigences les plus particuli\u00e8res pour le confort des animaux de compagnie et des propri\u00e9taires. Elle absorbe l'humidit\u00e9 et les odeurs rapidement et efficacement. Sa formule agglom\u00e9rante et sans poussi\u00e8re permet un entretien facile et pratique du bac \u00e0 liti\u00e8re.  &nbsp;","robots":{"index":"noindex","follow":"nofollow"},"og_locale":"fr_FR","og_type":"article","og_title":"Liti\u00e8re EAZZY Fine Calibra - V\u00e9torino","og_description":"Liti\u00e8re 100% naturelle et respectueuse de l'environnement, avec des granul\u00e9s de 1 mm \u00e0 5 mm ou 1 \u00e0 2,5 mm.  Cette liti\u00e8re hypoallerg\u00e9nique r\u00e9pond aux exigences les plus particuli\u00e8res pour le confort des animaux de compagnie et des propri\u00e9taires. Elle absorbe l'humidit\u00e9 et les odeurs rapidement et efficacement. Sa formule agglom\u00e9rante et sans poussi\u00e8re permet un entretien facile et pratique du bac \u00e0 liti\u00e8re.  &nbsp;","og_url":"https:\/\/www.vetorino.com\/veterinaire\/villenavedornon-33140-1\/boutique\/product\/litiere-eazzy-fine\/","og_site_name":"V\u00e9torino","article_publisher":"https:\/\/www.facebook.com\/Vetorino\/","article_modified_time":"2025-01-23T16:50:13+00:00","og_image":[{"width":1200,"height":1200,"url":"https:\/\/www.vetorino.com\/boutique\/wp-content\/uploads\/2022\/11\/calibra_litiere_eazzy_fine_1.jpg","type":"image\/jpeg"}],"twitter_card":"summary_large_image","twitter_misc":{"Disponibilit\u00e9":"En stock"},"schema":{"@context":"https:\/\/schema.org","@graph":[{"@type":"WebPage","@id":"https:\/\/www.vetorino.com\/veterinaire\/vincennes-loup-94300\/boutique\/product\/litiere-eazzy-fine\/","url":"https:\/\/www.vetorino.com\/veterinaire\/vincennes-loup-94300\/boutique\/product\/litiere-eazzy-fine\/","name":"Liti\u00e8re EAZZY Fine Calibra - V\u00e9torino","isPartOf":{"@id":"https:\/\/www.vetorino.com\/boutique\/#website"},"primaryImageOfPage":{"@id":"https:\/\/www.vetorino.com\/veterinaire\/vincennes-loup-94300\/boutique\/product\/litiere-eazzy-fine\/#primaryimage"},"image":{"@id":"https:\/\/www.vetorino.com\/veterinaire\/vincennes-loup-94300\/boutique\/product\/litiere-eazzy-fine\/#primaryimage"},"thumbnailUrl":"https:\/\/www.vetorino.com\/boutique\/wp-content\/uploads\/2022\/11\/calibra_litiere_eazzy_fine_1.jpg","datePublished":"2022-11-09T16:48:07+00:00","dateModified":"2025-01-23T16:50:13+00:00","description":"Liti\u00e8re 100% naturelle et respectueuse de l'environnement, avec des granul\u00e9s de 1 mm \u00e0 5 mm ou 1 \u00e0 2,5 mm. Cette liti\u00e8re hypoallerg\u00e9nique r\u00e9pond aux exigences les plus particuli\u00e8res pour le confort des animaux de compagnie et des propri\u00e9taires. Elle absorbe l'humidit\u00e9 et les odeurs rapidement et efficacement. Sa formule agglom\u00e9rante et sans poussi\u00e8re permet un entretien facile et pratique du bac \u00e0 liti\u00e8re. &nbsp;","breadcrumb":{"@id":"https:\/\/www.vetorino.com\/veterinaire\/vincennes-loup-94300\/boutique\/product\/litiere-eazzy-fine\/#breadcrumb"},"inLanguage":"fr-FR","potentialAction":[{"@type":"ReadAction","target":["https:\/\/www.vetorino.com\/veterinaire\/vincennes-loup-94300\/boutique\/product\/litiere-eazzy-fine\/"]}]},{"@type":"ImageObject","inLanguage":"fr-FR","@id":"https:\/\/www.vetorino.com\/veterinaire\/vincennes-loup-94300\/boutique\/product\/litiere-eazzy-fine\/#primaryimage","url":"https:\/\/www.vetorino.com\/boutique\/wp-content\/uploads\/2022\/11\/calibra_litiere_eazzy_fine_1.jpg","contentUrl":"https:\/\/www.vetorino.com\/boutique\/wp-content\/uploads\/2022\/11\/calibra_litiere_eazzy_fine_1.jpg","width":1200,"height":1200},{"@type":"BreadcrumbList","@id":"https:\/\/www.vetorino.com\/veterinaire\/vincennes-loup-94300\/boutique\/product\/litiere-eazzy-fine\/#breadcrumb","itemListElement":[{"@type":"ListItem","position":1,"name":"Accueil","item":"https:\/\/www.vetorino.com\/boutique\/"},{"@type":"ListItem","position":2,"name":"Produits","item":"https:\/\/www.vetorino.com\/boutique\/"},{"@type":"ListItem","position":3,"name":"Liti\u00e8re EAZZY Fine"}]},{"@type":"WebSite","@id":"https:\/\/www.vetorino.com\/boutique\/#website","url":"https:\/\/www.vetorino.com\/boutique\/","name":"V\u00e9torino","description":"","publisher":{"@id":"https:\/\/www.vetorino.com\/boutique\/#organization"},"potentialAction":[{"@type":"SearchAction","target":{"@type":"EntryPoint","urlTemplate":"https:\/\/www.vetorino.com\/boutique\/?s={search_term_string}"},"query-input":{"@type":"PropertyValueSpecification","valueRequired":true,"valueName":"search_term_string"}}],"inLanguage":"fr-FR"},{"@type":"Organization","@id":"https:\/\/www.vetorino.com\/boutique\/#organization","name":"V\u00e9torino","url":"https:\/\/www.vetorino.com\/boutique\/","logo":{"@type":"ImageObject","inLanguage":"fr-FR","@id":"https:\/\/www.vetorino.com\/boutique\/#\/schema\/logo\/image\/","url":"https:\/\/www.vetorino.com\/boutique\/wp-content\/uploads\/2024\/10\/logo.jpg","contentUrl":"https:\/\/www.vetorino.com\/boutique\/wp-content\/uploads\/2024\/10\/logo.jpg","width":1200,"height":610,"caption":"V\u00e9torino"},"image":{"@id":"https:\/\/www.vetorino.com\/boutique\/#\/schema\/logo\/image\/"},"sameAs":["https:\/\/www.facebook.com\/Vetorino\/","https:\/\/www.instagram.com\/vetorino_off\/","https:\/\/www.linkedin.com\/company\/vtorino\/"]}]},"product_brand":"Calibra","og_availability":"instock","product_availability":"instock","product_condition":"new"},"_links":{"self":[{"href":"https:\/\/www.vetorino.com\/veterinaire\/villenavedornon-33140-1\/boutique\/wp-json\/wp\/v2\/product\/503749","targetHints":{"allow":["GET"]}}],"collection":[{"href":"https:\/\/www.vetorino.com\/veterinaire\/villenavedornon-33140-1\/boutique\/wp-json\/wp\/v2\/product"}],"about":[{"href":"https:\/\/www.vetorino.com\/veterinaire\/villenavedornon-33140-1\/boutique\/wp-json\/wp\/v2\/types\/product"}],"wp:featuredmedia":[{"embeddable":true,"href":"https:\/\/www.vetorino.com\/veterinaire\/villenavedornon-33140-1\/boutique\/wp-json\/wp\/v2\/media\/1184579"}],"wp:attachment":[{"href":"https:\/\/www.vetorino.com\/veterinaire\/villenavedornon-33140-1\/boutique\/wp-json\/wp\/v2\/media?parent=503749"}],"wp:term":[{"taxonomy":"product_cat","embeddable":true,"href":"https:\/\/www.vetorino.com\/veterinaire\/villenavedornon-33140-1\/boutique\/wp-json\/wp\/v2\/product_cat?post=503749"},{"taxonomy":"product_tag","embeddable":true,"href":"https:\/\/www.vetorino.com\/veterinaire\/villenavedornon-33140-1\/boutique\/wp-json\/wp\/v2\/product_tag?post=503749"}],"curies":[{"name":"wp","href":"https:\/\/api.w.org\/{rel}","templated":true}]}}