{"id":511785,"date":"2022-11-23T15:45:01","date_gmt":"2022-11-23T14:45:01","guid":{"rendered":"https:\/\/www.vetorino.com\/boutique\/?post_type=product&#038;p=511785"},"modified":"2023-04-10T11:10:00","modified_gmt":"2023-04-10T09:10:00","slug":"tour-a-griffer-ria","status":"publish","type":"product","link":"https:\/\/www.vetorino.com\/veterinaire\/villenavedornon-33140-1\/boutique\/product\/tour-a-griffer-ria\/","title":{"rendered":"Tour \u00e0 griffer Ria"},"content":{"rendered":"<p><strong>Couverte de peluche et sisal \u00e0 griffer. <\/strong><strong>Maison habill\u00e9e de peluche \/ fibre polaire<\/strong><\/p>\n<ul>\n<li>Coussin r\u00e9versible au niveau sup\u00e9rieur : lavable \u00e0 la main.<\/li>\n<li>Plateformes rembourr\u00e9es.<\/li>\n<li>Couleur : gris clair \/ naturel.<\/li>\n<li>Emprise au sol : \u00d8 37 cm.<\/li>\n<li>Hauteur : 37 cm.<\/li>\n<\/ul>\n","protected":false},"excerpt":{"rendered":"<div class=\"product-info-short-description\">\n<div class=\"product attribute overview\">\n<div class=\"product-info-short-description\">\n<div class=\"product attribute overview\">\n<p><strong>Couverte de peluche et sisal \u00e0 griffer. <\/strong><strong>Maison habill\u00e9e de peluche \/ fibre polaire<\/strong><\/p>\n<ul>\n<li>Coussin r\u00e9versible au niveau sup\u00e9rieur : lavable \u00e0 la main.<\/li>\n<li>Plateformes rembourr\u00e9es.<\/li>\n<li>Couleur : gris clair \/ naturel.<\/li>\n<li>Emprise au sol : \u00d8 37 cm.<\/li>\n<li>Hauteur : 37 cm.<\/li>\n<\/ul>\n<\/div>\n<\/div>\n<div class=\"product-info-price\">\n<div class=\"price-box price-final_price\" data-role=\"priceBox\" data-product-id=\"7807\" data-product-sku=\"TR43376\" data-price-box=\"product-id-7807\"><\/div>\n<\/div>\n<\/div>\n<\/div>\n<div class=\"product-info-price\">\n<div class=\"price-box price-final_price\" data-role=\"priceBox\" data-product-id=\"7807\" data-product-sku=\"TR43376\" data-price-box=\"product-id-7807\"><\/div>\n<\/div>\n","protected":false},"featured_media":591881,"template":"","meta":[],"product_cat":[12548,2697,12595],"product_tag":[],"class_list":{"0":"post-511785","1":"product","2":"type-product","3":"status-publish","4":"has-post-thumbnail","6":"product_cat-accessoire-du-chat","7":"product_cat-chat","8":"product_cat-confort-du-chat","9":"pa_marque-trixie","11":"first","12":"instock","13":"taxable","14":"shipping-taxable","15":"purchasable","16":"product-type-simple"},"yoast_head":"<!-- This site is optimized with the Yoast SEO plugin v27.3 - https:\/\/yoast.com\/product\/yoast-seo-wordpress\/ -->\n<title>Tour \u00e0 griffer Ria Trixie - V\u00e9torino<\/title>\n<meta name=\"description\" content=\"Couverte de peluche et sisal \u00e0 griffer. Maison habill\u00e9e de peluche \/ fibre polaire   Coussin r\u00e9versible au niveau sup\u00e9rieur : lavable \u00e0 la main.  Plateformes rembourr\u00e9es.  Couleur : gris clair \/ naturel.  Emprise au sol : \u00d8 37 cm.  Hauteur : 37 cm.\" \/>\n<meta name=\"robots\" content=\"noindex, nofollow\" \/>\n<meta property=\"og:locale\" content=\"fr_FR\" \/>\n<meta property=\"og:type\" content=\"article\" \/>\n<meta property=\"og:title\" content=\"Tour \u00e0 griffer Ria Trixie - V\u00e9torino\" \/>\n<meta property=\"og:description\" content=\"Couverte de peluche et sisal \u00e0 griffer. Maison habill\u00e9e de peluche \/ fibre polaire   Coussin r\u00e9versible au niveau sup\u00e9rieur : lavable \u00e0 la main.  Plateformes rembourr\u00e9es.  Couleur : gris clair \/ naturel.  Emprise au sol : \u00d8 37 cm.  Hauteur : 37 cm.\" \/>\n<meta property=\"og:url\" content=\"https:\/\/www.vetorino.com\/veterinaire\/villenavedornon-33140-1\/boutique\/product\/tour-a-griffer-ria\/\" \/>\n<meta property=\"og:site_name\" content=\"V\u00e9torino\" \/>\n<meta property=\"article:publisher\" content=\"https:\/\/www.facebook.com\/Vetorino\/\" \/>\n<meta property=\"article:modified_time\" content=\"2023-04-10T09:10:00+00:00\" \/>\n<meta property=\"og:image\" content=\"https:\/\/www.vetorino.com\/boutique\/wp-content\/uploads\/2022\/11\/907a315bf7a4905c20a5bb88c6a97b706e32aa4255bfc12c9394dbd3e4b6cfcd.jpeg\" \/>\n\t<meta property=\"og:image:width\" content=\"700\" \/>\n\t<meta property=\"og:image:height\" content=\"700\" \/>\n\t<meta property=\"og:image:type\" content=\"image\/jpeg\" \/>\n<meta name=\"twitter:card\" content=\"summary_large_image\" \/>\n<meta name=\"twitter:label1\" content=\"Prix\" \/>\n\t<meta name=\"twitter:data1\" content=\"78,52&euro;\" \/>\n\t<meta name=\"twitter:label2\" content=\"Disponibilit\u00e9\" \/>\n\t<meta name=\"twitter:data2\" content=\"En stock\" \/>\n<script type=\"application\/ld+json\" class=\"yoast-schema-graph\">{\"@context\":\"https:\\\/\\\/schema.org\",\"@graph\":[{\"@type\":\"WebPage\",\"@id\":\"https:\\\/\\\/www.vetorino.com\\\/boutique\\\/product\\\/tour-a-griffer-ria\\\/\",\"url\":\"https:\\\/\\\/www.vetorino.com\\\/boutique\\\/product\\\/tour-a-griffer-ria\\\/\",\"name\":\"Tour \u00e0 griffer Ria Trixie - V\u00e9torino\",\"isPartOf\":{\"@id\":\"https:\\\/\\\/www.vetorino.com\\\/boutique\\\/#website\"},\"primaryImageOfPage\":{\"@id\":\"https:\\\/\\\/www.vetorino.com\\\/boutique\\\/product\\\/tour-a-griffer-ria\\\/#primaryimage\"},\"image\":{\"@id\":\"https:\\\/\\\/www.vetorino.com\\\/boutique\\\/product\\\/tour-a-griffer-ria\\\/#primaryimage\"},\"thumbnailUrl\":\"https:\\\/\\\/www.vetorino.com\\\/boutique\\\/wp-content\\\/uploads\\\/2022\\\/11\\\/907a315bf7a4905c20a5bb88c6a97b706e32aa4255bfc12c9394dbd3e4b6cfcd.jpeg\",\"datePublished\":\"2022-11-23T14:45:01+00:00\",\"dateModified\":\"2023-04-10T09:10:00+00:00\",\"description\":\"Couverte de peluche et sisal \u00e0 griffer. Maison habill\u00e9e de peluche \\\/ fibre polaire Coussin r\u00e9versible au niveau sup\u00e9rieur : lavable \u00e0 la main. Plateformes rembourr\u00e9es. Couleur : gris clair \\\/ naturel. Emprise au sol : \u00d8 37 cm. Hauteur : 37 cm.\",\"breadcrumb\":{\"@id\":\"https:\\\/\\\/www.vetorino.com\\\/boutique\\\/product\\\/tour-a-griffer-ria\\\/#breadcrumb\"},\"inLanguage\":\"fr-FR\",\"potentialAction\":[{\"@type\":\"ReadAction\",\"target\":[\"https:\\\/\\\/www.vetorino.com\\\/boutique\\\/product\\\/tour-a-griffer-ria\\\/\"]}]},{\"@type\":\"ImageObject\",\"inLanguage\":\"fr-FR\",\"@id\":\"https:\\\/\\\/www.vetorino.com\\\/boutique\\\/product\\\/tour-a-griffer-ria\\\/#primaryimage\",\"url\":\"https:\\\/\\\/www.vetorino.com\\\/boutique\\\/wp-content\\\/uploads\\\/2022\\\/11\\\/907a315bf7a4905c20a5bb88c6a97b706e32aa4255bfc12c9394dbd3e4b6cfcd.jpeg\",\"contentUrl\":\"https:\\\/\\\/www.vetorino.com\\\/boutique\\\/wp-content\\\/uploads\\\/2022\\\/11\\\/907a315bf7a4905c20a5bb88c6a97b706e32aa4255bfc12c9394dbd3e4b6cfcd.jpeg\",\"width\":700,\"height\":700},{\"@type\":\"BreadcrumbList\",\"@id\":\"https:\\\/\\\/www.vetorino.com\\\/boutique\\\/product\\\/tour-a-griffer-ria\\\/#breadcrumb\",\"itemListElement\":[{\"@type\":\"ListItem\",\"position\":1,\"name\":\"Accueil\",\"item\":\"https:\\\/\\\/www.vetorino.com\\\/boutique\\\/\"},{\"@type\":\"ListItem\",\"position\":2,\"name\":\"Produits\",\"item\":\"https:\\\/\\\/www.vetorino.com\\\/boutique\\\/\"},{\"@type\":\"ListItem\",\"position\":3,\"name\":\"Tour \u00e0 griffer Ria\"}]},{\"@type\":\"WebSite\",\"@id\":\"https:\\\/\\\/www.vetorino.com\\\/boutique\\\/#website\",\"url\":\"https:\\\/\\\/www.vetorino.com\\\/boutique\\\/\",\"name\":\"V\u00e9torino\",\"description\":\"\",\"publisher\":{\"@id\":\"https:\\\/\\\/www.vetorino.com\\\/boutique\\\/#organization\"},\"potentialAction\":[{\"@type\":\"SearchAction\",\"target\":{\"@type\":\"EntryPoint\",\"urlTemplate\":\"https:\\\/\\\/www.vetorino.com\\\/boutique\\\/?s={search_term_string}\"},\"query-input\":{\"@type\":\"PropertyValueSpecification\",\"valueRequired\":true,\"valueName\":\"search_term_string\"}}],\"inLanguage\":\"fr-FR\"},{\"@type\":\"Organization\",\"@id\":\"https:\\\/\\\/www.vetorino.com\\\/boutique\\\/#organization\",\"name\":\"V\u00e9torino\",\"url\":\"https:\\\/\\\/www.vetorino.com\\\/boutique\\\/\",\"logo\":{\"@type\":\"ImageObject\",\"inLanguage\":\"fr-FR\",\"@id\":\"https:\\\/\\\/www.vetorino.com\\\/boutique\\\/#\\\/schema\\\/logo\\\/image\\\/\",\"url\":\"https:\\\/\\\/www.vetorino.com\\\/boutique\\\/wp-content\\\/uploads\\\/2024\\\/10\\\/logo.jpg\",\"contentUrl\":\"https:\\\/\\\/www.vetorino.com\\\/boutique\\\/wp-content\\\/uploads\\\/2024\\\/10\\\/logo.jpg\",\"width\":1200,\"height\":610,\"caption\":\"V\u00e9torino\"},\"image\":{\"@id\":\"https:\\\/\\\/www.vetorino.com\\\/boutique\\\/#\\\/schema\\\/logo\\\/image\\\/\"},\"sameAs\":[\"https:\\\/\\\/www.facebook.com\\\/Vetorino\\\/\",\"https:\\\/\\\/www.instagram.com\\\/vetorino_off\\\/\",\"https:\\\/\\\/www.linkedin.com\\\/company\\\/vtorino\\\/\"]}]}<\/script>\n<meta property=\"product:brand\" content=\"Trixie\" \/>\n<meta property=\"product:price:amount\" content=\"78.52\" \/>\n<meta property=\"product:price:currency\" content=\"EUR\" \/>\n<meta property=\"og:availability\" content=\"instock\" \/>\n<meta property=\"product:availability\" content=\"instock\" \/>\n<meta property=\"product:retailer_item_id\" content=\"O-803573\" \/>\n<meta property=\"product:condition\" content=\"new\" \/>\n<!-- \/ Yoast SEO plugin. -->","yoast_head_json":{"title":"Tour \u00e0 griffer Ria Trixie - V\u00e9torino","description":"Couverte de peluche et sisal \u00e0 griffer. Maison habill\u00e9e de peluche \/ fibre polaire   Coussin r\u00e9versible au niveau sup\u00e9rieur : lavable \u00e0 la main.  Plateformes rembourr\u00e9es.  Couleur : gris clair \/ naturel.  Emprise au sol : \u00d8 37 cm.  Hauteur : 37 cm.","robots":{"index":"noindex","follow":"nofollow"},"og_locale":"fr_FR","og_type":"article","og_title":"Tour \u00e0 griffer Ria Trixie - V\u00e9torino","og_description":"Couverte de peluche et sisal \u00e0 griffer. Maison habill\u00e9e de peluche \/ fibre polaire   Coussin r\u00e9versible au niveau sup\u00e9rieur : lavable \u00e0 la main.  Plateformes rembourr\u00e9es.  Couleur : gris clair \/ naturel.  Emprise au sol : \u00d8 37 cm.  Hauteur : 37 cm.","og_url":"https:\/\/www.vetorino.com\/veterinaire\/villenavedornon-33140-1\/boutique\/product\/tour-a-griffer-ria\/","og_site_name":"V\u00e9torino","article_publisher":"https:\/\/www.facebook.com\/Vetorino\/","article_modified_time":"2023-04-10T09:10:00+00:00","og_image":[{"width":700,"height":700,"url":"https:\/\/www.vetorino.com\/boutique\/wp-content\/uploads\/2022\/11\/907a315bf7a4905c20a5bb88c6a97b706e32aa4255bfc12c9394dbd3e4b6cfcd.jpeg","type":"image\/jpeg"}],"twitter_card":"summary_large_image","twitter_misc":{"Prix":"78,52&euro;","Disponibilit\u00e9":"En stock"},"schema":{"@context":"https:\/\/schema.org","@graph":[{"@type":"WebPage","@id":"https:\/\/www.vetorino.com\/boutique\/product\/tour-a-griffer-ria\/","url":"https:\/\/www.vetorino.com\/boutique\/product\/tour-a-griffer-ria\/","name":"Tour \u00e0 griffer Ria Trixie - V\u00e9torino","isPartOf":{"@id":"https:\/\/www.vetorino.com\/boutique\/#website"},"primaryImageOfPage":{"@id":"https:\/\/www.vetorino.com\/boutique\/product\/tour-a-griffer-ria\/#primaryimage"},"image":{"@id":"https:\/\/www.vetorino.com\/boutique\/product\/tour-a-griffer-ria\/#primaryimage"},"thumbnailUrl":"https:\/\/www.vetorino.com\/boutique\/wp-content\/uploads\/2022\/11\/907a315bf7a4905c20a5bb88c6a97b706e32aa4255bfc12c9394dbd3e4b6cfcd.jpeg","datePublished":"2022-11-23T14:45:01+00:00","dateModified":"2023-04-10T09:10:00+00:00","description":"Couverte de peluche et sisal \u00e0 griffer. Maison habill\u00e9e de peluche \/ fibre polaire Coussin r\u00e9versible au niveau sup\u00e9rieur : lavable \u00e0 la main. Plateformes rembourr\u00e9es. Couleur : gris clair \/ naturel. Emprise au sol : \u00d8 37 cm. Hauteur : 37 cm.","breadcrumb":{"@id":"https:\/\/www.vetorino.com\/boutique\/product\/tour-a-griffer-ria\/#breadcrumb"},"inLanguage":"fr-FR","potentialAction":[{"@type":"ReadAction","target":["https:\/\/www.vetorino.com\/boutique\/product\/tour-a-griffer-ria\/"]}]},{"@type":"ImageObject","inLanguage":"fr-FR","@id":"https:\/\/www.vetorino.com\/boutique\/product\/tour-a-griffer-ria\/#primaryimage","url":"https:\/\/www.vetorino.com\/boutique\/wp-content\/uploads\/2022\/11\/907a315bf7a4905c20a5bb88c6a97b706e32aa4255bfc12c9394dbd3e4b6cfcd.jpeg","contentUrl":"https:\/\/www.vetorino.com\/boutique\/wp-content\/uploads\/2022\/11\/907a315bf7a4905c20a5bb88c6a97b706e32aa4255bfc12c9394dbd3e4b6cfcd.jpeg","width":700,"height":700},{"@type":"BreadcrumbList","@id":"https:\/\/www.vetorino.com\/boutique\/product\/tour-a-griffer-ria\/#breadcrumb","itemListElement":[{"@type":"ListItem","position":1,"name":"Accueil","item":"https:\/\/www.vetorino.com\/boutique\/"},{"@type":"ListItem","position":2,"name":"Produits","item":"https:\/\/www.vetorino.com\/boutique\/"},{"@type":"ListItem","position":3,"name":"Tour \u00e0 griffer Ria"}]},{"@type":"WebSite","@id":"https:\/\/www.vetorino.com\/boutique\/#website","url":"https:\/\/www.vetorino.com\/boutique\/","name":"V\u00e9torino","description":"","publisher":{"@id":"https:\/\/www.vetorino.com\/boutique\/#organization"},"potentialAction":[{"@type":"SearchAction","target":{"@type":"EntryPoint","urlTemplate":"https:\/\/www.vetorino.com\/boutique\/?s={search_term_string}"},"query-input":{"@type":"PropertyValueSpecification","valueRequired":true,"valueName":"search_term_string"}}],"inLanguage":"fr-FR"},{"@type":"Organization","@id":"https:\/\/www.vetorino.com\/boutique\/#organization","name":"V\u00e9torino","url":"https:\/\/www.vetorino.com\/boutique\/","logo":{"@type":"ImageObject","inLanguage":"fr-FR","@id":"https:\/\/www.vetorino.com\/boutique\/#\/schema\/logo\/image\/","url":"https:\/\/www.vetorino.com\/boutique\/wp-content\/uploads\/2024\/10\/logo.jpg","contentUrl":"https:\/\/www.vetorino.com\/boutique\/wp-content\/uploads\/2024\/10\/logo.jpg","width":1200,"height":610,"caption":"V\u00e9torino"},"image":{"@id":"https:\/\/www.vetorino.com\/boutique\/#\/schema\/logo\/image\/"},"sameAs":["https:\/\/www.facebook.com\/Vetorino\/","https:\/\/www.instagram.com\/vetorino_off\/","https:\/\/www.linkedin.com\/company\/vtorino\/"]}]},"product_brand":"Trixie","product_price_amount":"78.52","product_price_currency":"EUR","og_availability":"instock","product_availability":"instock","product_retailer_item_id":"O-803573","product_condition":"new"},"_links":{"self":[{"href":"https:\/\/www.vetorino.com\/veterinaire\/villenavedornon-33140-1\/boutique\/wp-json\/wp\/v2\/product\/511785","targetHints":{"allow":["GET"]}}],"collection":[{"href":"https:\/\/www.vetorino.com\/veterinaire\/villenavedornon-33140-1\/boutique\/wp-json\/wp\/v2\/product"}],"about":[{"href":"https:\/\/www.vetorino.com\/veterinaire\/villenavedornon-33140-1\/boutique\/wp-json\/wp\/v2\/types\/product"}],"wp:featuredmedia":[{"embeddable":true,"href":"https:\/\/www.vetorino.com\/veterinaire\/villenavedornon-33140-1\/boutique\/wp-json\/wp\/v2\/media\/591881"}],"wp:attachment":[{"href":"https:\/\/www.vetorino.com\/veterinaire\/villenavedornon-33140-1\/boutique\/wp-json\/wp\/v2\/media?parent=511785"}],"wp:term":[{"taxonomy":"product_cat","embeddable":true,"href":"https:\/\/www.vetorino.com\/veterinaire\/villenavedornon-33140-1\/boutique\/wp-json\/wp\/v2\/product_cat?post=511785"},{"taxonomy":"product_tag","embeddable":true,"href":"https:\/\/www.vetorino.com\/veterinaire\/villenavedornon-33140-1\/boutique\/wp-json\/wp\/v2\/product_tag?post=511785"}],"curies":[{"name":"wp","href":"https:\/\/api.w.org\/{rel}","templated":true}]}}