{"id":606650,"date":"2023-05-02T14:54:22","date_gmt":"2023-05-02T12:54:22","guid":{"rendered":"https:\/\/www.vetorino.com\/boutique\/?post_type=product&#038;p=606650"},"modified":"2025-08-08T17:42:19","modified_gmt":"2025-08-08T15:42:19","slug":"bande-cohesive-flexon","status":"publish","type":"product","link":"https:\/\/www.vetorino.com\/veterinaire\/villenavedornon-33140-1\/boutique\/product\/bande-cohesive-flexon\/","title":{"rendered":"Bandage Abdominal de Soutien"},"content":{"rendered":"<div id=\"description\" class=\"mb-3\" data-section-name=\"description\">\n<div class=\"product-description\">\n<p>La ceinture abdominale est tr\u00e8s sollicit\u00e9e chez le cheval. Tout le poids des visc\u00e8res repose dessus, ce qui repr\u00e9sente plusieurs dizaines voire une centaine de kilogrammes.<\/p>\n<p>En cas de fragilit\u00e9 de cette paroi, le poids des organes peut faire craquer la paroi jusqu\u2019\u00e0 provoquer une hernie voire une \u00e9ventration.<\/p>\n<p>Ce genre de fragilit\u00e9 concerne\u00a0:<\/p>\n<ul>\n<li>Les<strong> chevaux op\u00e9r\u00e9s de\u00a0colique<\/strong> notamment en cas de double intervention ou de complication de cicatrisation (infection de plaie, hernie\u2026)<\/li>\n<li>Les chevaux pr\u00e9sentant une\u00a0<strong>hernie<\/strong>\u00a0(suite \u00e0 une op\u00e9ration, \u00e0 une mauvaise fermeture de l\u2019espace ombilical)<\/li>\n<li>Les\u00a0<strong>poulini\u00e8res<\/strong>\u00a0avec une faible musculature et une forte distension abdominale. Le poids du poulain peut \u00eatre trop important pour la paroi musculaire.<\/li>\n<\/ul>\n<p><strong>Comment ca marche ?<\/strong><\/p>\n<p>Ce bandage est\u00a0<strong>facile \u00e0 poser<\/strong>\u00a0et \u00e0 ajuster. Il est compos\u00e9 de plusieurs parties en mousse de velours \u00e0 l\u2019ext\u00e9rieur, et en coton doux \u00e0 l\u2019int\u00e9rieur.<\/p>\n<p>Il est respirant, tr\u00e8s \u00e9lastique pour une\u00a0<strong>bonne contention<\/strong>, et est parfaitement adapt\u00e9 \u00e0 la morphologie du cheval, ne provoquant pas de plaies ni points de friction.<\/p>\n<p>Les sangles sont \u00e9quip\u00e9es de scratch adh\u00e9sif sur la mousse, b\u00e9n\u00e9ficiant de la technologie TRI-HOOK (bande adh\u00e9sive tr\u00e8s puissante).<\/p>\n<p>En cas de\u00a0<strong>plaie chirugicale,<\/strong>\u00a0il contient une poche amovible lavable en regard de la zone, avec un rembourrage de drainage absorbant. Le bandage est fourni avec deux poches de rechange, \u00e0 utiliser en plus des pansements prescrits par le v\u00e9t\u00e9rinaire traitant.<\/p>\n<p><strong>Comment utiliser\u00a0la bandage abdominal de soutien ?<\/strong><\/p>\n<p>Avant toute utilisation, demandez l\u2019avis de votre v\u00e9t\u00e9rinaire. Il peut aussi vous aider \u00e0 placer le bandage la premi\u00e8re fois.<\/p>\n<ul>\n<li>Placer la partie sous le ventre du cheval, et une premi\u00e8re sangle dorsale au centre.<\/li>\n<li>Placer la sangle de poitrail pour ajuster le bandage \u00e0 sa place.<\/li>\n<li>Placer les deux autres sangles dorsales en serrant au maximum de chaque c\u00f4t\u00e9. Resserrer la premi\u00e8re sangle dorsale.<\/li>\n<\/ul>\n<\/div>\n<\/div>\n<div class=\"product-modules\">\n<div class=\"product-modules__col\" data-section-name=\"avis\">\n<div class=\"product-modules__item\"><\/div>\n<\/div>\n<\/div>\n","protected":false},"excerpt":{"rendered":"<p>Le BANDAGE ABDOMINAL DE SOUTIEN est un ensemble en tissu facile \u00e0 poser pour soutenir la paroi abdominale du cheval en cas de fragilit\u00e9, apr\u00e8s une chirurgie de colique par exemple.<\/p>\n<div class=\"product attribute description content-wrapper\">\n<div class=\"value reset-pagebuilder\">\n<p>La bande\u00a0<strong>FLEX&#8217;ON<\/strong>\u00a0est \u00e9conomique et a un bon rapport qualit\u00e9 \/ prix.<\/p>\n<p><strong>Demander conseil \u00e0 un v\u00e9t\u00e9rinaire avant toute utilisation.<\/strong><\/p>\n<\/div>\n<\/div>\n","protected":false},"featured_media":606674,"template":"","meta":[],"product_cat":[12549,12547],"product_tag":[],"class_list":{"0":"post-606650","1":"product","2":"type-product","3":"status-publish","4":"has-post-thumbnail","6":"product_cat-accessoires-du-cheval","7":"product_cat-cheval","8":"pa_marque-kruuse","10":"first","11":"instock","12":"taxable","13":"shipping-taxable","14":"purchasable","15":"product-type-variable"},"yoast_head":"<!-- This site is optimized with the Yoast SEO plugin v27.3 - https:\/\/yoast.com\/product\/yoast-seo-wordpress\/ -->\n<title>Bandage Abdominal de Soutien Kruuse - V\u00e9torino<\/title>\n<meta name=\"description\" content=\"Le BANDAGE ABDOMINAL DE SOUTIEN est un ensemble en tissu facile \u00e0 poser pour soutenir la paroi abdominale du cheval en cas de fragilit\u00e9, apr\u00e8s une chirurgie de colique par exemple.    La bande\u00a0FLEX&#039;ON\u00a0est \u00e9conomique et a un bon rapport qualit\u00e9 \/ prix.  Demander conseil \u00e0 un v\u00e9t\u00e9rinaire avant toute utilisation.\" \/>\n<meta name=\"robots\" content=\"noindex, nofollow\" \/>\n<meta property=\"og:locale\" content=\"fr_FR\" \/>\n<meta property=\"og:type\" content=\"article\" \/>\n<meta property=\"og:title\" content=\"Bandage Abdominal de Soutien Kruuse - V\u00e9torino\" \/>\n<meta property=\"og:description\" content=\"Le BANDAGE ABDOMINAL DE SOUTIEN est un ensemble en tissu facile \u00e0 poser pour soutenir la paroi abdominale du cheval en cas de fragilit\u00e9, apr\u00e8s une chirurgie de colique par exemple.    La bande\u00a0FLEX&#039;ON\u00a0est \u00e9conomique et a un bon rapport qualit\u00e9 \/ prix.  Demander conseil \u00e0 un v\u00e9t\u00e9rinaire avant toute utilisation.\" \/>\n<meta property=\"og:url\" content=\"https:\/\/www.vetorino.com\/veterinaire\/villenavedornon-33140-1\/boutique\/product\/bande-cohesive-flexon\/\" \/>\n<meta property=\"og:site_name\" content=\"V\u00e9torino\" \/>\n<meta property=\"article:publisher\" content=\"https:\/\/www.facebook.com\/Vetorino\/\" \/>\n<meta property=\"article:modified_time\" content=\"2025-08-08T15:42:19+00:00\" \/>\n<meta property=\"og:image\" content=\"https:\/\/www.vetorino.com\/boutique\/wp-content\/uploads\/2023\/05\/Capture-decran-2023-05-02-a-15.07.29.png\" \/>\n\t<meta property=\"og:image:width\" content=\"922\" \/>\n\t<meta property=\"og:image:height\" content=\"844\" \/>\n\t<meta property=\"og:image:type\" content=\"image\/png\" \/>\n<meta name=\"twitter:card\" content=\"summary_large_image\" \/>\n<meta name=\"twitter:label1\" content=\"Disponibilit\u00e9\" \/>\n\t<meta name=\"twitter:data1\" content=\"En stock\" \/>\n<script type=\"application\/ld+json\" class=\"yoast-schema-graph\">{\"@context\":\"https:\\\/\\\/schema.org\",\"@graph\":[{\"@type\":\"WebPage\",\"@id\":\"https:\\\/\\\/www.vetorino.com\\\/boutique\\\/product\\\/bande-cohesive-flexon\\\/\",\"url\":\"https:\\\/\\\/www.vetorino.com\\\/boutique\\\/product\\\/bande-cohesive-flexon\\\/\",\"name\":\"Bandage Abdominal de Soutien Kruuse - V\u00e9torino\",\"isPartOf\":{\"@id\":\"https:\\\/\\\/www.vetorino.com\\\/boutique\\\/#website\"},\"primaryImageOfPage\":{\"@id\":\"https:\\\/\\\/www.vetorino.com\\\/boutique\\\/product\\\/bande-cohesive-flexon\\\/#primaryimage\"},\"image\":{\"@id\":\"https:\\\/\\\/www.vetorino.com\\\/boutique\\\/product\\\/bande-cohesive-flexon\\\/#primaryimage\"},\"thumbnailUrl\":\"https:\\\/\\\/www.vetorino.com\\\/boutique\\\/wp-content\\\/uploads\\\/2023\\\/05\\\/Capture-decran-2023-05-02-a-15.07.29.png\",\"datePublished\":\"2023-05-02T12:54:22+00:00\",\"dateModified\":\"2025-08-08T15:42:19+00:00\",\"description\":\"Le BANDAGE ABDOMINAL DE SOUTIEN est un ensemble en tissu facile \u00e0 poser pour soutenir la paroi abdominale du cheval en cas de fragilit\u00e9, apr\u00e8s une chirurgie de colique par exemple. La bande\u00a0FLEX'ON\u00a0est \u00e9conomique et a un bon rapport qualit\u00e9 \\\/ prix. Demander conseil \u00e0 un v\u00e9t\u00e9rinaire avant toute utilisation.\",\"breadcrumb\":{\"@id\":\"https:\\\/\\\/www.vetorino.com\\\/boutique\\\/product\\\/bande-cohesive-flexon\\\/#breadcrumb\"},\"inLanguage\":\"fr-FR\",\"potentialAction\":[{\"@type\":\"ReadAction\",\"target\":[\"https:\\\/\\\/www.vetorino.com\\\/boutique\\\/product\\\/bande-cohesive-flexon\\\/\"]}]},{\"@type\":\"ImageObject\",\"inLanguage\":\"fr-FR\",\"@id\":\"https:\\\/\\\/www.vetorino.com\\\/boutique\\\/product\\\/bande-cohesive-flexon\\\/#primaryimage\",\"url\":\"https:\\\/\\\/www.vetorino.com\\\/boutique\\\/wp-content\\\/uploads\\\/2023\\\/05\\\/Capture-decran-2023-05-02-a-15.07.29.png\",\"contentUrl\":\"https:\\\/\\\/www.vetorino.com\\\/boutique\\\/wp-content\\\/uploads\\\/2023\\\/05\\\/Capture-decran-2023-05-02-a-15.07.29.png\",\"width\":922,\"height\":844},{\"@type\":\"BreadcrumbList\",\"@id\":\"https:\\\/\\\/www.vetorino.com\\\/boutique\\\/product\\\/bande-cohesive-flexon\\\/#breadcrumb\",\"itemListElement\":[{\"@type\":\"ListItem\",\"position\":1,\"name\":\"Accueil\",\"item\":\"https:\\\/\\\/www.vetorino.com\\\/boutique\\\/\"},{\"@type\":\"ListItem\",\"position\":2,\"name\":\"Produits\",\"item\":\"https:\\\/\\\/www.vetorino.com\\\/boutique\\\/\"},{\"@type\":\"ListItem\",\"position\":3,\"name\":\"Bandage Abdominal de Soutien\"}]},{\"@type\":\"WebSite\",\"@id\":\"https:\\\/\\\/www.vetorino.com\\\/boutique\\\/#website\",\"url\":\"https:\\\/\\\/www.vetorino.com\\\/boutique\\\/\",\"name\":\"V\u00e9torino\",\"description\":\"\",\"publisher\":{\"@id\":\"https:\\\/\\\/www.vetorino.com\\\/boutique\\\/#organization\"},\"potentialAction\":[{\"@type\":\"SearchAction\",\"target\":{\"@type\":\"EntryPoint\",\"urlTemplate\":\"https:\\\/\\\/www.vetorino.com\\\/boutique\\\/?s={search_term_string}\"},\"query-input\":{\"@type\":\"PropertyValueSpecification\",\"valueRequired\":true,\"valueName\":\"search_term_string\"}}],\"inLanguage\":\"fr-FR\"},{\"@type\":\"Organization\",\"@id\":\"https:\\\/\\\/www.vetorino.com\\\/boutique\\\/#organization\",\"name\":\"V\u00e9torino\",\"url\":\"https:\\\/\\\/www.vetorino.com\\\/boutique\\\/\",\"logo\":{\"@type\":\"ImageObject\",\"inLanguage\":\"fr-FR\",\"@id\":\"https:\\\/\\\/www.vetorino.com\\\/boutique\\\/#\\\/schema\\\/logo\\\/image\\\/\",\"url\":\"https:\\\/\\\/www.vetorino.com\\\/boutique\\\/wp-content\\\/uploads\\\/2024\\\/10\\\/logo.jpg\",\"contentUrl\":\"https:\\\/\\\/www.vetorino.com\\\/boutique\\\/wp-content\\\/uploads\\\/2024\\\/10\\\/logo.jpg\",\"width\":1200,\"height\":610,\"caption\":\"V\u00e9torino\"},\"image\":{\"@id\":\"https:\\\/\\\/www.vetorino.com\\\/boutique\\\/#\\\/schema\\\/logo\\\/image\\\/\"},\"sameAs\":[\"https:\\\/\\\/www.facebook.com\\\/Vetorino\\\/\",\"https:\\\/\\\/www.instagram.com\\\/vetorino_off\\\/\",\"https:\\\/\\\/www.linkedin.com\\\/company\\\/vtorino\\\/\"]}]}<\/script>\n<meta property=\"product:brand\" content=\"Kruuse\" \/>\n<meta property=\"og:availability\" content=\"instock\" \/>\n<meta property=\"product:availability\" content=\"instock\" \/>\n<meta property=\"product:condition\" content=\"new\" \/>\n<!-- \/ Yoast SEO plugin. -->","yoast_head_json":{"title":"Bandage Abdominal de Soutien Kruuse - V\u00e9torino","description":"Le BANDAGE ABDOMINAL DE SOUTIEN est un ensemble en tissu facile \u00e0 poser pour soutenir la paroi abdominale du cheval en cas de fragilit\u00e9, apr\u00e8s une chirurgie de colique par exemple.    La bande\u00a0FLEX'ON\u00a0est \u00e9conomique et a un bon rapport qualit\u00e9 \/ prix.  Demander conseil \u00e0 un v\u00e9t\u00e9rinaire avant toute utilisation.","robots":{"index":"noindex","follow":"nofollow"},"og_locale":"fr_FR","og_type":"article","og_title":"Bandage Abdominal de Soutien Kruuse - V\u00e9torino","og_description":"Le BANDAGE ABDOMINAL DE SOUTIEN est un ensemble en tissu facile \u00e0 poser pour soutenir la paroi abdominale du cheval en cas de fragilit\u00e9, apr\u00e8s une chirurgie de colique par exemple.    La bande\u00a0FLEX'ON\u00a0est \u00e9conomique et a un bon rapport qualit\u00e9 \/ prix.  Demander conseil \u00e0 un v\u00e9t\u00e9rinaire avant toute utilisation.","og_url":"https:\/\/www.vetorino.com\/veterinaire\/villenavedornon-33140-1\/boutique\/product\/bande-cohesive-flexon\/","og_site_name":"V\u00e9torino","article_publisher":"https:\/\/www.facebook.com\/Vetorino\/","article_modified_time":"2025-08-08T15:42:19+00:00","og_image":[{"width":922,"height":844,"url":"https:\/\/www.vetorino.com\/boutique\/wp-content\/uploads\/2023\/05\/Capture-decran-2023-05-02-a-15.07.29.png","type":"image\/png"}],"twitter_card":"summary_large_image","twitter_misc":{"Disponibilit\u00e9":"En stock"},"schema":{"@context":"https:\/\/schema.org","@graph":[{"@type":"WebPage","@id":"https:\/\/www.vetorino.com\/boutique\/product\/bande-cohesive-flexon\/","url":"https:\/\/www.vetorino.com\/boutique\/product\/bande-cohesive-flexon\/","name":"Bandage Abdominal de Soutien Kruuse - V\u00e9torino","isPartOf":{"@id":"https:\/\/www.vetorino.com\/boutique\/#website"},"primaryImageOfPage":{"@id":"https:\/\/www.vetorino.com\/boutique\/product\/bande-cohesive-flexon\/#primaryimage"},"image":{"@id":"https:\/\/www.vetorino.com\/boutique\/product\/bande-cohesive-flexon\/#primaryimage"},"thumbnailUrl":"https:\/\/www.vetorino.com\/boutique\/wp-content\/uploads\/2023\/05\/Capture-decran-2023-05-02-a-15.07.29.png","datePublished":"2023-05-02T12:54:22+00:00","dateModified":"2025-08-08T15:42:19+00:00","description":"Le BANDAGE ABDOMINAL DE SOUTIEN est un ensemble en tissu facile \u00e0 poser pour soutenir la paroi abdominale du cheval en cas de fragilit\u00e9, apr\u00e8s une chirurgie de colique par exemple. La bande\u00a0FLEX'ON\u00a0est \u00e9conomique et a un bon rapport qualit\u00e9 \/ prix. Demander conseil \u00e0 un v\u00e9t\u00e9rinaire avant toute utilisation.","breadcrumb":{"@id":"https:\/\/www.vetorino.com\/boutique\/product\/bande-cohesive-flexon\/#breadcrumb"},"inLanguage":"fr-FR","potentialAction":[{"@type":"ReadAction","target":["https:\/\/www.vetorino.com\/boutique\/product\/bande-cohesive-flexon\/"]}]},{"@type":"ImageObject","inLanguage":"fr-FR","@id":"https:\/\/www.vetorino.com\/boutique\/product\/bande-cohesive-flexon\/#primaryimage","url":"https:\/\/www.vetorino.com\/boutique\/wp-content\/uploads\/2023\/05\/Capture-decran-2023-05-02-a-15.07.29.png","contentUrl":"https:\/\/www.vetorino.com\/boutique\/wp-content\/uploads\/2023\/05\/Capture-decran-2023-05-02-a-15.07.29.png","width":922,"height":844},{"@type":"BreadcrumbList","@id":"https:\/\/www.vetorino.com\/boutique\/product\/bande-cohesive-flexon\/#breadcrumb","itemListElement":[{"@type":"ListItem","position":1,"name":"Accueil","item":"https:\/\/www.vetorino.com\/boutique\/"},{"@type":"ListItem","position":2,"name":"Produits","item":"https:\/\/www.vetorino.com\/boutique\/"},{"@type":"ListItem","position":3,"name":"Bandage Abdominal de Soutien"}]},{"@type":"WebSite","@id":"https:\/\/www.vetorino.com\/boutique\/#website","url":"https:\/\/www.vetorino.com\/boutique\/","name":"V\u00e9torino","description":"","publisher":{"@id":"https:\/\/www.vetorino.com\/boutique\/#organization"},"potentialAction":[{"@type":"SearchAction","target":{"@type":"EntryPoint","urlTemplate":"https:\/\/www.vetorino.com\/boutique\/?s={search_term_string}"},"query-input":{"@type":"PropertyValueSpecification","valueRequired":true,"valueName":"search_term_string"}}],"inLanguage":"fr-FR"},{"@type":"Organization","@id":"https:\/\/www.vetorino.com\/boutique\/#organization","name":"V\u00e9torino","url":"https:\/\/www.vetorino.com\/boutique\/","logo":{"@type":"ImageObject","inLanguage":"fr-FR","@id":"https:\/\/www.vetorino.com\/boutique\/#\/schema\/logo\/image\/","url":"https:\/\/www.vetorino.com\/boutique\/wp-content\/uploads\/2024\/10\/logo.jpg","contentUrl":"https:\/\/www.vetorino.com\/boutique\/wp-content\/uploads\/2024\/10\/logo.jpg","width":1200,"height":610,"caption":"V\u00e9torino"},"image":{"@id":"https:\/\/www.vetorino.com\/boutique\/#\/schema\/logo\/image\/"},"sameAs":["https:\/\/www.facebook.com\/Vetorino\/","https:\/\/www.instagram.com\/vetorino_off\/","https:\/\/www.linkedin.com\/company\/vtorino\/"]}]},"product_brand":"Kruuse","og_availability":"instock","product_availability":"instock","product_condition":"new"},"_links":{"self":[{"href":"https:\/\/www.vetorino.com\/veterinaire\/villenavedornon-33140-1\/boutique\/wp-json\/wp\/v2\/product\/606650","targetHints":{"allow":["GET"]}}],"collection":[{"href":"https:\/\/www.vetorino.com\/veterinaire\/villenavedornon-33140-1\/boutique\/wp-json\/wp\/v2\/product"}],"about":[{"href":"https:\/\/www.vetorino.com\/veterinaire\/villenavedornon-33140-1\/boutique\/wp-json\/wp\/v2\/types\/product"}],"wp:featuredmedia":[{"embeddable":true,"href":"https:\/\/www.vetorino.com\/veterinaire\/villenavedornon-33140-1\/boutique\/wp-json\/wp\/v2\/media\/606674"}],"wp:attachment":[{"href":"https:\/\/www.vetorino.com\/veterinaire\/villenavedornon-33140-1\/boutique\/wp-json\/wp\/v2\/media?parent=606650"}],"wp:term":[{"taxonomy":"product_cat","embeddable":true,"href":"https:\/\/www.vetorino.com\/veterinaire\/villenavedornon-33140-1\/boutique\/wp-json\/wp\/v2\/product_cat?post=606650"},{"taxonomy":"product_tag","embeddable":true,"href":"https:\/\/www.vetorino.com\/veterinaire\/villenavedornon-33140-1\/boutique\/wp-json\/wp\/v2\/product_tag?post=606650"}],"curies":[{"name":"wp","href":"https:\/\/api.w.org\/{rel}","templated":true}]}}