{"id":104237,"date":"2020-06-30T18:09:03","date_gmt":"2020-06-30T16:09:03","guid":{"rendered":"https:\/\/www.vetorino.com\/boutique\/product\/viti5-furet-pdre\/"},"modified":"2025-10-20T14:07:19","modified_gmt":"2025-10-20T12:07:19","slug":"viti5-furet-pdre","status":"publish","type":"product","link":"https:\/\/www.vetorino.com\/veterinaire\/villeneuvetolosane-31270\/boutique\/product\/viti5-furet-pdre\/","title":{"rendered":"Vit&#8217;i5 Furet"},"content":{"rendered":"<p><strong id=\"m_-6246574913870994421yui_3_16_0_ym19_1_1512131151592_5638\"><strong id=\"m_-6246574913870994421yui_3_16_0_ym19_1_1512131151592_5639\">Compl\u00e9ment alimentaire en poudre pour\u00a0<span id=\"m_-6246574913870994421yui_3_16_0_ym19_1_1512131151592_5728\">furet<\/span>\u00a0destin\u00e9 \u00e0 apporter min\u00e9raux et vitamines pour\u00a0<\/strong><strong id=\"m_-6246574913870994421yui_3_16_0_ym19_1_1512131151592_5640\">\u00e9quilibrer une alimentation maison (<span id=\"m_-1959684120442364074yui_3_16_0_ym19_1_1512066971972_5351\">viande ou poisson + Vit&#8217;i5<\/span><span id=\"m_-1959684120442364074yui_3_16_0_ym19_1_1512066971972_5479\"><sup><strong>\u00a0<\/strong><\/sup><span id=\"m_-1959684120442364074yui_3_16_0_ym19_1_1512066971972_5358\"><span id=\"m_-1959684120442364074yui_3_16_0_ym19_1_1512066971972_5359\"><span id=\"m_-1959684120442364074yui_3_16_0_ym19_1_1512066971972_5360\">+ huile + son de bl\u00e9<\/span><\/span><\/span><\/span><span id=\"m_-6246574913870994421yui_3_16_0_ym19_1_1512131151592_5641\">)<\/span>.<\/strong><\/strong><\/p>\n<ul>\n<li>Furet \u00e0 tout \u00e2ge<\/li>\n<\/ul>\n<p><strong>Bienfaits essentiels :<\/strong><\/p>\n<ul>\n<li>En poudre, <strong>facile \u00e0 doser<\/strong>.<\/li>\n<li>Tr\u00e8s <strong>app\u00e9tant<\/strong>.<\/li>\n<li>Compl\u00e9ment\u00a0pour<strong> \u00e9quilibrer la ration m\u00e9nag\u00e8re<\/strong> (viande ou poisson + Vit&#8217;i5<sup><strong>\u00a0<\/strong><\/sup>+ huile + son de bl\u00e9)<span class=\"s1\">.<\/span><\/li>\n<li>Produit formul\u00e9 par le Dr G.Blanchard, <strong>v\u00e9t\u00e9rinaire sp\u00e9cialis\u00e9 en nutrition<\/strong>.<\/li>\n<\/ul>\n<p><strong>Mode d&#8217;emploi :<\/strong><\/p>\n<div id=\"m_-1959684120442364074yui_3_16_0_ym19_1_1512066971972_6017\">\n<ul>\n<li>1 dose (4g) pour 100-150 g de viande ou poisson\u00a0dans le cas d&#8217;une alimentation maison<\/li>\n<\/ul>\n<\/div>\n","protected":false},"excerpt":{"rendered":"<p><strong id=\"m_-6246574913870994421yui_3_16_0_ym19_1_1512131151592_5638\"><strong id=\"m_-6246574913870994421yui_3_16_0_ym19_1_1512131151592_5639\">Compl\u00e9ment alimentaire en poudre pour\u00a0<span id=\"m_-6246574913870994421yui_3_16_0_ym19_1_1512131151592_5728\">furet<\/span>\u00a0destin\u00e9 \u00e0 apporter min\u00e9raux et vitamines pour\u00a0<\/strong><strong id=\"m_-6246574913870994421yui_3_16_0_ym19_1_1512131151592_5640\">\u00e9quilibrer une alimentation maison (<span id=\"m_-1959684120442364074yui_3_16_0_ym19_1_1512066971972_5351\">viande ou poisson + Vit&#8217;i5<\/span><span id=\"m_-1959684120442364074yui_3_16_0_ym19_1_1512066971972_5479\"><sup><strong>\u00a0<\/strong><\/sup><span id=\"m_-1959684120442364074yui_3_16_0_ym19_1_1512066971972_5358\"><span id=\"m_-1959684120442364074yui_3_16_0_ym19_1_1512066971972_5359\"><span id=\"m_-1959684120442364074yui_3_16_0_ym19_1_1512066971972_5360\">+ huile + son de bl\u00e9<\/span><\/span><\/span><\/span><span id=\"m_-6246574913870994421yui_3_16_0_ym19_1_1512131151592_5641\">)<\/span>.<\/strong><\/strong><\/p>\n<ul>\n<li>Furet \u00e0 tout \u00e2ge<\/li>\n<\/ul>\n","protected":false},"featured_media":830533,"template":"","meta":[],"product_cat":[12577,12662,2744,2727],"product_tag":[],"class_list":{"0":"post-104237","1":"product","2":"type-product","3":"status-publish","4":"has-post-thumbnail","6":"product_cat-alimentation-du-furet","7":"product_cat-complement-alimentaire-pour-furet","8":"product_cat-furet","9":"product_cat-nac","10":"pa_marque-osalia","12":"first","13":"outofstock","14":"taxable","15":"shipping-taxable","16":"purchasable","17":"product-type-simple"},"yoast_head":"<!-- This site is optimized with the Yoast SEO plugin v27.3 - https:\/\/yoast.com\/product\/yoast-seo-wordpress\/ -->\n<title>Vit&#039;i5 Furet Osalia - V\u00e9torino<\/title>\n<meta name=\"description\" content=\"Compl\u00e9ment alimentaire en poudre pour\u00a0furet\u00a0destin\u00e9 \u00e0 apporter min\u00e9raux et vitamines pour\u00a0\u00e9quilibrer une alimentation maison (viande ou poisson + Vit&#039;i5\u00a0+ huile + son de bl\u00e9).   Furet \u00e0 tout \u00e2ge\" \/>\n<meta name=\"robots\" content=\"noindex, nofollow\" \/>\n<meta property=\"og:locale\" content=\"fr_FR\" \/>\n<meta property=\"og:type\" content=\"article\" \/>\n<meta property=\"og:title\" content=\"Vit&#039;i5 Furet Osalia - V\u00e9torino\" \/>\n<meta property=\"og:description\" content=\"Compl\u00e9ment alimentaire en poudre pour\u00a0furet\u00a0destin\u00e9 \u00e0 apporter min\u00e9raux et vitamines pour\u00a0\u00e9quilibrer une alimentation maison (viande ou poisson + Vit&#039;i5\u00a0+ huile + son de bl\u00e9).   Furet \u00e0 tout \u00e2ge\" \/>\n<meta property=\"og:url\" content=\"https:\/\/www.vetorino.com\/veterinaire\/villeneuvetolosane-31270\/boutique\/product\/viti5-furet-pdre\/\" \/>\n<meta property=\"og:site_name\" content=\"V\u00e9torino\" \/>\n<meta property=\"article:publisher\" content=\"https:\/\/www.facebook.com\/Vetorino\/\" \/>\n<meta property=\"article:modified_time\" content=\"2025-10-20T12:07:19+00:00\" \/>\n<meta property=\"og:image\" content=\"https:\/\/www.vetorino.com\/boutique\/wp-content\/uploads\/2020\/11\/vit-i5-furet-250g.jpg\" \/>\n\t<meta property=\"og:image:width\" content=\"800\" \/>\n\t<meta property=\"og:image:height\" content=\"800\" \/>\n\t<meta property=\"og:image:type\" content=\"image\/jpeg\" \/>\n<meta name=\"twitter:card\" content=\"summary_large_image\" \/>\n<meta name=\"twitter:label1\" content=\"Prix\" \/>\n\t<meta name=\"twitter:data1\" content=\"27,40&euro;\" \/>\n\t<meta name=\"twitter:label2\" content=\"Disponibilit\u00e9\" \/>\n\t<meta name=\"twitter:data2\" content=\"Rupture de stock\" \/>\n<script type=\"application\/ld+json\" class=\"yoast-schema-graph\">{\"@context\":\"https:\\\/\\\/schema.org\",\"@graph\":[{\"@type\":\"WebPage\",\"@id\":\"https:\\\/\\\/www.vetorino.com\\\/boutique\\\/product\\\/viti5-furet-pdre\\\/\",\"url\":\"https:\\\/\\\/www.vetorino.com\\\/boutique\\\/product\\\/viti5-furet-pdre\\\/\",\"name\":\"Vit'i5 Furet Osalia - V\u00e9torino\",\"isPartOf\":{\"@id\":\"https:\\\/\\\/www.vetorino.com\\\/boutique\\\/#website\"},\"primaryImageOfPage\":{\"@id\":\"https:\\\/\\\/www.vetorino.com\\\/boutique\\\/product\\\/viti5-furet-pdre\\\/#primaryimage\"},\"image\":{\"@id\":\"https:\\\/\\\/www.vetorino.com\\\/boutique\\\/product\\\/viti5-furet-pdre\\\/#primaryimage\"},\"thumbnailUrl\":\"https:\\\/\\\/www.vetorino.com\\\/boutique\\\/wp-content\\\/uploads\\\/2020\\\/11\\\/vit-i5-furet-250g.jpg\",\"datePublished\":\"2020-06-30T16:09:03+00:00\",\"dateModified\":\"2025-10-20T12:07:19+00:00\",\"description\":\"Compl\u00e9ment alimentaire en poudre pour\u00a0furet\u00a0destin\u00e9 \u00e0 apporter min\u00e9raux et vitamines pour\u00a0\u00e9quilibrer une alimentation maison (viande ou poisson + Vit'i5\u00a0+ huile + son de bl\u00e9). Furet \u00e0 tout \u00e2ge\",\"breadcrumb\":{\"@id\":\"https:\\\/\\\/www.vetorino.com\\\/boutique\\\/product\\\/viti5-furet-pdre\\\/#breadcrumb\"},\"inLanguage\":\"fr-FR\",\"potentialAction\":[{\"@type\":\"ReadAction\",\"target\":[\"https:\\\/\\\/www.vetorino.com\\\/boutique\\\/product\\\/viti5-furet-pdre\\\/\"]}]},{\"@type\":\"ImageObject\",\"inLanguage\":\"fr-FR\",\"@id\":\"https:\\\/\\\/www.vetorino.com\\\/boutique\\\/product\\\/viti5-furet-pdre\\\/#primaryimage\",\"url\":\"https:\\\/\\\/www.vetorino.com\\\/boutique\\\/wp-content\\\/uploads\\\/2020\\\/11\\\/vit-i5-furet-250g.jpg\",\"contentUrl\":\"https:\\\/\\\/www.vetorino.com\\\/boutique\\\/wp-content\\\/uploads\\\/2020\\\/11\\\/vit-i5-furet-250g.jpg\",\"width\":800,\"height\":800},{\"@type\":\"BreadcrumbList\",\"@id\":\"https:\\\/\\\/www.vetorino.com\\\/boutique\\\/product\\\/viti5-furet-pdre\\\/#breadcrumb\",\"itemListElement\":[{\"@type\":\"ListItem\",\"position\":1,\"name\":\"Accueil\",\"item\":\"https:\\\/\\\/www.vetorino.com\\\/boutique\\\/\"},{\"@type\":\"ListItem\",\"position\":2,\"name\":\"Produits\",\"item\":\"https:\\\/\\\/www.vetorino.com\\\/boutique\\\/\"},{\"@type\":\"ListItem\",\"position\":3,\"name\":\"Vit&#8217;i5 Furet\"}]},{\"@type\":\"WebSite\",\"@id\":\"https:\\\/\\\/www.vetorino.com\\\/boutique\\\/#website\",\"url\":\"https:\\\/\\\/www.vetorino.com\\\/boutique\\\/\",\"name\":\"V\u00e9torino\",\"description\":\"\",\"publisher\":{\"@id\":\"https:\\\/\\\/www.vetorino.com\\\/boutique\\\/#organization\"},\"potentialAction\":[{\"@type\":\"SearchAction\",\"target\":{\"@type\":\"EntryPoint\",\"urlTemplate\":\"https:\\\/\\\/www.vetorino.com\\\/boutique\\\/?s={search_term_string}\"},\"query-input\":{\"@type\":\"PropertyValueSpecification\",\"valueRequired\":true,\"valueName\":\"search_term_string\"}}],\"inLanguage\":\"fr-FR\"},{\"@type\":\"Organization\",\"@id\":\"https:\\\/\\\/www.vetorino.com\\\/boutique\\\/#organization\",\"name\":\"V\u00e9torino\",\"url\":\"https:\\\/\\\/www.vetorino.com\\\/boutique\\\/\",\"logo\":{\"@type\":\"ImageObject\",\"inLanguage\":\"fr-FR\",\"@id\":\"https:\\\/\\\/www.vetorino.com\\\/boutique\\\/#\\\/schema\\\/logo\\\/image\\\/\",\"url\":\"https:\\\/\\\/www.vetorino.com\\\/boutique\\\/wp-content\\\/uploads\\\/2024\\\/10\\\/logo.jpg\",\"contentUrl\":\"https:\\\/\\\/www.vetorino.com\\\/boutique\\\/wp-content\\\/uploads\\\/2024\\\/10\\\/logo.jpg\",\"width\":1200,\"height\":610,\"caption\":\"V\u00e9torino\"},\"image\":{\"@id\":\"https:\\\/\\\/www.vetorino.com\\\/boutique\\\/#\\\/schema\\\/logo\\\/image\\\/\"},\"sameAs\":[\"https:\\\/\\\/www.facebook.com\\\/Vetorino\\\/\",\"https:\\\/\\\/www.instagram.com\\\/vetorino_off\\\/\",\"https:\\\/\\\/www.linkedin.com\\\/company\\\/vtorino\\\/\"]}]}<\/script>\n<meta property=\"product:brand\" content=\"Osalia\" \/>\n<meta property=\"product:price:amount\" content=\"27.40\" \/>\n<meta property=\"product:price:currency\" content=\"EUR\" \/>\n<meta property=\"og:availability\" content=\"out of stock\" \/>\n<meta property=\"product:availability\" content=\"out of stock\" \/>\n<meta property=\"product:retailer_item_id\" content=\"C-VIT043\" \/>\n<meta property=\"product:condition\" content=\"new\" \/>\n<!-- \/ Yoast SEO plugin. -->","yoast_head_json":{"title":"Vit'i5 Furet Osalia - V\u00e9torino","description":"Compl\u00e9ment alimentaire en poudre pour\u00a0furet\u00a0destin\u00e9 \u00e0 apporter min\u00e9raux et vitamines pour\u00a0\u00e9quilibrer une alimentation maison (viande ou poisson + Vit'i5\u00a0+ huile + son de bl\u00e9).   Furet \u00e0 tout \u00e2ge","robots":{"index":"noindex","follow":"nofollow"},"og_locale":"fr_FR","og_type":"article","og_title":"Vit'i5 Furet Osalia - V\u00e9torino","og_description":"Compl\u00e9ment alimentaire en poudre pour\u00a0furet\u00a0destin\u00e9 \u00e0 apporter min\u00e9raux et vitamines pour\u00a0\u00e9quilibrer une alimentation maison (viande ou poisson + Vit'i5\u00a0+ huile + son de bl\u00e9).   Furet \u00e0 tout \u00e2ge","og_url":"https:\/\/www.vetorino.com\/veterinaire\/villeneuvetolosane-31270\/boutique\/product\/viti5-furet-pdre\/","og_site_name":"V\u00e9torino","article_publisher":"https:\/\/www.facebook.com\/Vetorino\/","article_modified_time":"2025-10-20T12:07:19+00:00","og_image":[{"width":800,"height":800,"url":"https:\/\/www.vetorino.com\/boutique\/wp-content\/uploads\/2020\/11\/vit-i5-furet-250g.jpg","type":"image\/jpeg"}],"twitter_card":"summary_large_image","twitter_misc":{"Prix":"27,40&euro;","Disponibilit\u00e9":"Rupture de stock"},"schema":{"@context":"https:\/\/schema.org","@graph":[{"@type":"WebPage","@id":"https:\/\/www.vetorino.com\/boutique\/product\/viti5-furet-pdre\/","url":"https:\/\/www.vetorino.com\/boutique\/product\/viti5-furet-pdre\/","name":"Vit'i5 Furet Osalia - V\u00e9torino","isPartOf":{"@id":"https:\/\/www.vetorino.com\/boutique\/#website"},"primaryImageOfPage":{"@id":"https:\/\/www.vetorino.com\/boutique\/product\/viti5-furet-pdre\/#primaryimage"},"image":{"@id":"https:\/\/www.vetorino.com\/boutique\/product\/viti5-furet-pdre\/#primaryimage"},"thumbnailUrl":"https:\/\/www.vetorino.com\/boutique\/wp-content\/uploads\/2020\/11\/vit-i5-furet-250g.jpg","datePublished":"2020-06-30T16:09:03+00:00","dateModified":"2025-10-20T12:07:19+00:00","description":"Compl\u00e9ment alimentaire en poudre pour\u00a0furet\u00a0destin\u00e9 \u00e0 apporter min\u00e9raux et vitamines pour\u00a0\u00e9quilibrer une alimentation maison (viande ou poisson + Vit'i5\u00a0+ huile + son de bl\u00e9). Furet \u00e0 tout \u00e2ge","breadcrumb":{"@id":"https:\/\/www.vetorino.com\/boutique\/product\/viti5-furet-pdre\/#breadcrumb"},"inLanguage":"fr-FR","potentialAction":[{"@type":"ReadAction","target":["https:\/\/www.vetorino.com\/boutique\/product\/viti5-furet-pdre\/"]}]},{"@type":"ImageObject","inLanguage":"fr-FR","@id":"https:\/\/www.vetorino.com\/boutique\/product\/viti5-furet-pdre\/#primaryimage","url":"https:\/\/www.vetorino.com\/boutique\/wp-content\/uploads\/2020\/11\/vit-i5-furet-250g.jpg","contentUrl":"https:\/\/www.vetorino.com\/boutique\/wp-content\/uploads\/2020\/11\/vit-i5-furet-250g.jpg","width":800,"height":800},{"@type":"BreadcrumbList","@id":"https:\/\/www.vetorino.com\/boutique\/product\/viti5-furet-pdre\/#breadcrumb","itemListElement":[{"@type":"ListItem","position":1,"name":"Accueil","item":"https:\/\/www.vetorino.com\/boutique\/"},{"@type":"ListItem","position":2,"name":"Produits","item":"https:\/\/www.vetorino.com\/boutique\/"},{"@type":"ListItem","position":3,"name":"Vit&#8217;i5 Furet"}]},{"@type":"WebSite","@id":"https:\/\/www.vetorino.com\/boutique\/#website","url":"https:\/\/www.vetorino.com\/boutique\/","name":"V\u00e9torino","description":"","publisher":{"@id":"https:\/\/www.vetorino.com\/boutique\/#organization"},"potentialAction":[{"@type":"SearchAction","target":{"@type":"EntryPoint","urlTemplate":"https:\/\/www.vetorino.com\/boutique\/?s={search_term_string}"},"query-input":{"@type":"PropertyValueSpecification","valueRequired":true,"valueName":"search_term_string"}}],"inLanguage":"fr-FR"},{"@type":"Organization","@id":"https:\/\/www.vetorino.com\/boutique\/#organization","name":"V\u00e9torino","url":"https:\/\/www.vetorino.com\/boutique\/","logo":{"@type":"ImageObject","inLanguage":"fr-FR","@id":"https:\/\/www.vetorino.com\/boutique\/#\/schema\/logo\/image\/","url":"https:\/\/www.vetorino.com\/boutique\/wp-content\/uploads\/2024\/10\/logo.jpg","contentUrl":"https:\/\/www.vetorino.com\/boutique\/wp-content\/uploads\/2024\/10\/logo.jpg","width":1200,"height":610,"caption":"V\u00e9torino"},"image":{"@id":"https:\/\/www.vetorino.com\/boutique\/#\/schema\/logo\/image\/"},"sameAs":["https:\/\/www.facebook.com\/Vetorino\/","https:\/\/www.instagram.com\/vetorino_off\/","https:\/\/www.linkedin.com\/company\/vtorino\/"]}]},"product_brand":"Osalia","product_price_amount":"27.40","product_price_currency":"EUR","og_availability":"out of stock","product_availability":"out of stock","product_retailer_item_id":"C-VIT043","product_condition":"new"},"_links":{"self":[{"href":"https:\/\/www.vetorino.com\/veterinaire\/villeneuvetolosane-31270\/boutique\/wp-json\/wp\/v2\/product\/104237","targetHints":{"allow":["GET"]}}],"collection":[{"href":"https:\/\/www.vetorino.com\/veterinaire\/villeneuvetolosane-31270\/boutique\/wp-json\/wp\/v2\/product"}],"about":[{"href":"https:\/\/www.vetorino.com\/veterinaire\/villeneuvetolosane-31270\/boutique\/wp-json\/wp\/v2\/types\/product"}],"wp:featuredmedia":[{"embeddable":true,"href":"https:\/\/www.vetorino.com\/veterinaire\/villeneuvetolosane-31270\/boutique\/wp-json\/wp\/v2\/media\/830533"}],"wp:attachment":[{"href":"https:\/\/www.vetorino.com\/veterinaire\/villeneuvetolosane-31270\/boutique\/wp-json\/wp\/v2\/media?parent=104237"}],"wp:term":[{"taxonomy":"product_cat","embeddable":true,"href":"https:\/\/www.vetorino.com\/veterinaire\/villeneuvetolosane-31270\/boutique\/wp-json\/wp\/v2\/product_cat?post=104237"},{"taxonomy":"product_tag","embeddable":true,"href":"https:\/\/www.vetorino.com\/veterinaire\/villeneuvetolosane-31270\/boutique\/wp-json\/wp\/v2\/product_tag?post=104237"}],"curies":[{"name":"wp","href":"https:\/\/api.w.org\/{rel}","templated":true}]}}