{"id":106009,"date":"2020-07-07T14:33:57","date_gmt":"2020-07-07T12:33:57","guid":{"rendered":"https:\/\/www.vetorino.com\/boutique\/product\/arbre-a-chat-martin-sellier-goutte\/"},"modified":"2026-03-14T09:42:58","modified_gmt":"2026-03-14T08:42:58","slug":"arbre-a-chat-martin-sellier-goutte","status":"publish","type":"product","link":"https:\/\/www.vetorino.com\/veterinaire\/villeneuvetolosane-31270\/boutique\/product\/arbre-a-chat-martin-sellier-goutte\/","title":{"rendered":"Arbre \u00e0 chat Martin Sellier Goutte"},"content":{"rendered":"<div class=\"hidden\">L\u2019<strong>Arbre \u00e0 chat Martin Sellier Goutte<\/strong>\u00a0est un accessoire incontournable pour offrir \u00e0 votre compagnon f\u00e9lin un espace de d\u00e9tente et de jeu adapt\u00e9 \u00e0 ses besoins naturels.<\/div>\n<p><\/p>\n<div><strong>Caract\u00e9ristiques :<\/strong><\/div>\n<p><\/p>\n<ul>\n<li>Sa forme sph\u00e9rique est un cocon o\u00f9 il peut se lover et se sentir en s\u00e9curit\u00e9.<\/li>\n<li>Le coussin est moelleux avec une face en imitation fourrure tr\u00e8s douce et une autre face en tissu uni.<\/li>\n<li>D\u00e9houssable il permet un nettoyage facile.<\/li>\n<li>Le design de cette cabane de r\u00eave apporte une touche de nature et d\u2019\u00e9l\u00e9gance dans votre salon.<\/li>\n<\/ul>\n<p>\n<strong>Conseil bien-\u00eatre :<\/strong> L\u2019arbre \u00e0 chat goutte sera particuli\u00e8rement bien situ\u00e9 dans l\u2019angle d\u2019une pi\u00e8ce de vie : votre chat pourra y faire ses griffes, mais aussi passer du temps pr\u00e8s de vous, en toute s\u00e9curit\u00e9.<\/p>\n","protected":false},"excerpt":{"rendered":"<div class=\"hidden\">L\u2019<strong>Arbre \u00e0 chat Martin Sellier Goutte<\/strong>\u00a0est un accessoire incontournable pour offrir \u00e0 votre compagnon f\u00e9lin un espace de d\u00e9tente et de jeu adapt\u00e9 \u00e0 ses besoins naturels.<\/div>\n<p><\/p>\n<div><strong>Caract\u00e9ristiques :<\/strong><\/div>\n<p><\/p>\n<ul>\n<li>Sa forme sph\u00e9rique est un cocon o\u00f9 il peut se lover et se sentir en s\u00e9curit\u00e9.<\/li>\n<li>Le coussin est moelleux avec une face en imitation fourrure tr\u00e8s douce et une autre face en tissu uni.<\/li>\n<li>D\u00e9houssable il permet un nettoyage facile.<\/li>\n<li>Le design de cette cabane de r\u00eave apporte une touche de nature et d\u2019\u00e9l\u00e9gance dans votre salon.<\/li>\n<\/ul>\n<p>\n<strong>Conseil bien-\u00eatre :<\/strong> L\u2019arbre \u00e0 chat goutte sera particuli\u00e8rement bien situ\u00e9 dans l\u2019angle d\u2019une pi\u00e8ce de vie : votre chat pourra y faire ses griffes, mais aussi passer du temps pr\u00e8s de vous, en toute s\u00e9curit\u00e9.<\/p>\n","protected":false},"featured_media":1450772,"template":"","meta":[],"product_cat":[12548,2748,2697,12595],"product_tag":[],"class_list":{"0":"post-106009","1":"product","2":"type-product","3":"status-publish","4":"has-post-thumbnail","6":"product_cat-accessoire-du-chat","7":"product_cat-arbres-a-chat-griffoirs","8":"product_cat-chat","9":"product_cat-confort-du-chat","10":"pa_marque-materiel","12":"first","13":"instock","14":"taxable","15":"shipping-taxable","16":"purchasable","17":"product-type-simple"},"yoast_head":"<!-- This site is optimized with the Yoast SEO plugin v27.3 - https:\/\/yoast.com\/product\/yoast-seo-wordpress\/ -->\n<title>Arbre \u00e0 chat Martin Sellier Goutte Mat\u00e9riel - V\u00e9torino<\/title>\n<meta name=\"description\" content=\"L\u2019Arbre \u00e0 chat Martin Sellier Goutte\u00a0est un accessoire incontournable pour offrir \u00e0 votre compagnon f\u00e9lin un espace de d\u00e9tente et de jeu adapt\u00e9 \u00e0 ses besoins naturels.  Caract\u00e9ristiques :    Sa forme sph\u00e9rique est un cocon o\u00f9 il peut se lover et se sentir en s\u00e9curit\u00e9.  Le coussin est moelleux avec une face en imitation fourrure tr\u00e8s douce et une autre face en tissu uni.  D\u00e9houssable il permet un nettoyage facile.  Le design de cette cabane de r\u00eave apporte une touche de nature et d\u2019\u00e9l\u00e9gance dans votre salon.   Conseil bien-\u00eatre : L\u2019arbre \u00e0 chat goutte sera particuli\u00e8rement bien situ\u00e9 dans l\u2019angle d\u2019une pi\u00e8ce de vie : votre chat pourra y faire ses griffes, mais aussi passer du temps pr\u00e8s de vous, en toute s\u00e9curit\u00e9.\" \/>\n<meta name=\"robots\" content=\"noindex, nofollow\" \/>\n<meta property=\"og:locale\" content=\"fr_FR\" \/>\n<meta property=\"og:type\" content=\"article\" \/>\n<meta property=\"og:title\" content=\"Arbre \u00e0 chat Martin Sellier Goutte Mat\u00e9riel - V\u00e9torino\" \/>\n<meta property=\"og:description\" content=\"L\u2019Arbre \u00e0 chat Martin Sellier Goutte\u00a0est un accessoire incontournable pour offrir \u00e0 votre compagnon f\u00e9lin un espace de d\u00e9tente et de jeu adapt\u00e9 \u00e0 ses besoins naturels.  Caract\u00e9ristiques :    Sa forme sph\u00e9rique est un cocon o\u00f9 il peut se lover et se sentir en s\u00e9curit\u00e9.  Le coussin est moelleux avec une face en imitation fourrure tr\u00e8s douce et une autre face en tissu uni.  D\u00e9houssable il permet un nettoyage facile.  Le design de cette cabane de r\u00eave apporte une touche de nature et d\u2019\u00e9l\u00e9gance dans votre salon.   Conseil bien-\u00eatre : L\u2019arbre \u00e0 chat goutte sera particuli\u00e8rement bien situ\u00e9 dans l\u2019angle d\u2019une pi\u00e8ce de vie : votre chat pourra y faire ses griffes, mais aussi passer du temps pr\u00e8s de vous, en toute s\u00e9curit\u00e9.\" \/>\n<meta property=\"og:url\" content=\"https:\/\/www.vetorino.com\/veterinaire\/villeneuvetolosane-31270\/boutique\/product\/arbre-a-chat-martin-sellier-goutte\/\" \/>\n<meta property=\"og:site_name\" content=\"V\u00e9torino\" \/>\n<meta property=\"article:publisher\" content=\"https:\/\/www.facebook.com\/Vetorino\/\" \/>\n<meta property=\"article:modified_time\" content=\"2026-03-14T08:42:58+00:00\" \/>\n<meta property=\"og:image\" content=\"https:\/\/www.vetorino.com\/boutique\/wp-content\/uploads\/2020\/07\/martin-sellier_3001937_beige_1.webp\" \/>\n\t<meta property=\"og:image:width\" content=\"1420\" \/>\n\t<meta property=\"og:image:height\" content=\"1420\" \/>\n\t<meta property=\"og:image:type\" content=\"image\/webp\" \/>\n<meta name=\"twitter:card\" content=\"summary_large_image\" \/>\n<meta name=\"twitter:label1\" content=\"Prix\" \/>\n\t<meta name=\"twitter:data1\" content=\"116,15&euro;\" \/>\n\t<meta name=\"twitter:label2\" content=\"Disponibilit\u00e9\" \/>\n\t<meta name=\"twitter:data2\" content=\"En stock\" \/>\n<script type=\"application\/ld+json\" class=\"yoast-schema-graph\">{\"@context\":\"https:\\\/\\\/schema.org\",\"@graph\":[{\"@type\":\"WebPage\",\"@id\":\"https:\\\/\\\/www.vetorino.com\\\/boutique\\\/product\\\/arbre-a-chat-martin-sellier-goutte\\\/\",\"url\":\"https:\\\/\\\/www.vetorino.com\\\/boutique\\\/product\\\/arbre-a-chat-martin-sellier-goutte\\\/\",\"name\":\"Arbre \u00e0 chat Martin Sellier Goutte Mat\u00e9riel - V\u00e9torino\",\"isPartOf\":{\"@id\":\"https:\\\/\\\/www.vetorino.com\\\/boutique\\\/#website\"},\"primaryImageOfPage\":{\"@id\":\"https:\\\/\\\/www.vetorino.com\\\/boutique\\\/product\\\/arbre-a-chat-martin-sellier-goutte\\\/#primaryimage\"},\"image\":{\"@id\":\"https:\\\/\\\/www.vetorino.com\\\/boutique\\\/product\\\/arbre-a-chat-martin-sellier-goutte\\\/#primaryimage\"},\"thumbnailUrl\":\"https:\\\/\\\/www.vetorino.com\\\/boutique\\\/wp-content\\\/uploads\\\/2020\\\/07\\\/martin-sellier_3001937_beige_1.webp\",\"datePublished\":\"2020-07-07T12:33:57+00:00\",\"dateModified\":\"2026-03-14T08:42:58+00:00\",\"description\":\"L\u2019Arbre \u00e0 chat Martin Sellier Goutte\u00a0est un accessoire incontournable pour offrir \u00e0 votre compagnon f\u00e9lin un espace de d\u00e9tente et de jeu adapt\u00e9 \u00e0 ses besoins naturels. Caract\u00e9ristiques : Sa forme sph\u00e9rique est un cocon o\u00f9 il peut se lover et se sentir en s\u00e9curit\u00e9. Le coussin est moelleux avec une face en imitation fourrure tr\u00e8s douce et une autre face en tissu uni. D\u00e9houssable il permet un nettoyage facile. Le design de cette cabane de r\u00eave apporte une touche de nature et d\u2019\u00e9l\u00e9gance dans votre salon. Conseil bien-\u00eatre : L\u2019arbre \u00e0 chat goutte sera particuli\u00e8rement bien situ\u00e9 dans l\u2019angle d\u2019une pi\u00e8ce de vie : votre chat pourra y faire ses griffes, mais aussi passer du temps pr\u00e8s de vous, en toute s\u00e9curit\u00e9.\",\"breadcrumb\":{\"@id\":\"https:\\\/\\\/www.vetorino.com\\\/boutique\\\/product\\\/arbre-a-chat-martin-sellier-goutte\\\/#breadcrumb\"},\"inLanguage\":\"fr-FR\",\"potentialAction\":[{\"@type\":\"ReadAction\",\"target\":[\"https:\\\/\\\/www.vetorino.com\\\/boutique\\\/product\\\/arbre-a-chat-martin-sellier-goutte\\\/\"]}]},{\"@type\":\"ImageObject\",\"inLanguage\":\"fr-FR\",\"@id\":\"https:\\\/\\\/www.vetorino.com\\\/boutique\\\/product\\\/arbre-a-chat-martin-sellier-goutte\\\/#primaryimage\",\"url\":\"https:\\\/\\\/www.vetorino.com\\\/boutique\\\/wp-content\\\/uploads\\\/2020\\\/07\\\/martin-sellier_3001937_beige_1.webp\",\"contentUrl\":\"https:\\\/\\\/www.vetorino.com\\\/boutique\\\/wp-content\\\/uploads\\\/2020\\\/07\\\/martin-sellier_3001937_beige_1.webp\",\"width\":1420,\"height\":1420},{\"@type\":\"BreadcrumbList\",\"@id\":\"https:\\\/\\\/www.vetorino.com\\\/boutique\\\/product\\\/arbre-a-chat-martin-sellier-goutte\\\/#breadcrumb\",\"itemListElement\":[{\"@type\":\"ListItem\",\"position\":1,\"name\":\"Accueil\",\"item\":\"https:\\\/\\\/www.vetorino.com\\\/boutique\\\/\"},{\"@type\":\"ListItem\",\"position\":2,\"name\":\"Produits\",\"item\":\"https:\\\/\\\/www.vetorino.com\\\/boutique\\\/\"},{\"@type\":\"ListItem\",\"position\":3,\"name\":\"Arbre \u00e0 chat Martin Sellier Goutte\"}]},{\"@type\":\"WebSite\",\"@id\":\"https:\\\/\\\/www.vetorino.com\\\/boutique\\\/#website\",\"url\":\"https:\\\/\\\/www.vetorino.com\\\/boutique\\\/\",\"name\":\"V\u00e9torino\",\"description\":\"\",\"publisher\":{\"@id\":\"https:\\\/\\\/www.vetorino.com\\\/boutique\\\/#organization\"},\"potentialAction\":[{\"@type\":\"SearchAction\",\"target\":{\"@type\":\"EntryPoint\",\"urlTemplate\":\"https:\\\/\\\/www.vetorino.com\\\/boutique\\\/?s={search_term_string}\"},\"query-input\":{\"@type\":\"PropertyValueSpecification\",\"valueRequired\":true,\"valueName\":\"search_term_string\"}}],\"inLanguage\":\"fr-FR\"},{\"@type\":\"Organization\",\"@id\":\"https:\\\/\\\/www.vetorino.com\\\/boutique\\\/#organization\",\"name\":\"V\u00e9torino\",\"url\":\"https:\\\/\\\/www.vetorino.com\\\/boutique\\\/\",\"logo\":{\"@type\":\"ImageObject\",\"inLanguage\":\"fr-FR\",\"@id\":\"https:\\\/\\\/www.vetorino.com\\\/boutique\\\/#\\\/schema\\\/logo\\\/image\\\/\",\"url\":\"https:\\\/\\\/www.vetorino.com\\\/boutique\\\/wp-content\\\/uploads\\\/2024\\\/10\\\/logo.jpg\",\"contentUrl\":\"https:\\\/\\\/www.vetorino.com\\\/boutique\\\/wp-content\\\/uploads\\\/2024\\\/10\\\/logo.jpg\",\"width\":1200,\"height\":610,\"caption\":\"V\u00e9torino\"},\"image\":{\"@id\":\"https:\\\/\\\/www.vetorino.com\\\/boutique\\\/#\\\/schema\\\/logo\\\/image\\\/\"},\"sameAs\":[\"https:\\\/\\\/www.facebook.com\\\/Vetorino\\\/\",\"https:\\\/\\\/www.instagram.com\\\/vetorino_off\\\/\",\"https:\\\/\\\/www.linkedin.com\\\/company\\\/vtorino\\\/\"]}]}<\/script>\n<meta property=\"product:brand\" content=\"Mat\u00e9riel\" \/>\n<meta property=\"product:price:amount\" content=\"116.15\" \/>\n<meta property=\"product:price:currency\" content=\"EUR\" \/>\n<meta property=\"og:availability\" content=\"instock\" \/>\n<meta property=\"product:availability\" content=\"instock\" \/>\n<meta property=\"product:retailer_item_id\" content=\"C-ARB734\" \/>\n<meta property=\"product:condition\" content=\"new\" \/>\n<!-- \/ Yoast SEO plugin. -->","yoast_head_json":{"title":"Arbre \u00e0 chat Martin Sellier Goutte Mat\u00e9riel - V\u00e9torino","description":"L\u2019Arbre \u00e0 chat Martin Sellier Goutte\u00a0est un accessoire incontournable pour offrir \u00e0 votre compagnon f\u00e9lin un espace de d\u00e9tente et de jeu adapt\u00e9 \u00e0 ses besoins naturels.  Caract\u00e9ristiques :    Sa forme sph\u00e9rique est un cocon o\u00f9 il peut se lover et se sentir en s\u00e9curit\u00e9.  Le coussin est moelleux avec une face en imitation fourrure tr\u00e8s douce et une autre face en tissu uni.  D\u00e9houssable il permet un nettoyage facile.  Le design de cette cabane de r\u00eave apporte une touche de nature et d\u2019\u00e9l\u00e9gance dans votre salon.   Conseil bien-\u00eatre : L\u2019arbre \u00e0 chat goutte sera particuli\u00e8rement bien situ\u00e9 dans l\u2019angle d\u2019une pi\u00e8ce de vie : votre chat pourra y faire ses griffes, mais aussi passer du temps pr\u00e8s de vous, en toute s\u00e9curit\u00e9.","robots":{"index":"noindex","follow":"nofollow"},"og_locale":"fr_FR","og_type":"article","og_title":"Arbre \u00e0 chat Martin Sellier Goutte Mat\u00e9riel - V\u00e9torino","og_description":"L\u2019Arbre \u00e0 chat Martin Sellier Goutte\u00a0est un accessoire incontournable pour offrir \u00e0 votre compagnon f\u00e9lin un espace de d\u00e9tente et de jeu adapt\u00e9 \u00e0 ses besoins naturels.  Caract\u00e9ristiques :    Sa forme sph\u00e9rique est un cocon o\u00f9 il peut se lover et se sentir en s\u00e9curit\u00e9.  Le coussin est moelleux avec une face en imitation fourrure tr\u00e8s douce et une autre face en tissu uni.  D\u00e9houssable il permet un nettoyage facile.  Le design de cette cabane de r\u00eave apporte une touche de nature et d\u2019\u00e9l\u00e9gance dans votre salon.   Conseil bien-\u00eatre : L\u2019arbre \u00e0 chat goutte sera particuli\u00e8rement bien situ\u00e9 dans l\u2019angle d\u2019une pi\u00e8ce de vie : votre chat pourra y faire ses griffes, mais aussi passer du temps pr\u00e8s de vous, en toute s\u00e9curit\u00e9.","og_url":"https:\/\/www.vetorino.com\/veterinaire\/villeneuvetolosane-31270\/boutique\/product\/arbre-a-chat-martin-sellier-goutte\/","og_site_name":"V\u00e9torino","article_publisher":"https:\/\/www.facebook.com\/Vetorino\/","article_modified_time":"2026-03-14T08:42:58+00:00","og_image":[{"width":1420,"height":1420,"url":"https:\/\/www.vetorino.com\/boutique\/wp-content\/uploads\/2020\/07\/martin-sellier_3001937_beige_1.webp","type":"image\/webp"}],"twitter_card":"summary_large_image","twitter_misc":{"Prix":"116,15&euro;","Disponibilit\u00e9":"En stock"},"schema":{"@context":"https:\/\/schema.org","@graph":[{"@type":"WebPage","@id":"https:\/\/www.vetorino.com\/boutique\/product\/arbre-a-chat-martin-sellier-goutte\/","url":"https:\/\/www.vetorino.com\/boutique\/product\/arbre-a-chat-martin-sellier-goutte\/","name":"Arbre \u00e0 chat Martin Sellier Goutte Mat\u00e9riel - V\u00e9torino","isPartOf":{"@id":"https:\/\/www.vetorino.com\/boutique\/#website"},"primaryImageOfPage":{"@id":"https:\/\/www.vetorino.com\/boutique\/product\/arbre-a-chat-martin-sellier-goutte\/#primaryimage"},"image":{"@id":"https:\/\/www.vetorino.com\/boutique\/product\/arbre-a-chat-martin-sellier-goutte\/#primaryimage"},"thumbnailUrl":"https:\/\/www.vetorino.com\/boutique\/wp-content\/uploads\/2020\/07\/martin-sellier_3001937_beige_1.webp","datePublished":"2020-07-07T12:33:57+00:00","dateModified":"2026-03-14T08:42:58+00:00","description":"L\u2019Arbre \u00e0 chat Martin Sellier Goutte\u00a0est un accessoire incontournable pour offrir \u00e0 votre compagnon f\u00e9lin un espace de d\u00e9tente et de jeu adapt\u00e9 \u00e0 ses besoins naturels. Caract\u00e9ristiques : Sa forme sph\u00e9rique est un cocon o\u00f9 il peut se lover et se sentir en s\u00e9curit\u00e9. Le coussin est moelleux avec une face en imitation fourrure tr\u00e8s douce et une autre face en tissu uni. D\u00e9houssable il permet un nettoyage facile. Le design de cette cabane de r\u00eave apporte une touche de nature et d\u2019\u00e9l\u00e9gance dans votre salon. Conseil bien-\u00eatre : L\u2019arbre \u00e0 chat goutte sera particuli\u00e8rement bien situ\u00e9 dans l\u2019angle d\u2019une pi\u00e8ce de vie : votre chat pourra y faire ses griffes, mais aussi passer du temps pr\u00e8s de vous, en toute s\u00e9curit\u00e9.","breadcrumb":{"@id":"https:\/\/www.vetorino.com\/boutique\/product\/arbre-a-chat-martin-sellier-goutte\/#breadcrumb"},"inLanguage":"fr-FR","potentialAction":[{"@type":"ReadAction","target":["https:\/\/www.vetorino.com\/boutique\/product\/arbre-a-chat-martin-sellier-goutte\/"]}]},{"@type":"ImageObject","inLanguage":"fr-FR","@id":"https:\/\/www.vetorino.com\/boutique\/product\/arbre-a-chat-martin-sellier-goutte\/#primaryimage","url":"https:\/\/www.vetorino.com\/boutique\/wp-content\/uploads\/2020\/07\/martin-sellier_3001937_beige_1.webp","contentUrl":"https:\/\/www.vetorino.com\/boutique\/wp-content\/uploads\/2020\/07\/martin-sellier_3001937_beige_1.webp","width":1420,"height":1420},{"@type":"BreadcrumbList","@id":"https:\/\/www.vetorino.com\/boutique\/product\/arbre-a-chat-martin-sellier-goutte\/#breadcrumb","itemListElement":[{"@type":"ListItem","position":1,"name":"Accueil","item":"https:\/\/www.vetorino.com\/boutique\/"},{"@type":"ListItem","position":2,"name":"Produits","item":"https:\/\/www.vetorino.com\/boutique\/"},{"@type":"ListItem","position":3,"name":"Arbre \u00e0 chat Martin Sellier Goutte"}]},{"@type":"WebSite","@id":"https:\/\/www.vetorino.com\/boutique\/#website","url":"https:\/\/www.vetorino.com\/boutique\/","name":"V\u00e9torino","description":"","publisher":{"@id":"https:\/\/www.vetorino.com\/boutique\/#organization"},"potentialAction":[{"@type":"SearchAction","target":{"@type":"EntryPoint","urlTemplate":"https:\/\/www.vetorino.com\/boutique\/?s={search_term_string}"},"query-input":{"@type":"PropertyValueSpecification","valueRequired":true,"valueName":"search_term_string"}}],"inLanguage":"fr-FR"},{"@type":"Organization","@id":"https:\/\/www.vetorino.com\/boutique\/#organization","name":"V\u00e9torino","url":"https:\/\/www.vetorino.com\/boutique\/","logo":{"@type":"ImageObject","inLanguage":"fr-FR","@id":"https:\/\/www.vetorino.com\/boutique\/#\/schema\/logo\/image\/","url":"https:\/\/www.vetorino.com\/boutique\/wp-content\/uploads\/2024\/10\/logo.jpg","contentUrl":"https:\/\/www.vetorino.com\/boutique\/wp-content\/uploads\/2024\/10\/logo.jpg","width":1200,"height":610,"caption":"V\u00e9torino"},"image":{"@id":"https:\/\/www.vetorino.com\/boutique\/#\/schema\/logo\/image\/"},"sameAs":["https:\/\/www.facebook.com\/Vetorino\/","https:\/\/www.instagram.com\/vetorino_off\/","https:\/\/www.linkedin.com\/company\/vtorino\/"]}]},"product_brand":"Mat\u00e9riel","product_price_amount":"116.15","product_price_currency":"EUR","og_availability":"instock","product_availability":"instock","product_retailer_item_id":"C-ARB734","product_condition":"new"},"_links":{"self":[{"href":"https:\/\/www.vetorino.com\/veterinaire\/villeneuvetolosane-31270\/boutique\/wp-json\/wp\/v2\/product\/106009","targetHints":{"allow":["GET"]}}],"collection":[{"href":"https:\/\/www.vetorino.com\/veterinaire\/villeneuvetolosane-31270\/boutique\/wp-json\/wp\/v2\/product"}],"about":[{"href":"https:\/\/www.vetorino.com\/veterinaire\/villeneuvetolosane-31270\/boutique\/wp-json\/wp\/v2\/types\/product"}],"wp:featuredmedia":[{"embeddable":true,"href":"https:\/\/www.vetorino.com\/veterinaire\/villeneuvetolosane-31270\/boutique\/wp-json\/wp\/v2\/media\/1450772"}],"wp:attachment":[{"href":"https:\/\/www.vetorino.com\/veterinaire\/villeneuvetolosane-31270\/boutique\/wp-json\/wp\/v2\/media?parent=106009"}],"wp:term":[{"taxonomy":"product_cat","embeddable":true,"href":"https:\/\/www.vetorino.com\/veterinaire\/villeneuvetolosane-31270\/boutique\/wp-json\/wp\/v2\/product_cat?post=106009"},{"taxonomy":"product_tag","embeddable":true,"href":"https:\/\/www.vetorino.com\/veterinaire\/villeneuvetolosane-31270\/boutique\/wp-json\/wp\/v2\/product_tag?post=106009"}],"curies":[{"name":"wp","href":"https:\/\/api.w.org\/{rel}","templated":true}]}}