{"id":533008,"date":"2023-01-04T09:55:30","date_gmt":"2023-01-04T08:55:30","guid":{"rendered":"https:\/\/www.vetorino.com\/boutique\/product\/porus-one-500-mg-chat\/"},"modified":"2026-03-10T08:17:33","modified_gmt":"2026-03-10T07:17:33","slug":"porus-one-500-mg-chat","status":"publish","type":"product","link":"https:\/\/www.vetorino.com\/veterinaire\/villeurbanne\/boutique\/product\/porus-one-500-mg-chat\/","title":{"rendered":"Porus One 500 mg Chat"},"content":{"rendered":"<p><strong>Porus One favorise l&#8217;\u00e9limination des d\u00e9chets qui sont g\u00e9n\u00e9ralement excr\u00e9t\u00e9es par les reins dans les d\u00e9jections plut\u00f4t que leur absorption et accumulation dans le corps.<\/strong><\/p>\n<p><strong>Utilisation :<\/strong><\/p>\n<ul>\n<li>Support r\u00e9nal chez le chat<\/li>\n<\/ul>\n<p><strong>Avantages :<\/strong><\/p>\n<ul>\n<li>Porus One a un <strong>go\u00fbt neutre<\/strong> et est<strong> inodore<\/strong>. Il est donc bien tol\u00e9r\u00e9 par les chats lorsqu\u2019il est m\u00e9lang\u00e9 avec leur nourriture.<\/li>\n<li>Porus One est compos\u00e9 \u00e0 100 % de Renaltec. Des petites billes de carbone capables de lier les pr\u00e9curseurs des toxines ur\u00e9miques. Il favorise ainsi leur excr\u00e9tion dans les d\u00e9jections plut\u00f4t que leur absorption et accumulation dans le corps.<\/li>\n<\/ul>\n<p><strong>Mode d&#8217;emploi :<\/strong><br \/>\nPorus\u00ae One est facile \u00e0 utiliser<\/p>\n<p>M\u00e9langez 1 sachet de Porus One (500 mg) dans de la nourriture humide pour chat.<br \/>\nPorus One a un go\u00fbt neutre et est inodore. Il est donc bien tol\u00e9r\u00e9 par les chats lorsqu\u2019il est m\u00e9lang\u00e9 avec leur nourriture.<br \/>\nPour les chats suivant un r\u00e9gime alimentaire exclusivement sec, nous recommandons de m\u00e9langer Porus One avec un sachet de Add One de son go\u00fbt favori.<\/p>\n","protected":false},"excerpt":{"rendered":"<p><strong>Favorise l&#8217;\u00e9limination des d\u00e9chets qui sont g\u00e9n\u00e9ralement excr\u00e9t\u00e9es par les reins dans les d\u00e9jections plut\u00f4t que leur absorption et accumulation dans le corps.<\/strong><\/p>\n<p><strong>Utilisation :<\/strong><\/p>\n<ul>\n<li>Support r\u00e9nal chez le chat<\/li>\n<\/ul>\n","protected":false},"featured_media":902122,"template":"","meta":[],"product_cat":[12551,12581,2730,2697,12641,12645],"product_tag":[],"class_list":{"0":"post-533008","1":"product","2":"type-product","3":"status-publish","4":"has-post-thumbnail","6":"product_cat-alimentation-du-chat","7":"product_cat-alimentation-medicalisee-pour-chat","8":"product_cat-aliments-complementaires-pour-chat","9":"product_cat-chat","10":"product_cat-systeme-renal-du-chat","11":"product_cat-systeme-urinaire-du-chat","12":"pa_marque-dechra","14":"first","15":"instock","16":"taxable","17":"shipping-taxable","18":"purchasable","19":"product-type-simple"},"yoast_head":"<!-- This site is optimized with the Yoast SEO plugin v27.3 - https:\/\/yoast.com\/product\/yoast-seo-wordpress\/ -->\n<title>Porus One 500 mg Chat Dechra - V\u00e9torino<\/title>\n<meta name=\"description\" content=\"Favorise l&#039;\u00e9limination des d\u00e9chets qui sont g\u00e9n\u00e9ralement excr\u00e9t\u00e9es par les reins dans les d\u00e9jections plut\u00f4t que leur absorption et accumulation dans le corps.  Utilisation :   Support r\u00e9nal chez le chat\" \/>\n<meta name=\"robots\" content=\"noindex, nofollow\" \/>\n<meta property=\"og:locale\" content=\"fr_FR\" \/>\n<meta property=\"og:type\" content=\"article\" \/>\n<meta property=\"og:title\" content=\"Porus One 500 mg Chat Dechra - V\u00e9torino\" \/>\n<meta property=\"og:description\" content=\"Favorise l&#039;\u00e9limination des d\u00e9chets qui sont g\u00e9n\u00e9ralement excr\u00e9t\u00e9es par les reins dans les d\u00e9jections plut\u00f4t que leur absorption et accumulation dans le corps.  Utilisation :   Support r\u00e9nal chez le chat\" \/>\n<meta property=\"og:url\" content=\"https:\/\/www.vetorino.com\/veterinaire\/villeurbanne\/boutique\/product\/porus-one-500-mg-chat\/\" \/>\n<meta property=\"og:site_name\" content=\"V\u00e9torino\" \/>\n<meta property=\"article:publisher\" content=\"https:\/\/www.facebook.com\/Vetorino\/\" \/>\n<meta property=\"article:modified_time\" content=\"2026-03-10T07:17:33+00:00\" \/>\n<meta property=\"og:image\" content=\"https:\/\/www.vetorino.com\/boutique\/wp-content\/uploads\/2023\/01\/porus-one-500-mg-chat.webp\" \/>\n\t<meta property=\"og:image:width\" content=\"540\" \/>\n\t<meta property=\"og:image:height\" content=\"540\" \/>\n\t<meta property=\"og:image:type\" content=\"image\/webp\" \/>\n<meta name=\"twitter:card\" content=\"summary_large_image\" \/>\n<meta name=\"twitter:label1\" content=\"Prix\" \/>\n\t<meta name=\"twitter:data1\" content=\"28,46&euro;\" \/>\n\t<meta name=\"twitter:label2\" content=\"Disponibilit\u00e9\" \/>\n\t<meta name=\"twitter:data2\" content=\"En stock\" \/>\n<script type=\"application\/ld+json\" class=\"yoast-schema-graph\">{\"@context\":\"https:\\\/\\\/schema.org\",\"@graph\":[{\"@type\":\"WebPage\",\"@id\":\"https:\\\/\\\/www.vetorino.com\\\/boutique\\\/product\\\/porus-one-500-mg-chat\\\/\",\"url\":\"https:\\\/\\\/www.vetorino.com\\\/boutique\\\/product\\\/porus-one-500-mg-chat\\\/\",\"name\":\"Porus One 500 mg Chat Dechra - V\u00e9torino\",\"isPartOf\":{\"@id\":\"https:\\\/\\\/www.vetorino.com\\\/boutique\\\/#website\"},\"primaryImageOfPage\":{\"@id\":\"https:\\\/\\\/www.vetorino.com\\\/boutique\\\/product\\\/porus-one-500-mg-chat\\\/#primaryimage\"},\"image\":{\"@id\":\"https:\\\/\\\/www.vetorino.com\\\/boutique\\\/product\\\/porus-one-500-mg-chat\\\/#primaryimage\"},\"thumbnailUrl\":\"https:\\\/\\\/www.vetorino.com\\\/boutique\\\/wp-content\\\/uploads\\\/2023\\\/01\\\/porus-one-500-mg-chat.webp\",\"datePublished\":\"2023-01-04T08:55:30+00:00\",\"dateModified\":\"2026-03-10T07:17:33+00:00\",\"description\":\"Favorise l'\u00e9limination des d\u00e9chets qui sont g\u00e9n\u00e9ralement excr\u00e9t\u00e9es par les reins dans les d\u00e9jections plut\u00f4t que leur absorption et accumulation dans le corps. Utilisation : Support r\u00e9nal chez le chat\",\"breadcrumb\":{\"@id\":\"https:\\\/\\\/www.vetorino.com\\\/boutique\\\/product\\\/porus-one-500-mg-chat\\\/#breadcrumb\"},\"inLanguage\":\"fr-FR\",\"potentialAction\":[{\"@type\":\"ReadAction\",\"target\":[\"https:\\\/\\\/www.vetorino.com\\\/boutique\\\/product\\\/porus-one-500-mg-chat\\\/\"]}]},{\"@type\":\"ImageObject\",\"inLanguage\":\"fr-FR\",\"@id\":\"https:\\\/\\\/www.vetorino.com\\\/boutique\\\/product\\\/porus-one-500-mg-chat\\\/#primaryimage\",\"url\":\"https:\\\/\\\/www.vetorino.com\\\/boutique\\\/wp-content\\\/uploads\\\/2023\\\/01\\\/porus-one-500-mg-chat.webp\",\"contentUrl\":\"https:\\\/\\\/www.vetorino.com\\\/boutique\\\/wp-content\\\/uploads\\\/2023\\\/01\\\/porus-one-500-mg-chat.webp\",\"width\":540,\"height\":540},{\"@type\":\"BreadcrumbList\",\"@id\":\"https:\\\/\\\/www.vetorino.com\\\/boutique\\\/product\\\/porus-one-500-mg-chat\\\/#breadcrumb\",\"itemListElement\":[{\"@type\":\"ListItem\",\"position\":1,\"name\":\"Accueil\",\"item\":\"https:\\\/\\\/www.vetorino.com\\\/boutique\\\/\"},{\"@type\":\"ListItem\",\"position\":2,\"name\":\"Produits\",\"item\":\"https:\\\/\\\/www.vetorino.com\\\/boutique\\\/\"},{\"@type\":\"ListItem\",\"position\":3,\"name\":\"Porus One 500 mg Chat\"}]},{\"@type\":\"WebSite\",\"@id\":\"https:\\\/\\\/www.vetorino.com\\\/boutique\\\/#website\",\"url\":\"https:\\\/\\\/www.vetorino.com\\\/boutique\\\/\",\"name\":\"V\u00e9torino\",\"description\":\"\",\"publisher\":{\"@id\":\"https:\\\/\\\/www.vetorino.com\\\/boutique\\\/#organization\"},\"potentialAction\":[{\"@type\":\"SearchAction\",\"target\":{\"@type\":\"EntryPoint\",\"urlTemplate\":\"https:\\\/\\\/www.vetorino.com\\\/boutique\\\/?s={search_term_string}\"},\"query-input\":{\"@type\":\"PropertyValueSpecification\",\"valueRequired\":true,\"valueName\":\"search_term_string\"}}],\"inLanguage\":\"fr-FR\"},{\"@type\":\"Organization\",\"@id\":\"https:\\\/\\\/www.vetorino.com\\\/boutique\\\/#organization\",\"name\":\"V\u00e9torino\",\"url\":\"https:\\\/\\\/www.vetorino.com\\\/boutique\\\/\",\"logo\":{\"@type\":\"ImageObject\",\"inLanguage\":\"fr-FR\",\"@id\":\"https:\\\/\\\/www.vetorino.com\\\/boutique\\\/#\\\/schema\\\/logo\\\/image\\\/\",\"url\":\"https:\\\/\\\/www.vetorino.com\\\/boutique\\\/wp-content\\\/uploads\\\/2024\\\/10\\\/logo.jpg\",\"contentUrl\":\"https:\\\/\\\/www.vetorino.com\\\/boutique\\\/wp-content\\\/uploads\\\/2024\\\/10\\\/logo.jpg\",\"width\":1200,\"height\":610,\"caption\":\"V\u00e9torino\"},\"image\":{\"@id\":\"https:\\\/\\\/www.vetorino.com\\\/boutique\\\/#\\\/schema\\\/logo\\\/image\\\/\"},\"sameAs\":[\"https:\\\/\\\/www.facebook.com\\\/Vetorino\\\/\",\"https:\\\/\\\/www.instagram.com\\\/vetorino_off\\\/\",\"https:\\\/\\\/www.linkedin.com\\\/company\\\/vtorino\\\/\"]}]}<\/script>\n<meta property=\"product:brand\" content=\"Dechra\" \/>\n<meta property=\"product:price:amount\" content=\"28.46\" \/>\n<meta property=\"product:price:currency\" content=\"EUR\" \/>\n<meta property=\"og:availability\" content=\"instock\" \/>\n<meta property=\"product:availability\" content=\"instock\" \/>\n<meta property=\"product:retailer_item_id\" content=\"C-POR099\" \/>\n<meta property=\"product:condition\" content=\"new\" \/>\n<!-- \/ Yoast SEO plugin. -->","yoast_head_json":{"title":"Porus One 500 mg Chat Dechra - V\u00e9torino","description":"Favorise l'\u00e9limination des d\u00e9chets qui sont g\u00e9n\u00e9ralement excr\u00e9t\u00e9es par les reins dans les d\u00e9jections plut\u00f4t que leur absorption et accumulation dans le corps.  Utilisation :   Support r\u00e9nal chez le chat","robots":{"index":"noindex","follow":"nofollow"},"og_locale":"fr_FR","og_type":"article","og_title":"Porus One 500 mg Chat Dechra - V\u00e9torino","og_description":"Favorise l'\u00e9limination des d\u00e9chets qui sont g\u00e9n\u00e9ralement excr\u00e9t\u00e9es par les reins dans les d\u00e9jections plut\u00f4t que leur absorption et accumulation dans le corps.  Utilisation :   Support r\u00e9nal chez le chat","og_url":"https:\/\/www.vetorino.com\/veterinaire\/villeurbanne\/boutique\/product\/porus-one-500-mg-chat\/","og_site_name":"V\u00e9torino","article_publisher":"https:\/\/www.facebook.com\/Vetorino\/","article_modified_time":"2026-03-10T07:17:33+00:00","og_image":[{"width":540,"height":540,"url":"https:\/\/www.vetorino.com\/boutique\/wp-content\/uploads\/2023\/01\/porus-one-500-mg-chat.webp","type":"image\/webp"}],"twitter_card":"summary_large_image","twitter_misc":{"Prix":"28,46&euro;","Disponibilit\u00e9":"En stock"},"schema":{"@context":"https:\/\/schema.org","@graph":[{"@type":"WebPage","@id":"https:\/\/www.vetorino.com\/boutique\/product\/porus-one-500-mg-chat\/","url":"https:\/\/www.vetorino.com\/boutique\/product\/porus-one-500-mg-chat\/","name":"Porus One 500 mg Chat Dechra - V\u00e9torino","isPartOf":{"@id":"https:\/\/www.vetorino.com\/boutique\/#website"},"primaryImageOfPage":{"@id":"https:\/\/www.vetorino.com\/boutique\/product\/porus-one-500-mg-chat\/#primaryimage"},"image":{"@id":"https:\/\/www.vetorino.com\/boutique\/product\/porus-one-500-mg-chat\/#primaryimage"},"thumbnailUrl":"https:\/\/www.vetorino.com\/boutique\/wp-content\/uploads\/2023\/01\/porus-one-500-mg-chat.webp","datePublished":"2023-01-04T08:55:30+00:00","dateModified":"2026-03-10T07:17:33+00:00","description":"Favorise l'\u00e9limination des d\u00e9chets qui sont g\u00e9n\u00e9ralement excr\u00e9t\u00e9es par les reins dans les d\u00e9jections plut\u00f4t que leur absorption et accumulation dans le corps. Utilisation : Support r\u00e9nal chez le chat","breadcrumb":{"@id":"https:\/\/www.vetorino.com\/boutique\/product\/porus-one-500-mg-chat\/#breadcrumb"},"inLanguage":"fr-FR","potentialAction":[{"@type":"ReadAction","target":["https:\/\/www.vetorino.com\/boutique\/product\/porus-one-500-mg-chat\/"]}]},{"@type":"ImageObject","inLanguage":"fr-FR","@id":"https:\/\/www.vetorino.com\/boutique\/product\/porus-one-500-mg-chat\/#primaryimage","url":"https:\/\/www.vetorino.com\/boutique\/wp-content\/uploads\/2023\/01\/porus-one-500-mg-chat.webp","contentUrl":"https:\/\/www.vetorino.com\/boutique\/wp-content\/uploads\/2023\/01\/porus-one-500-mg-chat.webp","width":540,"height":540},{"@type":"BreadcrumbList","@id":"https:\/\/www.vetorino.com\/boutique\/product\/porus-one-500-mg-chat\/#breadcrumb","itemListElement":[{"@type":"ListItem","position":1,"name":"Accueil","item":"https:\/\/www.vetorino.com\/boutique\/"},{"@type":"ListItem","position":2,"name":"Produits","item":"https:\/\/www.vetorino.com\/boutique\/"},{"@type":"ListItem","position":3,"name":"Porus One 500 mg Chat"}]},{"@type":"WebSite","@id":"https:\/\/www.vetorino.com\/boutique\/#website","url":"https:\/\/www.vetorino.com\/boutique\/","name":"V\u00e9torino","description":"","publisher":{"@id":"https:\/\/www.vetorino.com\/boutique\/#organization"},"potentialAction":[{"@type":"SearchAction","target":{"@type":"EntryPoint","urlTemplate":"https:\/\/www.vetorino.com\/boutique\/?s={search_term_string}"},"query-input":{"@type":"PropertyValueSpecification","valueRequired":true,"valueName":"search_term_string"}}],"inLanguage":"fr-FR"},{"@type":"Organization","@id":"https:\/\/www.vetorino.com\/boutique\/#organization","name":"V\u00e9torino","url":"https:\/\/www.vetorino.com\/boutique\/","logo":{"@type":"ImageObject","inLanguage":"fr-FR","@id":"https:\/\/www.vetorino.com\/boutique\/#\/schema\/logo\/image\/","url":"https:\/\/www.vetorino.com\/boutique\/wp-content\/uploads\/2024\/10\/logo.jpg","contentUrl":"https:\/\/www.vetorino.com\/boutique\/wp-content\/uploads\/2024\/10\/logo.jpg","width":1200,"height":610,"caption":"V\u00e9torino"},"image":{"@id":"https:\/\/www.vetorino.com\/boutique\/#\/schema\/logo\/image\/"},"sameAs":["https:\/\/www.facebook.com\/Vetorino\/","https:\/\/www.instagram.com\/vetorino_off\/","https:\/\/www.linkedin.com\/company\/vtorino\/"]}]},"product_brand":"Dechra","product_price_amount":"28.46","product_price_currency":"EUR","og_availability":"instock","product_availability":"instock","product_retailer_item_id":"C-POR099","product_condition":"new"},"_links":{"self":[{"href":"https:\/\/www.vetorino.com\/veterinaire\/villeurbanne\/boutique\/wp-json\/wp\/v2\/product\/533008","targetHints":{"allow":["GET"]}}],"collection":[{"href":"https:\/\/www.vetorino.com\/veterinaire\/villeurbanne\/boutique\/wp-json\/wp\/v2\/product"}],"about":[{"href":"https:\/\/www.vetorino.com\/veterinaire\/villeurbanne\/boutique\/wp-json\/wp\/v2\/types\/product"}],"wp:featuredmedia":[{"embeddable":true,"href":"https:\/\/www.vetorino.com\/veterinaire\/villeurbanne\/boutique\/wp-json\/wp\/v2\/media\/902122"}],"wp:attachment":[{"href":"https:\/\/www.vetorino.com\/veterinaire\/villeurbanne\/boutique\/wp-json\/wp\/v2\/media?parent=533008"}],"wp:term":[{"taxonomy":"product_cat","embeddable":true,"href":"https:\/\/www.vetorino.com\/veterinaire\/villeurbanne\/boutique\/wp-json\/wp\/v2\/product_cat?post=533008"},{"taxonomy":"product_tag","embeddable":true,"href":"https:\/\/www.vetorino.com\/veterinaire\/villeurbanne\/boutique\/wp-json\/wp\/v2\/product_tag?post=533008"}],"curies":[{"name":"wp","href":"https:\/\/api.w.org\/{rel}","templated":true}]}}