{"id":601845,"date":"2023-04-25T10:53:17","date_gmt":"2023-04-25T08:53:17","guid":{"rendered":"https:\/\/www.vetorino.com\/boutique\/?post_type=product&#038;p=601845"},"modified":"2023-04-25T11:02:10","modified_gmt":"2023-04-25T09:02:10","slug":"harnais-aide-a-la-marche","status":"publish","type":"product","link":"https:\/\/www.vetorino.com\/veterinaire\/vincennes-loup-94300\/boutique\/product\/harnais-aide-a-la-marche\/","title":{"rendered":"Harnais aide \u00e0 la marche"},"content":{"rendered":"<p>L\u2019\u00e2ge, la paralysie ou la convalescence suite \u00e0 une op\u00e9ration entra\u00eene souvent des probl\u00e8mes de mobilit\u00e9 chez le chien. Ce dernier n\u00e9cessite alors des aides techniques gr\u00e2ce auxquelles il pourra continuer de vivre dans les meilleures conditions. C\u2019est justement ce que vous propose Trixie avec le\u00a0<strong>harnais d\u2019aide \u00e0 la marche pour chien<\/strong>. Pratique, cet accessoire facilite le transport de la partie du corps qui a besoin d\u2019\u00eatre soutenue.<\/p>\n<p>Ce\u00a0<strong>harnais pour chien<\/strong>\u00a0convient aussi bien pour les pattes avant que pour les pattes arri\u00e8re. Ses sangles r\u00e9glables vous permettent d\u2019aider l\u2019animal \u00e0 marcher, monter ou descendre les escaliers ou encore \u00e0 monter en voiture. Fabriqu\u00e9 enti\u00e8rement en n\u00e9opr\u00e8ne, ce\u00a0<strong>harnais de soutien pour chien<\/strong>\u00a0est \u00e0 la fois l\u00e9ger et confortable. Cet accessoire se nettoie \u00e0 la machine \u00e0 30\u00b0.<\/p>\n<p>Cet article est disponible en plusieurs tailles :<\/p>\n<ul>\n<li>Taille M : Tour 55-65 cm jusqu&#8217;\u00e0 25 kg<\/li>\n<li>Taille: L: Tour: 65-75 cm jusqu&#8217;\u00e0 35 kg<\/li>\n<li>Taille: L-XL :Tour: 75-85 cm jusqu&#8217;\u00e0 50 kg<\/li>\n<li>Taille: XL: Tour: 85-95 cm jusqu&#8217;\u00e0 70 kg<\/li>\n<\/ul>\n<p>Comment prendre les mesures du chien ? :<\/p>\n<p>Mesurer la circonf\u00e9rence (voir image ci-dessous) directement derri\u00e8re le coude (1) et le pli du genou (2) lorsque le chien est debout. Si le chien a un pelage \u00e9pais, le m\u00e8tre \u00e0 ruban doit \u00eatre serr\u00e9.<\/p>\n<p><img fetchpriority=\"high\" decoding=\"async\" class=\"alignnone size-medium wp-image-601853\" src=\"https:\/\/www.vetorino.com\/boutique\/wp-content\/uploads\/2023\/04\/mesure_harnais_aide___la_marche-300x210.png\" alt=\"\" width=\"300\" height=\"210\" srcset=\"https:\/\/www.vetorino.com\/boutique\/wp-content\/uploads\/2023\/04\/mesure_harnais_aide___la_marche-300x210.png 300w, https:\/\/www.vetorino.com\/boutique\/wp-content\/uploads\/2023\/04\/mesure_harnais_aide___la_marche.png 382w\" sizes=\"(max-width: 300px) 100vw, 300px\" \/><\/p>\n<p>Conseils d&#8217;utilisation :<\/p>\n<p>Familiarisez doucement votre chien avec l&#8217;aide \u00e0 la marche et assurez-vous que vous ne le stressez pas. En cas d&#8217;intervention planifi\u00e9e, il est conseill\u00e9 d&#8217;essayer l&#8217;aide \u00e0 la marche avant l&#8217;op\u00e9ration, afin que votre chien soit d\u00e9tendu lorsqu&#8217;il d\u00e9couvrira cette nouvelle aide.<\/p>\n<p>Lorsque vous installez l&#8217;aide \u00e0 la marche ou bien lorsque vous l&#8217;utilisez, veuillez v\u00e9rifier qu&#8217;aucune partie du corps n&#8217;est resserr\u00e9e ou pinc\u00e9e, en particulier chez les chiens m\u00e2les. Ajustez la longueur des poign\u00e9es pour que vous puissiez vous tenir debout confortablement \u00e0 c\u00f4t\u00e9 de votre chien, afin d&#8217;\u00e9viter de forcer sur votre dos. L&#8217;anneau en D int\u00e9gr\u00e9 permet de combiner l&#8217;aide \u00e0 la marcher avec un harnais pour un maintient s\u00e9curis\u00e9. Ne faites pas porter l&#8217;aide \u00e0 la marche plus longtemps que n\u00e9cessaire. Pour vous assurer que cet article est adapt\u00e9 \u00e0 votre chien, vous pouvez consulter votre v\u00e9t\u00e9rinaire.<\/p>\n<p>&nbsp;<\/p>\n","protected":false},"excerpt":{"rendered":"<p>Ce harnais apporte un soutien apr\u00e8s les op\u00e9rations, pendant la maladie ou chez les animaux paralys\u00e9s.<\/p>\n<ul>\n<li>Aide \u00e0 marcher, \u00e0 monter ou descendre les escaliers, ou \u00e0 monter en voiture.<\/li>\n<li>Facilite le transport de la partie du corps qui n\u00e9cessite d&#8217;\u00eatre soutenue.<\/li>\n<li>Convient aux pattes avant et arri\u00e8re.<\/li>\n<li>En n\u00e9opr\u00e8ne polyester confortable.<\/li>\n<li>Couleur : noir.<\/li>\n<\/ul>\n<p>&nbsp;<\/p>\n","protected":false},"featured_media":601855,"template":"","meta":[],"product_cat":[2698,2777,12596],"product_tag":[],"class_list":{"0":"post-601845","1":"product","2":"type-product","3":"status-publish","4":"has-post-thumbnail","6":"product_cat-chien","7":"product_cat-colliers-laisses-et-harnais-pour-chien","8":"product_cat-confort-du-chien","9":"pa_marque-trixie","11":"first","12":"instock","13":"taxable","14":"shipping-taxable","15":"purchasable","16":"product-type-variable"},"yoast_head":"<!-- This site is optimized with the Yoast SEO plugin v27.3 - https:\/\/yoast.com\/product\/yoast-seo-wordpress\/ -->\n<title>Harnais aide \u00e0 la marche Trixie - V\u00e9torino<\/title>\n<meta name=\"description\" content=\"Ce harnais apporte un soutien apr\u00e8s les op\u00e9rations, pendant la maladie ou chez les animaux paralys\u00e9s.   Aide \u00e0 marcher, \u00e0 monter ou descendre les escaliers, ou \u00e0 monter en voiture.  Facilite le transport de la partie du corps qui n\u00e9cessite d&#039;\u00eatre soutenue.  Convient aux pattes avant et arri\u00e8re.  En n\u00e9opr\u00e8ne polyester confortable.  Couleur : noir.  &nbsp;\" \/>\n<meta name=\"robots\" content=\"noindex, nofollow\" \/>\n<meta property=\"og:locale\" content=\"fr_FR\" \/>\n<meta property=\"og:type\" content=\"article\" \/>\n<meta property=\"og:title\" content=\"Harnais aide \u00e0 la marche Trixie - V\u00e9torino\" \/>\n<meta property=\"og:description\" content=\"Ce harnais apporte un soutien apr\u00e8s les op\u00e9rations, pendant la maladie ou chez les animaux paralys\u00e9s.   Aide \u00e0 marcher, \u00e0 monter ou descendre les escaliers, ou \u00e0 monter en voiture.  Facilite le transport de la partie du corps qui n\u00e9cessite d&#039;\u00eatre soutenue.  Convient aux pattes avant et arri\u00e8re.  En n\u00e9opr\u00e8ne polyester confortable.  Couleur : noir.  &nbsp;\" \/>\n<meta property=\"og:url\" content=\"https:\/\/www.vetorino.com\/veterinaire\/vincennes-loup-94300\/boutique\/product\/harnais-aide-a-la-marche\/\" \/>\n<meta property=\"og:site_name\" content=\"V\u00e9torino\" \/>\n<meta property=\"article:publisher\" content=\"https:\/\/www.facebook.com\/Vetorino\/\" \/>\n<meta property=\"article:modified_time\" content=\"2023-04-25T09:02:10+00:00\" \/>\n<meta property=\"og:image\" content=\"https:\/\/www.vetorino.com\/boutique\/wp-content\/uploads\/2023\/04\/0_full.jpg\" \/>\n\t<meta property=\"og:image:width\" content=\"1080\" \/>\n\t<meta property=\"og:image:height\" content=\"1837\" \/>\n\t<meta property=\"og:image:type\" content=\"image\/jpeg\" \/>\n<meta name=\"twitter:card\" content=\"summary_large_image\" \/>\n<meta name=\"twitter:label1\" content=\"Disponibilit\u00e9\" \/>\n\t<meta name=\"twitter:data1\" content=\"En stock\" \/>\n<script type=\"application\/ld+json\" class=\"yoast-schema-graph\">{\"@context\":\"https:\\\/\\\/schema.org\",\"@graph\":[{\"@type\":\"WebPage\",\"@id\":\"https:\\\/\\\/www.vetorino.com\\\/boutique\\\/product\\\/harnais-aide-a-la-marche\\\/\",\"url\":\"https:\\\/\\\/www.vetorino.com\\\/boutique\\\/product\\\/harnais-aide-a-la-marche\\\/\",\"name\":\"Harnais aide \u00e0 la marche Trixie - V\u00e9torino\",\"isPartOf\":{\"@id\":\"https:\\\/\\\/www.vetorino.com\\\/boutique\\\/#website\"},\"primaryImageOfPage\":{\"@id\":\"https:\\\/\\\/www.vetorino.com\\\/boutique\\\/product\\\/harnais-aide-a-la-marche\\\/#primaryimage\"},\"image\":{\"@id\":\"https:\\\/\\\/www.vetorino.com\\\/boutique\\\/product\\\/harnais-aide-a-la-marche\\\/#primaryimage\"},\"thumbnailUrl\":\"https:\\\/\\\/www.vetorino.com\\\/boutique\\\/wp-content\\\/uploads\\\/2023\\\/04\\\/0_full.jpg\",\"datePublished\":\"2023-04-25T08:53:17+00:00\",\"dateModified\":\"2023-04-25T09:02:10+00:00\",\"description\":\"Ce harnais apporte un soutien apr\u00e8s les op\u00e9rations, pendant la maladie ou chez les animaux paralys\u00e9s. Aide \u00e0 marcher, \u00e0 monter ou descendre les escaliers, ou \u00e0 monter en voiture. Facilite le transport de la partie du corps qui n\u00e9cessite d'\u00eatre soutenue. Convient aux pattes avant et arri\u00e8re. En n\u00e9opr\u00e8ne polyester confortable. Couleur : noir. &nbsp;\",\"breadcrumb\":{\"@id\":\"https:\\\/\\\/www.vetorino.com\\\/boutique\\\/product\\\/harnais-aide-a-la-marche\\\/#breadcrumb\"},\"inLanguage\":\"fr-FR\",\"potentialAction\":[{\"@type\":\"ReadAction\",\"target\":[\"https:\\\/\\\/www.vetorino.com\\\/boutique\\\/product\\\/harnais-aide-a-la-marche\\\/\"]}]},{\"@type\":\"ImageObject\",\"inLanguage\":\"fr-FR\",\"@id\":\"https:\\\/\\\/www.vetorino.com\\\/boutique\\\/product\\\/harnais-aide-a-la-marche\\\/#primaryimage\",\"url\":\"https:\\\/\\\/www.vetorino.com\\\/boutique\\\/wp-content\\\/uploads\\\/2023\\\/04\\\/0_full.jpg\",\"contentUrl\":\"https:\\\/\\\/www.vetorino.com\\\/boutique\\\/wp-content\\\/uploads\\\/2023\\\/04\\\/0_full.jpg\",\"width\":1080,\"height\":1837},{\"@type\":\"BreadcrumbList\",\"@id\":\"https:\\\/\\\/www.vetorino.com\\\/boutique\\\/product\\\/harnais-aide-a-la-marche\\\/#breadcrumb\",\"itemListElement\":[{\"@type\":\"ListItem\",\"position\":1,\"name\":\"Accueil\",\"item\":\"https:\\\/\\\/www.vetorino.com\\\/boutique\\\/\"},{\"@type\":\"ListItem\",\"position\":2,\"name\":\"Produits\",\"item\":\"https:\\\/\\\/www.vetorino.com\\\/boutique\\\/\"},{\"@type\":\"ListItem\",\"position\":3,\"name\":\"Harnais aide \u00e0 la marche\"}]},{\"@type\":\"WebSite\",\"@id\":\"https:\\\/\\\/www.vetorino.com\\\/boutique\\\/#website\",\"url\":\"https:\\\/\\\/www.vetorino.com\\\/boutique\\\/\",\"name\":\"V\u00e9torino\",\"description\":\"\",\"publisher\":{\"@id\":\"https:\\\/\\\/www.vetorino.com\\\/boutique\\\/#organization\"},\"potentialAction\":[{\"@type\":\"SearchAction\",\"target\":{\"@type\":\"EntryPoint\",\"urlTemplate\":\"https:\\\/\\\/www.vetorino.com\\\/boutique\\\/?s={search_term_string}\"},\"query-input\":{\"@type\":\"PropertyValueSpecification\",\"valueRequired\":true,\"valueName\":\"search_term_string\"}}],\"inLanguage\":\"fr-FR\"},{\"@type\":\"Organization\",\"@id\":\"https:\\\/\\\/www.vetorino.com\\\/boutique\\\/#organization\",\"name\":\"V\u00e9torino\",\"url\":\"https:\\\/\\\/www.vetorino.com\\\/boutique\\\/\",\"logo\":{\"@type\":\"ImageObject\",\"inLanguage\":\"fr-FR\",\"@id\":\"https:\\\/\\\/www.vetorino.com\\\/boutique\\\/#\\\/schema\\\/logo\\\/image\\\/\",\"url\":\"https:\\\/\\\/www.vetorino.com\\\/boutique\\\/wp-content\\\/uploads\\\/2024\\\/10\\\/logo.jpg\",\"contentUrl\":\"https:\\\/\\\/www.vetorino.com\\\/boutique\\\/wp-content\\\/uploads\\\/2024\\\/10\\\/logo.jpg\",\"width\":1200,\"height\":610,\"caption\":\"V\u00e9torino\"},\"image\":{\"@id\":\"https:\\\/\\\/www.vetorino.com\\\/boutique\\\/#\\\/schema\\\/logo\\\/image\\\/\"},\"sameAs\":[\"https:\\\/\\\/www.facebook.com\\\/Vetorino\\\/\",\"https:\\\/\\\/www.instagram.com\\\/vetorino_off\\\/\",\"https:\\\/\\\/www.linkedin.com\\\/company\\\/vtorino\\\/\"]}]}<\/script>\n<meta property=\"product:brand\" content=\"Trixie\" \/>\n<meta property=\"og:availability\" content=\"instock\" \/>\n<meta property=\"product:availability\" content=\"instock\" \/>\n<meta property=\"product:condition\" content=\"new\" \/>\n<!-- \/ Yoast SEO plugin. -->","yoast_head_json":{"title":"Harnais aide \u00e0 la marche Trixie - V\u00e9torino","description":"Ce harnais apporte un soutien apr\u00e8s les op\u00e9rations, pendant la maladie ou chez les animaux paralys\u00e9s.   Aide \u00e0 marcher, \u00e0 monter ou descendre les escaliers, ou \u00e0 monter en voiture.  Facilite le transport de la partie du corps qui n\u00e9cessite d'\u00eatre soutenue.  Convient aux pattes avant et arri\u00e8re.  En n\u00e9opr\u00e8ne polyester confortable.  Couleur : noir.  &nbsp;","robots":{"index":"noindex","follow":"nofollow"},"og_locale":"fr_FR","og_type":"article","og_title":"Harnais aide \u00e0 la marche Trixie - V\u00e9torino","og_description":"Ce harnais apporte un soutien apr\u00e8s les op\u00e9rations, pendant la maladie ou chez les animaux paralys\u00e9s.   Aide \u00e0 marcher, \u00e0 monter ou descendre les escaliers, ou \u00e0 monter en voiture.  Facilite le transport de la partie du corps qui n\u00e9cessite d'\u00eatre soutenue.  Convient aux pattes avant et arri\u00e8re.  En n\u00e9opr\u00e8ne polyester confortable.  Couleur : noir.  &nbsp;","og_url":"https:\/\/www.vetorino.com\/veterinaire\/vincennes-loup-94300\/boutique\/product\/harnais-aide-a-la-marche\/","og_site_name":"V\u00e9torino","article_publisher":"https:\/\/www.facebook.com\/Vetorino\/","article_modified_time":"2023-04-25T09:02:10+00:00","og_image":[{"width":1080,"height":1837,"url":"https:\/\/www.vetorino.com\/boutique\/wp-content\/uploads\/2023\/04\/0_full.jpg","type":"image\/jpeg"}],"twitter_card":"summary_large_image","twitter_misc":{"Disponibilit\u00e9":"En stock"},"schema":{"@context":"https:\/\/schema.org","@graph":[{"@type":"WebPage","@id":"https:\/\/www.vetorino.com\/boutique\/product\/harnais-aide-a-la-marche\/","url":"https:\/\/www.vetorino.com\/boutique\/product\/harnais-aide-a-la-marche\/","name":"Harnais aide \u00e0 la marche Trixie - V\u00e9torino","isPartOf":{"@id":"https:\/\/www.vetorino.com\/boutique\/#website"},"primaryImageOfPage":{"@id":"https:\/\/www.vetorino.com\/boutique\/product\/harnais-aide-a-la-marche\/#primaryimage"},"image":{"@id":"https:\/\/www.vetorino.com\/boutique\/product\/harnais-aide-a-la-marche\/#primaryimage"},"thumbnailUrl":"https:\/\/www.vetorino.com\/boutique\/wp-content\/uploads\/2023\/04\/0_full.jpg","datePublished":"2023-04-25T08:53:17+00:00","dateModified":"2023-04-25T09:02:10+00:00","description":"Ce harnais apporte un soutien apr\u00e8s les op\u00e9rations, pendant la maladie ou chez les animaux paralys\u00e9s. Aide \u00e0 marcher, \u00e0 monter ou descendre les escaliers, ou \u00e0 monter en voiture. Facilite le transport de la partie du corps qui n\u00e9cessite d'\u00eatre soutenue. Convient aux pattes avant et arri\u00e8re. En n\u00e9opr\u00e8ne polyester confortable. Couleur : noir. &nbsp;","breadcrumb":{"@id":"https:\/\/www.vetorino.com\/boutique\/product\/harnais-aide-a-la-marche\/#breadcrumb"},"inLanguage":"fr-FR","potentialAction":[{"@type":"ReadAction","target":["https:\/\/www.vetorino.com\/boutique\/product\/harnais-aide-a-la-marche\/"]}]},{"@type":"ImageObject","inLanguage":"fr-FR","@id":"https:\/\/www.vetorino.com\/boutique\/product\/harnais-aide-a-la-marche\/#primaryimage","url":"https:\/\/www.vetorino.com\/boutique\/wp-content\/uploads\/2023\/04\/0_full.jpg","contentUrl":"https:\/\/www.vetorino.com\/boutique\/wp-content\/uploads\/2023\/04\/0_full.jpg","width":1080,"height":1837},{"@type":"BreadcrumbList","@id":"https:\/\/www.vetorino.com\/boutique\/product\/harnais-aide-a-la-marche\/#breadcrumb","itemListElement":[{"@type":"ListItem","position":1,"name":"Accueil","item":"https:\/\/www.vetorino.com\/boutique\/"},{"@type":"ListItem","position":2,"name":"Produits","item":"https:\/\/www.vetorino.com\/boutique\/"},{"@type":"ListItem","position":3,"name":"Harnais aide \u00e0 la marche"}]},{"@type":"WebSite","@id":"https:\/\/www.vetorino.com\/boutique\/#website","url":"https:\/\/www.vetorino.com\/boutique\/","name":"V\u00e9torino","description":"","publisher":{"@id":"https:\/\/www.vetorino.com\/boutique\/#organization"},"potentialAction":[{"@type":"SearchAction","target":{"@type":"EntryPoint","urlTemplate":"https:\/\/www.vetorino.com\/boutique\/?s={search_term_string}"},"query-input":{"@type":"PropertyValueSpecification","valueRequired":true,"valueName":"search_term_string"}}],"inLanguage":"fr-FR"},{"@type":"Organization","@id":"https:\/\/www.vetorino.com\/boutique\/#organization","name":"V\u00e9torino","url":"https:\/\/www.vetorino.com\/boutique\/","logo":{"@type":"ImageObject","inLanguage":"fr-FR","@id":"https:\/\/www.vetorino.com\/boutique\/#\/schema\/logo\/image\/","url":"https:\/\/www.vetorino.com\/boutique\/wp-content\/uploads\/2024\/10\/logo.jpg","contentUrl":"https:\/\/www.vetorino.com\/boutique\/wp-content\/uploads\/2024\/10\/logo.jpg","width":1200,"height":610,"caption":"V\u00e9torino"},"image":{"@id":"https:\/\/www.vetorino.com\/boutique\/#\/schema\/logo\/image\/"},"sameAs":["https:\/\/www.facebook.com\/Vetorino\/","https:\/\/www.instagram.com\/vetorino_off\/","https:\/\/www.linkedin.com\/company\/vtorino\/"]}]},"product_brand":"Trixie","og_availability":"instock","product_availability":"instock","product_condition":"new"},"_links":{"self":[{"href":"https:\/\/www.vetorino.com\/veterinaire\/vincennes-loup-94300\/boutique\/wp-json\/wp\/v2\/product\/601845","targetHints":{"allow":["GET"]}}],"collection":[{"href":"https:\/\/www.vetorino.com\/veterinaire\/vincennes-loup-94300\/boutique\/wp-json\/wp\/v2\/product"}],"about":[{"href":"https:\/\/www.vetorino.com\/veterinaire\/vincennes-loup-94300\/boutique\/wp-json\/wp\/v2\/types\/product"}],"wp:featuredmedia":[{"embeddable":true,"href":"https:\/\/www.vetorino.com\/veterinaire\/vincennes-loup-94300\/boutique\/wp-json\/wp\/v2\/media\/601855"}],"wp:attachment":[{"href":"https:\/\/www.vetorino.com\/veterinaire\/vincennes-loup-94300\/boutique\/wp-json\/wp\/v2\/media?parent=601845"}],"wp:term":[{"taxonomy":"product_cat","embeddable":true,"href":"https:\/\/www.vetorino.com\/veterinaire\/vincennes-loup-94300\/boutique\/wp-json\/wp\/v2\/product_cat?post=601845"},{"taxonomy":"product_tag","embeddable":true,"href":"https:\/\/www.vetorino.com\/veterinaire\/vincennes-loup-94300\/boutique\/wp-json\/wp\/v2\/product_tag?post=601845"}],"curies":[{"name":"wp","href":"https:\/\/api.w.org\/{rel}","templated":true}]}}